[INFO] cloning repository https://github.com/segeljakt/arcon-fiba
[INFO] running `Command { std: "git" "-c" "credential.helper=" "-c" "credential.helper=/workspace/cargo-home/bin/git-credential-null" "clone" "--bare" "https://github.com/segeljakt/arcon-fiba" "/workspace/cache/git-repos/https%3A%2F%2Fgithub.com%2Fsegeljakt%2Farcon-fiba", kill_on_drop: false }`
[INFO] [stderr] Cloning into bare repository '/workspace/cache/git-repos/https%3A%2F%2Fgithub.com%2Fsegeljakt%2Farcon-fiba'...
[INFO] running `Command { std: "git" "rev-parse" "HEAD", kill_on_drop: false }`
[INFO] [stdout] f2f02c5e111977b6a9eccd0383f74becdc1b97b4
[INFO] documenting segeljakt/arcon-fiba against 1.100.0-beta.1 for beta-rustdoc-1.100-2
[INFO] running `Command { std: "git" "clone" "/workspace/cache/git-repos/https%3A%2F%2Fgithub.com%2Fsegeljakt%2Farcon-fiba" "/workspace/builds/worker-6-tc2/source", kill_on_drop: false }`
[INFO] [stderr] Cloning into '/workspace/builds/worker-6-tc2/source'...
[INFO] [stderr] done.
[INFO] started tweaking git repo https://github.com/segeljakt/arcon-fiba
[INFO] finished tweaking git repo https://github.com/segeljakt/arcon-fiba
[INFO] tweaked toml for git repo https://github.com/segeljakt/arcon-fiba written to /workspace/builds/worker-6-tc2/source/Cargo.toml
[INFO] validating manifest of git repo https://github.com/segeljakt/arcon-fiba on toolchain 1.100.0-beta.1
[INFO] running `Command { std: CARGO_HOME="/workspace/cargo-home" RUSTUP_HOME="/workspace/rustup-home" "/workspace/cargo-home/bin/cargo" "+1.100.0-beta.1" "metadata" "--manifest-path" "Cargo.toml" "--no-deps", kill_on_drop: false }`
[INFO] crate git repo https://github.com/segeljakt/arcon-fiba already has a lockfile, it will not be regenerated
[INFO] running `Command { std: CARGO_HOME="/workspace/cargo-home" RUSTUP_HOME="/workspace/rustup-home" "/workspace/cargo-home/bin/cargo" "+1.100.0-beta.1" "fetch" "--manifest-path" "Cargo.toml", kill_on_drop: false }`
[INFO] [stderr]     Blocking waiting for file lock on package cache
[INFO] [stderr]     Blocking waiting for file lock on package cache
[INFO] [stderr]     Blocking waiting for file lock on package cache
[INFO] running `Command { std: "docker" "create" "-v" "/var/lib/crater-agent-workspace/builds/worker-6-tc2/source:/opt/rustwide/workdir:ro,Z" "-v" "/var/lib/crater-agent-workspace/builds/worker-6-tc2/target:/opt/rustwide/target:rw,Z" "-v" "/var/lib/crater-agent-workspace/cargo-home:/opt/rustwide/cargo-home:ro,Z" "-v" "/var/lib/crater-agent-workspace/rustup-home:/opt/rustwide/rustup-home:ro,Z" "-m" "1610612736" "--network" "none" "ghcr.io/rust-lang/crates-build-env/linux@sha256:77db811e55d90add9212f6832c23229e3de5f1c1f9905e8cb07319ea15df73ac" "sleep" "infinity", kill_on_drop: false }`
[INFO] [stdout] 30c14e1ff41b617d80e944fcc9b7d22b7ba6eb799e83aeb18ad4d2f6338a3172
[INFO] running `Command { std: "docker" "start" "30c14e1ff41b617d80e944fcc9b7d22b7ba6eb799e83aeb18ad4d2f6338a3172", kill_on_drop: false }`
[INFO] running `Command { std: "docker" "inspect" "30c14e1ff41b617d80e944fcc9b7d22b7ba6eb799e83aeb18ad4d2f6338a3172", kill_on_drop: false }`
[INFO] running `Command { std: "docker" "exec" "-e" "SOURCE_DIR=/opt/rustwide/workdir" "-e" "CARGO_HOME=/opt/rustwide/cargo-home" "-e" "RUSTUP_HOME=/opt/rustwide/rustup-home" "-e" "CARGO_TARGET_DIR=/opt/rustwide/target" "-w" "/opt/rustwide/workdir" "--user" "0:0" "30c14e1ff41b617d80e944fcc9b7d22b7ba6eb799e83aeb18ad4d2f6338a3172" "/opt/rustwide/cargo-home/bin/cargo" "+1.100.0-beta.1" "metadata" "--no-deps" "--format-version=1", kill_on_drop: false }`
[INFO] running `Command { std: "docker" "inspect" "30c14e1ff41b617d80e944fcc9b7d22b7ba6eb799e83aeb18ad4d2f6338a3172", kill_on_drop: false }`
[INFO] running `Command { std: "docker" "exec" "-e" "SOURCE_DIR=/opt/rustwide/workdir" "-e" "CARGO_HOME=/opt/rustwide/cargo-home" "-e" "RUSTUP_HOME=/opt/rustwide/rustup-home" "-e" "CARGO_TARGET_DIR=/opt/rustwide/target" "-e" "CARGO_INCREMENTAL=0" "-e" "RUST_BACKTRACE=full" "-e" "RUSTFLAGS=--cap-lints=warn" "-e" "RUSTDOCFLAGS=--cap-lints=warn" "-w" "/opt/rustwide/workdir" "--user" "0:0" "30c14e1ff41b617d80e944fcc9b7d22b7ba6eb799e83aeb18ad4d2f6338a3172" "/opt/rustwide/cargo-home/bin/cargo" "+1.100.0-beta.1" "doc" "--frozen" "--no-deps" "--document-private-items" "--message-format=json", kill_on_drop: false }`
[INFO] [stderr]    Compiling libc v0.2.101
[INFO] [stderr]    Compiling autocfg v1.0.1
[INFO] [stderr]    Compiling proc-macro2 v1.0.29
[INFO] [stderr]    Compiling unicode-xid v0.2.2
[INFO] [stderr]    Compiling syn v1.0.76
[INFO] [stderr]    Compiling version_check v0.9.3
[INFO] [stderr]    Compiling memchr v2.4.1
[INFO] [stderr]     Checking once_cell v1.8.0
[INFO] [stderr]    Compiling log v0.4.14
[INFO] [stderr]    Compiling serde_derive v1.0.130
[INFO] [stderr]    Compiling serde v1.0.130
[INFO] [stderr]    Compiling futures-core v0.3.17
[INFO] [stderr]     Checking pin-project-lite v0.2.7
[INFO] [stderr]     Checking scopeguard v1.1.0
[INFO] [stderr]     Checking cfg-if v0.1.10
[INFO] [stderr]    Compiling proc-macro-hack v0.5.19
[INFO] [stderr]     Checking futures-io v0.3.17
[INFO] [stderr]     Checking ppv-lite86 v0.2.10
[INFO] [stderr]    Compiling getrandom v0.1.16
[INFO] [stderr]    Compiling crossbeam-utils v0.8.5
[INFO] [stderr]     Checking smallvec v1.6.1
[INFO] [stderr]    Compiling ryu v1.0.5
[INFO] [stderr]     Checking slab v0.4.4
[INFO] [stderr]    Compiling value-bag v1.0.0-alpha.7
[INFO] [stderr]    Compiling ahash v0.7.4
[INFO] [stderr]     Checking encoding_index_tests v0.1.4
[INFO] [stderr]     Checking bitflags v1.3.2
[INFO] [stderr]     Checking cache-padded v1.1.1
[INFO] [stderr]    Compiling typenum v1.14.0
[INFO] [stderr]     Checking adler v1.0.2
[INFO] [stderr]    Compiling maybe-uninit v2.0.0
[INFO] [stderr]    Compiling parking_lot_core v0.8.5
[INFO] [stderr]     Checking concurrent-queue v1.2.2
[INFO] [stderr]    Compiling generic-array v0.14.4
[INFO] [stderr]    Compiling num-traits v0.2.14
[INFO] [stderr]    Compiling num-integer v0.1.44
[INFO] [stderr]    Compiling miniz_oxide v0.4.4
[INFO] [stderr]    Compiling crossbeam-utils v0.7.2
[INFO] [stderr]    Compiling futures-macro v0.3.17
[INFO] [stderr]    Compiling num-bigint v0.4.2
[INFO] [stderr]     Checking instant v0.1.10
[INFO] [stderr]     Checking waker-fn v1.1.0
[INFO] [stderr]     Checking event-listener v2.5.1
[INFO] [stderr]     Checking parking v2.0.0
[INFO] [stderr]     Checking fastrand v1.5.0
[INFO] [stderr]    Compiling proc-macro-nested v0.1.7
[INFO] [stderr]    Compiling futures-task v0.3.17
[INFO] [stderr]    Compiling futures-channel v0.3.17
[INFO] [stderr]    Compiling crc32fast v1.2.1
[INFO] [stderr]     Checking regex-syntax v0.6.25
[INFO] [stderr]     Checking unicode-width v0.1.8
[INFO] [stderr]     Checking aho-corasick v0.7.18
[INFO] [stderr]     Checking futures-lite v1.12.0
[INFO] [stderr]    Compiling indexmap v1.7.0
[INFO] [stderr]    Compiling num-iter v0.1.42
[INFO] [stderr]    Compiling memoffset v0.5.6
[INFO] [stderr]    Compiling num-rational v0.4.0
[INFO] [stderr]    Compiling quote v1.0.9
[INFO] [stderr]    Compiling futures-util v0.3.17
[INFO] [stderr]     Checking lock_api v0.4.5
[INFO] [stderr]     Checking pin-utils v0.1.0
[INFO] [stderr]     Checking regex-automata v0.1.10
[INFO] [stderr]     Checking itoa v0.4.8
[INFO] [stderr]     Checking async-task v4.0.3
[INFO] [stderr]    Compiling anyhow v1.0.43
[INFO] [stderr]     Checking futures-sink v0.3.17
[INFO] [stderr]     Checking csv-core v0.1.10
[INFO] [stderr]    Compiling memoffset v0.6.4
[INFO] [stderr]    Compiling crossbeam-epoch v0.8.2
[INFO] [stderr]     Checking gimli v0.25.0
[INFO] [stderr]    Compiling lexical-core v0.7.6
[INFO] [stderr]    Compiling semver-parser v0.7.0
[INFO] [stderr]    Compiling version_check v0.1.5
[INFO] [stderr]    Compiling zstd-safe v4.1.0+zstd.1.5.0
[INFO] [stderr]    Compiling either v1.6.1
[INFO] [stderr]     Checking alloc-no-stdlib v2.0.3
[INFO] [stderr]    Compiling doc-comment v0.3.3
[INFO] [stderr]    Compiling slog v2.7.0
[INFO] [stderr]    Compiling failure_derive v0.1.8
[INFO] [stderr]    Compiling serde_json v1.0.67
[INFO] [stderr]    Compiling nom v4.2.3
[INFO] [stderr]     Checking alloc-stdlib v0.2.1
[INFO] [stderr]    Compiling semver v0.9.0
[INFO] [stderr]    Compiling itertools v0.9.0
[INFO] [stderr]    Compiling jobserver v0.1.24
[INFO] [stderr]     Checking num-complex v0.4.0
[INFO] [stderr]     Checking ordered-float v1.1.1
[INFO] [stderr]     Checking getrandom v0.2.3
[INFO] [stderr]     Checking num_cpus v1.13.0
[INFO] [stderr]    Compiling cc v1.0.70
[INFO] [stderr]     Checking atty v0.2.14
[INFO] [stderr]     Checking time v0.1.43
[INFO] [stderr]     Checking dirs-sys-next v0.1.2
[INFO] [stderr]     Checking threadpool v1.8.1
[INFO] [stderr]     Checking dirs v1.0.5
[INFO] [stderr]     Checking rand_core v0.5.1
[INFO] [stderr]     Checking term v0.5.2
[INFO] [stderr]     Checking dirs-next v2.0.0
[INFO] [stderr]     Checking socket2 v0.4.1
[INFO] [stderr]     Checking parking_lot v0.11.2
[INFO] [stderr]     Checking hashbrown v0.11.2
[INFO] [stderr]     Checking fs2 v0.4.3
[INFO] [stderr]     Checking rand_chacha v0.2.2
[INFO] [stderr]     Checking chrono v0.4.19
[INFO] [stderr]     Checking object v0.26.2
[INFO] [stderr]     Checking async-channel v1.6.1
[INFO] [stderr]    Compiling tokio v1.11.0
[INFO] [stderr]     Checking encoding-index-singlebyte v1.20141219.5
[INFO] [stderr]     Checking encoding-index-simpchinese v1.20141219.5
[INFO] [stderr]     Checking encoding-index-korean v1.20141219.5
[INFO] [stderr]     Checking rand v0.7.3
[INFO] [stderr]     Checking encoding-index-japanese v1.20141219.5
[INFO] [stderr]     Checking encoding-index-tradchinese v1.20141219.5
[INFO] [stderr]     Checking crossbeam-utils v0.6.6
[INFO] [stderr]     Checking arrayvec v0.5.2
[INFO] [stderr]     Checking encode_unicode v0.3.6
[INFO] [stderr]    Compiling crossbeam-epoch v0.9.5
[INFO] [stderr]     Checking integer-encoding v1.1.7
[INFO] [stderr]    Compiling snap v1.0.5
[INFO] [stderr]     Checking atomic-waker v1.0.0
[INFO] [stderr]     Checking rustc-demangle v0.1.21
[INFO] [stderr]     Checking encoding v0.2.33
[INFO] [stderr]     Checking blocking v1.0.2
[INFO] [stderr]     Checking crossbeam-queue v0.1.2
[INFO] [stderr]     Checking async-executor v1.4.1
[INFO] [stderr]     Checking uuid v0.8.2
[INFO] [stderr]     Checking rand_core v0.6.3
[INFO] [stderr]     Checking digest v0.9.0
[INFO] [stderr]     Checking block-buffer v0.9.0
[INFO] [stderr]     Checking signal-hook-registry v1.4.0
[INFO] [stderr]    Compiling rustc_version v0.2.3
[INFO] [stderr]     Checking brotli-decompressor v2.3.2
[INFO] [stderr]     Checking async-mutex v1.4.0
[INFO] [stderr]     Checking crossbeam-channel v0.5.1
[INFO] [stderr]     Checking thread_local v1.1.3
[INFO] [stderr]     Checking fxhash v0.2.1
[INFO] [stderr]    Compiling zstd-sys v1.6.0+zstd.1.5.0
[INFO] [stderr]    Compiling lz4-sys v1.9.2
[INFO] [stderr]    Compiling backtrace v0.3.61
[INFO] [stderr]    Compiling slog-async v2.7.0
[INFO] [stderr]    Compiling async-trait v0.1.51
[INFO] [stderr]     Checking opaque-debug v0.3.0
[INFO] [stderr]    Compiling parquet v4.4.0
[INFO] [stderr]     Checking rand_chacha v0.3.1
[INFO] [stderr]    Compiling kompact v0.10.1 (https://github.com/kompics/kompact.git?branch=master#4e645769)
[INFO] [stderr]     Checking crossbeam-deque v0.7.4
[INFO] [stderr]     Checking synchronoise v1.0.0
[INFO] [stderr]     Checking term v0.7.0
[INFO] [stderr]     Checking flate2 v1.0.21
[INFO] [stderr]     Checking nix v0.19.1
[INFO] [stderr]     Checking regex v1.5.4
[INFO] [stderr]     Checking crossbeam-channel v0.4.4
[INFO] [stderr]     Checking textwrap v0.11.0
[INFO] [stderr]     Checking async-lock v2.4.0
[INFO] [stderr]     Checking unicode-segmentation v1.8.0
[INFO] [stderr]     Checking strsim v0.8.0
[INFO] [stderr]     Checking base64 v0.13.0
[INFO] [stderr]     Checking stable_deref_trait v1.2.0
[INFO] [stderr]     Checking utf8parse v0.2.0
[INFO] [stderr]     Checking addr2line v0.16.0
[INFO] [stderr]     Checking cpufeatures v0.2.1
[INFO] [stderr]     Checking rustc-hash v1.1.0
[INFO] [stderr]     Checking ansi_term v0.11.0
[INFO] [stderr]     Checking take_mut v0.2.2
[INFO] [stderr]     Checking vec_map v0.8.2
[INFO] [stderr]     Checking hierarchical_hash_wheel_timer v1.1.0
[INFO] [stderr]     Checking sha2 v0.9.8
[INFO] [stderr]     Checking clap v2.33.3
[INFO] [stderr]     Checking owning_ref v0.4.1
[INFO] [stderr]     Checking slog-term v2.8.0
[INFO] [stderr]     Checking rand v0.8.4
[INFO] [stderr]     Checking md-5 v0.9.1
[INFO] [stderr]     Checking lru v0.6.6
[INFO] [stderr]     Checking iovec v0.1.4
[INFO] [stderr]     Checking ordered-float v2.8.0
[INFO] [stderr]     Checking crossbeam-queue v0.2.3
[INFO] [stderr]     Checking as_num v0.2.5
[INFO] [stderr]     Checking num v0.4.0
[INFO] [stderr]     Checking oncemutex v0.1.1
[INFO] [stderr]    Compiling paste v1.0.5
[INFO] [stderr]     Checking bitfields v0.2.0
[INFO] [stderr]     Checking arc-swap v0.4.8
[INFO] [stderr]     Checking java-properties v1.4.0
[INFO] [stderr]     Checking brotli v3.3.2
[INFO] [stderr]     Checking twox-hash v1.6.1
[INFO] [stderr]    Compiling synstructure v0.12.5
[INFO] [stderr]    Compiling ctor v0.1.21
[INFO] [stderr]    Compiling thiserror-impl v1.0.29
[INFO] [stderr]    Compiling multiversion-macros v0.6.1
[INFO] [stderr]     Checking polling v2.1.0
[INFO] [stderr]     Checking mio v0.7.13
[INFO] [stderr]     Checking async-io v1.6.0
[INFO] [stderr]     Checking thrift v0.13.0
[INFO] [stderr]    Compiling prost-derive v0.7.0
[INFO] [stderr]    Compiling tokio-macros v1.3.0
[INFO] [stderr]    Compiling arr_macro_impl v0.1.3
[INFO] [stderr]    Compiling snafu-derive v0.6.10
[INFO] [stderr]     Checking arr_macro v0.1.3
[INFO] [stderr]     Checking parquet-format v2.6.1
[INFO] [stderr]     Checking failure v0.1.8
[INFO] [stderr]     Checking async-global-executor v2.0.2
[INFO] [stderr]     Checking kv-log-macro v1.0.7
[INFO] [stderr]     Checking async-std v1.10.0
[INFO] [stderr]     Checking thiserror v1.0.29
[INFO] [stderr]     Checking flatbuffers v0.8.4
[INFO] [stderr]     Checking executors v0.8.0
[INFO] [stderr]     Checking multiversion v0.6.1
[INFO] [stderr]     Checking rustyline v7.1.0
[INFO] [stderr]     Checking sqlparser v0.9.0
[INFO] [stderr]     Checking sled v0.34.6
[INFO] [stderr]    Compiling kompact-component-derive v0.10.1 (https://github.com/kompics/kompact.git?branch=master#4e645769)
[INFO] [stderr]    Compiling kompact-actor-derive v0.10.1 (https://github.com/kompics/kompact.git?branch=master#4e645769)
[INFO] [stderr]     Checking snafu v0.6.10
[INFO] [stderr]     Checking arcon_allocator v0.1.0 (https://github.com/cda-group/arcon/#50daeab1)
[INFO] [stderr]    Compiling arcon_macros v0.1.3 (https://github.com/cda-group/arcon/#50daeab1)
[INFO] [stderr]     Checking futures-executor v0.3.17
[INFO] [stderr]     Checking futures v0.3.17
[INFO] [stderr]     Checking bytes v1.1.0
[INFO] [stderr]     Checking bstr v0.2.16
[INFO] [stderr]     Checking serde_path_to_error v0.1.4
[INFO] [stderr]     Checking hocon v0.3.7
[INFO] [stderr]     Checking csv v1.1.6
[INFO] [stderr]     Checking prost v0.7.0
[INFO] [stderr]     Checking lz4 v1.23.2
[INFO] [stderr]     Checking arcon_state v0.1.1 (https://github.com/cda-group/arcon/#50daeab1)
[INFO] [stderr]     Checking prost-types v0.7.0
[INFO] [stderr]     Checking prettytable-rs v0.8.0
[INFO] [stderr]     Checking arrow v4.4.0
[INFO] [stderr]     Checking tokio-stream v0.1.7
[INFO] [stderr]     Checking zstd v0.8.3+zstd.1.5.0
[INFO] [stderr]     Checking datafusion v4.0.0
[INFO] [stdout] error[E0277]: the trait bound `!: std::default::Default` is not satisfied
[INFO] [stdout]    --> /opt/rustwide/cargo-home/registry/src/index.crates.io-1949cf8c6b5b557f/datafusion-4.0.0/src/execution/context.rs:541:30
[INFO] [stdout]     |
[INFO] [stdout] 541 | ...                   .try_collect()
[INFO] [stdout]     |                        ^^^^^^^^^^^ the trait `std::default::Default` is not implemented for `!`
[INFO] [stdout]     |
[INFO] [stdout]     = note: this error might have been caused by changes to Rust's type-inference algorithm (see issue #148922 <https://github.com/rust-lang/rust/issues/148922> for more information)
[INFO] [stdout]     = help: you might have intended to use the type `()` here instead
[INFO] [stdout] note: required by a bound in `futures::TryStreamExt::try_collect`
[INFO] [stdout]    --> /opt/rustwide/cargo-home/registry/src/index.crates.io-1949cf8c6b5b557f/futures-util-0.3.17/src/stream/try_stream/mod.rs:580:23
[INFO] [stdout]     |
[INFO] [stdout] 157 | pub trait TryStreamExt: TryStream {
[INFO] [stdout] ...
[INFO] [stdout] 580 |     fn try_collect<C: Default + Extend<Self::Ok>>(self) -> TryCollect<Self, C>
[INFO] [stdout]     |                       ^^^^^^^ required by this bound in `TryStreamExt::try_collect`
[INFO] [stdout] 
[INFO] [stdout] 
[INFO] [stdout] error[E0277]: the trait bound `!: Extend<()>` is not satisfied
[INFO] [stdout]    --> /opt/rustwide/cargo-home/registry/src/index.crates.io-1949cf8c6b5b557f/datafusion-4.0.0/src/execution/context.rs:541:30
[INFO] [stdout]     |
[INFO] [stdout] 541 | ...                   .try_collect()
[INFO] [stdout]     |                        ^^^^^^^^^^^ the trait `Extend<()>` is not implemented for `!`
[INFO] [stdout]     |
[INFO] [stdout] help: the trait `Extend<()>` is implemented for `()`
[INFO] [stdout]    --> /rustc/e3feeb59cd1bdd011a2bfcc0747b55125d9b8527/library/core/src/iter/traits/collect.rs:454:0
[INFO] [stdout]     = note: this error might have been caused by changes to Rust's type-inference algorithm (see issue #148922 <https://github.com/rust-lang/rust/issues/148922> for more information)
[INFO] [stdout]     = help: you might have intended to use the type `()` here instead
[INFO] [stdout] note: the method call chain might not have had the expected associated types
[INFO] [stdout]    --> /opt/rustwide/cargo-home/registry/src/index.crates.io-1949cf8c6b5b557f/datafusion-4.0.0/src/execution/context.rs:540:30
[INFO] [stdout]     |
[INFO] [stdout] 537 |                     let stream = plan.execute(i).await?;
[INFO] [stdout]     |                                  ---------------------- this expression has type `Pin<Box<dyn RecordBatchStream + Send + Sync>>`
[INFO] [stdout] ...
[INFO] [stdout] 540 |                             .map(|batch| writer.write(&batch?))
[INFO] [stdout]     |                              ^^^^^^^^^^^^^^^^^^^^^^^^^^^^^^^^^^ `TryStream::Ok` is `()` here
[INFO] [stdout] note: required by a bound in `futures::TryStreamExt::try_collect`
[INFO] [stdout]    --> /opt/rustwide/cargo-home/registry/src/index.crates.io-1949cf8c6b5b557f/futures-util-0.3.17/src/stream/try_stream/mod.rs:580:33
[INFO] [stdout]     |
[INFO] [stdout] 157 | pub trait TryStreamExt: TryStream {
[INFO] [stdout] ...
[INFO] [stdout] 580 |     fn try_collect<C: Default + Extend<Self::Ok>>(self) -> TryCollect<Self, C>
[INFO] [stdout]     |                                 ^^^^^^^^^^^^^^^^ required by this bound in `TryStreamExt::try_collect`
[INFO] [stdout] 
[INFO] [stdout] 
[INFO] [stdout] error[E0277]: the trait bound `!: std::default::Default` is not satisfied
[INFO] [stdout]    --> /opt/rustwide/cargo-home/registry/src/index.crates.io-1949cf8c6b5b557f/datafusion-4.0.0/src/execution/context.rs:542:30
[INFO] [stdout]     |
[INFO] [stdout] 542 | ...                   .await
[INFO] [stdout]     |                        ^^^^^ the trait `std::default::Default` is not implemented for `!`
[INFO] [stdout]     |
[INFO] [stdout]     = note: this error might have been caused by changes to Rust's type-inference algorithm (see issue #148922 <https://github.com/rust-lang/rust/issues/148922> for more information)
[INFO] [stdout]     = help: you might have intended to use the type `()` here instead
[INFO] [stdout]     = note: required for `TryCollect<Map<Pin<Box<_>>, {closure@...}>, !>` to implement `futures::Future`
[INFO] [stdout]     = note: the full name for the type has been written to '/opt/rustwide/target/debug/build/datafusion/b1be1e3f39bca551/out/datafusion-b1be1e3f39bca551.long-type-619906858806146829.txt'
[INFO] [stdout]     = note: consider using `--verbose` to print the full type name to the console
[INFO] [stdout] 
[INFO] [stdout] 
[INFO] [stdout] error[E0277]: the trait bound `!: Extend<()>` is not satisfied
[INFO] [stdout]    --> /opt/rustwide/cargo-home/registry/src/index.crates.io-1949cf8c6b5b557f/datafusion-4.0.0/src/execution/context.rs:542:30
[INFO] [stdout]     |
[INFO] [stdout] 542 | ...                   .await
[INFO] [stdout]     |                        ^^^^^ the trait `Extend<()>` is not implemented for `!`
[INFO] [stdout]     |
[INFO] [stdout] help: the trait `Extend<()>` is implemented for `()`
[INFO] [stdout]    --> /rustc/e3feeb59cd1bdd011a2bfcc0747b55125d9b8527/library/core/src/iter/traits/collect.rs:454:0
[INFO] [stdout]     = note: this error might have been caused by changes to Rust's type-inference algorithm (see issue #148922 <https://github.com/rust-lang/rust/issues/148922> for more information)
[INFO] [stdout]     = help: you might have intended to use the type `()` here instead
[INFO] [stdout]     = note: required for `TryCollect<Map<Pin<Box<_>>, {closure@...}>, !>` to implement `futures::Future`
[INFO] [stdout]     = note: the full name for the type has been written to '/opt/rustwide/target/debug/build/datafusion/b1be1e3f39bca551/out/datafusion-b1be1e3f39bca551.long-type-619906858806146829.txt'
[INFO] [stdout]     = note: consider using `--verbose` to print the full type name to the console
[INFO] [stdout] 
[INFO] [stdout] 
[INFO] [stdout] For more information about this error, try `rustc --explain E0277`.
[INFO] [stdout] 
[INFO] [stderr] error: could not compile `datafusion` (lib) due to 4 previous errors
[INFO] running `Command { std: "docker" "inspect" "30c14e1ff41b617d80e944fcc9b7d22b7ba6eb799e83aeb18ad4d2f6338a3172", kill_on_drop: false }`
[INFO] running `Command { std: "docker" "rm" "-f" "30c14e1ff41b617d80e944fcc9b7d22b7ba6eb799e83aeb18ad4d2f6338a3172", kill_on_drop: false }`
[INFO] [stdout] 30c14e1ff41b617d80e944fcc9b7d22b7ba6eb799e83aeb18ad4d2f6338a3172
