[INFO] cloning repository https://github.com/jiangzhx/datafusion-query-proxy
[INFO] running `Command { std: "git" "-c" "credential.helper=" "-c" "credential.helper=/workspace/cargo-home/bin/git-credential-null" "clone" "--bare" "https://github.com/jiangzhx/datafusion-query-proxy" "/workspace/cache/git-repos/https%3A%2F%2Fgithub.com%2Fjiangzhx%2Fdatafusion-query-proxy", kill_on_drop: false }`
[INFO] [stderr] Cloning into bare repository '/workspace/cache/git-repos/https%3A%2F%2Fgithub.com%2Fjiangzhx%2Fdatafusion-query-proxy'...
[INFO] running `Command { std: "git" "rev-parse" "HEAD", kill_on_drop: false }`
[INFO] [stdout] 1ba657290f60074322fcaaab8dda03f34a74fa98
[INFO] documenting jiangzhx/datafusion-query-proxy against 1.100.0-beta.1 for beta-rustdoc-1.100-2
[INFO] running `Command { std: "git" "clone" "/workspace/cache/git-repos/https%3A%2F%2Fgithub.com%2Fjiangzhx%2Fdatafusion-query-proxy" "/workspace/builds/worker-5-tc2/source", kill_on_drop: false }`
[INFO] [stderr] Cloning into '/workspace/builds/worker-5-tc2/source'...
[INFO] [stderr] done.
[INFO] started tweaking git repo https://github.com/jiangzhx/datafusion-query-proxy
[INFO] finished tweaking git repo https://github.com/jiangzhx/datafusion-query-proxy
[INFO] tweaked toml for git repo https://github.com/jiangzhx/datafusion-query-proxy written to /workspace/builds/worker-5-tc2/source/Cargo.toml
[INFO] validating manifest of git repo https://github.com/jiangzhx/datafusion-query-proxy on toolchain 1.100.0-beta.1
[INFO] running `Command { std: CARGO_HOME="/workspace/cargo-home" RUSTUP_HOME="/workspace/rustup-home" "/workspace/cargo-home/bin/cargo" "+1.100.0-beta.1" "metadata" "--manifest-path" "Cargo.toml" "--no-deps", kill_on_drop: false }`
[INFO] crate git repo https://github.com/jiangzhx/datafusion-query-proxy already has a lockfile, it will not be regenerated
[INFO] running `Command { std: CARGO_HOME="/workspace/cargo-home" RUSTUP_HOME="/workspace/rustup-home" "/workspace/cargo-home/bin/cargo" "+1.100.0-beta.1" "fetch" "--manifest-path" "Cargo.toml", kill_on_drop: false }`
[INFO] running `Command { std: "docker" "create" "-v" "/var/lib/crater-agent-workspace/builds/worker-5-tc2/source:/opt/rustwide/workdir:ro,Z" "-v" "/var/lib/crater-agent-workspace/builds/worker-5-tc2/target:/opt/rustwide/target:rw,Z" "-v" "/var/lib/crater-agent-workspace/cargo-home:/opt/rustwide/cargo-home:ro,Z" "-v" "/var/lib/crater-agent-workspace/rustup-home:/opt/rustwide/rustup-home:ro,Z" "-m" "1610612736" "--network" "none" "ghcr.io/rust-lang/crates-build-env/linux@sha256:77db811e55d90add9212f6832c23229e3de5f1c1f9905e8cb07319ea15df73ac" "sleep" "infinity", kill_on_drop: false }`
[INFO] [stdout] 7a8de09bba70de291eec2f2ad7cc343caa9baffcbb69b9294a2f5e62972aa84e
[INFO] running `Command { std: "docker" "start" "7a8de09bba70de291eec2f2ad7cc343caa9baffcbb69b9294a2f5e62972aa84e", kill_on_drop: false }`
[INFO] running `Command { std: "docker" "inspect" "7a8de09bba70de291eec2f2ad7cc343caa9baffcbb69b9294a2f5e62972aa84e", kill_on_drop: false }`
[INFO] running `Command { std: "docker" "exec" "-e" "SOURCE_DIR=/opt/rustwide/workdir" "-e" "CARGO_HOME=/opt/rustwide/cargo-home" "-e" "RUSTUP_HOME=/opt/rustwide/rustup-home" "-e" "CARGO_TARGET_DIR=/opt/rustwide/target" "-w" "/opt/rustwide/workdir" "--user" "0:0" "7a8de09bba70de291eec2f2ad7cc343caa9baffcbb69b9294a2f5e62972aa84e" "/opt/rustwide/cargo-home/bin/cargo" "+1.100.0-beta.1" "metadata" "--no-deps" "--format-version=1", kill_on_drop: false }`
[INFO] running `Command { std: "docker" "inspect" "7a8de09bba70de291eec2f2ad7cc343caa9baffcbb69b9294a2f5e62972aa84e", kill_on_drop: false }`
[INFO] running `Command { std: "docker" "exec" "-e" "SOURCE_DIR=/opt/rustwide/workdir" "-e" "CARGO_HOME=/opt/rustwide/cargo-home" "-e" "RUSTUP_HOME=/opt/rustwide/rustup-home" "-e" "CARGO_TARGET_DIR=/opt/rustwide/target" "-e" "CARGO_INCREMENTAL=0" "-e" "RUST_BACKTRACE=full" "-e" "RUSTFLAGS=--cap-lints=warn" "-e" "RUSTDOCFLAGS=--cap-lints=warn" "-w" "/opt/rustwide/workdir" "--user" "0:0" "7a8de09bba70de291eec2f2ad7cc343caa9baffcbb69b9294a2f5e62972aa84e" "/opt/rustwide/cargo-home/bin/cargo" "+1.100.0-beta.1" "doc" "--frozen" "--no-deps" "--document-private-items" "--message-format=json", kill_on_drop: false }`
[INFO] [stderr]    Compiling libc v0.2.119
[INFO] [stderr]    Compiling autocfg v1.1.0
[INFO] [stderr]     Checking cfg-if v1.0.0
[INFO] [stderr]    Compiling proc-macro2 v1.0.36
[INFO] [stderr]    Compiling unicode-xid v0.2.2
[INFO] [stderr]    Compiling syn v1.0.86
[INFO] [stderr]    Compiling version_check v0.9.4
[INFO] [stderr]    Compiling memchr v2.4.1
[INFO] [stderr]     Checking static_assertions v1.1.0
[INFO] [stderr]    Compiling typenum v1.15.0
[INFO] [stderr]    Compiling pkg-config v0.3.24
[INFO] [stderr]     Checking lazy_static v1.4.0
[INFO] [stderr]    Compiling serde v1.0.136
[INFO] [stderr]     Checking once_cell v1.10.0
[INFO] [stderr]     Checking bitflags v1.3.2
[INFO] [stderr]    Compiling log v0.4.14
[INFO] [stderr]     Checking ppv-lite86 v0.2.16
[INFO] [stderr]     Checking ryu v1.0.9
[INFO] [stderr]     Checking lexical-util v0.8.3
[INFO] [stderr]     Checking smallvec v1.8.0
[INFO] [stderr]     Checking adler v1.0.2
[INFO] [stderr]     Checking byteorder v1.4.3
[INFO] [stderr]    Compiling proc-macro-hack v0.5.19
[INFO] [stderr]    Compiling serde_json v1.0.79
[INFO] [stderr]    Compiling crc32fast v1.3.2
[INFO] [stderr]    Compiling num-traits v0.2.14
[INFO] [stderr]    Compiling num-integer v0.1.44
[INFO] [stderr]    Compiling miniz_oxide v0.4.4
[INFO] [stderr]    Compiling num-bigint v0.4.3
[INFO] [stderr]    Compiling ahash v0.7.6
[INFO] [stderr]    Compiling generic-array v0.14.5
[INFO] [stderr]    Compiling indexmap v1.8.0
[INFO] [stderr]     Checking regex-syntax v0.6.25
[INFO] [stderr]     Checking itoa v1.0.1
[INFO] [stderr]     Checking scopeguard v1.1.0
[INFO] [stderr]    Compiling rustversion v1.0.6
[INFO] [stderr]    Compiling num-iter v0.1.42
[INFO] [stderr]    Compiling num-rational v0.4.0
[INFO] [stderr]    Compiling unicode-segmentation v1.9.0
[INFO] [stderr]    Compiling futures-core v0.3.21
[INFO] [stderr]     Checking subtle v2.4.1
[INFO] [stderr]     Checking lexical-write-integer v0.8.3
[INFO] [stderr]     Checking lexical-parse-integer v0.8.3
[INFO] [stderr]    Compiling glob v0.3.0
[INFO] [stderr]    Compiling quote v1.0.15
[INFO] [stderr]     Checking aho-corasick v0.7.18
[INFO] [stderr]     Checking lexical-parse-float v0.8.3
[INFO] [stderr]     Checking lexical-write-float v0.8.3
[INFO] [stderr]    Compiling clang-sys v1.3.1
[INFO] [stderr]    Compiling heck v0.3.3
[INFO] [stderr]    Compiling standback v0.2.17
[INFO] [stderr]     Checking regex-automata v0.1.10
[INFO] [stderr]    Compiling serde_derive v1.0.136
[INFO] [stderr]     Checking base64 v0.13.0
[INFO] [stderr]     Checking alloc-no-stdlib v2.0.3
[INFO] [stderr]    Compiling crossbeam-utils v0.8.7
[INFO] [stderr]    Compiling zstd-safe v4.1.4+zstd.1.5.2
[INFO] [stderr]     Checking lexical-core v0.8.3
[INFO] [stderr]     Checking alloc-stdlib v0.2.1
[INFO] [stderr]     Checking ordered-float v1.1.1
[INFO] [stderr]     Checking num-complex v0.4.0
[INFO] [stderr]     Checking csv-core v0.1.10
[INFO] [stderr]    Compiling memoffset v0.6.5
[INFO] [stderr]     Checking getrandom v0.2.5
[INFO] [stderr]     Checking num_cpus v1.13.1
[INFO] [stderr]     Checking time v0.1.43
[INFO] [stderr]     Checking unicode-width v0.1.9
[INFO] [stderr]     Checking rand_core v0.6.3
[INFO] [stderr]    Compiling snap v1.0.5
[INFO] [stderr]     Checking threadpool v1.8.1
[INFO] [stderr]     Checking arrayvec v0.7.2
[INFO] [stderr]     Checking integer-encoding v1.1.7
[INFO] [stderr]    Compiling parking_lot_core v0.9.1
[INFO] [stderr]    Compiling frunk_core v0.4.0
[INFO] [stderr]    Compiling getrandom v0.1.16
[INFO] [stderr]     Checking hashbrown v0.11.2
[INFO] [stderr]     Checking rand_chacha v0.3.1
[INFO] [stderr]     Checking itoa v0.4.8
[INFO] [stderr]     Checking strum v0.23.0
[INFO] [stderr]     Checking pin-project-lite v0.2.8
[INFO] [stderr]    Compiling minimal-lexical v0.2.1
[INFO] [stderr]     Checking thrift v0.13.0
[INFO] [stderr]    Compiling jobserver v0.1.24
[INFO] [stderr]    Compiling libloading v0.7.3
[INFO] [stderr]     Checking brotli-decompressor v2.3.2
[INFO] [stderr]     Checking rand v0.8.5
[INFO] [stderr]    Compiling nom v7.1.1
[INFO] [stderr]     Checking block-buffer v0.10.2
[INFO] [stderr]     Checking crypto-common v0.1.3
[INFO] [stderr]    Compiling cc v1.0.73
[INFO] [stderr]     Checking digest v0.10.3
[INFO] [stderr]     Checking half v1.8.2
[INFO] [stderr]    Compiling futures-channel v0.3.21
[INFO] [stderr]     Checking futures-sink v0.3.21
[INFO] [stderr]    Compiling bindgen v0.59.2
[INFO] [stderr]    Compiling rust_decimal v1.22.0
[INFO] [stderr]     Checking hex v0.4.3
[INFO] [stderr]     Checking bytes v1.1.0
[INFO] [stderr]    Compiling lexical-core v0.7.6
[INFO] [stderr]    Compiling futures-task v0.3.21
[INFO] [stderr]    Compiling parquet v9.1.0
[INFO] [stderr]     Checking num v0.4.0
[INFO] [stderr]     Checking parquet-format v4.0.0
[INFO] [stderr]     Checking regex v1.5.5
[INFO] [stderr]     Checking socket2 v0.4.4
[INFO] [stderr]     Checking generic-array v0.12.4
[INFO] [stderr]     Checking lock_api v0.4.6
[INFO] [stderr]    Compiling num-bigint v0.2.6
[INFO] [stderr]    Compiling const_fn v0.4.9
[INFO] [stderr]    Compiling libz-sys v1.1.5
[INFO] [stderr]    Compiling zstd-sys v1.6.3+zstd.1.5.2
[INFO] [stderr]    Compiling lz4-sys v1.9.3
[INFO] [stderr]    Compiling openssl-sys v0.9.72
[INFO] [stderr]     Checking brotli v3.3.3
[INFO] [stderr]    Compiling backtrace v0.3.64
[INFO] [stderr]    Compiling lazycell v1.3.0
[INFO] [stderr]     Checking flate2 v1.0.22
[INFO] [stderr]     Checking cpufeatures v0.2.1
[INFO] [stderr]    Compiling futures-util v0.3.21
[INFO] [stderr]    Compiling radium v0.6.2
[INFO] [stderr]    Compiling rustc-hash v1.1.0
[INFO] [stderr]     Checking gimli v0.26.1
[INFO] [stderr]     Checking byte-tools v0.3.1
[INFO] [stderr]     Checking arrayvec v0.5.2
[INFO] [stderr]    Compiling failure_derive v0.1.8
[INFO] [stderr]    Compiling peeking_take_while v0.1.2
[INFO] [stderr]    Compiling crossbeam-epoch v0.9.7
[INFO] [stderr]     Checking tinyvec_macros v0.1.0
[INFO] [stderr]    Compiling shlex v1.1.0
[INFO] [stderr]     Checking block-padding v0.1.5
[INFO] [stderr]     Checking tinyvec v1.5.1
[INFO] [stderr]     Checking parking_lot v0.12.0
[INFO] [stderr]     Checking rand_core v0.5.1
[INFO] [stderr]    Compiling cmake v0.1.48
[INFO] [stderr]    Compiling subprocess v0.2.8
[INFO] [stderr]     Checking chrono v0.4.19
[INFO] [stderr]     Checking bstr v0.2.17
[INFO] [stderr]     Checking mio v0.8.0
[INFO] [stderr]     Checking ordered-float v2.10.0
[INFO] [stderr]     Checking csv v1.1.6
[INFO] [stderr]    Compiling cexpr v0.6.0
[INFO] [stderr]     Checking object v0.27.1
[INFO] [stderr]    Compiling time v0.2.27
[INFO] [stderr]     Checking sqlparser v0.14.0
[INFO] [stderr]     Checking slab v0.4.5
[INFO] [stderr]     Checking futures-io v0.3.21
[INFO] [stderr]    Compiling openssl v0.10.38
[INFO] [stderr]    Compiling crossbeam-queue v0.3.4
[INFO] [stderr]     Checking tap v1.0.1
[INFO] [stderr]     Checking uuid v0.8.2
[INFO] [stderr]     Checking foreign-types-shared v0.1.1
[INFO] [stderr]     Checking matches v0.1.9
[INFO] [stderr]     Checking rustc-demangle v0.1.21
[INFO] [stderr]     Checking pin-utils v0.1.0
[INFO] [stderr]     Checking wyz v0.4.0
[INFO] [stderr]     Checking foreign-types v0.3.2
[INFO] [stderr]     Checking unicode-normalization v0.1.19
[INFO] [stderr]     Checking rand_chacha v0.2.2
[INFO] [stderr]     Checking block-buffer v0.7.3
[INFO] [stderr]     Checking sha2 v0.10.2
[INFO] [stderr]     Checking digest v0.8.1
[INFO] [stderr]    Compiling blake3 v1.3.1
[INFO] [stderr]    Compiling frunk_proc_macro_helpers v0.1.0
[INFO] [stderr]    Compiling synstructure v0.12.6
[INFO] [stderr]     Checking twox-hash v1.6.2
[INFO] [stderr]    Compiling nom v5.1.2
[INFO] [stderr]    Compiling io-enum v1.0.1
[INFO] [stderr]     Checking num_threads v0.1.4
[INFO] [stderr]     Checking sha1_smol v1.0.0
[INFO] [stderr]    Compiling async-trait v0.1.52
[INFO] [stderr]     Checking unicode-bidi v0.3.7
[INFO] [stderr]    Compiling native-tls v0.2.8
[INFO] [stderr]     Checking fake-simd v0.1.2
[INFO] [stderr]     Checking opaque-debug v0.2.3
[INFO] [stderr]     Checking funty v1.2.0
[INFO] [stderr]     Checking addr2line v0.17.0
[INFO] [stderr]     Checking percent-encoding v2.1.0
[INFO] [stderr]     Checking sha2 v0.8.2
[INFO] [stderr]     Checking form_urlencoded v1.0.1
[INFO] [stderr]     Checking sha1 v0.6.1
[INFO] [stderr]     Checking idna v0.2.3
[INFO] [stderr]     Checking bigdecimal v0.1.2
[INFO] [stderr]     Checking time v0.3.7
[INFO] [stderr]     Checking crossbeam-deque v0.8.1
[INFO] [stderr]    Compiling derive_utils v0.11.2
[INFO] [stderr]     Checking bitvec v0.22.3
[INFO] [stderr]     Checking rand v0.7.3
[INFO] [stderr]     Checking lexical v5.2.2
[INFO] [stderr]     Checking sha-1 v0.10.0
[INFO] [stderr]     Checking bigdecimal v0.3.0
[INFO] [stderr]     Checking crossbeam-channel v0.5.2
[INFO] [stderr]     Checking lexical v6.1.0
[INFO] [stderr]    Compiling anyhow v1.0.56
[INFO] [stderr]     Checking remove_dir_all v0.5.3
[INFO] [stderr]     Checking arrayref v0.3.6
[INFO] [stderr]     Checking constant_time_eq v0.1.5
[INFO] [stderr]     Checking fastrand v1.7.0
[INFO] [stderr]     Checking openssl-probe v0.1.5
[INFO] [stderr]    Compiling mysql v22.1.0
[INFO] [stderr]     Checking saturating v0.1.0
[INFO] [stderr]     Checking base64 v0.12.3
[INFO] [stderr]     Checking bytes v0.5.6
[INFO] [stderr]     Checking tempfile v3.3.0
[INFO] [stderr]     Checking url v2.2.2
[INFO] [stderr]     Checking crossbeam v0.8.1
[INFO] [stderr]     Checking nix v0.23.1
[INFO] [stderr]     Checking lru v0.7.3
[INFO] [stderr]     Checking md-5 v0.10.1
[INFO] [stderr]     Checking blake2 v0.10.4
[INFO] [stderr]     Checking hashbrown v0.12.0
[INFO] [stderr]     Checking pem v1.0.2
[INFO] [stderr]     Checking bufstream v0.1.4
[INFO] [stderr]    Compiling paste v1.0.6
[INFO] [stderr]     Checking sqlparser v0.15.0
[INFO] [stderr]    Compiling thiserror-impl v1.0.30
[INFO] [stderr]    Compiling multiversion-macros v0.6.1
[INFO] [stderr]    Compiling strum_macros v0.23.1
[INFO] [stderr]    Compiling frunk_proc_macros_impl v0.1.0
[INFO] [stderr]    Compiling futures-macro v0.3.21
[INFO] [stderr]    Compiling tokio-macros v1.7.0
[INFO] [stderr]    Compiling time-macros-impl v0.1.2
[INFO] [stderr]     Checking frunk_proc_macros v0.1.0
[INFO] [stderr]    Compiling frunk_derives v0.4.0
[INFO] [stderr]     Checking tokio v1.17.0
[INFO] [stderr]     Checking time-macros v0.1.1
[INFO] [stderr]     Checking thiserror v1.0.30
[INFO] [stderr]     Checking flatbuffers v2.0.0
[INFO] [stderr]     Checking failure v0.1.8
[INFO] [stderr]     Checking frunk v0.4.0
[INFO] [stderr]     Checking multiversion v0.6.1
[INFO] [stderr]     Checking comfy-table v5.0.1
[INFO] [stderr]     Checking mysql_common v0.22.2
[INFO] [stderr]     Checking msql-srv v0.9.6
[INFO] [stderr]     Checking arrow v9.1.0
[INFO] [stderr]     Checking futures-executor v0.3.21
[INFO] [stderr]    Compiling mysql_common v0.28.2
[INFO] [stderr]     Checking futures v0.3.21
[INFO] [stderr]     Checking tokio-stream v0.1.8
[INFO] [stderr]     Checking tokio-util v0.7.0
[INFO] [stderr]     Checking lz4 v1.23.3
[INFO] [stderr]     Checking zstd v0.10.0+zstd.1.5.2
[INFO] [stderr]     Checking datafusion-common v7.0.0 (https://github.com/argoengine/arrow-datafusion.git?branch=master#4fcaa256)
[INFO] [stderr]     Checking datafusion-expr v7.0.0 (https://github.com/argoengine/arrow-datafusion.git?branch=master#4fcaa256)
[INFO] [stderr]     Checking datafusion-physical-expr v7.0.0 (https://github.com/argoengine/arrow-datafusion.git?branch=master#4fcaa256)
[INFO] [stderr]     Checking datafusion v7.0.0 (https://github.com/argoengine/arrow-datafusion.git?branch=master#4fcaa256)
[INFO] [stdout] error[E0277]: the trait bound `!: std::default::Default` is not satisfied
[INFO] [stdout]    --> /opt/rustwide/cargo-home/git/checkouts/arrow-datafusion-8ad540f2171fd286/4fcaa25/datafusion/src/execution/context.rs:781:30
[INFO] [stdout]     |
[INFO] [stdout] 781 | ...                   .try_collect()
[INFO] [stdout]     |                        ^^^^^^^^^^^ the trait `std::default::Default` is not implemented for `!`
[INFO] [stdout]     |
[INFO] [stdout]     = note: this error might have been caused by changes to Rust's type-inference algorithm (see issue #148922 <https://github.com/rust-lang/rust/issues/148922> for more information)
[INFO] [stdout]     = help: you might have intended to use the type `()` here instead
[INFO] [stdout] note: required by a bound in `futures::TryStreamExt::try_collect`
[INFO] [stdout]    --> /opt/rustwide/cargo-home/registry/src/index.crates.io-1949cf8c6b5b557f/futures-util-0.3.21/src/stream/try_stream/mod.rs:580:23
[INFO] [stdout]     |
[INFO] [stdout] 157 | pub trait TryStreamExt: TryStream {
[INFO] [stdout] ...
[INFO] [stdout] 580 |     fn try_collect<C: Default + Extend<Self::Ok>>(self) -> TryCollect<Self, C>
[INFO] [stdout]     |                       ^^^^^^^ required by this bound in `TryStreamExt::try_collect`
[INFO] [stdout] 
[INFO] [stdout] 
[INFO] [stdout] error[E0277]: the trait bound `!: Extend<()>` is not satisfied
[INFO] [stdout]    --> /opt/rustwide/cargo-home/git/checkouts/arrow-datafusion-8ad540f2171fd286/4fcaa25/datafusion/src/execution/context.rs:781:30
[INFO] [stdout]     |
[INFO] [stdout] 781 | ...                   .try_collect()
[INFO] [stdout]     |                        ^^^^^^^^^^^ the trait `Extend<()>` is not implemented for `!`
[INFO] [stdout]     |
[INFO] [stdout] help: the trait `Extend<()>` is implemented for `()`
[INFO] [stdout]    --> /rustc/e3feeb59cd1bdd011a2bfcc0747b55125d9b8527/library/core/src/iter/traits/collect.rs:454:0
[INFO] [stdout]     = note: this error might have been caused by changes to Rust's type-inference algorithm (see issue #148922 <https://github.com/rust-lang/rust/issues/148922> for more information)
[INFO] [stdout]     = help: you might have intended to use the type `()` here instead
[INFO] [stdout] note: the method call chain might not have had the expected associated types
[INFO] [stdout]    --> /opt/rustwide/cargo-home/git/checkouts/arrow-datafusion-8ad540f2171fd286/4fcaa25/datafusion/src/execution/context.rs:780:30
[INFO] [stdout]     |
[INFO] [stdout] 777 |                     let stream = plan.execute(i, runtime.clone()).await?;
[INFO] [stdout]     |                                  --------------------------------------- this expression has type `Pin<Box<dyn RecordBatchStream + Send + Sync>>`
[INFO] [stdout] ...
[INFO] [stdout] 780 |                             .map(|batch| writer.write(&batch?))
[INFO] [stdout]     |                              ^^^^^^^^^^^^^^^^^^^^^^^^^^^^^^^^^^ `TryStream::Ok` is `()` here
[INFO] [stdout] note: required by a bound in `futures::TryStreamExt::try_collect`
[INFO] [stdout]    --> /opt/rustwide/cargo-home/registry/src/index.crates.io-1949cf8c6b5b557f/futures-util-0.3.21/src/stream/try_stream/mod.rs:580:33
[INFO] [stdout]     |
[INFO] [stdout] 157 | pub trait TryStreamExt: TryStream {
[INFO] [stdout] ...
[INFO] [stdout] 580 |     fn try_collect<C: Default + Extend<Self::Ok>>(self) -> TryCollect<Self, C>
[INFO] [stdout]     |                                 ^^^^^^^^^^^^^^^^ required by this bound in `TryStreamExt::try_collect`
[INFO] [stdout] 
[INFO] [stdout] 
[INFO] [stdout] error[E0277]: the trait bound `!: std::default::Default` is not satisfied
[INFO] [stdout]    --> /opt/rustwide/cargo-home/git/checkouts/arrow-datafusion-8ad540f2171fd286/4fcaa25/datafusion/src/execution/context.rs:782:30
[INFO] [stdout]     |
[INFO] [stdout] 782 | ...                   .await
[INFO] [stdout]     |                        ^^^^^ the trait `std::default::Default` is not implemented for `!`
[INFO] [stdout]     |
[INFO] [stdout]     = note: this error might have been caused by changes to Rust's type-inference algorithm (see issue #148922 <https://github.com/rust-lang/rust/issues/148922> for more information)
[INFO] [stdout]     = help: you might have intended to use the type `()` here instead
[INFO] [stdout]     = note: required for `TryCollect<Map<Pin<Box<_>>, {closure@...}>, !>` to implement `futures::Future`
[INFO] [stdout]     = note: the full name for the type has been written to '/opt/rustwide/target/debug/build/datafusion/ef1df50b32a72e0c/out/datafusion-ef1df50b32a72e0c.long-type-17331316544570297465.txt'
[INFO] [stdout]     = note: consider using `--verbose` to print the full type name to the console
[INFO] [stdout] 
[INFO] [stdout] 
[INFO] [stdout] error[E0277]: the trait bound `!: Extend<()>` is not satisfied
[INFO] [stdout]    --> /opt/rustwide/cargo-home/git/checkouts/arrow-datafusion-8ad540f2171fd286/4fcaa25/datafusion/src/execution/context.rs:782:30
[INFO] [stdout]     |
[INFO] [stdout] 782 | ...                   .await
[INFO] [stdout]     |                        ^^^^^ the trait `Extend<()>` is not implemented for `!`
[INFO] [stdout]     |
[INFO] [stdout] help: the trait `Extend<()>` is implemented for `()`
[INFO] [stdout]    --> /rustc/e3feeb59cd1bdd011a2bfcc0747b55125d9b8527/library/core/src/iter/traits/collect.rs:454:0
[INFO] [stdout]     = note: this error might have been caused by changes to Rust's type-inference algorithm (see issue #148922 <https://github.com/rust-lang/rust/issues/148922> for more information)
[INFO] [stdout]     = help: you might have intended to use the type `()` here instead
[INFO] [stdout]     = note: required for `TryCollect<Map<Pin<Box<_>>, {closure@...}>, !>` to implement `futures::Future`
[INFO] [stdout]     = note: the full name for the type has been written to '/opt/rustwide/target/debug/build/datafusion/ef1df50b32a72e0c/out/datafusion-ef1df50b32a72e0c.long-type-17331316544570297465.txt'
[INFO] [stdout]     = note: consider using `--verbose` to print the full type name to the console
[INFO] [stdout] 
[INFO] [stdout] 
[INFO] [stdout] For more information about this error, try `rustc --explain E0277`.
[INFO] [stdout] 
[INFO] [stderr] error: could not compile `datafusion` (lib) due to 4 previous errors
[INFO] running `Command { std: "docker" "inspect" "7a8de09bba70de291eec2f2ad7cc343caa9baffcbb69b9294a2f5e62972aa84e", kill_on_drop: false }`
[INFO] running `Command { std: "docker" "rm" "-f" "7a8de09bba70de291eec2f2ad7cc343caa9baffcbb69b9294a2f5e62972aa84e", kill_on_drop: false }`
[INFO] [stdout] 7a8de09bba70de291eec2f2ad7cc343caa9baffcbb69b9294a2f5e62972aa84e
