[INFO] cloning repository https://github.com/edisonsteele/inventory-toolkit
[INFO] running `Command { std: "git" "-c" "credential.helper=" "-c" "credential.helper=/workspace/cargo-home/bin/git-credential-null" "clone" "--bare" "https://github.com/edisonsteele/inventory-toolkit" "/workspace/cache/git-repos/https%3A%2F%2Fgithub.com%2Fedisonsteele%2Finventory-toolkit", kill_on_drop: false }`
[INFO] [stderr] Cloning into bare repository '/workspace/cache/git-repos/https%3A%2F%2Fgithub.com%2Fedisonsteele%2Finventory-toolkit'...
[INFO] running `Command { std: "git" "rev-parse" "HEAD", kill_on_drop: false }`
[INFO] [stdout] a167cd3b7fdb4a62a9f6de195b39b006daf7c330
[INFO] documenting edisonsteele/inventory-toolkit against 1.100.0-beta.1 for beta-rustdoc-1.100-2
[INFO] running `Command { std: "git" "clone" "/workspace/cache/git-repos/https%3A%2F%2Fgithub.com%2Fedisonsteele%2Finventory-toolkit" "/workspace/builds/worker-5-tc2/source", kill_on_drop: false }`
[INFO] [stderr] Cloning into '/workspace/builds/worker-5-tc2/source'...
[INFO] [stderr] done.
[INFO] [stderr] Updating files:  28% (2835/9793)
Updating files:  29% (2840/9793)
Updating files:  29% (2855/9793)
Updating files:  29% (2894/9793)
Updating files:  30% (2938/9793)
Updating files:  31% (3036/9793)
Updating files:  31% (3061/9793)
Updating files:  32% (3134/9793)
Updating files:  33% (3232/9793)
Updating files:  34% (3330/9793)
Updating files:  34% (3350/9793)
Updating files:  35% (3428/9793)
Updating files:  35% (3510/9793)
Updating files:  36% (3526/9793)
Updating files:  36% (3542/9793)
Updating files:  36% (3605/9793)
Updating files:  37% (3624/9793)
Updating files:  38% (3722/9793)
Updating files:  39% (3820/9793)
Updating files:  40% (3918/9793)
Updating files:  41% (4016/9793)
Updating files:  42% (4114/9793)
Updating files:  43% (4211/9793)
Updating files:  43% (4228/9793)
Updating files:  44% (4309/9793)
Updating files:  45% (4407/9793)
Updating files:  46% (4505/9793)
Updating files:  47% (4603/9793)
Updating files:  48% (4701/9793)
Updating files:  49% (4799/9793)
Updating files:  50% (4897/9793)
Updating files:  51% (4995/9793)
Updating files:  52% (5093/9793)
Updating files:  53% (5191/9793)
Updating files:  54% (5289/9793)
Updating files:  54% (5358/9793)
Updating files:  55% (5387/9793)
Updating files:  56% (5485/9793)
Updating files:  57% (5583/9793)
Updating files:  58% (5680/9793)
Updating files:  59% (5778/9793)
Updating files:  60% (5876/9793)
Updating files:  61% (5974/9793)
Updating files:  62% (6072/9793)
Updating files:  63% (6170/9793)
Updating files:  64% (6268/9793)
Updating files:  65% (6366/9793)
Updating files:  66% (6464/9793)
Updating files:  66% (6532/9793)
Updating files:  67% (6562/9793)
Updating files:  68% (6660/9793)
Updating files:  69% (6758/9793)
Updating files:  70% (6856/9793)
Updating files:  70% (6894/9793)
Updating files:  70% (6912/9793)
Updating files:  71% (6954/9793)
Updating files:  72% (7051/9793)
Updating files:  73% (7149/9793)
Updating files:  74% (7247/9793)
Updating files:  75% (7345/9793)
Updating files:  76% (7443/9793)
Updating files:  77% (7541/9793)
Updating files:  78% (7639/9793)
Updating files:  79% (7737/9793)
Updating files:  80% (7835/9793)
Updating files:  81% (7933/9793)
Updating files:  82% (8031/9793)
Updating files:  83% (8129/9793)
Updating files:  84% (8227/9793)
Updating files:  85% (8325/9793)
Updating files:  86% (8422/9793)
Updating files:  87% (8520/9793)
Updating files:  88% (8618/9793)
Updating files:  89% (8716/9793)
Updating files:  90% (8814/9793)
Updating files:  90% (8844/9793)
Updating files:  91% (8912/9793)
Updating files:  92% (9010/9793)
Updating files:  92% (9057/9793)
Updating files:  93% (9108/9793)
Updating files:  94% (9206/9793)
Updating files:  94% (9262/9793)
Updating files:  95% (9304/9793)
Updating files:  95% (9377/9793)
Updating files:  96% (9402/9793)
Updating files:  97% (9500/9793)
Updating files:  98% (9598/9793)
Updating files:  99% (9696/9793)
Updating files: 100% (9793/9793)
Updating files: 100% (9793/9793), done.
[INFO] started tweaking git repo https://github.com/edisonsteele/inventory-toolkit
[INFO] finished tweaking git repo https://github.com/edisonsteele/inventory-toolkit
[INFO] tweaked toml for git repo https://github.com/edisonsteele/inventory-toolkit written to /workspace/builds/worker-5-tc2/source/Cargo.toml
[INFO] validating manifest of git repo https://github.com/edisonsteele/inventory-toolkit on toolchain 1.100.0-beta.1
[INFO] running `Command { std: CARGO_HOME="/workspace/cargo-home" RUSTUP_HOME="/workspace/rustup-home" "/workspace/cargo-home/bin/cargo" "+1.100.0-beta.1" "metadata" "--manifest-path" "Cargo.toml" "--no-deps", kill_on_drop: false }`
[INFO] crate git repo https://github.com/edisonsteele/inventory-toolkit already has a lockfile, it will not be regenerated
[INFO] running `Command { std: CARGO_HOME="/workspace/cargo-home" RUSTUP_HOME="/workspace/rustup-home" "/workspace/cargo-home/bin/cargo" "+1.100.0-beta.1" "fetch" "--manifest-path" "Cargo.toml", kill_on_drop: false }`
[INFO] running `Command { std: "docker" "create" "-v" "/var/lib/crater-agent-workspace/builds/worker-5-tc2/source:/opt/rustwide/workdir:ro,Z" "-v" "/var/lib/crater-agent-workspace/builds/worker-5-tc2/target:/opt/rustwide/target:rw,Z" "-v" "/var/lib/crater-agent-workspace/cargo-home:/opt/rustwide/cargo-home:ro,Z" "-v" "/var/lib/crater-agent-workspace/rustup-home:/opt/rustwide/rustup-home:ro,Z" "-m" "1610612736" "--network" "none" "ghcr.io/rust-lang/crates-build-env/linux@sha256:77db811e55d90add9212f6832c23229e3de5f1c1f9905e8cb07319ea15df73ac" "sleep" "infinity", kill_on_drop: false }`
[INFO] [stdout] f6cbe71d6a775bdec643821cf58e67c9c7cfef494983ecc68f3e35230e8f384f
[INFO] running `Command { std: "docker" "start" "f6cbe71d6a775bdec643821cf58e67c9c7cfef494983ecc68f3e35230e8f384f", kill_on_drop: false }`
[INFO] running `Command { std: "docker" "inspect" "f6cbe71d6a775bdec643821cf58e67c9c7cfef494983ecc68f3e35230e8f384f", kill_on_drop: false }`
[INFO] running `Command { std: "docker" "exec" "-e" "SOURCE_DIR=/opt/rustwide/workdir" "-e" "CARGO_HOME=/opt/rustwide/cargo-home" "-e" "RUSTUP_HOME=/opt/rustwide/rustup-home" "-e" "CARGO_TARGET_DIR=/opt/rustwide/target" "-w" "/opt/rustwide/workdir" "--user" "0:0" "f6cbe71d6a775bdec643821cf58e67c9c7cfef494983ecc68f3e35230e8f384f" "/opt/rustwide/cargo-home/bin/cargo" "+1.100.0-beta.1" "metadata" "--no-deps" "--format-version=1", kill_on_drop: false }`
[INFO] running `Command { std: "docker" "inspect" "f6cbe71d6a775bdec643821cf58e67c9c7cfef494983ecc68f3e35230e8f384f", kill_on_drop: false }`
[INFO] running `Command { std: "docker" "exec" "-e" "SOURCE_DIR=/opt/rustwide/workdir" "-e" "CARGO_HOME=/opt/rustwide/cargo-home" "-e" "RUSTUP_HOME=/opt/rustwide/rustup-home" "-e" "CARGO_TARGET_DIR=/opt/rustwide/target" "-e" "CARGO_INCREMENTAL=0" "-e" "RUST_BACKTRACE=full" "-e" "RUSTFLAGS=--cap-lints=warn" "-e" "RUSTDOCFLAGS=--cap-lints=warn" "-w" "/opt/rustwide/workdir" "--user" "0:0" "f6cbe71d6a775bdec643821cf58e67c9c7cfef494983ecc68f3e35230e8f384f" "/opt/rustwide/cargo-home/bin/cargo" "+1.100.0-beta.1" "doc" "--frozen" "--no-deps" "--document-private-items" "--message-format=json", kill_on_drop: false }`
[INFO] [stderr]    Compiling serde_json v1.0.140
[INFO] [stderr]    Compiling num-traits v0.2.19
[INFO] [stderr]    Compiling cc v1.2.27
[INFO] [stderr]     Checking parking_lot_core v0.9.11
[INFO] [stderr]    Compiling clap_derive v4.5.40
[INFO] [stderr]    Compiling syn v1.0.109
[INFO] [stderr]    Compiling proc-macro-error-attr v1.0.4
[INFO] [stderr]    Compiling proc-macro-error v1.0.4
[INFO] [stderr]    Compiling tokio v1.45.1
[INFO] [stderr]     Checking icu_normalizer v2.0.0
[INFO] [stderr]     Checking tracing-core v0.1.34
[INFO] [stderr]     Checking log v0.4.27
[INFO] [stderr]    Compiling rustix v1.0.7
[INFO] [stderr]    Compiling either v1.15.0
[INFO] [stderr]     Checking csv-core v0.1.12
[INFO] [stderr]     Checking bytecount v0.6.9
[INFO] [stderr]     Checking parking_lot v0.12.4
[INFO] [stderr]     Checking futures-sink v0.3.31
[INFO] [stderr]     Checking form_urlencoded v1.2.1
[INFO] [stderr]     Checking papergrid v0.11.0
[INFO] [stderr]     Checking csv v1.3.1
[INFO] [stderr]     Checking idna_adapter v1.2.1
[INFO] [stderr]     Checking futures-util v0.3.31
[INFO] [stderr]     Checking tracing v0.1.41
[INFO] [stderr]     Checking idna v1.0.3
[INFO] [stderr]     Checking futures-channel v0.3.31
[INFO] [stderr]     Checking futures-intrusive v0.5.0
[INFO] [stderr]     Checking overload v0.1.1
[INFO] [stderr]     Checking url v2.5.4
[INFO] [stderr]     Checking miniz_oxide v0.8.9
[INFO] [stderr]     Checking nu-ansi-term v0.46.0
[INFO] [stderr]     Checking tracing-log v0.2.0
[INFO] [stderr]     Checking crc32fast v1.4.2
[INFO] [stderr]     Checking chrono v0.4.41
[INFO] [stderr]    Compiling atoi v2.0.0
[INFO] [stderr]     Checking thread_local v1.1.9
[INFO] [stderr]     Checking flate2 v1.1.2
[INFO] [stderr]     Checking tracing-subscriber v0.3.19
[INFO] [stderr]    Compiling ring v0.17.14
[INFO] [stderr]     Checking clap v4.5.40
[INFO] [stderr]  Documenting inv-to-json v0.1.0 (/opt/rustwide/workdir/tools/inv-to-json)
[INFO] [stderr]  Documenting inv-to-table v0.1.0 (/opt/rustwide/workdir/tools/inv-to-table)
[INFO] [stderr]  Documenting inv-to-csv v0.1.0 (/opt/rustwide/workdir/tools/inv-to-csv)
[INFO] [stderr]    Compiling tempfile v3.20.0
[INFO] [stderr]    Compiling tabled_derive v0.7.0
[INFO] [stderr]     Checking tokio-stream v0.1.17
[INFO] [stderr]  Documenting inv-suppliers v0.1.0 (/opt/rustwide/workdir/tools/inv-suppliers)
[INFO] [stderr]  Documenting inv-tags v0.1.0 (/opt/rustwide/workdir/tools/inv-tags)
[INFO] [stderr]  Documenting inv-add v0.1.0 (/opt/rustwide/workdir/tools/inv-add)
[INFO] [stderr]  Documenting inv-delete v0.1.0 (/opt/rustwide/workdir/tools/inv-delete)
[INFO] [stderr]  Documenting inv-reports v0.1.0 (/opt/rustwide/workdir/tools/inv-reports)
[INFO] [stderr]  Documenting inv-backup v0.1.0 (/opt/rustwide/workdir/tools/inv-backup)
[INFO] [stderr]  Documenting inv-import v0.1.0 (/opt/rustwide/workdir/tools/inv-import)
[INFO] [stderr]  Documenting inv-edit v0.1.0 (/opt/rustwide/workdir/tools/inv-edit)
[INFO] [stderr]  Documenting inv-stock v0.1.0 (/opt/rustwide/workdir/tools/inv-stock)
[INFO] [stderr]     Checking tabled v0.15.0
[INFO] [stderr]    Compiling rustls v0.21.12
[INFO] [stderr]     Checking rustls-webpki v0.101.7
[INFO] [stderr]     Checking sct v0.7.1
[INFO] [stderr]  Documenting inv-categories v0.1.0 (/opt/rustwide/workdir/tools/inv-categories)
[INFO] [stderr]  Documenting inv-export v0.1.0 (/opt/rustwide/workdir/tools/inv-export)
[INFO] [stderr]  Documenting inv-locations v0.1.0 (/opt/rustwide/workdir/tools/inv-locations)
[INFO] [stderr]  Documenting inv-list v0.1.0 (/opt/rustwide/workdir/tools/inv-list)
[INFO] [stderr]     Checking sqlx-core v0.7.4
[INFO] [stderr]     Checking sqlx-postgres v0.7.4
[INFO] [stdout] error[E0277]: the trait bound `!: sqlx_core::io::Decode<'_>` is not satisfied
[INFO] [stdout]   --> /opt/rustwide/cargo-home/registry/src/index.crates.io-1949cf8c6b5b557f/sqlx-postgres-0.7.4/src/connection/executor.rs:68:10
[INFO] [stdout]    |
[INFO] [stdout] 68 |         .recv_expect(MessageFormat::ParseComplete)
[INFO] [stdout]    |          ^^^^^^^^^^^ the trait `sqlx_core::io::Decode<'_>` is not implemented for `!`
[INFO] [stdout]    |
[INFO] [stdout]    = help: the following other types implement trait `sqlx_core::io::Decode<'de, Context>`:
[INFO] [stdout]              ()
[INFO] [stdout]              Authentication
[INFO] [stdout]              AuthenticationSaslContinue
[INFO] [stdout]              AuthenticationSaslFinal
[INFO] [stdout]              BackendKeyData
[INFO] [stdout]              CommandComplete
[INFO] [stdout]              CopyData<sqlx_core::bytes::Bytes>
[INFO] [stdout]              CopyDone
[INFO] [stdout]            and 10 others
[INFO] [stdout]    = note: this error might have been caused by changes to Rust's type-inference algorithm (see issue #148922 <https://github.com/rust-lang/rust/issues/148922> for more information)
[INFO] [stdout]    = help: you might have intended to use the type `()` here instead
[INFO] [stdout] note: required by a bound in `PgStream::recv_expect`
[INFO] [stdout]   --> /opt/rustwide/cargo-home/registry/src/index.crates.io-1949cf8c6b5b557f/sqlx-postgres-0.7.4/src/connection/stream.rs:68:45
[INFO] [stdout]    |
[INFO] [stdout] 41 | impl PgStream {
[INFO] [stdout] ...
[INFO] [stdout] 68 |     pub(crate) async fn recv_expect<'de, T: Decode<'de>>(
[INFO] [stdout]    |                                             ^^^^^^^^^^^ required by this bound in `PgStream::recv_expect`
[INFO] [stdout] 
[INFO] [stdout] 
[INFO] [stdout] error[E0277]: the trait bound `!: sqlx_core::io::Decode<'_>` is not satisfied
[INFO] [stdout]   --> /opt/rustwide/cargo-home/registry/src/index.crates.io-1949cf8c6b5b557f/sqlx-postgres-0.7.4/src/connection/executor.rs:66:13
[INFO] [stdout]    |
[INFO] [stdout] 66 |       let _ = conn
[INFO] [stdout]    |  _____________^
[INFO] [stdout] 67 | |         .stream
[INFO] [stdout] 68 | |         .recv_expect(MessageFormat::ParseComplete)
[INFO] [stdout]    | |__________________________________________________^ the trait `sqlx_core::io::Decode<'_>` is not implemented for `!`
[INFO] [stdout]    |
[INFO] [stdout]    = help: the following other types implement trait `sqlx_core::io::Decode<'de, Context>`:
[INFO] [stdout]              ()
[INFO] [stdout]              Authentication
[INFO] [stdout]              AuthenticationSaslContinue
[INFO] [stdout]              AuthenticationSaslFinal
[INFO] [stdout]              BackendKeyData
[INFO] [stdout]              CommandComplete
[INFO] [stdout]              CopyData<sqlx_core::bytes::Bytes>
[INFO] [stdout]              CopyDone
[INFO] [stdout]            and 10 others
[INFO] [stdout]    = note: this error might have been caused by changes to Rust's type-inference algorithm (see issue #148922 <https://github.com/rust-lang/rust/issues/148922> for more information)
[INFO] [stdout]    = help: you might have intended to use the type `()` here instead
[INFO] [stdout] note: required by a bound in `PgStream::recv_expect`
[INFO] [stdout]   --> /opt/rustwide/cargo-home/registry/src/index.crates.io-1949cf8c6b5b557f/sqlx-postgres-0.7.4/src/connection/stream.rs:68:45
[INFO] [stdout]    |
[INFO] [stdout] 41 | impl PgStream {
[INFO] [stdout] ...
[INFO] [stdout] 68 |     pub(crate) async fn recv_expect<'de, T: Decode<'de>>(
[INFO] [stdout]    |                                             ^^^^^^^^^^^ required by this bound in `PgStream::recv_expect`
[INFO] [stdout] 
[INFO] [stdout] 
[INFO] [stdout] error[E0277]: the trait bound `!: sqlx_core::io::Decode<'_>` is not satisfied
[INFO] [stdout]   --> /opt/rustwide/cargo-home/registry/src/index.crates.io-1949cf8c6b5b557f/sqlx-postgres-0.7.4/src/connection/executor.rs:69:10
[INFO] [stdout]    |
[INFO] [stdout] 69 |         .await?;
[INFO] [stdout]    |          ^^^^^ the trait `sqlx_core::io::Decode<'_>` is not implemented for `!`
[INFO] [stdout]    |
[INFO] [stdout]    = help: the following other types implement trait `sqlx_core::io::Decode<'de, Context>`:
[INFO] [stdout]              ()
[INFO] [stdout]              Authentication
[INFO] [stdout]              AuthenticationSaslContinue
[INFO] [stdout]              AuthenticationSaslFinal
[INFO] [stdout]              BackendKeyData
[INFO] [stdout]              CommandComplete
[INFO] [stdout]              CopyData<sqlx_core::bytes::Bytes>
[INFO] [stdout]              CopyDone
[INFO] [stdout]            and 10 others
[INFO] [stdout]    = note: this error might have been caused by changes to Rust's type-inference algorithm (see issue #148922 <https://github.com/rust-lang/rust/issues/148922> for more information)
[INFO] [stdout]    = help: you might have intended to use the type `()` here instead
[INFO] [stdout] note: required by a bound in `PgStream::recv_expect`
[INFO] [stdout]   --> /opt/rustwide/cargo-home/registry/src/index.crates.io-1949cf8c6b5b557f/sqlx-postgres-0.7.4/src/connection/stream.rs:68:45
[INFO] [stdout]    |
[INFO] [stdout] 41 | impl PgStream {
[INFO] [stdout] ...
[INFO] [stdout] 68 |     pub(crate) async fn recv_expect<'de, T: Decode<'de>>(
[INFO] [stdout]    |                                             ^^^^^^^^^^^ required by this bound in `PgStream::recv_expect`
[INFO] [stdout] 
[INFO] [stdout] 
[INFO] [stdout] error[E0277]: the trait bound `!: sqlx_core::io::Decode<'_>` is not satisfied
[INFO] [stdout]    --> /opt/rustwide/cargo-home/registry/src/index.crates.io-1949cf8c6b5b557f/sqlx-postgres-0.7.4/src/copy.rs:280:30
[INFO] [stdout]     |
[INFO] [stdout] 280 | ...                   .recv_expect(MessageFormat::ReadyForQuery)
[INFO] [stdout]     |                        ^^^^^^^^^^^ the trait `sqlx_core::io::Decode<'_>` is not implemented for `!`
[INFO] [stdout]     |
[INFO] [stdout]     = help: the following other types implement trait `sqlx_core::io::Decode<'de, Context>`:
[INFO] [stdout]               ()
[INFO] [stdout]               Authentication
[INFO] [stdout]               AuthenticationSaslContinue
[INFO] [stdout]               AuthenticationSaslFinal
[INFO] [stdout]               BackendKeyData
[INFO] [stdout]               CommandComplete
[INFO] [stdout]               CopyData<sqlx_core::bytes::Bytes>
[INFO] [stdout]               CopyDone
[INFO] [stdout]             and 10 others
[INFO] [stdout]     = note: this error might have been caused by changes to Rust's type-inference algorithm (see issue #148922 <https://github.com/rust-lang/rust/issues/148922> for more information)
[INFO] [stdout]     = help: you might have intended to use the type `()` here instead
[INFO] [stdout] note: required by a bound in `PgStream::recv_expect`
[INFO] [stdout]    --> /opt/rustwide/cargo-home/registry/src/index.crates.io-1949cf8c6b5b557f/sqlx-postgres-0.7.4/src/connection/stream.rs:68:45
[INFO] [stdout]     |
[INFO] [stdout]  41 | impl PgStream {
[INFO] [stdout] ...
[INFO] [stdout]  68 |     pub(crate) async fn recv_expect<'de, T: Decode<'de>>(
[INFO] [stdout]     |                                             ^^^^^^^^^^^ required by this bound in `PgStream::recv_expect`
[INFO] [stdout] 
[INFO] [stdout] 
[INFO] [stdout] error[E0277]: the trait bound `!: sqlx_core::io::Decode<'_>` is not satisfied
[INFO] [stdout]    --> /opt/rustwide/cargo-home/registry/src/index.crates.io-1949cf8c6b5b557f/sqlx-postgres-0.7.4/src/copy.rs:279:25
[INFO] [stdout]     |
[INFO] [stdout] 279 | /                         conn.stream
[INFO] [stdout] 280 | |                             .recv_expect(MessageFormat::ReadyForQuery)
[INFO] [stdout]     | |______________________________________________________________________^ the trait `sqlx_core::io::Decode<'_>` is not implemented for `!`
[INFO] [stdout]     |
[INFO] [stdout]     = help: the following other types implement trait `sqlx_core::io::Decode<'de, Context>`:
[INFO] [stdout]               ()
[INFO] [stdout]               Authentication
[INFO] [stdout]               AuthenticationSaslContinue
[INFO] [stdout]               AuthenticationSaslFinal
[INFO] [stdout]               BackendKeyData
[INFO] [stdout]               CommandComplete
[INFO] [stdout]               CopyData<sqlx_core::bytes::Bytes>
[INFO] [stdout]               CopyDone
[INFO] [stdout]             and 10 others
[INFO] [stdout]     = note: this error might have been caused by changes to Rust's type-inference algorithm (see issue #148922 <https://github.com/rust-lang/rust/issues/148922> for more information)
[INFO] [stdout]     = help: you might have intended to use the type `()` here instead
[INFO] [stdout] note: required by a bound in `PgStream::recv_expect`
[INFO] [stdout]    --> /opt/rustwide/cargo-home/registry/src/index.crates.io-1949cf8c6b5b557f/sqlx-postgres-0.7.4/src/connection/stream.rs:68:45
[INFO] [stdout]     |
[INFO] [stdout]  41 | impl PgStream {
[INFO] [stdout] ...
[INFO] [stdout]  68 |     pub(crate) async fn recv_expect<'de, T: Decode<'de>>(
[INFO] [stdout]     |                                             ^^^^^^^^^^^ required by this bound in `PgStream::recv_expect`
[INFO] [stdout] 
[INFO] [stdout] 
[INFO] [stdout] error[E0277]: the trait bound `!: sqlx_core::io::Decode<'_>` is not satisfied
[INFO] [stdout]    --> /opt/rustwide/cargo-home/registry/src/index.crates.io-1949cf8c6b5b557f/sqlx-postgres-0.7.4/src/copy.rs:281:30
[INFO] [stdout]     |
[INFO] [stdout] 281 | ...                   .await?;
[INFO] [stdout]     |                        ^^^^^ the trait `sqlx_core::io::Decode<'_>` is not implemented for `!`
[INFO] [stdout]     |
[INFO] [stdout]     = help: the following other types implement trait `sqlx_core::io::Decode<'de, Context>`:
[INFO] [stdout]               ()
[INFO] [stdout]               Authentication
[INFO] [stdout]               AuthenticationSaslContinue
[INFO] [stdout]               AuthenticationSaslFinal
[INFO] [stdout]               BackendKeyData
[INFO] [stdout]               CommandComplete
[INFO] [stdout]               CopyData<sqlx_core::bytes::Bytes>
[INFO] [stdout]               CopyDone
[INFO] [stdout]             and 10 others
[INFO] [stdout]     = note: this error might have been caused by changes to Rust's type-inference algorithm (see issue #148922 <https://github.com/rust-lang/rust/issues/148922> for more information)
[INFO] [stdout]     = help: you might have intended to use the type `()` here instead
[INFO] [stdout] note: required by a bound in `PgStream::recv_expect`
[INFO] [stdout]    --> /opt/rustwide/cargo-home/registry/src/index.crates.io-1949cf8c6b5b557f/sqlx-postgres-0.7.4/src/connection/stream.rs:68:45
[INFO] [stdout]     |
[INFO] [stdout]  41 | impl PgStream {
[INFO] [stdout] ...
[INFO] [stdout]  68 |     pub(crate) async fn recv_expect<'de, T: Decode<'de>>(
[INFO] [stdout]     |                                             ^^^^^^^^^^^ required by this bound in `PgStream::recv_expect`
[INFO] [stdout] 
[INFO] [stdout] 
[INFO] [stdout] error[E0277]: the trait bound `!: sqlx_core::io::Decode<'_>` is not satisfied
[INFO] [stdout]    --> /opt/rustwide/cargo-home/registry/src/index.crates.io-1949cf8c6b5b557f/sqlx-postgres-0.7.4/src/copy.rs:314:14
[INFO] [stdout]     |
[INFO] [stdout] 314 |             .recv_expect(MessageFormat::ReadyForQuery)
[INFO] [stdout]     |              ^^^^^^^^^^^ the trait `sqlx_core::io::Decode<'_>` is not implemented for `!`
[INFO] [stdout]     |
[INFO] [stdout]     = help: the following other types implement trait `sqlx_core::io::Decode<'de, Context>`:
[INFO] [stdout]               ()
[INFO] [stdout]               Authentication
[INFO] [stdout]               AuthenticationSaslContinue
[INFO] [stdout]               AuthenticationSaslFinal
[INFO] [stdout]               BackendKeyData
[INFO] [stdout]               CommandComplete
[INFO] [stdout]               CopyData<sqlx_core::bytes::Bytes>
[INFO] [stdout]               CopyDone
[INFO] [stdout]             and 10 others
[INFO] [stdout]     = note: this error might have been caused by changes to Rust's type-inference algorithm (see issue #148922 <https://github.com/rust-lang/rust/issues/148922> for more information)
[INFO] [stdout]     = help: you might have intended to use the type `()` here instead
[INFO] [stdout] note: required by a bound in `PgStream::recv_expect`
[INFO] [stdout]    --> /opt/rustwide/cargo-home/registry/src/index.crates.io-1949cf8c6b5b557f/sqlx-postgres-0.7.4/src/connection/stream.rs:68:45
[INFO] [stdout]     |
[INFO] [stdout]  41 | impl PgStream {
[INFO] [stdout] ...
[INFO] [stdout]  68 |     pub(crate) async fn recv_expect<'de, T: Decode<'de>>(
[INFO] [stdout]     |                                             ^^^^^^^^^^^ required by this bound in `PgStream::recv_expect`
[INFO] [stdout] 
[INFO] [stdout] 
[INFO] [stdout] error[E0277]: the trait bound `!: sqlx_core::io::Decode<'_>` is not satisfied
[INFO] [stdout]    --> /opt/rustwide/cargo-home/registry/src/index.crates.io-1949cf8c6b5b557f/sqlx-postgres-0.7.4/src/copy.rs:313:9
[INFO] [stdout]     |
[INFO] [stdout] 313 | /         conn.stream
[INFO] [stdout] 314 | |             .recv_expect(MessageFormat::ReadyForQuery)
[INFO] [stdout]     | |______________________________________________________^ the trait `sqlx_core::io::Decode<'_>` is not implemented for `!`
[INFO] [stdout]     |
[INFO] [stdout]     = help: the following other types implement trait `sqlx_core::io::Decode<'de, Context>`:
[INFO] [stdout]               ()
[INFO] [stdout]               Authentication
[INFO] [stdout]               AuthenticationSaslContinue
[INFO] [stdout]               AuthenticationSaslFinal
[INFO] [stdout]               BackendKeyData
[INFO] [stdout]               CommandComplete
[INFO] [stdout]               CopyData<sqlx_core::bytes::Bytes>
[INFO] [stdout]               CopyDone
[INFO] [stdout]             and 10 others
[INFO] [stdout]     = note: this error might have been caused by changes to Rust's type-inference algorithm (see issue #148922 <https://github.com/rust-lang/rust/issues/148922> for more information)
[INFO] [stdout]     = help: you might have intended to use the type `()` here instead
[INFO] [stdout] note: required by a bound in `PgStream::recv_expect`
[INFO] [stdout]    --> /opt/rustwide/cargo-home/registry/src/index.crates.io-1949cf8c6b5b557f/sqlx-postgres-0.7.4/src/connection/stream.rs:68:45
[INFO] [stdout]     |
[INFO] [stdout]  41 | impl PgStream {
[INFO] [stdout] ...
[INFO] [stdout]  68 |     pub(crate) async fn recv_expect<'de, T: Decode<'de>>(
[INFO] [stdout]     |                                             ^^^^^^^^^^^ required by this bound in `PgStream::recv_expect`
[INFO] [stdout] 
[INFO] [stdout] 
[INFO] [stdout] error[E0277]: the trait bound `!: sqlx_core::io::Decode<'_>` is not satisfied
[INFO] [stdout]    --> /opt/rustwide/cargo-home/registry/src/index.crates.io-1949cf8c6b5b557f/sqlx-postgres-0.7.4/src/copy.rs:315:14
[INFO] [stdout]     |
[INFO] [stdout] 315 |             .await?;
[INFO] [stdout]     |              ^^^^^ the trait `sqlx_core::io::Decode<'_>` is not implemented for `!`
[INFO] [stdout]     |
[INFO] [stdout]     = help: the following other types implement trait `sqlx_core::io::Decode<'de, Context>`:
[INFO] [stdout]               ()
[INFO] [stdout]               Authentication
[INFO] [stdout]               AuthenticationSaslContinue
[INFO] [stdout]               AuthenticationSaslFinal
[INFO] [stdout]               BackendKeyData
[INFO] [stdout]               CommandComplete
[INFO] [stdout]               CopyData<sqlx_core::bytes::Bytes>
[INFO] [stdout]               CopyDone
[INFO] [stdout]             and 10 others
[INFO] [stdout]     = note: this error might have been caused by changes to Rust's type-inference algorithm (see issue #148922 <https://github.com/rust-lang/rust/issues/148922> for more information)
[INFO] [stdout]     = help: you might have intended to use the type `()` here instead
[INFO] [stdout] note: required by a bound in `PgStream::recv_expect`
[INFO] [stdout]    --> /opt/rustwide/cargo-home/registry/src/index.crates.io-1949cf8c6b5b557f/sqlx-postgres-0.7.4/src/connection/stream.rs:68:45
[INFO] [stdout]     |
[INFO] [stdout]  41 | impl PgStream {
[INFO] [stdout] ...
[INFO] [stdout]  68 |     pub(crate) async fn recv_expect<'de, T: Decode<'de>>(
[INFO] [stdout]     |                                             ^^^^^^^^^^^ required by this bound in `PgStream::recv_expect`
[INFO] [stdout] 
[INFO] [stdout] 
[INFO] [stdout] error[E0277]: the trait bound `!: sqlx_core::io::Decode<'_>` is not satisfied
[INFO] [stdout]    --> /opt/rustwide/cargo-home/registry/src/index.crates.io-1949cf8c6b5b557f/sqlx-postgres-0.7.4/src/copy.rs:350:33
[INFO] [stdout]     |
[INFO] [stdout] 350 |                     conn.stream.recv_expect(MessageFormat::CommandComplete).await?;
[INFO] [stdout]     |                                 ^^^^^^^^^^^ the trait `sqlx_core::io::Decode<'_>` is not implemented for `!`
[INFO] [stdout]     |
[INFO] [stdout]     = help: the following other types implement trait `sqlx_core::io::Decode<'de, Context>`:
[INFO] [stdout]               ()
[INFO] [stdout]               Authentication
[INFO] [stdout]               AuthenticationSaslContinue
[INFO] [stdout]               AuthenticationSaslFinal
[INFO] [stdout]               BackendKeyData
[INFO] [stdout]               CommandComplete
[INFO] [stdout]               CopyData<sqlx_core::bytes::Bytes>
[INFO] [stdout]               CopyDone
[INFO] [stdout]             and 10 others
[INFO] [stdout]     = note: this error might have been caused by changes to Rust's type-inference algorithm (see issue #148922 <https://github.com/rust-lang/rust/issues/148922> for more information)
[INFO] [stdout]     = help: you might have intended to use the type `()` here instead
[INFO] [stdout] note: required by a bound in `PgStream::recv_expect`
[INFO] [stdout]    --> /opt/rustwide/cargo-home/registry/src/index.crates.io-1949cf8c6b5b557f/sqlx-postgres-0.7.4/src/connection/stream.rs:68:45
[INFO] [stdout]     |
[INFO] [stdout]  41 | impl PgStream {
[INFO] [stdout] ...
[INFO] [stdout]  68 |     pub(crate) async fn recv_expect<'de, T: Decode<'de>>(
[INFO] [stdout]     |                                             ^^^^^^^^^^^ required by this bound in `PgStream::recv_expect`
[INFO] [stdout] 
[INFO] [stdout] 
[INFO] [stdout] error[E0277]: the trait bound `!: sqlx_core::io::Decode<'_>` is not satisfied
[INFO] [stdout]    --> /opt/rustwide/cargo-home/registry/src/index.crates.io-1949cf8c6b5b557f/sqlx-postgres-0.7.4/src/copy.rs:350:21
[INFO] [stdout]     |
[INFO] [stdout] 350 |                     conn.stream.recv_expect(MessageFormat::CommandComplete).await?;
[INFO] [stdout]     |                     ^^^^^^^^^^^^^^^^^^^^^^^^^^^^^^^^^^^^^^^^^^^^^^^^^^^^^^^ the trait `sqlx_core::io::Decode<'_>` is not implemented for `!`
[INFO] [stdout]     |
[INFO] [stdout]     = help: the following other types implement trait `sqlx_core::io::Decode<'de, Context>`:
[INFO] [stdout]               ()
[INFO] [stdout]               Authentication
[INFO] [stdout]               AuthenticationSaslContinue
[INFO] [stdout]               AuthenticationSaslFinal
[INFO] [stdout]               BackendKeyData
[INFO] [stdout]               CommandComplete
[INFO] [stdout]               CopyData<sqlx_core::bytes::Bytes>
[INFO] [stdout]               CopyDone
[INFO] [stdout]             and 10 others
[INFO] [stdout]     = note: this error might have been caused by changes to Rust's type-inference algorithm (see issue #148922 <https://github.com/rust-lang/rust/issues/148922> for more information)
[INFO] [stdout]     = help: you might have intended to use the type `()` here instead
[INFO] [stdout] note: required by a bound in `PgStream::recv_expect`
[INFO] [stdout]    --> /opt/rustwide/cargo-home/registry/src/index.crates.io-1949cf8c6b5b557f/sqlx-postgres-0.7.4/src/connection/stream.rs:68:45
[INFO] [stdout]     |
[INFO] [stdout]  41 | impl PgStream {
[INFO] [stdout] ...
[INFO] [stdout]  68 |     pub(crate) async fn recv_expect<'de, T: Decode<'de>>(
[INFO] [stdout]     |                                             ^^^^^^^^^^^ required by this bound in `PgStream::recv_expect`
[INFO] [stdout] 
[INFO] [stdout] 
[INFO] [stdout] error[E0277]: the trait bound `!: sqlx_core::io::Decode<'_>` is not satisfied
[INFO] [stdout]    --> /opt/rustwide/cargo-home/registry/src/index.crates.io-1949cf8c6b5b557f/sqlx-postgres-0.7.4/src/copy.rs:351:33
[INFO] [stdout]     |
[INFO] [stdout] 351 |                     conn.stream.recv_expect(MessageFormat::ReadyForQuery).await?;
[INFO] [stdout]     |                                 ^^^^^^^^^^^ the trait `sqlx_core::io::Decode<'_>` is not implemented for `!`
[INFO] [stdout]     |
[INFO] [stdout]     = help: the following other types implement trait `sqlx_core::io::Decode<'de, Context>`:
[INFO] [stdout]               ()
[INFO] [stdout]               Authentication
[INFO] [stdout]               AuthenticationSaslContinue
[INFO] [stdout]               AuthenticationSaslFinal
[INFO] [stdout]               BackendKeyData
[INFO] [stdout]               CommandComplete
[INFO] [stdout]               CopyData<sqlx_core::bytes::Bytes>
[INFO] [stdout]               CopyDone
[INFO] [stdout]             and 10 others
[INFO] [stdout]     = note: this error might have been caused by changes to Rust's type-inference algorithm (see issue #148922 <https://github.com/rust-lang/rust/issues/148922> for more information)
[INFO] [stdout]     = help: you might have intended to use the type `()` here instead
[INFO] [stdout] note: required by a bound in `PgStream::recv_expect`
[INFO] [stdout]    --> /opt/rustwide/cargo-home/registry/src/index.crates.io-1949cf8c6b5b557f/sqlx-postgres-0.7.4/src/connection/stream.rs:68:45
[INFO] [stdout]     |
[INFO] [stdout]  41 | impl PgStream {
[INFO] [stdout] ...
[INFO] [stdout]  68 |     pub(crate) async fn recv_expect<'de, T: Decode<'de>>(
[INFO] [stdout]     |                                             ^^^^^^^^^^^ required by this bound in `PgStream::recv_expect`
[INFO] [stdout] 
[INFO] [stdout] 
[INFO] [stdout] error[E0277]: the trait bound `!: sqlx_core::io::Decode<'_>` is not satisfied
[INFO] [stdout]    --> /opt/rustwide/cargo-home/registry/src/index.crates.io-1949cf8c6b5b557f/sqlx-postgres-0.7.4/src/copy.rs:351:21
[INFO] [stdout]     |
[INFO] [stdout] 351 |                     conn.stream.recv_expect(MessageFormat::ReadyForQuery).await?;
[INFO] [stdout]     |                     ^^^^^^^^^^^^^^^^^^^^^^^^^^^^^^^^^^^^^^^^^^^^^^^^^^^^^ the trait `sqlx_core::io::Decode<'_>` is not implemented for `!`
[INFO] [stdout]     |
[INFO] [stdout]     = help: the following other types implement trait `sqlx_core::io::Decode<'de, Context>`:
[INFO] [stdout]               ()
[INFO] [stdout]               Authentication
[INFO] [stdout]               AuthenticationSaslContinue
[INFO] [stdout]               AuthenticationSaslFinal
[INFO] [stdout]               BackendKeyData
[INFO] [stdout]               CommandComplete
[INFO] [stdout]               CopyData<sqlx_core::bytes::Bytes>
[INFO] [stdout]               CopyDone
[INFO] [stdout]             and 10 others
[INFO] [stdout]     = note: this error might have been caused by changes to Rust's type-inference algorithm (see issue #148922 <https://github.com/rust-lang/rust/issues/148922> for more information)
[INFO] [stdout]     = help: you might have intended to use the type `()` here instead
[INFO] [stdout] note: required by a bound in `PgStream::recv_expect`
[INFO] [stdout]    --> /opt/rustwide/cargo-home/registry/src/index.crates.io-1949cf8c6b5b557f/sqlx-postgres-0.7.4/src/connection/stream.rs:68:45
[INFO] [stdout]     |
[INFO] [stdout]  41 | impl PgStream {
[INFO] [stdout] ...
[INFO] [stdout]  68 |     pub(crate) async fn recv_expect<'de, T: Decode<'de>>(
[INFO] [stdout]     |                                             ^^^^^^^^^^^ required by this bound in `PgStream::recv_expect`
[INFO] [stdout] 
[INFO] [stdout] 
[INFO] [stdout] error[E0277]: the trait bound `!: sqlx_core::io::Decode<'_>` is not satisfied
[INFO] [stdout]    --> /opt/rustwide/cargo-home/registry/src/index.crates.io-1949cf8c6b5b557f/sqlx-postgres-0.7.4/src/copy.rs:350:77
[INFO] [stdout]     |
[INFO] [stdout] 350 |                     conn.stream.recv_expect(MessageFormat::CommandComplete).await?;
[INFO] [stdout]     |                                                                             ^^^^^ the trait `sqlx_core::io::Decode<'_>` is not implemented for `!`
[INFO] [stdout]     |
[INFO] [stdout]     = help: the following other types implement trait `sqlx_core::io::Decode<'de, Context>`:
[INFO] [stdout]               ()
[INFO] [stdout]               Authentication
[INFO] [stdout]               AuthenticationSaslContinue
[INFO] [stdout]               AuthenticationSaslFinal
[INFO] [stdout]               BackendKeyData
[INFO] [stdout]               CommandComplete
[INFO] [stdout]               CopyData<sqlx_core::bytes::Bytes>
[INFO] [stdout]               CopyDone
[INFO] [stdout]             and 10 others
[INFO] [stdout]     = note: this error might have been caused by changes to Rust's type-inference algorithm (see issue #148922 <https://github.com/rust-lang/rust/issues/148922> for more information)
[INFO] [stdout]     = help: you might have intended to use the type `()` here instead
[INFO] [stdout] note: required by a bound in `PgStream::recv_expect`
[INFO] [stdout]    --> /opt/rustwide/cargo-home/registry/src/index.crates.io-1949cf8c6b5b557f/sqlx-postgres-0.7.4/src/connection/stream.rs:68:45
[INFO] [stdout]     |
[INFO] [stdout]  41 | impl PgStream {
[INFO] [stdout] ...
[INFO] [stdout]  68 |     pub(crate) async fn recv_expect<'de, T: Decode<'de>>(
[INFO] [stdout]     |                                             ^^^^^^^^^^^ required by this bound in `PgStream::recv_expect`
[INFO] [stdout] 
[INFO] [stdout] 
[INFO] [stdout] error[E0277]: the trait bound `!: sqlx_core::io::Decode<'_>` is not satisfied
[INFO] [stdout]    --> /opt/rustwide/cargo-home/registry/src/index.crates.io-1949cf8c6b5b557f/sqlx-postgres-0.7.4/src/copy.rs:351:75
[INFO] [stdout]     |
[INFO] [stdout] 351 |                     conn.stream.recv_expect(MessageFormat::ReadyForQuery).await?;
[INFO] [stdout]     |                                                                           ^^^^^ the trait `sqlx_core::io::Decode<'_>` is not implemented for `!`
[INFO] [stdout]     |
[INFO] [stdout]     = help: the following other types implement trait `sqlx_core::io::Decode<'de, Context>`:
[INFO] [stdout]               ()
[INFO] [stdout]               Authentication
[INFO] [stdout]               AuthenticationSaslContinue
[INFO] [stdout]               AuthenticationSaslFinal
[INFO] [stdout]               BackendKeyData
[INFO] [stdout]               CommandComplete
[INFO] [stdout]               CopyData<sqlx_core::bytes::Bytes>
[INFO] [stdout]               CopyDone
[INFO] [stdout]             and 10 others
[INFO] [stdout]     = note: this error might have been caused by changes to Rust's type-inference algorithm (see issue #148922 <https://github.com/rust-lang/rust/issues/148922> for more information)
[INFO] [stdout]     = help: you might have intended to use the type `()` here instead
[INFO] [stdout] note: required by a bound in `PgStream::recv_expect`
[INFO] [stdout]    --> /opt/rustwide/cargo-home/registry/src/index.crates.io-1949cf8c6b5b557f/sqlx-postgres-0.7.4/src/connection/stream.rs:68:45
[INFO] [stdout]     |
[INFO] [stdout]  41 | impl PgStream {
[INFO] [stdout] ...
[INFO] [stdout]  68 |     pub(crate) async fn recv_expect<'de, T: Decode<'de>>(
[INFO] [stdout]     |                                             ^^^^^^^^^^^ required by this bound in `PgStream::recv_expect`
[INFO] [stdout] 
[INFO] [stdout] 
[INFO] [stdout] For more information about this error, try `rustc --explain E0277`.
[INFO] [stdout] 
[INFO] [stderr] error: could not compile `sqlx-postgres` (lib) due to 15 previous errors
[INFO] [stderr] warning: build failed, waiting for other jobs to finish...
[INFO] [stdout] error[E0277]: the trait bound `!: sqlx_core::io::Decode<'_>` is not satisfied
[INFO] [stdout]   --> /opt/rustwide/cargo-home/registry/src/index.crates.io-1949cf8c6b5b557f/sqlx-postgres-0.7.4/src/connection/executor.rs:68:10
[INFO] [stdout]    |
[INFO] [stdout] 68 |         .recv_expect(MessageFormat::ParseComplete)
[INFO] [stdout]    |          ^^^^^^^^^^^ the trait `sqlx_core::io::Decode<'_>` is not implemented for `!`
[INFO] [stdout]    |
[INFO] [stdout]    = help: the following other types implement trait `sqlx_core::io::Decode<'de, Context>`:
[INFO] [stdout]              ()
[INFO] [stdout]              Authentication
[INFO] [stdout]              AuthenticationSaslContinue
[INFO] [stdout]              AuthenticationSaslFinal
[INFO] [stdout]              BackendKeyData
[INFO] [stdout]              CommandComplete
[INFO] [stdout]              CopyData<sqlx_core::bytes::Bytes>
[INFO] [stdout]              CopyDone
[INFO] [stdout]            and 10 others
[INFO] [stdout]    = note: this error might have been caused by changes to Rust's type-inference algorithm (see issue #148922 <https://github.com/rust-lang/rust/issues/148922> for more information)
[INFO] [stdout]    = help: you might have intended to use the type `()` here instead
[INFO] [stdout] note: required by a bound in `PgStream::recv_expect`
[INFO] [stdout]   --> /opt/rustwide/cargo-home/registry/src/index.crates.io-1949cf8c6b5b557f/sqlx-postgres-0.7.4/src/connection/stream.rs:68:45
[INFO] [stdout]    |
[INFO] [stdout] 41 | impl PgStream {
[INFO] [stdout] ...
[INFO] [stdout] 68 |     pub(crate) async fn recv_expect<'de, T: Decode<'de>>(
[INFO] [stdout]    |                                             ^^^^^^^^^^^ required by this bound in `PgStream::recv_expect`
[INFO] [stdout] 
[INFO] [stdout] 
[INFO] [stdout] error[E0277]: the trait bound `!: sqlx_core::io::Decode<'_>` is not satisfied
[INFO] [stdout]   --> /opt/rustwide/cargo-home/registry/src/index.crates.io-1949cf8c6b5b557f/sqlx-postgres-0.7.4/src/connection/executor.rs:66:13
[INFO] [stdout]    |
[INFO] [stdout] 66 |       let _ = conn
[INFO] [stdout]    |  _____________^
[INFO] [stdout] 67 | |         .stream
[INFO] [stdout] 68 | |         .recv_expect(MessageFormat::ParseComplete)
[INFO] [stdout]    | |__________________________________________________^ the trait `sqlx_core::io::Decode<'_>` is not implemented for `!`
[INFO] [stdout]    |
[INFO] [stdout]    = help: the following other types implement trait `sqlx_core::io::Decode<'de, Context>`:
[INFO] [stdout]              ()
[INFO] [stdout]              Authentication
[INFO] [stdout]              AuthenticationSaslContinue
[INFO] [stdout]              AuthenticationSaslFinal
[INFO] [stdout]              BackendKeyData
[INFO] [stdout]              CommandComplete
[INFO] [stdout]              CopyData<sqlx_core::bytes::Bytes>
[INFO] [stdout]              CopyDone
[INFO] [stdout]            and 10 others
[INFO] [stdout]    = note: this error might have been caused by changes to Rust's type-inference algorithm (see issue #148922 <https://github.com/rust-lang/rust/issues/148922> for more information)
[INFO] [stdout]    = help: you might have intended to use the type `()` here instead
[INFO] [stdout] note: required by a bound in `PgStream::recv_expect`
[INFO] [stdout]   --> /opt/rustwide/cargo-home/registry/src/index.crates.io-1949cf8c6b5b557f/sqlx-postgres-0.7.4/src/connection/stream.rs:68:45
[INFO] [stdout]    |
[INFO] [stdout] 41 | impl PgStream {
[INFO] [stdout] ...
[INFO] [stdout] 68 |     pub(crate) async fn recv_expect<'de, T: Decode<'de>>(
[INFO] [stdout]    |                                             ^^^^^^^^^^^ required by this bound in `PgStream::recv_expect`
[INFO] [stdout] 
[INFO] [stdout] 
[INFO] [stdout] error[E0277]: the trait bound `!: sqlx_core::io::Decode<'_>` is not satisfied
[INFO] [stdout]   --> /opt/rustwide/cargo-home/registry/src/index.crates.io-1949cf8c6b5b557f/sqlx-postgres-0.7.4/src/connection/executor.rs:69:10
[INFO] [stdout]    |
[INFO] [stdout] 69 |         .await?;
[INFO] [stdout]    |          ^^^^^ the trait `sqlx_core::io::Decode<'_>` is not implemented for `!`
[INFO] [stdout]    |
[INFO] [stdout]    = help: the following other types implement trait `sqlx_core::io::Decode<'de, Context>`:
[INFO] [stdout]              ()
[INFO] [stdout]              Authentication
[INFO] [stdout]              AuthenticationSaslContinue
[INFO] [stdout]              AuthenticationSaslFinal
[INFO] [stdout]              BackendKeyData
[INFO] [stdout]              CommandComplete
[INFO] [stdout]              CopyData<sqlx_core::bytes::Bytes>
[INFO] [stdout]              CopyDone
[INFO] [stdout]            and 10 others
[INFO] [stdout]    = note: this error might have been caused by changes to Rust's type-inference algorithm (see issue #148922 <https://github.com/rust-lang/rust/issues/148922> for more information)
[INFO] [stdout]    = help: you might have intended to use the type `()` here instead
[INFO] [stdout] note: required by a bound in `PgStream::recv_expect`
[INFO] [stdout]   --> /opt/rustwide/cargo-home/registry/src/index.crates.io-1949cf8c6b5b557f/sqlx-postgres-0.7.4/src/connection/stream.rs:68:45
[INFO] [stdout]    |
[INFO] [stdout] 41 | impl PgStream {
[INFO] [stdout] ...
[INFO] [stdout] 68 |     pub(crate) async fn recv_expect<'de, T: Decode<'de>>(
[INFO] [stdout]    |                                             ^^^^^^^^^^^ required by this bound in `PgStream::recv_expect`
[INFO] [stdout] 
[INFO] [stdout] 
[INFO] [stdout] error[E0277]: the trait bound `!: sqlx_core::io::Decode<'_>` is not satisfied
[INFO] [stdout]    --> /opt/rustwide/cargo-home/registry/src/index.crates.io-1949cf8c6b5b557f/sqlx-postgres-0.7.4/src/copy.rs:280:30
[INFO] [stdout]     |
[INFO] [stdout] 280 | ...                   .recv_expect(MessageFormat::ReadyForQuery)
[INFO] [stdout]     |                        ^^^^^^^^^^^ the trait `sqlx_core::io::Decode<'_>` is not implemented for `!`
[INFO] [stdout]     |
[INFO] [stdout]     = help: the following other types implement trait `sqlx_core::io::Decode<'de, Context>`:
[INFO] [stdout]               ()
[INFO] [stdout]               Authentication
[INFO] [stdout]               AuthenticationSaslContinue
[INFO] [stdout]               AuthenticationSaslFinal
[INFO] [stdout]               BackendKeyData
[INFO] [stdout]               CommandComplete
[INFO] [stdout]               CopyData<sqlx_core::bytes::Bytes>
[INFO] [stdout]               CopyDone
[INFO] [stdout]             and 10 others
[INFO] [stdout]     = note: this error might have been caused by changes to Rust's type-inference algorithm (see issue #148922 <https://github.com/rust-lang/rust/issues/148922> for more information)
[INFO] [stdout]     = help: you might have intended to use the type `()` here instead
[INFO] [stdout] note: required by a bound in `PgStream::recv_expect`
[INFO] [stdout]    --> /opt/rustwide/cargo-home/registry/src/index.crates.io-1949cf8c6b5b557f/sqlx-postgres-0.7.4/src/connection/stream.rs:68:45
[INFO] [stdout]     |
[INFO] [stdout]  41 | impl PgStream {
[INFO] [stdout] ...
[INFO] [stdout]  68 |     pub(crate) async fn recv_expect<'de, T: Decode<'de>>(
[INFO] [stdout]     |                                             ^^^^^^^^^^^ required by this bound in `PgStream::recv_expect`
[INFO] [stdout] 
[INFO] [stdout] 
[INFO] [stdout] error[E0277]: the trait bound `!: sqlx_core::io::Decode<'_>` is not satisfied
[INFO] [stdout]    --> /opt/rustwide/cargo-home/registry/src/index.crates.io-1949cf8c6b5b557f/sqlx-postgres-0.7.4/src/copy.rs:279:25
[INFO] [stdout]     |
[INFO] [stdout] 279 | /                         conn.stream
[INFO] [stdout] 280 | |                             .recv_expect(MessageFormat::ReadyForQuery)
[INFO] [stdout]     | |______________________________________________________________________^ the trait `sqlx_core::io::Decode<'_>` is not implemented for `!`
[INFO] [stdout]     |
[INFO] [stdout]     = help: the following other types implement trait `sqlx_core::io::Decode<'de, Context>`:
[INFO] [stdout]               ()
[INFO] [stdout]               Authentication
[INFO] [stdout]               AuthenticationSaslContinue
[INFO] [stdout]               AuthenticationSaslFinal
[INFO] [stdout]               BackendKeyData
[INFO] [stdout]               CommandComplete
[INFO] [stdout]               CopyData<sqlx_core::bytes::Bytes>
[INFO] [stdout]               CopyDone
[INFO] [stdout]             and 10 others
[INFO] [stdout]     = note: this error might have been caused by changes to Rust's type-inference algorithm (see issue #148922 <https://github.com/rust-lang/rust/issues/148922> for more information)
[INFO] [stdout]     = help: you might have intended to use the type `()` here instead
[INFO] [stdout] note: required by a bound in `PgStream::recv_expect`
[INFO] [stdout]    --> /opt/rustwide/cargo-home/registry/src/index.crates.io-1949cf8c6b5b557f/sqlx-postgres-0.7.4/src/connection/stream.rs:68:45
[INFO] [stdout]     |
[INFO] [stdout]  41 | impl PgStream {
[INFO] [stdout] ...
[INFO] [stdout]  68 |     pub(crate) async fn recv_expect<'de, T: Decode<'de>>(
[INFO] [stdout]     |                                             ^^^^^^^^^^^ required by this bound in `PgStream::recv_expect`
[INFO] [stdout] 
[INFO] [stdout] 
[INFO] [stdout] error[E0277]: the trait bound `!: sqlx_core::io::Decode<'_>` is not satisfied
[INFO] [stdout]    --> /opt/rustwide/cargo-home/registry/src/index.crates.io-1949cf8c6b5b557f/sqlx-postgres-0.7.4/src/copy.rs:281:30
[INFO] [stdout]     |
[INFO] [stdout] 281 | ...                   .await?;
[INFO] [stdout]     |                        ^^^^^ the trait `sqlx_core::io::Decode<'_>` is not implemented for `!`
[INFO] [stdout]     |
[INFO] [stdout]     = help: the following other types implement trait `sqlx_core::io::Decode<'de, Context>`:
[INFO] [stdout]               ()
[INFO] [stdout]               Authentication
[INFO] [stdout]               AuthenticationSaslContinue
[INFO] [stdout]               AuthenticationSaslFinal
[INFO] [stdout]               BackendKeyData
[INFO] [stdout]               CommandComplete
[INFO] [stdout]               CopyData<sqlx_core::bytes::Bytes>
[INFO] [stdout]               CopyDone
[INFO] [stdout]             and 10 others
[INFO] [stdout]     = note: this error might have been caused by changes to Rust's type-inference algorithm (see issue #148922 <https://github.com/rust-lang/rust/issues/148922> for more information)
[INFO] [stdout]     = help: you might have intended to use the type `()` here instead
[INFO] [stdout] note: required by a bound in `PgStream::recv_expect`
[INFO] [stdout]    --> /opt/rustwide/cargo-home/registry/src/index.crates.io-1949cf8c6b5b557f/sqlx-postgres-0.7.4/src/connection/stream.rs:68:45
[INFO] [stdout]     |
[INFO] [stdout]  41 | impl PgStream {
[INFO] [stdout] ...
[INFO] [stdout]  68 |     pub(crate) async fn recv_expect<'de, T: Decode<'de>>(
[INFO] [stdout]     |                                             ^^^^^^^^^^^ required by this bound in `PgStream::recv_expect`
[INFO] [stdout] 
[INFO] [stdout] 
[INFO] [stdout] error[E0277]: the trait bound `!: sqlx_core::io::Decode<'_>` is not satisfied
[INFO] [stdout]    --> /opt/rustwide/cargo-home/registry/src/index.crates.io-1949cf8c6b5b557f/sqlx-postgres-0.7.4/src/copy.rs:314:14
[INFO] [stdout]     |
[INFO] [stdout] 314 |             .recv_expect(MessageFormat::ReadyForQuery)
[INFO] [stdout]     |              ^^^^^^^^^^^ the trait `sqlx_core::io::Decode<'_>` is not implemented for `!`
[INFO] [stdout]     |
[INFO] [stdout]     = help: the following other types implement trait `sqlx_core::io::Decode<'de, Context>`:
[INFO] [stdout]               ()
[INFO] [stdout]               Authentication
[INFO] [stdout]               AuthenticationSaslContinue
[INFO] [stdout]               AuthenticationSaslFinal
[INFO] [stdout]               BackendKeyData
[INFO] [stdout]               CommandComplete
[INFO] [stdout]               CopyData<sqlx_core::bytes::Bytes>
[INFO] [stdout]               CopyDone
[INFO] [stdout]             and 10 others
[INFO] [stdout]     = note: this error might have been caused by changes to Rust's type-inference algorithm (see issue #148922 <https://github.com/rust-lang/rust/issues/148922> for more information)
[INFO] [stdout]     = help: you might have intended to use the type `()` here instead
[INFO] [stdout] note: required by a bound in `PgStream::recv_expect`
[INFO] [stdout]    --> /opt/rustwide/cargo-home/registry/src/index.crates.io-1949cf8c6b5b557f/sqlx-postgres-0.7.4/src/connection/stream.rs:68:45
[INFO] [stdout]     |
[INFO] [stdout]  41 | impl PgStream {
[INFO] [stdout] ...
[INFO] [stdout]  68 |     pub(crate) async fn recv_expect<'de, T: Decode<'de>>(
[INFO] [stdout]     |                                             ^^^^^^^^^^^ required by this bound in `PgStream::recv_expect`
[INFO] [stdout] 
[INFO] [stdout] 
[INFO] [stdout] error[E0277]: the trait bound `!: sqlx_core::io::Decode<'_>` is not satisfied
[INFO] [stdout]    --> /opt/rustwide/cargo-home/registry/src/index.crates.io-1949cf8c6b5b557f/sqlx-postgres-0.7.4/src/copy.rs:313:9
[INFO] [stdout]     |
[INFO] [stdout] 313 | /         conn.stream
[INFO] [stdout] 314 | |             .recv_expect(MessageFormat::ReadyForQuery)
[INFO] [stdout]     | |______________________________________________________^ the trait `sqlx_core::io::Decode<'_>` is not implemented for `!`
[INFO] [stdout]     |
[INFO] [stdout]     = help: the following other types implement trait `sqlx_core::io::Decode<'de, Context>`:
[INFO] [stdout]               ()
[INFO] [stdout]               Authentication
[INFO] [stdout]               AuthenticationSaslContinue
[INFO] [stdout]               AuthenticationSaslFinal
[INFO] [stdout]               BackendKeyData
[INFO] [stdout]               CommandComplete
[INFO] [stdout]               CopyData<sqlx_core::bytes::Bytes>
[INFO] [stdout]               CopyDone
[INFO] [stdout]             and 10 others
[INFO] [stdout]     = note: this error might have been caused by changes to Rust's type-inference algorithm (see issue #148922 <https://github.com/rust-lang/rust/issues/148922> for more information)
[INFO] [stdout]     = help: you might have intended to use the type `()` here instead
[INFO] [stdout] note: required by a bound in `PgStream::recv_expect`
[INFO] [stdout]    --> /opt/rustwide/cargo-home/registry/src/index.crates.io-1949cf8c6b5b557f/sqlx-postgres-0.7.4/src/connection/stream.rs:68:45
[INFO] [stdout]     |
[INFO] [stdout]  41 | impl PgStream {
[INFO] [stdout] ...
[INFO] [stdout]  68 |     pub(crate) async fn recv_expect<'de, T: Decode<'de>>(
[INFO] [stdout]     |                                             ^^^^^^^^^^^ required by this bound in `PgStream::recv_expect`
[INFO] [stdout] 
[INFO] [stdout] 
[INFO] [stdout] error[E0277]: the trait bound `!: sqlx_core::io::Decode<'_>` is not satisfied
[INFO] [stdout]    --> /opt/rustwide/cargo-home/registry/src/index.crates.io-1949cf8c6b5b557f/sqlx-postgres-0.7.4/src/copy.rs:315:14
[INFO] [stdout]     |
[INFO] [stdout] 315 |             .await?;
[INFO] [stdout]     |              ^^^^^ the trait `sqlx_core::io::Decode<'_>` is not implemented for `!`
[INFO] [stdout]     |
[INFO] [stdout]     = help: the following other types implement trait `sqlx_core::io::Decode<'de, Context>`:
[INFO] [stdout]               ()
[INFO] [stdout]               Authentication
[INFO] [stdout]               AuthenticationSaslContinue
[INFO] [stdout]               AuthenticationSaslFinal
[INFO] [stdout]               BackendKeyData
[INFO] [stdout]               CommandComplete
[INFO] [stdout]               CopyData<sqlx_core::bytes::Bytes>
[INFO] [stdout]               CopyDone
[INFO] [stdout]             and 10 others
[INFO] [stdout]     = note: this error might have been caused by changes to Rust's type-inference algorithm (see issue #148922 <https://github.com/rust-lang/rust/issues/148922> for more information)
[INFO] [stdout]     = help: you might have intended to use the type `()` here instead
[INFO] [stdout] note: required by a bound in `PgStream::recv_expect`
[INFO] [stdout]    --> /opt/rustwide/cargo-home/registry/src/index.crates.io-1949cf8c6b5b557f/sqlx-postgres-0.7.4/src/connection/stream.rs:68:45
[INFO] [stdout]     |
[INFO] [stdout]  41 | impl PgStream {
[INFO] [stdout] ...
[INFO] [stdout]  68 |     pub(crate) async fn recv_expect<'de, T: Decode<'de>>(
[INFO] [stdout]     |                                             ^^^^^^^^^^^ required by this bound in `PgStream::recv_expect`
[INFO] [stdout] 
[INFO] [stdout] 
[INFO] [stdout] error[E0277]: the trait bound `!: sqlx_core::io::Decode<'_>` is not satisfied
[INFO] [stdout]    --> /opt/rustwide/cargo-home/registry/src/index.crates.io-1949cf8c6b5b557f/sqlx-postgres-0.7.4/src/copy.rs:350:33
[INFO] [stdout]     |
[INFO] [stdout] 350 |                     conn.stream.recv_expect(MessageFormat::CommandComplete).await?;
[INFO] [stdout]     |                                 ^^^^^^^^^^^ the trait `sqlx_core::io::Decode<'_>` is not implemented for `!`
[INFO] [stdout]     |
[INFO] [stdout]     = help: the following other types implement trait `sqlx_core::io::Decode<'de, Context>`:
[INFO] [stdout]               ()
[INFO] [stdout]               Authentication
[INFO] [stdout]               AuthenticationSaslContinue
[INFO] [stdout]               AuthenticationSaslFinal
[INFO] [stdout]               BackendKeyData
[INFO] [stdout]               CommandComplete
[INFO] [stdout]               CopyData<sqlx_core::bytes::Bytes>
[INFO] [stdout]               CopyDone
[INFO] [stdout]             and 10 others
[INFO] [stdout]     = note: this error might have been caused by changes to Rust's type-inference algorithm (see issue #148922 <https://github.com/rust-lang/rust/issues/148922> for more information)
[INFO] [stdout]     = help: you might have intended to use the type `()` here instead
[INFO] [stdout] note: required by a bound in `PgStream::recv_expect`
[INFO] [stdout]    --> /opt/rustwide/cargo-home/registry/src/index.crates.io-1949cf8c6b5b557f/sqlx-postgres-0.7.4/src/connection/stream.rs:68:45
[INFO] [stdout]     |
[INFO] [stdout]  41 | impl PgStream {
[INFO] [stdout] ...
[INFO] [stdout]  68 |     pub(crate) async fn recv_expect<'de, T: Decode<'de>>(
[INFO] [stdout]     |                                             ^^^^^^^^^^^ required by this bound in `PgStream::recv_expect`
[INFO] [stdout] 
[INFO] [stdout] 
[INFO] [stdout] error[E0277]: the trait bound `!: sqlx_core::io::Decode<'_>` is not satisfied
[INFO] [stdout]    --> /opt/rustwide/cargo-home/registry/src/index.crates.io-1949cf8c6b5b557f/sqlx-postgres-0.7.4/src/copy.rs:350:21
[INFO] [stdout]     |
[INFO] [stdout] 350 |                     conn.stream.recv_expect(MessageFormat::CommandComplete).await?;
[INFO] [stdout]     |                     ^^^^^^^^^^^^^^^^^^^^^^^^^^^^^^^^^^^^^^^^^^^^^^^^^^^^^^^ the trait `sqlx_core::io::Decode<'_>` is not implemented for `!`
[INFO] [stdout]     |
[INFO] [stdout]     = help: the following other types implement trait `sqlx_core::io::Decode<'de, Context>`:
[INFO] [stdout]               ()
[INFO] [stdout]               Authentication
[INFO] [stdout]               AuthenticationSaslContinue
[INFO] [stdout]               AuthenticationSaslFinal
[INFO] [stdout]               BackendKeyData
[INFO] [stdout]               CommandComplete
[INFO] [stdout]               CopyData<sqlx_core::bytes::Bytes>
[INFO] [stdout]               CopyDone
[INFO] [stdout]             and 10 others
[INFO] [stdout]     = note: this error might have been caused by changes to Rust's type-inference algorithm (see issue #148922 <https://github.com/rust-lang/rust/issues/148922> for more information)
[INFO] [stdout]     = help: you might have intended to use the type `()` here instead
[INFO] [stdout] note: required by a bound in `PgStream::recv_expect`
[INFO] [stdout]    --> /opt/rustwide/cargo-home/registry/src/index.crates.io-1949cf8c6b5b557f/sqlx-postgres-0.7.4/src/connection/stream.rs:68:45
[INFO] [stdout]     |
[INFO] [stdout]  41 | impl PgStream {
[INFO] [stdout] ...
[INFO] [stdout]  68 |     pub(crate) async fn recv_expect<'de, T: Decode<'de>>(
[INFO] [stdout]     |                                             ^^^^^^^^^^^ required by this bound in `PgStream::recv_expect`
[INFO] [stdout] 
[INFO] [stdout] 
[INFO] [stdout] error[E0277]: the trait bound `!: sqlx_core::io::Decode<'_>` is not satisfied
[INFO] [stdout]    --> /opt/rustwide/cargo-home/registry/src/index.crates.io-1949cf8c6b5b557f/sqlx-postgres-0.7.4/src/copy.rs:351:33
[INFO] [stdout]     |
[INFO] [stdout] 351 |                     conn.stream.recv_expect(MessageFormat::ReadyForQuery).await?;
[INFO] [stdout]     |                                 ^^^^^^^^^^^ the trait `sqlx_core::io::Decode<'_>` is not implemented for `!`
[INFO] [stdout]     |
[INFO] [stdout]     = help: the following other types implement trait `sqlx_core::io::Decode<'de, Context>`:
[INFO] [stdout]               ()
[INFO] [stdout]               Authentication
[INFO] [stdout]               AuthenticationSaslContinue
[INFO] [stdout]               AuthenticationSaslFinal
[INFO] [stdout]               BackendKeyData
[INFO] [stdout]               CommandComplete
[INFO] [stdout]               CopyData<sqlx_core::bytes::Bytes>
[INFO] [stdout]               CopyDone
[INFO] [stdout]             and 10 others
[INFO] [stdout]     = note: this error might have been caused by changes to Rust's type-inference algorithm (see issue #148922 <https://github.com/rust-lang/rust/issues/148922> for more information)
[INFO] [stdout]     = help: you might have intended to use the type `()` here instead
[INFO] [stdout] note: required by a bound in `PgStream::recv_expect`
[INFO] [stdout]    --> /opt/rustwide/cargo-home/registry/src/index.crates.io-1949cf8c6b5b557f/sqlx-postgres-0.7.4/src/connection/stream.rs:68:45
[INFO] [stdout]     |
[INFO] [stdout]  41 | impl PgStream {
[INFO] [stdout] ...
[INFO] [stdout]  68 |     pub(crate) async fn recv_expect<'de, T: Decode<'de>>(
[INFO] [stdout]     |                                             ^^^^^^^^^^^ required by this bound in `PgStream::recv_expect`
[INFO] [stdout] 
[INFO] [stdout] 
[INFO] [stdout] error[E0277]: the trait bound `!: sqlx_core::io::Decode<'_>` is not satisfied
[INFO] [stdout]    --> /opt/rustwide/cargo-home/registry/src/index.crates.io-1949cf8c6b5b557f/sqlx-postgres-0.7.4/src/copy.rs:351:21
[INFO] [stdout]     |
[INFO] [stdout] 351 |                     conn.stream.recv_expect(MessageFormat::ReadyForQuery).await?;
[INFO] [stdout]     |                     ^^^^^^^^^^^^^^^^^^^^^^^^^^^^^^^^^^^^^^^^^^^^^^^^^^^^^ the trait `sqlx_core::io::Decode<'_>` is not implemented for `!`
[INFO] [stdout]     |
[INFO] [stdout]     = help: the following other types implement trait `sqlx_core::io::Decode<'de, Context>`:
[INFO] [stdout]               ()
[INFO] [stdout]               Authentication
[INFO] [stdout]               AuthenticationSaslContinue
[INFO] [stdout]               AuthenticationSaslFinal
[INFO] [stdout]               BackendKeyData
[INFO] [stdout]               CommandComplete
[INFO] [stdout]               CopyData<sqlx_core::bytes::Bytes>
[INFO] [stdout]               CopyDone
[INFO] [stdout]             and 10 others
[INFO] [stdout]     = note: this error might have been caused by changes to Rust's type-inference algorithm (see issue #148922 <https://github.com/rust-lang/rust/issues/148922> for more information)
[INFO] [stdout]     = help: you might have intended to use the type `()` here instead
[INFO] [stdout] note: required by a bound in `PgStream::recv_expect`
[INFO] [stdout]    --> /opt/rustwide/cargo-home/registry/src/index.crates.io-1949cf8c6b5b557f/sqlx-postgres-0.7.4/src/connection/stream.rs:68:45
[INFO] [stdout]     |
[INFO] [stdout]  41 | impl PgStream {
[INFO] [stdout] ...
[INFO] [stdout]  68 |     pub(crate) async fn recv_expect<'de, T: Decode<'de>>(
[INFO] [stdout]     |                                             ^^^^^^^^^^^ required by this bound in `PgStream::recv_expect`
[INFO] [stdout] 
[INFO] [stdout] 
[INFO] [stdout] error[E0277]: the trait bound `!: sqlx_core::io::Decode<'_>` is not satisfied
[INFO] [stdout]    --> /opt/rustwide/cargo-home/registry/src/index.crates.io-1949cf8c6b5b557f/sqlx-postgres-0.7.4/src/copy.rs:350:77
[INFO] [stdout]     |
[INFO] [stdout] 350 |                     conn.stream.recv_expect(MessageFormat::CommandComplete).await?;
[INFO] [stdout]     |                                                                             ^^^^^ the trait `sqlx_core::io::Decode<'_>` is not implemented for `!`
[INFO] [stdout]     |
[INFO] [stdout]     = help: the following other types implement trait `sqlx_core::io::Decode<'de, Context>`:
[INFO] [stdout]               ()
[INFO] [stdout]               Authentication
[INFO] [stdout]               AuthenticationSaslContinue
[INFO] [stdout]               AuthenticationSaslFinal
[INFO] [stdout]               BackendKeyData
[INFO] [stdout]               CommandComplete
[INFO] [stdout]               CopyData<sqlx_core::bytes::Bytes>
[INFO] [stdout]               CopyDone
[INFO] [stdout]             and 10 others
[INFO] [stdout]     = note: this error might have been caused by changes to Rust's type-inference algorithm (see issue #148922 <https://github.com/rust-lang/rust/issues/148922> for more information)
[INFO] [stdout]     = help: you might have intended to use the type `()` here instead
[INFO] [stdout] note: required by a bound in `PgStream::recv_expect`
[INFO] [stdout]    --> /opt/rustwide/cargo-home/registry/src/index.crates.io-1949cf8c6b5b557f/sqlx-postgres-0.7.4/src/connection/stream.rs:68:45
[INFO] [stdout]     |
[INFO] [stdout]  41 | impl PgStream {
[INFO] [stdout] ...
[INFO] [stdout]  68 |     pub(crate) async fn recv_expect<'de, T: Decode<'de>>(
[INFO] [stdout]     |                                             ^^^^^^^^^^^ required by this bound in `PgStream::recv_expect`
[INFO] [stdout] 
[INFO] [stdout] 
[INFO] [stdout] error[E0277]: the trait bound `!: sqlx_core::io::Decode<'_>` is not satisfied
[INFO] [stdout]    --> /opt/rustwide/cargo-home/registry/src/index.crates.io-1949cf8c6b5b557f/sqlx-postgres-0.7.4/src/copy.rs:351:75
[INFO] [stdout]     |
[INFO] [stdout] 351 |                     conn.stream.recv_expect(MessageFormat::ReadyForQuery).await?;
[INFO] [stdout]     |                                                                           ^^^^^ the trait `sqlx_core::io::Decode<'_>` is not implemented for `!`
[INFO] [stdout]     |
[INFO] [stdout]     = help: the following other types implement trait `sqlx_core::io::Decode<'de, Context>`:
[INFO] [stdout]               ()
[INFO] [stdout]               Authentication
[INFO] [stdout]               AuthenticationSaslContinue
[INFO] [stdout]               AuthenticationSaslFinal
[INFO] [stdout]               BackendKeyData
[INFO] [stdout]               CommandComplete
[INFO] [stdout]               CopyData<sqlx_core::bytes::Bytes>
[INFO] [stdout]               CopyDone
[INFO] [stdout]             and 10 others
[INFO] [stdout]     = note: this error might have been caused by changes to Rust's type-inference algorithm (see issue #148922 <https://github.com/rust-lang/rust/issues/148922> for more information)
[INFO] [stdout]     = help: you might have intended to use the type `()` here instead
[INFO] [stdout] note: required by a bound in `PgStream::recv_expect`
[INFO] [stdout]    --> /opt/rustwide/cargo-home/registry/src/index.crates.io-1949cf8c6b5b557f/sqlx-postgres-0.7.4/src/connection/stream.rs:68:45
[INFO] [stdout]     |
[INFO] [stdout]  41 | impl PgStream {
[INFO] [stdout] ...
[INFO] [stdout]  68 |     pub(crate) async fn recv_expect<'de, T: Decode<'de>>(
[INFO] [stdout]     |                                             ^^^^^^^^^^^ required by this bound in `PgStream::recv_expect`
[INFO] [stdout] 
[INFO] [stdout] 
[INFO] [stdout] For more information about this error, try `rustc --explain E0277`.
[INFO] [stdout] 
[INFO] [stderr] error: could not compile `sqlx-postgres` (lib) due to 15 previous errors
[INFO] running `Command { std: "docker" "inspect" "f6cbe71d6a775bdec643821cf58e67c9c7cfef494983ecc68f3e35230e8f384f", kill_on_drop: false }`
[INFO] running `Command { std: "docker" "rm" "-f" "f6cbe71d6a775bdec643821cf58e67c9c7cfef494983ecc68f3e35230e8f384f", kill_on_drop: false }`
[INFO] [stdout] f6cbe71d6a775bdec643821cf58e67c9c7cfef494983ecc68f3e35230e8f384f
