[INFO] cloning repository https://github.com/MalauD/MopRs
[INFO] running `Command { std: "git" "-c" "credential.helper=" "-c" "credential.helper=/workspace/cargo-home/bin/git-credential-null" "clone" "--bare" "https://github.com/MalauD/MopRs" "/workspace/cache/git-repos/https%3A%2F%2Fgithub.com%2FMalauD%2FMopRs", kill_on_drop: false }`
[INFO] [stderr] Cloning into bare repository '/workspace/cache/git-repos/https%3A%2F%2Fgithub.com%2FMalauD%2FMopRs'...
[INFO] running `Command { std: "git" "rev-parse" "HEAD", kill_on_drop: false }`
[INFO] [stdout] d051e3238c4b479c88b380a32b975d98de842a36
[INFO] documenting MalauD/MopRs against 1.100.0-beta.1 for beta-rustdoc-1.100-2
[INFO] running `Command { std: "git" "clone" "/workspace/cache/git-repos/https%3A%2F%2Fgithub.com%2FMalauD%2FMopRs" "/workspace/builds/worker-2-tc2/source", kill_on_drop: false }`
[INFO] [stderr] Cloning into '/workspace/builds/worker-2-tc2/source'...
[INFO] [stderr] done.
[INFO] started tweaking git repo https://github.com/MalauD/MopRs
[INFO] finished tweaking git repo https://github.com/MalauD/MopRs
[INFO] tweaked toml for git repo https://github.com/MalauD/MopRs written to /workspace/builds/worker-2-tc2/source/Cargo.toml
[INFO] validating manifest of git repo https://github.com/MalauD/MopRs on toolchain 1.100.0-beta.1
[INFO] running `Command { std: CARGO_HOME="/workspace/cargo-home" RUSTUP_HOME="/workspace/rustup-home" "/workspace/cargo-home/bin/cargo" "+1.100.0-beta.1" "metadata" "--manifest-path" "Cargo.toml" "--no-deps", kill_on_drop: false }`
[INFO] crate git repo https://github.com/MalauD/MopRs already has a lockfile, it will not be regenerated
[INFO] running `Command { std: CARGO_HOME="/workspace/cargo-home" RUSTUP_HOME="/workspace/rustup-home" "/workspace/cargo-home/bin/cargo" "+1.100.0-beta.1" "fetch" "--manifest-path" "Cargo.toml", kill_on_drop: false }`
[INFO] [stderr]     Blocking waiting for file lock on package cache
[INFO] running `Command { std: "docker" "create" "-v" "/var/lib/crater-agent-workspace/builds/worker-2-tc2/source:/opt/rustwide/workdir:ro,Z" "-v" "/var/lib/crater-agent-workspace/builds/worker-2-tc2/target:/opt/rustwide/target:rw,Z" "-v" "/var/lib/crater-agent-workspace/cargo-home:/opt/rustwide/cargo-home:ro,Z" "-v" "/var/lib/crater-agent-workspace/rustup-home:/opt/rustwide/rustup-home:ro,Z" "-m" "1610612736" "--network" "none" "ghcr.io/rust-lang/crates-build-env/linux@sha256:77db811e55d90add9212f6832c23229e3de5f1c1f9905e8cb07319ea15df73ac" "sleep" "infinity", kill_on_drop: false }`
[INFO] [stdout] 7ee384daa7f7e9fc9d6d7d8686ba3576cf4d593004955658f208ea56fb8ebc78
[INFO] running `Command { std: "docker" "start" "7ee384daa7f7e9fc9d6d7d8686ba3576cf4d593004955658f208ea56fb8ebc78", kill_on_drop: false }`
[INFO] running `Command { std: "docker" "inspect" "7ee384daa7f7e9fc9d6d7d8686ba3576cf4d593004955658f208ea56fb8ebc78", kill_on_drop: false }`
[INFO] running `Command { std: "docker" "exec" "-e" "SOURCE_DIR=/opt/rustwide/workdir" "-e" "CARGO_HOME=/opt/rustwide/cargo-home" "-e" "RUSTUP_HOME=/opt/rustwide/rustup-home" "-e" "CARGO_TARGET_DIR=/opt/rustwide/target" "-w" "/opt/rustwide/workdir" "--user" "0:0" "7ee384daa7f7e9fc9d6d7d8686ba3576cf4d593004955658f208ea56fb8ebc78" "/opt/rustwide/cargo-home/bin/cargo" "+1.100.0-beta.1" "metadata" "--no-deps" "--format-version=1", kill_on_drop: false }`
[INFO] running `Command { std: "docker" "inspect" "7ee384daa7f7e9fc9d6d7d8686ba3576cf4d593004955658f208ea56fb8ebc78", kill_on_drop: false }`
[INFO] running `Command { std: "docker" "exec" "-e" "SOURCE_DIR=/opt/rustwide/workdir" "-e" "CARGO_HOME=/opt/rustwide/cargo-home" "-e" "RUSTUP_HOME=/opt/rustwide/rustup-home" "-e" "CARGO_TARGET_DIR=/opt/rustwide/target" "-e" "CARGO_INCREMENTAL=0" "-e" "RUST_BACKTRACE=full" "-e" "RUSTFLAGS=--cap-lints=warn" "-e" "RUSTDOCFLAGS=--cap-lints=warn" "-w" "/opt/rustwide/workdir" "--user" "0:0" "7ee384daa7f7e9fc9d6d7d8686ba3576cf4d593004955658f208ea56fb8ebc78" "/opt/rustwide/cargo-home/bin/cargo" "+1.100.0-beta.1" "doc" "--frozen" "--no-deps" "--document-private-items" "--message-format=json", kill_on_drop: false }`
[INFO] [stderr]    Compiling libc v0.2.151
[INFO] [stderr]    Compiling proc-macro2 v1.0.71
[INFO] [stderr]    Compiling unicode-ident v1.0.5
[INFO] [stderr]     Checking log v0.4.20
[INFO] [stderr]     Checking once_cell v1.19.0
[INFO] [stderr]    Compiling serde v1.0.193
[INFO] [stderr]     Checking bytes v1.5.0
[INFO] [stderr]    Compiling pkg-config v0.3.22
[INFO] [stderr]    Compiling syn v1.0.103
[INFO] [stderr]    Compiling typenum v1.14.0
[INFO] [stderr]    Compiling memchr v2.4.1
[INFO] [stderr]    Compiling generic-array v0.14.4
[INFO] [stderr]    Compiling parking_lot_core v0.9.4
[INFO] [stderr]     Checking smallvec v1.7.0
[INFO] [stderr]     Checking itoa v1.0.2
[INFO] [stderr]     Checking tinyvec v1.5.0
[INFO] [stderr]     Checking subtle v2.4.1
[INFO] [stderr]     Checking slab v0.4.5
[INFO] [stderr]     Checking tracing-core v0.1.32
[INFO] [stderr]     Checking unicode-bidi v0.3.7
[INFO] [stderr]     Checking percent-encoding v2.1.0
[INFO] [stderr]     Checking hashbrown v0.14.3
[INFO] [stderr]     Checking matches v0.1.9
[INFO] [stderr]    Compiling ryu v1.0.5
[INFO] [stderr]     Checking form_urlencoded v1.0.1
[INFO] [stderr]    Compiling thiserror v1.0.51
[INFO] [stderr]    Compiling serde_json v1.0.108
[INFO] [stderr]     Checking ppv-lite86 v0.2.15
[INFO] [stderr]     Checking num_threads v0.1.6
[INFO] [stderr]    Compiling time-macros v0.2.4
[INFO] [stderr]    Compiling miniz_oxide v0.4.4
[INFO] [stderr]    Compiling crc32fast v1.2.1
[INFO] [stderr]    Compiling encoding_rs v0.8.29
[INFO] [stderr]    Compiling async-trait v0.1.51
[INFO] [stderr]    Compiling cookie v0.16.0
[INFO] [stderr]     Checking http v0.2.11
[INFO] [stderr]    Compiling ahash v0.8.6
[INFO] [stderr]     Checking openssl-probe v0.1.4
[INFO] [stderr]     Checking httpdate v1.0.1
[INFO] [stderr]     Checking base64 v0.21.5
[INFO] [stderr]    Compiling openssl v0.10.38
[INFO] [stderr]     Checking alloc-no-stdlib v2.0.3
[INFO] [stderr]     Checking local-waker v0.1.1
[INFO] [stderr]    Compiling zstd-safe v7.0.0
[INFO] [stderr]    Compiling crossbeam-utils v0.8.12
[INFO] [stderr]     Checking alloc-stdlib v0.2.1
[INFO] [stderr]    Compiling aho-corasick v0.7.18
[INFO] [stderr]    Compiling paste v1.0.5
[INFO] [stderr]     Checking indexmap v2.1.0
[INFO] [stderr]    Compiling quote v1.0.33
[INFO] [stderr]    Compiling regex-syntax v0.6.29
[INFO] [stderr]     Checking actix-service v2.0.2
[INFO] [stderr]    Compiling syn v2.0.43
[INFO] [stderr]     Checking unicode-normalization v0.1.19
[INFO] [stderr]    Compiling bytestring v1.0.0
[INFO] [stderr]     Checking brotli-decompressor v2.3.2
[INFO] [stderr]     Checking actix-utils v3.0.0
[INFO] [stderr]    Compiling firestorm v0.5.1
[INFO] [stderr]     Checking regex v1.7.3
[INFO] [stderr]    Compiling num-traits v0.2.14
[INFO] [stderr]     Checking spin v0.9.8
[INFO] [stderr]    Compiling ucd-trie v0.1.6
[INFO] [stderr]    Compiling mime_guess v2.0.3
[INFO] [stderr]     Checking linked-hash-map v0.5.4
[INFO] [stderr]     Checking dlv-list v0.3.0
[INFO] [stderr]     Checking idna v0.2.3
[INFO] [stderr]     Checking ipnet v2.3.1
[INFO] [stderr]     Checking try-lock v0.2.3
[INFO] [stderr]    Compiling jobserver v0.1.24
[INFO] [stderr]     Checking getrandom v0.2.11
[INFO] [stderr]     Checking mio v0.8.10
[INFO] [stderr]     Checking signal-hook-registry v1.4.0
[INFO] [stderr]     Checking num_cpus v1.13.0
[INFO] [stderr]     Checking socket2 v0.5.5
[INFO] [stderr]     Checking flate2 v1.0.22
[INFO] [stderr]     Checking socket2 v0.4.2
[INFO] [stderr]     Checking want v0.3.0
[INFO] [stderr]     Checking rand_core v0.6.3
[INFO] [stderr]     Checking crypto-common v0.1.6
[INFO] [stderr]     Checking block-buffer v0.10.2
[INFO] [stderr]     Checking cipher v0.3.0
[INFO] [stderr]     Checking parking_lot v0.12.1
[INFO] [stderr]     Checking universal-hash v0.4.1
[INFO] [stderr]     Checking digest v0.10.3
[INFO] [stderr]     Checking aead v0.4.3
[INFO] [stderr]     Checking rand_chacha v0.3.1
[INFO] [stderr]     Checking url v2.2.2
[INFO] [stderr]    Compiling cc v1.0.83
[INFO] [stderr]     Checking polyval v0.5.3
[INFO] [stderr]     Checking ctr v0.8.0
[INFO] [stderr]     Checking hmac v0.12.1
[INFO] [stderr]     Checking sha2 v0.10.2
[INFO] [stderr]     Checking ghash v0.4.4
[INFO] [stderr]     Checking aes v0.7.5
[INFO] [stderr]     Checking hkdf v0.12.3
[INFO] [stderr]     Checking ahash v0.7.6
[INFO] [stderr]     Checking sha1 v0.10.4
[INFO] [stderr]     Checking idna v0.3.0
[INFO] [stderr]     Checking http-body v0.4.4
[INFO] [stderr]     Checking rand v0.8.5
[INFO] [stderr]     Checking concurrent-queue v2.0.0
[INFO] [stderr]     Checking hashbrown v0.12.3
[INFO] [stderr]    Compiling indexmap v1.9.1
[INFO] [stderr]     Checking brotli v3.3.4
[INFO] [stderr]    Compiling polling v2.5.1
[INFO] [stderr]     Checking semver-parser v0.7.0
[INFO] [stderr]     Checking psl-types v2.0.11
[INFO] [stderr]     Checking aes-gcm v0.9.4
[INFO] [stderr]    Compiling curl v0.4.44
[INFO] [stderr]     Checking match_cfg v0.1.0
[INFO] [stderr]     Checking event-listener v2.5.1
[INFO] [stderr]    Compiling pin-project-internal v0.4.30
[INFO] [stderr]    Compiling rustls v0.21.10
[INFO] [stderr]     Checking tower-service v0.3.1
[INFO] [stderr]    Compiling rustversion v1.0.5
[INFO] [stderr]     Checking iana-time-zone v0.1.51
[INFO] [stderr]    Compiling anyhow v1.0.45
[INFO] [stderr]    Compiling rustix v0.38.28
[INFO] [stderr]     Checking async-channel v1.8.0
[INFO] [stderr]     Checking nom v7.1.3
[INFO] [stderr]     Checking smartstring v0.2.10
[INFO] [stderr]     Checking semver v0.9.0
[INFO] [stderr]     Checking chrono v0.4.31
[INFO] [stderr]     Checking publicsuffix v2.2.3
[INFO] [stderr]     Checking hostname v0.3.1
[INFO] [stderr]    Compiling rustc_version_runtime v0.2.1
[INFO] [stderr]     Checking dirs-sys v0.3.7
[INFO] [stderr]    Compiling unicode-segmentation v1.10.1
[INFO] [stderr]     Checking linux-raw-sys v0.4.12
[INFO] [stderr]     Checking data-encoding v2.3.2
[INFO] [stderr]     Checking arc-swap v1.5.1
[INFO] [stderr]    Compiling prometheus v0.13.4
[INFO] [stderr]    Compiling isahc v1.7.2
[INFO] [stderr]     Checking rxml_validation v0.8.1
[INFO] [stderr]     Checking waker-fn v1.1.0
[INFO] [stderr]    Compiling openssl-sys v0.9.70
[INFO] [stderr]    Compiling zstd-sys v2.0.9+zstd.1.5.5
[INFO] [stderr]    Compiling libz-sys v1.1.8
[INFO] [stderr]    Compiling libnghttp2-sys v0.1.7+1.45.0
[INFO] [stderr]    Compiling ring v0.17.7
[INFO] [stderr]    Compiling curl-sys v0.4.59+curl-7.86.0
[INFO] [stderr]     Checking ordered-multimap v0.4.3
[INFO] [stderr]    Compiling ring v0.16.20
[INFO] [stderr]     Checking parking v2.0.0
[INFO] [stderr]    Compiling convert_case v0.6.0
[INFO] [stderr]     Checking futures-lite v1.12.0
[INFO] [stderr]     Checking resolv-conf v0.7.0
[INFO] [stderr]     Checking rust-ini v0.18.0
[INFO] [stderr]    Compiling native-tls v0.2.11
[INFO] [stderr]     Checking dirs v4.0.0
[INFO] [stderr]     Checking rustc_version v0.2.3
[INFO] [stderr]     Checking sluice v0.5.5
[INFO] [stderr]     Checking lru-cache v0.1.2
[INFO] [stderr]     Checking byteorder v1.4.3
[INFO] [stderr]     Checking castaway v0.1.2
[INFO] [stderr]     Checking iso8601 v0.6.1
[INFO] [stderr]     Checking pbkdf2 v0.11.0
[INFO] [stderr]     Checking md-5 v0.10.4
[INFO] [stderr]     Checking sha-1 v0.10.0
[INFO] [stderr]     Checking yaml-rust v0.4.5
[INFO] [stderr]     Checking stringprep v0.1.2
[INFO] [stderr]     Checking crossbeam-channel v0.5.6
[INFO] [stderr]     Checking rustls-pemfile v1.0.4
[INFO] [stderr]     Checking strfmt v0.2.4
[INFO] [stderr]     Checking block-padding v0.2.1
[INFO] [stderr]     Checking pathdiff v0.2.1
[INFO] [stderr]     Checking take_mut v0.2.2
[INFO] [stderr]     Checking md5 v0.7.0
[INFO] [stderr]     Checking termcolor v1.1.2
[INFO] [stderr]     Checking askama_escape v0.10.1
[INFO] [stderr]     Checking http-range v0.1.4
[INFO] [stderr]     Checking webpki-roots v0.25.3
[INFO] [stderr]     Checking block-modes v0.8.1
[INFO] [stderr]     Checking id3 v1.10.0
[INFO] [stderr]     Checking blowfish v0.8.0
[INFO] [stderr]     Checking now v0.1.3
[INFO] [stderr]     Checking is-terminal v0.4.9
[INFO] [stderr]     Checking env_logger v0.10.1
[INFO] [stderr]    Compiling darling_core v0.20.3
[INFO] [stderr]    Compiling serde_derive v1.0.193
[INFO] [stderr]    Compiling tokio-macros v2.2.0
[INFO] [stderr]    Compiling tracing-attributes v0.1.27
[INFO] [stderr]    Compiling futures-macro v0.3.30
[INFO] [stderr]    Compiling thiserror-impl v1.0.51
[INFO] [stderr]    Compiling darling_core v0.13.0
[INFO] [stderr]     Checking tokio v1.35.1
[INFO] [stderr]    Compiling pin-project-internal v1.1.3
[INFO] [stderr]     Checking futures-util v0.3.30
[INFO] [stderr]     Checking tracing v0.1.40
[INFO] [stderr]    Compiling pest v2.7.5
[INFO] [stderr]     Checking rustls-webpki v0.101.7
[INFO] [stderr]    Compiling darling_macro v0.20.3
[INFO] [stderr]     Checking pin-project v1.1.3
[INFO] [stderr]     Checking sct v0.7.1
[INFO] [stderr]     Checking tracing-futures v0.2.5
[INFO] [stderr]     Checking aws-region v0.25.1
[INFO] [stderr]    Compiling darling v0.20.3
[INFO] [stderr]    Compiling serde_with_macros v3.4.0
[INFO] [stderr]    Compiling actix-macros v0.2.3
[INFO] [stderr]    Compiling derive_more v0.99.17
[INFO] [stderr]    Compiling enum-as-inner v0.4.0
[INFO] [stderr]    Compiling typed-builder v0.10.0
[INFO] [stderr]    Compiling meilisearch-index-setting-macro v0.24.3
[INFO] [stderr]    Compiling maybe-async v0.2.6
[INFO] [stderr]    Compiling actix_derive v0.6.0
[INFO] [stderr]    Compiling derivative v2.2.0
[INFO] [stderr]    Compiling darling_macro v0.13.0
[INFO] [stderr]    Compiling darling v0.13.0
[INFO] [stderr]    Compiling serde_with_macros v1.5.1
[INFO] [stderr]    Compiling pest_meta v2.7.5
[INFO] [stderr]     Checking pin-project v0.4.30
[INFO] [stderr]     Checking stream-flatten-iters v0.2.0
[INFO] [stderr]     Checking zstd v0.13.0
[INFO] [stderr]    Compiling pest_generator v2.7.5
[INFO] [stderr]     Checking futures-executor v0.3.30
[INFO] [stderr]     Checking local-channel v0.1.2
[INFO] [stderr]     Checking futures v0.3.30
[INFO] [stderr]     Checking tokio-util v0.7.2
[INFO] [stderr]     Checking actix-rt v2.9.0
[INFO] [stderr]     Checking tokio-native-tls v0.3.0
[INFO] [stderr]     Checking rxml v0.8.1
[INFO] [stderr]     Checking trust-dns-proto v0.21.2
[INFO] [stderr]     Checking async-compression v0.4.5
[INFO] [stderr]     Checking tokio-rustls v0.24.1
[INFO] [stderr]     Checking tokio-stream v0.1.14
[INFO] [stderr]    Compiling pest_derive v2.7.5
[INFO] [stderr]     Checking actix-server v2.1.1
[INFO] [stderr]     Checking h2 v0.3.22
[INFO] [stderr]     Checking actix-codec v0.5.0
[INFO] [stderr]     Checking combine v4.6.6
[INFO] [stderr]     Checking actix v0.13.1
[INFO] [stderr]     Checking minidom v0.15.0
[INFO] [stderr]     Checking time v0.3.11
[INFO] [stderr]     Checking serde_urlencoded v0.7.1
[INFO] [stderr]     Checking actix-router v0.5.0
[INFO] [stderr]     Checking uuid v1.2.2
[INFO] [stderr]     Checking serde_bytes v0.11.12
[INFO] [stderr]     Checking quick-xml v0.26.0
[INFO] [stderr]     Checking either v1.8.0
[INFO] [stderr]     Checking json5 v0.4.1
[INFO] [stderr]     Checking yaup v0.2.1
[INFO] [stderr]     Checking serde_with v1.11.0
[INFO] [stderr]     Checking ron v0.7.1
[INFO] [stderr]     Checking toml v0.5.8
[INFO] [stderr]     Checking itertools v0.12.0
[INFO] [stderr]     Checking envy v0.4.2
[INFO] [stderr]     Checking serde_with v3.4.0
[INFO] [stderr]     Checking attohttpc v0.22.0
[INFO] [stderr]     Checking jsonwebtoken v8.2.0
[INFO] [stderr]     Checking config v0.13.4
[INFO] [stderr]     Checking trust-dns-resolver v0.21.2
[INFO] [stderr]    Compiling actix-web-codegen v4.2.2
[INFO] [stderr]     Checking bson v2.8.1
[INFO] [stderr]     Checking aws-creds v0.34.1
[INFO] [stderr]     Checking meilisearch-sdk v0.24.3
[INFO] [stderr]     Checking cookie_store v0.16.2
[INFO] [stderr]     Checking actix-http v3.5.1
[INFO] [stderr]     Checking hyper v0.14.28
[INFO] [stderr]     Checking mongodb v2.8.0
[INFO] [stderr]     Checking redis v0.21.6
[INFO] [stderr]     Checking actix-web v4.4.1
[INFO] [stderr]     Checking hyper-tls v0.5.0
[INFO] [stderr]     Checking reqwest v0.11.23
[INFO] [stderr]     Checking rust-s3 v0.33.0
[INFO] [stderr]     Checking actix-session v0.7.2
[INFO] [stderr]     Checking actix-files v0.6.2
[INFO] [stderr]     Checking actix-web-prom v0.8.0
[INFO] [stdout] error[E0277]: the trait bound `!: FromRedisValue` is not satisfied
[INFO] [stdout]    --> /opt/rustwide/cargo-home/registry/src/index.crates.io-1949cf8c6b5b557f/actix-session-0.7.2/src/storage/redis_rs.rs:167:14
[INFO] [stdout]     |
[INFO] [stdout] 167 |         self.execute_command(redis::cmd("SET").arg(&[
[INFO] [stdout]     |              ^^^^^^^^^^^^^^^ the trait `FromRedisValue` is not implemented for `!`
[INFO] [stdout]     |
[INFO] [stdout]     = help: the following other types implement trait `FromRedisValue`:
[INFO] [stdout]               ()
[INFO] [stdout]               (T12,)
[INFO] [stdout]               (T11, T12)
[INFO] [stdout]               (T10, T11, T12)
[INFO] [stdout]               (T9, T10, T11, T12)
[INFO] [stdout]               (T8, T9, T10, T11, T12)
[INFO] [stdout]               (T7, T8, T9, T10, T11, T12)
[INFO] [stdout]               (T6, T7, T8, T9, T10, T11, T12)
[INFO] [stdout]             and 30 others
[INFO] [stdout]     = note: this error might have been caused by changes to Rust's type-inference algorithm (see issue #148922 <https://github.com/rust-lang/rust/issues/148922> for more information)
[INFO] [stdout]     = help: you might have intended to use the type `()` here instead
[INFO] [stdout] note: required by a bound in `RedisSessionStore::execute_command`
[INFO] [stdout]    --> /opt/rustwide/cargo-home/registry/src/index.crates.io-1949cf8c6b5b557f/actix-session-0.7.2/src/storage/redis_rs.rs:266:33
[INFO] [stdout]     |
[INFO] [stdout] 252 | impl RedisSessionStore {
[INFO] [stdout] ...
[INFO] [stdout] 266 |     async fn execute_command<T: FromRedisValue>(&self, cmd: &mut Cmd) -> RedisResult<T> {
[INFO] [stdout]     |                                 ^^^^^^^^^^^^^^ required by this bound in `RedisSessionStore::execute_command`
[INFO] [stdout] 
[INFO] [stdout] 
[INFO] [stdout] error[E0277]: the trait bound `!: FromRedisValue` is not satisfied
[INFO] [stdout]     --> /opt/rustwide/cargo-home/registry/src/index.crates.io-1949cf8c6b5b557f/actix-session-0.7.2/src/storage/redis_rs.rs:231:14
[INFO] [stdout]      |
[INFO] [stdout]  231 |             .expire(
[INFO] [stdout]      |              ^^^^^^ the trait `FromRedisValue` is not implemented for `!`
[INFO] [stdout]      |
[INFO] [stdout]      = help: the following other types implement trait `FromRedisValue`:
[INFO] [stdout]                ()
[INFO] [stdout]                (T12,)
[INFO] [stdout]                (T11, T12)
[INFO] [stdout]                (T10, T11, T12)
[INFO] [stdout]                (T9, T10, T11, T12)
[INFO] [stdout]                (T8, T9, T10, T11, T12)
[INFO] [stdout]                (T7, T8, T9, T10, T11, T12)
[INFO] [stdout]                (T6, T7, T8, T9, T10, T11, T12)
[INFO] [stdout]              and 30 others
[INFO] [stdout]      = note: this error might have been caused by changes to Rust's type-inference algorithm (see issue #148922 <https://github.com/rust-lang/rust/issues/148922> for more information)
[INFO] [stdout]      = help: you might have intended to use the type `()` here instead
[INFO] [stdout] note: required by a bound in `redis::AsyncCommands::expire`
[INFO] [stdout]     --> /opt/rustwide/cargo-home/registry/src/index.crates.io-1949cf8c6b5b557f/redis-0.21.6/src/commands.rs:186:25
[INFO] [stdout]      |
[INFO] [stdout]  176 |           pub trait AsyncCommands : crate::aio::ConnectionLike + Send + Sized {
[INFO] [stdout] ...
[INFO] [stdout]  186 |                       RV: FromRedisValue,
[INFO] [stdout]      |                           ^^^^^^^^^^^^^^ required by this bound in `AsyncCommands::expire`
[INFO] [stdout] ...
[INFO] [stdout]  296 | / implement_commands! {
[INFO] [stdout]  297 | |     'a
[INFO] [stdout] ...    |
[INFO] [stdout]  366 | |     fn expire<K: ToRedisArgs>(key: K, seconds: usize) {
[INFO] [stdout] ...    |
[INFO] [stdout] 1980 | | }
[INFO] [stdout]      | |_- in this macro invocation
[INFO] [stdout]      = note: this error originates in the macro `implement_commands` (in Nightly builds, run with -Z macro-backtrace for more info)
[INFO] [stdout] 
[INFO] [stdout] 
[INFO] [stdout] error[E0277]: the trait bound `!: FromRedisValue` is not satisfied
[INFO] [stdout]    --> /opt/rustwide/cargo-home/registry/src/index.crates.io-1949cf8c6b5b557f/actix-session-0.7.2/src/storage/redis_rs.rs:243:14
[INFO] [stdout]     |
[INFO] [stdout] 243 |         self.execute_command(redis::cmd("DEL").arg(&[&cache_key]))
[INFO] [stdout]     |              ^^^^^^^^^^^^^^^ the trait `FromRedisValue` is not implemented for `!`
[INFO] [stdout]     |
[INFO] [stdout]     = help: the following other types implement trait `FromRedisValue`:
[INFO] [stdout]               ()
[INFO] [stdout]               (T12,)
[INFO] [stdout]               (T11, T12)
[INFO] [stdout]               (T10, T11, T12)
[INFO] [stdout]               (T9, T10, T11, T12)
[INFO] [stdout]               (T8, T9, T10, T11, T12)
[INFO] [stdout]               (T7, T8, T9, T10, T11, T12)
[INFO] [stdout]               (T6, T7, T8, T9, T10, T11, T12)
[INFO] [stdout]             and 30 others
[INFO] [stdout]     = note: this error might have been caused by changes to Rust's type-inference algorithm (see issue #148922 <https://github.com/rust-lang/rust/issues/148922> for more information)
[INFO] [stdout]     = help: you might have intended to use the type `()` here instead
[INFO] [stdout] note: required by a bound in `RedisSessionStore::execute_command`
[INFO] [stdout]    --> /opt/rustwide/cargo-home/registry/src/index.crates.io-1949cf8c6b5b557f/actix-session-0.7.2/src/storage/redis_rs.rs:266:33
[INFO] [stdout]     |
[INFO] [stdout] 252 | impl RedisSessionStore {
[INFO] [stdout] ...
[INFO] [stdout] 266 |     async fn execute_command<T: FromRedisValue>(&self, cmd: &mut Cmd) -> RedisResult<T> {
[INFO] [stdout]     |                                 ^^^^^^^^^^^^^^ required by this bound in `RedisSessionStore::execute_command`
[INFO] [stdout] 
[INFO] [stdout] 
[INFO] [stdout] For more information about this error, try `rustc --explain E0277`.
[INFO] [stdout] 
[INFO] [stderr] error: could not compile `actix-session` (lib) due to 3 previous errors
[INFO] [stderr] warning: build failed, waiting for other jobs to finish...
[INFO] running `Command { std: "docker" "inspect" "7ee384daa7f7e9fc9d6d7d8686ba3576cf4d593004955658f208ea56fb8ebc78", kill_on_drop: false }`
[INFO] running `Command { std: "docker" "rm" "-f" "7ee384daa7f7e9fc9d6d7d8686ba3576cf4d593004955658f208ea56fb8ebc78", kill_on_drop: false }`
[INFO] [stdout] 7ee384daa7f7e9fc9d6d7d8686ba3576cf4d593004955658f208ea56fb8ebc78
