[INFO] fetching crate composure_commands 0.0.2...
[INFO] documenting composure_commands-0.0.2 against 1.100.0-beta.1 for beta-rustdoc-1.100-2
[INFO] extracting crate composure_commands 0.0.2 into /workspace/builds/worker-1-tc2/source
[INFO] started tweaking crates.io crate composure_commands 0.0.2
[INFO] finished tweaking crates.io crate composure_commands 0.0.2
[INFO] tweaked toml for crates.io crate composure_commands 0.0.2 written to /workspace/builds/worker-1-tc2/source/Cargo.toml
[INFO] validating manifest of crates.io crate composure_commands 0.0.2 on toolchain 1.100.0-beta.1
[INFO] running `Command { std: CARGO_HOME="/workspace/cargo-home" RUSTUP_HOME="/workspace/rustup-home" "/workspace/cargo-home/bin/cargo" "+1.100.0-beta.1" "metadata" "--manifest-path" "Cargo.toml" "--no-deps", kill_on_drop: false }`
[INFO] running `Command { std: CARGO_HOME="/workspace/cargo-home" RUSTUP_HOME="/workspace/rustup-home" "/workspace/cargo-home/bin/cargo" "+1.100.0-beta.1" "generate-lockfile" "--manifest-path" "Cargo.toml", kill_on_drop: false }`
[INFO] [stderr]     Blocking waiting for file lock on package cache
[INFO] [stderr]     Updating crates.io index
[INFO] [stderr]     Blocking waiting for file lock on package cache
[ERROR] error running command: no output for 300 seconds
[INFO] documenting composure_commands-0.0.2 against 1.100.0-beta.1 for beta-rustdoc-1.100-2
[INFO] extracting crate composure_commands 0.0.2 into /workspace/builds/worker-1-tc2/source
[INFO] started tweaking crates.io crate composure_commands 0.0.2
[INFO] finished tweaking crates.io crate composure_commands 0.0.2
[INFO] tweaked toml for crates.io crate composure_commands 0.0.2 written to /workspace/builds/worker-1-tc2/source/Cargo.toml
[INFO] validating manifest of crates.io crate composure_commands 0.0.2 on toolchain 1.100.0-beta.1
[INFO] running `Command { std: CARGO_HOME="/workspace/cargo-home" RUSTUP_HOME="/workspace/rustup-home" "/workspace/cargo-home/bin/cargo" "+1.100.0-beta.1" "metadata" "--manifest-path" "Cargo.toml" "--no-deps", kill_on_drop: false }`
[INFO] running `Command { std: CARGO_HOME="/workspace/cargo-home" RUSTUP_HOME="/workspace/rustup-home" "/workspace/cargo-home/bin/cargo" "+1.100.0-beta.1" "generate-lockfile" "--manifest-path" "Cargo.toml", kill_on_drop: false }`
[INFO] [stderr]     Blocking waiting for file lock on package cache
[INFO] [stderr]     Updating crates.io index
[INFO] [stderr]     Blocking waiting for file lock on package cache
[INFO] [stderr]      Locking 48 packages to highest compatible versions
[INFO] [stderr]       Adding zeroize v1.3.0 (available: v1.9.1)
[INFO] running `Command { std: CARGO_HOME="/workspace/cargo-home" RUSTUP_HOME="/workspace/rustup-home" "/workspace/cargo-home/bin/cargo" "+1.100.0-beta.1" "fetch" "--manifest-path" "Cargo.toml", kill_on_drop: false }`
[INFO] [stderr]     Blocking waiting for file lock on package cache
[INFO] [stderr]  Downloading crates ...
[INFO] [stderr]   Downloaded strum v0.24.1
[INFO] [stderr]   Downloaded strum_macros v0.24.3
[INFO] [stderr]   Downloaded composure v0.0.2
[INFO] running `Command { std: "docker" "create" "-v" "/var/lib/crater-agent-workspace/builds/worker-1-tc2/source:/opt/rustwide/workdir:ro,Z" "-v" "/var/lib/crater-agent-workspace/builds/worker-1-tc2/target:/opt/rustwide/target:rw,Z" "-v" "/var/lib/crater-agent-workspace/cargo-home:/opt/rustwide/cargo-home:ro,Z" "-v" "/var/lib/crater-agent-workspace/rustup-home:/opt/rustwide/rustup-home:ro,Z" "-m" "1610612736" "--network" "none" "ghcr.io/rust-lang/crates-build-env/linux@sha256:77db811e55d90add9212f6832c23229e3de5f1c1f9905e8cb07319ea15df73ac" "sleep" "infinity", kill_on_drop: false }`
[INFO] [stdout] 043ba722a89cba4528bf1261c7b60876a8a67a196fd6aedf4bf1e5e3550b92b4
[INFO] running `Command { std: "docker" "start" "043ba722a89cba4528bf1261c7b60876a8a67a196fd6aedf4bf1e5e3550b92b4", kill_on_drop: false }`
[INFO] running `Command { std: "docker" "inspect" "043ba722a89cba4528bf1261c7b60876a8a67a196fd6aedf4bf1e5e3550b92b4", kill_on_drop: false }`
[INFO] running `Command { std: "docker" "exec" "-e" "SOURCE_DIR=/opt/rustwide/workdir" "-e" "CARGO_HOME=/opt/rustwide/cargo-home" "-e" "RUSTUP_HOME=/opt/rustwide/rustup-home" "-e" "CARGO_TARGET_DIR=/opt/rustwide/target" "-w" "/opt/rustwide/workdir" "--user" "0:0" "043ba722a89cba4528bf1261c7b60876a8a67a196fd6aedf4bf1e5e3550b92b4" "/opt/rustwide/cargo-home/bin/cargo" "+1.100.0-beta.1" "metadata" "--no-deps" "--format-version=1", kill_on_drop: false }`
[INFO] running `Command { std: "docker" "inspect" "043ba722a89cba4528bf1261c7b60876a8a67a196fd6aedf4bf1e5e3550b92b4", kill_on_drop: false }`
[INFO] running `Command { std: "docker" "exec" "-e" "SOURCE_DIR=/opt/rustwide/workdir" "-e" "CARGO_HOME=/opt/rustwide/cargo-home" "-e" "RUSTUP_HOME=/opt/rustwide/rustup-home" "-e" "CARGO_TARGET_DIR=/opt/rustwide/target" "-e" "CARGO_INCREMENTAL=0" "-e" "RUST_BACKTRACE=full" "-e" "RUSTFLAGS=--cap-lints=warn" "-e" "RUSTDOCFLAGS=--cap-lints=warn" "-w" "/opt/rustwide/workdir" "--user" "0:0" "043ba722a89cba4528bf1261c7b60876a8a67a196fd6aedf4bf1e5e3550b92b4" "/opt/rustwide/cargo-home/bin/cargo" "+1.100.0-beta.1" "doc" "--frozen" "--no-deps" "--document-private-items" "--message-format=json", kill_on_drop: false }`
[INFO] [stderr]    Compiling proc-macro2 v1.0.107
[INFO] [stderr]    Compiling unicode-ident v1.0.26
[INFO] [stderr]    Compiling libc v0.2.190
[INFO] [stderr]     Checking cfg-if v1.0.5
[INFO] [stderr]    Compiling generic-array v0.14.9
[INFO] [stderr]    Compiling zerocopy v0.8.62
[INFO] [stderr]    Compiling rustversion v1.0.23
[INFO] [stderr]    Compiling syn v1.0.109
[INFO] [stderr]     Checking byteorder v1.5.0
[INFO] [stderr]    Compiling serde_json v1.0.152
[INFO] [stderr]    Compiling heck v0.4.1
[INFO] [stderr]     Checking subtle v2.6.1
[INFO] [stderr]     Checking bitflags v2.13.2
[INFO] [stderr]    Compiling quote v1.0.47
[INFO] [stderr]    Compiling syn v3.0.7
[INFO] [stderr]    Compiling syn v2.0.119
[INFO] [stderr]     Checking digest v0.9.0
[INFO] [stderr]     Checking block-buffer v0.9.0
[INFO] [stderr]     Checking sha2 v0.9.9
[INFO] [stderr]     Checking getrandom v0.1.16
[INFO] [stderr]     Checking rand_core v0.5.1
[INFO] [stderr]    Compiling serde_derive v1.0.229
[INFO] [stderr]    Compiling serde_repr v0.1.21
[INFO] [stderr]    Compiling strum_macros v0.24.3
[INFO] [stderr]     Checking strum v0.24.1
[INFO] [stderr]    Compiling zeroize_derive v1.5.0
[INFO] [stderr]     Checking ppv-lite86 v0.2.21
[INFO] [stderr]     Checking zeroize v1.3.0
[INFO] [stderr]     Checking rand_chacha v0.2.2
[INFO] [stderr]     Checking rand v0.7.3
[INFO] [stderr]     Checking curve25519-dalek v3.2.1
[INFO] [stderr]     Checking serde v1.0.229
[INFO] [stderr]     Checking ed25519-dalek v1.0.1
[INFO] [stderr]     Checking composure v0.0.2
[INFO] [stdout] error[E0277]: the trait bound `!: serde::Deserialize<'de>` is not satisfied
[INFO] [stdout]     --> /opt/rustwide/cargo-home/registry/src/index.crates.io-1949cf8c6b5b557f/composure-0.0.2/src/models/deserialize/role.rs:174:37
[INFO] [stdout]      |
[INFO] [stdout]  174 | ...                   _ = map.next_value()?;
[INFO] [stdout]      |                               ^^^^^^^^^^ the trait `Deserialize<'de>` is not implemented for `!`
[INFO] [stdout]      |
[INFO] [stdout]      = note: for local types consider adding `#[derive(serde::Deserialize)]` to your `!` type
[INFO] [stdout]      = note: for types from other crates check whether the crate offers a `serde` feature flag
[INFO] [stdout]      = help: the following other types implement trait `Deserialize<'de>`:
[INFO] [stdout]                &'a Path
[INFO] [stdout]                &'a [u8]
[INFO] [stdout]                &'a str
[INFO] [stdout]                ()
[INFO] [stdout]                (T,)
[INFO] [stdout]                (T0, T1)
[INFO] [stdout]                (T0, T1, T2)
[INFO] [stdout]                (T0, T1, T2, T3)
[INFO] [stdout]              and 220 others
[INFO] [stdout]      = note: this error might have been caused by changes to Rust's type-inference algorithm (see issue #148922 <https://github.com/rust-lang/rust/issues/148922> for more information)
[INFO] [stdout]      = help: you might have intended to use the type `()` here instead
[INFO] [stdout] note: required by a bound in `next_value`
[INFO] [stdout]     --> /opt/rustwide/cargo-home/registry/src/index.crates.io-1949cf8c6b5b557f/serde_core-1.0.229/src/de/mod.rs:1916:12
[INFO] [stdout]      |
[INFO] [stdout] 1837 | pub trait MapAccess<'de> {
[INFO] [stdout] ...
[INFO] [stdout] 1914 |     fn next_value<V>(&mut self) -> Result<V, Self::Error>
[INFO] [stdout] 1915 |     where
[INFO] [stdout] 1916 |         V: Deserialize<'de>,
[INFO] [stdout]      |            ^^^^^^^^^^^^^^^^ required by this bound in `MapAccess::next_value`
[INFO] [stdout] 
[INFO] [stdout] 
[INFO] [stdout] error[E0277]: the trait bound `!: serde::Deserialize<'de>` is not satisfied
[INFO] [stdout]     --> /opt/rustwide/cargo-home/registry/src/index.crates.io-1949cf8c6b5b557f/composure-0.0.2/src/models/deserialize/role.rs:184:37
[INFO] [stdout]      |
[INFO] [stdout]  184 | ...                   _ = map.next_value()?;
[INFO] [stdout]      |                               ^^^^^^^^^^ the trait `Deserialize<'de>` is not implemented for `!`
[INFO] [stdout]      |
[INFO] [stdout]      = note: for local types consider adding `#[derive(serde::Deserialize)]` to your `!` type
[INFO] [stdout]      = note: for types from other crates check whether the crate offers a `serde` feature flag
[INFO] [stdout]      = help: the following other types implement trait `Deserialize<'de>`:
[INFO] [stdout]                &'a Path
[INFO] [stdout]                &'a [u8]
[INFO] [stdout]                &'a str
[INFO] [stdout]                ()
[INFO] [stdout]                (T,)
[INFO] [stdout]                (T0, T1)
[INFO] [stdout]                (T0, T1, T2)
[INFO] [stdout]                (T0, T1, T2, T3)
[INFO] [stdout]              and 220 others
[INFO] [stdout]      = note: this error might have been caused by changes to Rust's type-inference algorithm (see issue #148922 <https://github.com/rust-lang/rust/issues/148922> for more information)
[INFO] [stdout]      = help: you might have intended to use the type `()` here instead
[INFO] [stdout] note: required by a bound in `next_value`
[INFO] [stdout]     --> /opt/rustwide/cargo-home/registry/src/index.crates.io-1949cf8c6b5b557f/serde_core-1.0.229/src/de/mod.rs:1916:12
[INFO] [stdout]      |
[INFO] [stdout] 1837 | pub trait MapAccess<'de> {
[INFO] [stdout] ...
[INFO] [stdout] 1914 |     fn next_value<V>(&mut self) -> Result<V, Self::Error>
[INFO] [stdout] 1915 |     where
[INFO] [stdout] 1916 |         V: Deserialize<'de>,
[INFO] [stdout]      |            ^^^^^^^^^^^^^^^^ required by this bound in `MapAccess::next_value`
[INFO] [stdout] 
[INFO] [stdout] 
[INFO] [stdout] error[E0277]: the trait bound `!: serde::Deserialize<'de>` is not satisfied
[INFO] [stdout]     --> /opt/rustwide/cargo-home/registry/src/index.crates.io-1949cf8c6b5b557f/composure-0.0.2/src/models/deserialize/role.rs:191:37
[INFO] [stdout]      |
[INFO] [stdout]  191 | ...                   _ = map.next_value()?;
[INFO] [stdout]      |                               ^^^^^^^^^^ the trait `Deserialize<'de>` is not implemented for `!`
[INFO] [stdout]      |
[INFO] [stdout]      = note: for local types consider adding `#[derive(serde::Deserialize)]` to your `!` type
[INFO] [stdout]      = note: for types from other crates check whether the crate offers a `serde` feature flag
[INFO] [stdout]      = help: the following other types implement trait `Deserialize<'de>`:
[INFO] [stdout]                &'a Path
[INFO] [stdout]                &'a [u8]
[INFO] [stdout]                &'a str
[INFO] [stdout]                ()
[INFO] [stdout]                (T,)
[INFO] [stdout]                (T0, T1)
[INFO] [stdout]                (T0, T1, T2)
[INFO] [stdout]                (T0, T1, T2, T3)
[INFO] [stdout]              and 220 others
[INFO] [stdout]      = note: this error might have been caused by changes to Rust's type-inference algorithm (see issue #148922 <https://github.com/rust-lang/rust/issues/148922> for more information)
[INFO] [stdout]      = help: you might have intended to use the type `()` here instead
[INFO] [stdout] note: required by a bound in `next_value`
[INFO] [stdout]     --> /opt/rustwide/cargo-home/registry/src/index.crates.io-1949cf8c6b5b557f/serde_core-1.0.229/src/de/mod.rs:1916:12
[INFO] [stdout]      |
[INFO] [stdout] 1837 | pub trait MapAccess<'de> {
[INFO] [stdout] ...
[INFO] [stdout] 1914 |     fn next_value<V>(&mut self) -> Result<V, Self::Error>
[INFO] [stdout] 1915 |     where
[INFO] [stdout] 1916 |         V: Deserialize<'de>,
[INFO] [stdout]      |            ^^^^^^^^^^^^^^^^ required by this bound in `MapAccess::next_value`
[INFO] [stdout] 
[INFO] [stdout] 
[INFO] [stdout] For more information about this error, try `rustc --explain E0277`.
[INFO] [stdout] 
[INFO] [stderr] error: could not compile `composure` (lib) due to 3 previous errors
[INFO] running `Command { std: "docker" "inspect" "043ba722a89cba4528bf1261c7b60876a8a67a196fd6aedf4bf1e5e3550b92b4", kill_on_drop: false }`
[INFO] running `Command { std: "docker" "rm" "-f" "043ba722a89cba4528bf1261c7b60876a8a67a196fd6aedf4bf1e5e3550b92b4", kill_on_drop: false }`
[INFO] [stdout] 043ba722a89cba4528bf1261c7b60876a8a67a196fd6aedf4bf1e5e3550b92b4
