[INFO] cloning repository https://github.com/kuun/datadisk
[INFO] running `Command { std: "git" "-c" "credential.helper=" "-c" "credential.helper=/workspace/cargo-home/bin/git-credential-null" "clone" "--bare" "https://github.com/kuun/datadisk" "/workspace/cache/git-repos/https%3A%2F%2Fgithub.com%2Fkuun%2Fdatadisk", kill_on_drop: false }`
[INFO] [stderr] Cloning into bare repository '/workspace/cache/git-repos/https%3A%2F%2Fgithub.com%2Fkuun%2Fdatadisk'...
[INFO] running `Command { std: "git" "rev-parse" "HEAD", kill_on_drop: false }`
[INFO] [stdout] 350cd83a0480734a0f22292710bfbfb8f42f3f81
[INFO] documenting kuun/datadisk against 1.100.0-beta.1 for beta-rustdoc-1.100-2
[INFO] running `Command { std: "git" "clone" "/workspace/cache/git-repos/https%3A%2F%2Fgithub.com%2Fkuun%2Fdatadisk" "/workspace/builds/worker-2-tc2/source", kill_on_drop: false }`
[INFO] [stderr] Cloning into '/workspace/builds/worker-2-tc2/source'...
[INFO] [stderr] done.
[INFO] started tweaking git repo https://github.com/kuun/datadisk
[INFO] finished tweaking git repo https://github.com/kuun/datadisk
[INFO] tweaked toml for git repo https://github.com/kuun/datadisk written to /workspace/builds/worker-2-tc2/source/Cargo.toml
[INFO] validating manifest of git repo https://github.com/kuun/datadisk on toolchain 1.100.0-beta.1
[INFO] running `Command { std: CARGO_HOME="/workspace/cargo-home" RUSTUP_HOME="/workspace/rustup-home" "/workspace/cargo-home/bin/cargo" "+1.100.0-beta.1" "metadata" "--manifest-path" "Cargo.toml" "--no-deps", kill_on_drop: false }`
[INFO] crate git repo https://github.com/kuun/datadisk already has a lockfile, it will not be regenerated
[INFO] running `Command { std: CARGO_HOME="/workspace/cargo-home" RUSTUP_HOME="/workspace/rustup-home" "/workspace/cargo-home/bin/cargo" "+1.100.0-beta.1" "fetch" "--manifest-path" "Cargo.toml", kill_on_drop: false }`
[INFO] [stderr]     Blocking waiting for file lock on package cache
[INFO] [stderr]     Blocking waiting for file lock on package cache
[INFO] [stderr]  Downloading crates ...
[INFO] [stderr]   Downloaded libbz2-rs-sys v0.2.2
[INFO] [stderr]   Downloaded ppmd-rust v1.3.0
[INFO] [stderr]   Downloaded deflate64 v0.1.10
[INFO] [stderr]   Downloaded tower-sessions-core v0.12.3
[INFO] [stderr]   Downloaded tower-sessions-memory-store v0.12.3
[INFO] [stderr]   Downloaded tower-sessions v0.12.3
[INFO] [stderr]   Downloaded zmij v0.1.9
[INFO] [stderr]   Downloaded tower-cookies v0.10.0
[INFO] [stderr]   Downloaded unrar v0.5.8
[INFO] [stderr]   Downloaded zip v7.0.0
[INFO] [stderr]   Downloaded lzma-rust2 v0.15.4
[INFO] [stderr]   Downloaded unrar_sys v0.5.8
[INFO] [stderr]   Downloaded nt-time v0.8.1
[INFO] [stderr]   Downloaded filetime_creation v0.2.0
[INFO] [stderr]   Downloaded lzma-rust v0.1.7
[INFO] [stderr]   Downloaded sevenz-rust v0.6.1
[INFO] running `Command { std: "docker" "create" "-v" "/var/lib/crater-agent-workspace/builds/worker-2-tc2/source:/opt/rustwide/workdir:ro,Z" "-v" "/var/lib/crater-agent-workspace/builds/worker-2-tc2/target:/opt/rustwide/target:rw,Z" "-v" "/var/lib/crater-agent-workspace/cargo-home:/opt/rustwide/cargo-home:ro,Z" "-v" "/var/lib/crater-agent-workspace/rustup-home:/opt/rustwide/rustup-home:ro,Z" "-m" "1610612736" "--network" "none" "ghcr.io/rust-lang/crates-build-env/linux@sha256:77db811e55d90add9212f6832c23229e3de5f1c1f9905e8cb07319ea15df73ac" "sleep" "infinity", kill_on_drop: false }`
[INFO] [stdout] 0ed698b883367cc3b948427ca8b5021b7425581f73f9911bc17c62632f68c364
[INFO] running `Command { std: "docker" "start" "0ed698b883367cc3b948427ca8b5021b7425581f73f9911bc17c62632f68c364", kill_on_drop: false }`
[INFO] running `Command { std: "docker" "inspect" "0ed698b883367cc3b948427ca8b5021b7425581f73f9911bc17c62632f68c364", kill_on_drop: false }`
[INFO] running `Command { std: "docker" "exec" "-e" "SOURCE_DIR=/opt/rustwide/workdir" "-e" "CARGO_HOME=/opt/rustwide/cargo-home" "-e" "RUSTUP_HOME=/opt/rustwide/rustup-home" "-e" "CARGO_TARGET_DIR=/opt/rustwide/target" "-w" "/opt/rustwide/workdir" "--user" "0:0" "0ed698b883367cc3b948427ca8b5021b7425581f73f9911bc17c62632f68c364" "/opt/rustwide/cargo-home/bin/cargo" "+1.100.0-beta.1" "metadata" "--no-deps" "--format-version=1", kill_on_drop: false }`
[INFO] running `Command { std: "docker" "inspect" "0ed698b883367cc3b948427ca8b5021b7425581f73f9911bc17c62632f68c364", kill_on_drop: false }`
[INFO] running `Command { std: "docker" "exec" "-e" "SOURCE_DIR=/opt/rustwide/workdir" "-e" "CARGO_HOME=/opt/rustwide/cargo-home" "-e" "RUSTUP_HOME=/opt/rustwide/rustup-home" "-e" "CARGO_TARGET_DIR=/opt/rustwide/target" "-e" "CARGO_INCREMENTAL=0" "-e" "RUST_BACKTRACE=full" "-e" "RUSTFLAGS=--cap-lints=warn" "-e" "RUSTDOCFLAGS=--cap-lints=warn" "-w" "/opt/rustwide/workdir" "--user" "0:0" "0ed698b883367cc3b948427ca8b5021b7425581f73f9911bc17c62632f68c364" "/opt/rustwide/cargo-home/bin/cargo" "+1.100.0-beta.1" "doc" "--frozen" "--no-deps" "--document-private-items" "--message-format=json", kill_on_drop: false }`
[INFO] [stderr]    Compiling serde_core v1.0.228
[INFO] [stderr]    Compiling serde v1.0.228
[INFO] [stderr]     Checking smallvec v1.15.1
[INFO] [stderr]     Checking bytes v1.11.0
[INFO] [stderr]     Checking futures-core v0.3.31
[INFO] [stderr]     Checking futures-sink v0.3.31
[INFO] [stderr]    Compiling pkg-config v0.3.32
[INFO] [stderr]    Compiling generic-array v0.14.7
[INFO] [stderr]     Checking futures-io v0.3.31
[INFO] [stderr]    Compiling jobserver v0.1.34
[INFO] [stderr]     Checking errno v0.3.14
[INFO] [stderr]     Checking socket2 v0.6.1
[INFO] [stderr]     Checking mio v1.1.1
[INFO] [stderr]    Compiling serde_derive v1.0.228
[INFO] [stderr]    Compiling tokio-macros v2.6.0
[INFO] [stderr]    Compiling synstructure v0.13.2
[INFO] [stderr]    Compiling futures-macro v0.3.31
[INFO] [stderr]     Checking futures-channel v0.3.31
[INFO] [stderr]     Checking parking_lot_core v0.9.12
[INFO] [stderr]    Compiling tracing-attributes v0.1.31
[INFO] [stderr]    Compiling cc v1.2.50
[INFO] [stderr]     Checking signal-hook-registry v1.4.8
[INFO] [stderr]     Checking stable_deref_trait v1.2.1
[INFO] [stderr]    Compiling zerovec-derive v0.11.2
[INFO] [stderr]    Compiling time-core v0.1.6
[INFO] [stderr]    Compiling num-conv v0.1.0
[INFO] [stderr]    Compiling displaydoc v0.2.5
[INFO] [stderr]    Compiling num-traits v0.2.19
[INFO] [stderr]     Checking http v1.4.0
[INFO] [stderr]     Checking hashbrown v0.16.1
[INFO] [stderr]     Checking bitflags v2.10.0
[INFO] [stderr]    Compiling time-macros v0.2.24
[INFO] [stderr]    Compiling thiserror-impl v1.0.69
[INFO] [stderr]    Compiling zerofrom-derive v0.1.6
[INFO] [stderr]    Compiling yoke-derive v0.8.1
[INFO] [stderr]     Checking byteorder v1.5.0
[INFO] [stderr]     Checking futures-util v0.3.31
[INFO] [stderr]    Compiling vcpkg v0.2.15
[INFO] [stderr]     Checking litemap v0.8.1
[INFO] [stderr]     Checking crypto-common v0.1.7
[INFO] [stderr]     Checking block-buffer v0.10.4
[INFO] [stderr]     Checking writeable v0.6.2
[INFO] [stderr]     Checking digest v0.10.7
[INFO] [stderr]     Checking http-body v1.0.1
[INFO] [stderr]    Compiling icu_properties_data v2.1.2
[INFO] [stderr]     Checking indexmap v2.12.1
[INFO] [stderr]    Compiling serde_json v1.0.147
[INFO] [stderr]    Compiling icu_normalizer_data v2.1.1
[INFO] [stderr]     Checking rand v0.8.5
[INFO] [stderr]     Checking zmij v0.1.9
[INFO] [stderr]     Checking getrandom v0.3.4
[INFO] [stderr]     Checking form_urlencoded v1.2.2
[INFO] [stderr]     Checking base64 v0.22.1
[INFO] [stderr]     Checking tracing v0.1.44
[INFO] [stderr]    Compiling openssl v0.10.75
[INFO] [stderr]     Checking foreign-types-shared v0.1.1
[INFO] [stderr]     Checking num-integer v0.1.46
[INFO] [stderr]     Checking foreign-types v0.3.2
[INFO] [stderr]     Checking http-body-util v0.1.3
[INFO] [stderr]     Checking sync_wrapper v1.0.2
[INFO] [stderr]     Checking zerofrom v0.1.6
[INFO] [stderr]    Compiling openssl-macros v0.1.1
[INFO] [stderr]    Compiling native-tls v0.2.14
[INFO] [stderr]     Checking utf8_iter v1.0.4
[INFO] [stderr]     Checking openssl-probe v0.1.6
[INFO] [stderr]     Checking num-bigint v0.4.6
[INFO] [stderr]     Checking crc-catalog v2.4.0
[INFO] [stderr]    Compiling syn v1.0.109
[INFO] [stderr]     Checking ahash v0.8.12
[INFO] [stderr]     Checking sha1 v0.10.6
[INFO] [stderr]     Checking crc v3.3.0
[INFO] [stderr]     Checking sha2 v0.10.9
[INFO] [stderr]    Compiling async-trait v0.1.89
[INFO] [stderr]     Checking yoke v0.8.1
[INFO] [stderr]    Compiling crossbeam-utils v0.8.21
[INFO] [stderr]    Compiling rust_decimal v1.39.0
[INFO] [stderr]     Checking hashbrown v0.14.5
[INFO] [stderr]     Checking hmac v0.12.1
[INFO] [stderr]    Compiling openssl-sys v0.9.111
[INFO] [stderr]     Checking thiserror v1.0.69
[INFO] [stderr]     Checking zerovec v0.11.5
[INFO] [stderr]     Checking zerotrie v0.2.3
[INFO] [stderr]     Checking minimal-lexical v0.2.1
[INFO] [stderr]     Checking arrayvec v0.7.6
[INFO] [stderr]     Checking try-lock v0.2.5
[INFO] [stderr]     Checking iana-time-zone v0.1.64
[INFO] [stderr]     Checking fnv v1.0.7
[INFO] [stderr]     Checking want v0.3.1
[INFO] [stderr]    Compiling zstd-sys v2.0.16+zstd.1.5.7
[INFO] [stderr]     Checking data-encoding v2.9.0
[INFO] [stderr]     Checking utf-8 v0.7.6
[INFO] [stderr]     Checking simd-adler32 v0.3.8
[INFO] [stderr]     Checking unicode_categories v0.1.1
[INFO] [stderr]     Checking nom v7.1.3
[INFO] [stderr]     Checking unicode-normalization v0.1.25
[INFO] [stderr]     Checking atoi v2.0.0
[INFO] [stderr]     Checking inout v0.1.4
[INFO] [stderr]    Compiling zeroize_derive v1.4.2
[INFO] [stderr]    Compiling cookie v0.18.1
[INFO] [stderr]     Checking unicode-bidi v0.3.18
[INFO] [stderr]     Checking hex v0.4.3
[INFO] [stderr]     Checking event-listener v2.5.3
[INFO] [stderr]     Checking unicode-properties v0.1.4
[INFO] [stderr]     Checking bigdecimal v0.3.1
[INFO] [stderr]     Checking crossbeam-queue v0.3.12
[INFO] [stderr]     Checking tinystr v0.8.2
[INFO] [stderr]     Checking potential_utf v0.1.4
[INFO] [stderr]     Checking hashlink v0.8.4
[INFO] [stderr]     Checking ipnet v2.11.0
[INFO] [stderr]     Checking icu_collections v2.1.1
[INFO] [stderr]    Compiling heck v0.4.1
[INFO] [stderr]     Checking zlib-rs v0.5.5
[INFO] [stderr]     Checking miniz_oxide v0.8.9
[INFO] [stderr]     Checking stringprep v0.1.5
[INFO] [stderr]     Checking icu_locale_core v2.1.1
[INFO] [stderr]     Checking cipher v0.4.4
[INFO] [stderr]     Checking hkdf v0.12.4
[INFO] [stderr]     Checking zeroize v1.8.2
[INFO] [stderr]     Checking md-5 v0.10.6
[INFO] [stderr]    Compiling proc-macro-error-attr2 v2.0.0
[INFO] [stderr]    Compiling multer v3.1.0
[INFO] [stderr]     Checking encoding_rs v0.8.35
[INFO] [stderr]    Compiling rustix v1.1.3
[INFO] [stderr]     Checking ryu v1.0.21
[INFO] [stderr]     Checking dotenvy v0.15.7
[INFO] [stderr]    Compiling unicase v2.8.1
[INFO] [stderr]     Checking home v0.5.12
[INFO] [stderr]    Compiling thiserror v2.0.17
[INFO] [stderr]     Checking deranged v0.5.5
[INFO] [stderr]     Checking uuid v1.19.0
[INFO] [stderr]     Checking base64 v0.21.7
[INFO] [stderr]     Checking whoami v1.6.1
[INFO] [stderr]    Compiling zstd-safe v7.2.4
[INFO] [stderr]    Compiling proc-macro-error2 v2.0.1
[INFO] [stderr]    Compiling mime_guess v2.0.5
[INFO] [stderr]     Checking tungstenite v0.24.0
[INFO] [stderr]    Compiling lzma-sys v0.1.20
[INFO] [stderr]    Compiling unrar_sys v0.5.8
[INFO] [stderr]    Compiling ring v0.17.14
[INFO] [stderr]     Checking ordered-float v3.9.2
[INFO] [stderr]    Compiling inherent v1.0.13
[INFO] [stderr]    Compiling thiserror-impl v2.0.17
[INFO] [stderr]     Checking filetime v0.2.26
[INFO] [stderr]     Checking icu_provider v2.1.1
[INFO] [stderr]     Checking linux-raw-sys v0.11.0
[INFO] [stderr]     Checking spin v0.9.8
[INFO] [stderr]    Compiling sea-bae v0.2.1
[INFO] [stderr]     Checking icu_properties v2.1.2
[INFO] [stderr]     Checking icu_normalizer v2.1.1
[INFO] [stderr]     Checking libz-rs-sys v0.5.5
[INFO] [stderr]     Checking serde_path_to_error v0.1.20
[INFO] [stderr]     Checking headers-core v0.3.0
[INFO] [stderr]     Checking flate2 v1.1.5
[INFO] [stderr]    Compiling async-stream-impl v0.3.6
[INFO] [stderr]     Checking toml_write v0.1.2
[INFO] [stderr]     Checking axum-core v0.4.5
[INFO] [stderr]     Checking futures-executor v0.3.31
[INFO] [stderr]     Checking futures v0.3.31
[INFO] [stderr]     Checking libbz2-rs-sys v0.2.2
[INFO] [stderr]     Checking bumpalo v3.19.1
[INFO] [stderr]     Checking aliasable v0.1.3
[INFO] [stderr]    Compiling proc-macro-error v1.0.4
[INFO] [stderr]    Compiling anyhow v1.0.100
[INFO] [stderr]     Checking winnow v0.7.14
[INFO] [stderr]     Checking compression-core v0.4.31
[INFO] [stderr]     Checking bit-vec v0.7.0
[INFO] [stderr]     Checking iri-string v0.7.9
[INFO] [stderr]     Checking compression-codecs v0.4.35
[INFO] [stderr]     Checking bit-set v0.6.0
[INFO] [stderr]     Checking sqlformat v0.2.6
[INFO] [stderr]     Checking bzip2 v0.6.1
[INFO] [stderr]     Checking zopfli v0.8.3
[INFO] [stderr]     Checking async-stream v0.3.6
[INFO] [stderr]    Compiling sea-orm-macros v0.12.15
[INFO] [stderr]     Checking headers v0.4.1
[INFO] [stderr]     Checking lock_api v0.4.14
[INFO] [stderr]     Checking time v0.3.44
[INFO] [stderr]     Checking chrono v0.4.42
[INFO] [stderr]     Checking parking_lot v0.12.5
[INFO] [stderr]     Checking idna_adapter v1.2.1
[INFO] [stderr]     Checking tokio v1.48.0
[INFO] [stderr]     Checking idna v1.1.0
[INFO] [stderr]     Checking futures-intrusive v0.5.0
[INFO] [stderr]     Checking either v1.15.0
[INFO] [stderr]     Checking url v2.5.7
[INFO] [stderr]    Compiling derivative v2.2.0
[INFO] [stderr]     Checking serde_urlencoded v0.7.1
[INFO] [stderr]    Compiling ouroboros_macro v0.17.2
[INFO] [stderr]     Checking toml_datetime v0.6.11
[INFO] [stderr]     Checking serde_spanned v0.6.9
[INFO] [stderr]     Checking xattr v1.6.1
[INFO] [stderr]     Checking toml_edit v0.22.27
[INFO] [stderr]     Checking filetime_creation v0.2.0
[INFO] [stderr]     Checking blowfish v0.9.1
[INFO] [stderr]     Checking aes v0.8.4
[INFO] [stderr]     Checking tungstenite v0.21.0
[INFO] [stderr]     Checking rustls-pki-types v1.13.2
[INFO] [stderr]     Checking matchers v0.2.0
[INFO] [stderr]     Checking regex v1.12.2
[INFO] [stderr]     Checking pbkdf2 v0.12.2
[INFO] [stderr]     Checking lzma-rust2 v0.15.4
[INFO] [stderr]     Checking pem v3.0.6
[INFO] [stderr]     Checking lzma-rust v0.1.7
[INFO] [stderr]     Checking http-range-header v0.4.2
[INFO] [stderr]     Checking widestring v1.2.1
[INFO] [stderr]     Checking adler v1.0.2
[INFO] [stderr]     Checking strum v0.25.0
[INFO] [stderr]     Checking fastrand v2.3.0
[INFO] [stderr]     Checking deflate64 v0.1.10
[INFO] [stderr]     Checking ppmd-rust v1.3.0
[INFO] [stderr]     Checking simple_asn1 v0.6.3
[INFO] [stderr]     Checking nt-time v0.8.1
[INFO] [stderr]     Checking tower-cookies v0.10.0
[INFO] [stderr]     Checking ouroboros v0.17.2
[INFO] [stderr]     Checking tracing-subscriber v0.3.22
[INFO] [stderr]     Checking miniz_oxide v0.7.4
[INFO] [stderr]     Checking bcrypt v0.15.1
[INFO] [stderr]     Checking sevenz-rust v0.6.1
[INFO] [stderr]     Checking tar v0.4.44
[INFO] [stderr]     Checking dashmap v5.5.3
[INFO] [stderr]     Checking xz2 v0.1.7
[INFO] [stderr]     Checking tower v0.4.13
[INFO] [stderr]     Checking sea-query v0.30.7
[INFO] [stderr]     Checking toml v0.8.23
[INFO] [stderr]     Checking jsonwebtoken v9.3.1
[INFO] [stderr] error: could not compile `sea-query` (lib)
[INFO] [stderr] 
[INFO] [stderr] Caused by:
[INFO] [stderr]   process didn't exit successfully: `/opt/rustwide/rustup-home/toolchains/1.100.0-beta.1-x86_64-unknown-linux-gnu/bin/rustc --crate-name sea_query --edition=2021 /opt/rustwide/cargo-home/registry/src/index.crates.io-1949cf8c6b5b557f/sea-query-0.30.7/src/lib.rs --error-format=json --json=diagnostic-rendered-ansi,artifacts,future-incompat,unused-externs-silent --crate-type lib --emit=dep-info,metadata -C embed-bitcode=no -C debuginfo=2 --cfg 'feature="backend-mysql"' --cfg 'feature="backend-postgres"' --cfg 'feature="backend-sqlite"' --cfg 'feature="bigdecimal"' --cfg 'feature="chrono"' --cfg 'feature="derivative"' --cfg 'feature="hashable-value"' --cfg 'feature="ordered-float"' --cfg 'feature="postgres-array"' --cfg 'feature="rust_decimal"' --cfg 'feature="serde_json"' --cfg 'feature="thread-safe"' --cfg 'feature="time"' --cfg 'feature="uuid"' --cfg 'feature="with-bigdecimal"' --cfg 'feature="with-chrono"' --cfg 'feature="with-json"' --cfg 'feature="with-rust_decimal"' --cfg 'feature="with-time"' --cfg 'feature="with-uuid"' --check-cfg 'cfg(docsrs,test)' --check-cfg 'cfg(feature, values("all-features", "all-types", "attr", "backend-mysql", "backend-postgres", "backend-sqlite", "bigdecimal", "chrono", "default", "derivative", "derive", "hashable-value", "ipnetwork", "mac_address", "option-more-parentheses", "option-sqlite-exact-column-type", "ordered-float", "postgres-array", "postgres-interval", "postgres-types", "rust_decimal", "sea-query-attr", "sea-query-derive", "serde_json", "tests-cfg", "thread-safe", "time", "uuid", "with-bigdecimal", "with-chrono", "with-ipnetwork", "with-json", "with-mac_address", "with-rust_decimal", "with-time", "with-uuid"))' -C metadata=ab3874be867dbc5a -C extra-filename=-80a939469dc79dd8 --out-dir /opt/rustwide/target/debug/build/sea-query/80a939469dc79dd8/out -L dependency=/opt/rustwide/target/debug/build/arrayvec/1876e10f749a4c5a/out -L dependency=/opt/rustwide/target/debug/build/cfg-if/ff4bbf167027ca2f/out -L dependency=/opt/rustwide/target/debug/build/deranged/56f591812e1ee9ed/out -L dependency=/opt/rustwide/target/debug/build/getrandom/ba1d5394133123eb/out -L dependency=/opt/rustwide/target/debug/build/iana-time-zone/074e7ecdf77ee9fe/out -L dependency=/opt/rustwide/target/debug/build/itoa/6055fbf6cb673c43/out -L dependency=/opt/rustwide/target/debug/build/libc/666bdd58571298e1/out -L dependency=/opt/rustwide/target/debug/build/memchr/8685802ced2d7019/out -L dependency=/opt/rustwide/target/debug/build/num-bigint/3ea3ed916aca592a/out -L dependency=/opt/rustwide/target/debug/build/num-conv/66fec009fc8c7aa9/out -L dependency=/opt/rustwide/target/debug/build/num-integer/d49d63a5ed5f6661/out -L dependency=/opt/rustwide/target/debug/build/num-traits/a59142fc063e7abf/out -L dependency=/opt/rustwide/target/debug/build/powerfmt/c59a7f8e5518b946/out -L dependency=/opt/rustwide/target/debug/build/serde/276772ae10cde5c9/out -L dependency=/opt/rustwide/target/debug/build/serde_core/a10c732698ef58a7/out -L dependency=/opt/rustwide/target/debug/build/serde_derive/8e28ab366fbe8060/out -L dependency=/opt/rustwide/target/debug/build/time-core/2785af27ea2a1ffb/out -L dependency=/opt/rustwide/target/debug/build/time-macros/d6c02fc0dabaf27c/out -L dependency=/opt/rustwide/target/debug/build/zmij/a87128d465db27e9/out --extern bigdecimal=/opt/rustwide/target/debug/build/bigdecimal/78df98dee71e834f/out/libbigdecimal-78df98dee71e834f.rmeta --extern chrono=/opt/rustwide/target/debug/build/chrono/f55ed48250b7e5db/out/libchrono-f55ed48250b7e5db.rmeta --extern derivative=/opt/rustwide/target/debug/build/derivative/615363ab2bcac021/out/libderivative-615363ab2bcac021.so --extern inherent=/opt/rustwide/target/debug/build/inherent/1e9c50e230f70767/out/libinherent-1e9c50e230f70767.so --extern ordered_float=/opt/rustwide/target/debug/build/ordered-float/160501a730ca8233/out/libordered_float-160501a730ca8233.rmeta --extern rust_decimal=/opt/rustwide/target/debug/build/rust_decimal/5ef714bb51c39f72/out/librust_decimal-5ef714bb51c39f72.rmeta --extern serde_json=/opt/rustwide/target/debug/build/serde_json/f469f1b3088da9d5/out/libserde_json-f469f1b3088da9d5.rmeta --extern time=/opt/rustwide/target/debug/build/time/c048cd4a021f3f1e/out/libtime-c048cd4a021f3f1e.rmeta --extern uuid=/opt/rustwide/target/debug/build/uuid/c9907e9117f77a2d/out/libuuid-c9907e9117f77a2d.rmeta --cap-lints allow --cap-lints=warn --force-warn=unused_crate_dependencies` (signal: 9, SIGKILL: kill)
[INFO] [stderr] warning: build failed, waiting for other jobs to finish...
[INFO] [stderr] error: could not compile `jsonwebtoken` (lib)
[INFO] [stderr] 
[INFO] [stderr] Caused by:
[INFO] [stderr]   process didn't exit successfully: `/opt/rustwide/rustup-home/toolchains/1.100.0-beta.1-x86_64-unknown-linux-gnu/bin/rustc --crate-name jsonwebtoken --edition=2021 /opt/rustwide/cargo-home/registry/src/index.crates.io-1949cf8c6b5b557f/jsonwebtoken-9.3.1/src/lib.rs --error-format=json --json=diagnostic-rendered-ansi,artifacts,future-incompat,unused-externs-silent --crate-type lib --emit=dep-info,metadata -C embed-bitcode=no -C debuginfo=2 --cfg 'feature="default"' --cfg 'feature="pem"' --cfg 'feature="simple_asn1"' --cfg 'feature="use_pem"' --check-cfg 'cfg(docsrs,test)' --check-cfg 'cfg(feature, values("default", "pem", "simple_asn1", "use_pem"))' -C metadata=60775f83f8b55d96 -C extra-filename=-4d85f51d87ce90fb --out-dir /opt/rustwide/target/debug/build/jsonwebtoken/4d85f51d87ce90fb/out -L dependency=/opt/rustwide/target/debug/build/base64/2d62852b309f03ed/out -L dependency=/opt/rustwide/target/debug/build/cfg-if/ff4bbf167027ca2f/out -L dependency=/opt/rustwide/target/debug/build/deranged/56f591812e1ee9ed/out -L dependency=/opt/rustwide/target/debug/build/getrandom/5d8a97bd1df84373/out -L dependency=/opt/rustwide/target/debug/build/itoa/6055fbf6cb673c43/out -L dependency=/opt/rustwide/target/debug/build/libc/666bdd58571298e1/out -L dependency=/opt/rustwide/target/debug/build/memchr/8685802ced2d7019/out -L dependency=/opt/rustwide/target/debug/build/num-bigint/3ea3ed916aca592a/out -L dependency=/opt/rustwide/target/debug/build/num-conv/66fec009fc8c7aa9/out -L dependency=/opt/rustwide/target/debug/build/num-integer/d49d63a5ed5f6661/out -L dependency=/opt/rustwide/target/debug/build/num-traits/a59142fc063e7abf/out -L dependency=/opt/rustwide/target/debug/build/powerfmt/c59a7f8e5518b946/out -L dependency=/opt/rustwide/target/debug/build/serde/276772ae10cde5c9/out -L dependency=/opt/rustwide/target/debug/build/serde_core/a10c732698ef58a7/out -L dependency=/opt/rustwide/target/debug/build/serde_derive/8e28ab366fbe8060/out -L dependency=/opt/rustwide/target/debug/build/thiserror-impl/e92b94d80dfda56a/out -L dependency=/opt/rustwide/target/debug/build/thiserror/fffc50822507d512/out -L dependency=/opt/rustwide/target/debug/build/time-core/2785af27ea2a1ffb/out -L dependency=/opt/rustwide/target/debug/build/time-macros/d6c02fc0dabaf27c/out -L dependency=/opt/rustwide/target/debug/build/time/c048cd4a021f3f1e/out -L dependency=/opt/rustwide/target/debug/build/untrusted/529367de8e61702b/out -L dependency=/opt/rustwide/target/debug/build/zmij/a87128d465db27e9/out --extern base64=/opt/rustwide/target/debug/build/base64/2d62852b309f03ed/out/libbase64-2d62852b309f03ed.rmeta --extern pem=/opt/rustwide/target/debug/build/pem/99ef29a789346cc5/out/libpem-99ef29a789346cc5.rmeta --extern ring=/opt/rustwide/target/debug/build/ring/6a88011c438e9ccf/out/libring-6a88011c438e9ccf.rmeta --extern serde=/opt/rustwide/target/debug/build/serde/276772ae10cde5c9/out/libserde-276772ae10cde5c9.rmeta --extern serde_json=/opt/rustwide/target/debug/build/serde_json/f469f1b3088da9d5/out/libserde_json-f469f1b3088da9d5.rmeta --extern simple_asn1=/opt/rustwide/target/debug/build/simple_asn1/c28de42fcacecac3/out/libsimple_asn1-c28de42fcacecac3.rmeta --cap-lints allow --cap-lints=warn --force-warn=unused_crate_dependencies -L native=/opt/rustwide/target/debug/build/ring/0576923777e02424/out` (signal: 9, SIGKILL: kill)
[INFO] [stderr] error: could not compile `tokio` (lib)
[INFO] [stderr] 
[INFO] [stderr] Caused by:
[INFO] [stderr]   process didn't exit successfully: `/opt/rustwide/rustup-home/toolchains/1.100.0-beta.1-x86_64-unknown-linux-gnu/bin/rustc --crate-name tokio --edition=2021 /opt/rustwide/cargo-home/registry/src/index.crates.io-1949cf8c6b5b557f/tokio-1.48.0/src/lib.rs --error-format=json --json=diagnostic-rendered-ansi,artifacts,future-incompat,unused-externs-silent --crate-type lib --emit=dep-info,metadata -C embed-bitcode=no -C debuginfo=2 --cfg 'feature="bytes"' --cfg 'feature="default"' --cfg 'feature="fs"' --cfg 'feature="full"' --cfg 'feature="io-std"' --cfg 'feature="io-util"' --cfg 'feature="libc"' --cfg 'feature="macros"' --cfg 'feature="mio"' --cfg 'feature="net"' --cfg 'feature="parking_lot"' --cfg 'feature="process"' --cfg 'feature="rt"' --cfg 'feature="rt-multi-thread"' --cfg 'feature="signal"' --cfg 'feature="signal-hook-registry"' --cfg 'feature="socket2"' --cfg 'feature="sync"' --cfg 'feature="time"' --cfg 'feature="tokio-macros"' --check-cfg 'cfg(docsrs,test)' --check-cfg 'cfg(feature, values("bytes", "default", "fs", "full", "io-std", "io-uring", "io-util", "libc", "macros", "mio", "net", "parking_lot", "process", "rt", "rt-multi-thread", "signal", "signal-hook-registry", "socket2", "sync", "taskdump", "test-util", "time", "tokio-macros", "tracing", "windows-sys"))' -C metadata=3c93e97f5b629ea0 -C extra-filename=-c43a402a52dbad65 --out-dir /opt/rustwide/target/debug/build/tokio/c43a402a52dbad65/out -L dependency=/opt/rustwide/target/debug/build/cfg-if/ff4bbf167027ca2f/out -L dependency=/opt/rustwide/target/debug/build/errno/6103297155f621d2/out -L dependency=/opt/rustwide/target/debug/build/libc/666bdd58571298e1/out -L dependency=/opt/rustwide/target/debug/build/lock_api/555dbdfa8d874966/out -L dependency=/opt/rustwide/target/debug/build/parking_lot_core/044609b66ca3d5f0/out -L dependency=/opt/rustwide/target/debug/build/scopeguard/3c0d98403f6edd36/out -L dependency=/opt/rustwide/target/debug/build/serde/276772ae10cde5c9/out -L dependency=/opt/rustwide/target/debug/build/serde_core/a10c732698ef58a7/out -L dependency=/opt/rustwide/target/debug/build/serde_derive/8e28ab366fbe8060/out -L dependency=/opt/rustwide/target/debug/build/smallvec/9252f048ba264383/out --extern bytes=/opt/rustwide/target/debug/build/bytes/7b37bdc17f8feed5/out/libbytes-7b37bdc17f8feed5.rmeta --extern libc=/opt/rustwide/target/debug/build/libc/666bdd58571298e1/out/liblibc-666bdd58571298e1.rmeta --extern mio=/opt/rustwide/target/debug/build/mio/fe0be1f282682438/out/libmio-fe0be1f282682438.rmeta --extern parking_lot=/opt/rustwide/target/debug/build/parking_lot/3510a58ca3a7ab4b/out/libparking_lot-3510a58ca3a7ab4b.rmeta --extern pin_project_lite=/opt/rustwide/target/debug/build/pin-project-lite/50fda406d193135d/out/libpin_project_lite-50fda406d193135d.rmeta --extern signal_hook_registry=/opt/rustwide/target/debug/build/signal-hook-registry/7b5ee2ffb9e5c495/out/libsignal_hook_registry-7b5ee2ffb9e5c495.rmeta --extern socket2=/opt/rustwide/target/debug/build/socket2/e4231ef5d37d8f34/out/libsocket2-e4231ef5d37d8f34.rmeta --extern tokio_macros=/opt/rustwide/target/debug/build/tokio-macros/fb2f939db6bf0335/out/libtokio_macros-fb2f939db6bf0335.so --cap-lints allow --cap-lints=warn --force-warn=unused_crate_dependencies` (signal: 9, SIGKILL: kill)
[INFO] [stderr] warning: unrar_sys@0.5.8: c++: fatal error: Killed signal terminated program cc1plus
[INFO] [stderr] warning: unrar_sys@0.5.8: compilation terminated.
[INFO] [stderr] warning: unrar_sys@0.5.8: ToolExecError: command did not execute successfully (status code exit status: 1): LC_ALL="C" "c++" "-O2" "-ffunction-sections" "-fdata-sections" "-fPIC" "-g" "-gdwarf-4" "-fno-omit-frame-pointer" "-m64" "-std=c++14" "-w" "-fPIC" "-Wno-switch" "-Wno-parentheses" "-Wno-macro-redefined" "-Wno-dangling-else" "-Wno-logical-op-parentheses" "-Wno-unused-parameter" "-Wno-unused-variable" "-Wno-unused-function" "-Wno-missing-braces" "-Wno-unknown-pragmas" "-Wno-deprecated-declarations" "-D_FILE_OFFSET_BITS=64" "-D_LARGEFILE_SOURCE" "-DRAR_SMP" "-DRARDLL" "-o" "/opt/rustwide/target/debug/build/unrar_sys/5a368cffce07e013/out/0934600a39780889-smallfn.o" "-c" "vendor/unrar/smallfn.cpp"cargo:warning=c++: fatal error: Killed signal terminated program cc1plus
[INFO] [stderr] warning: unrar_sys@0.5.8: compilation terminated.
[INFO] [stderr] warning: unrar_sys@0.5.8: ToolExecError: command did not execute successfully (status code exit status: 1): LC_ALL="C" "c++" "-O2" "-ffunction-sections" "-fdata-sections" "-fPIC" "-g" "-gdwarf-4" "-fno-omit-frame-pointer" "-m64" "-std=c++14" "-w" "-fPIC" "-Wno-switch" "-Wno-parentheses" "-Wno-macro-redefined" "-Wno-dangling-else" "-Wno-logical-op-parentheses" "-Wno-unused-parameter" "-Wno-unused-variable" "-Wno-unused-function" "-Wno-missing-braces" "-Wno-unknown-pragmas" "-Wno-deprecated-declarations" "-D_FILE_OFFSET_BITS=64" "-D_LARGEFILE_SOURCE" "-DRAR_SMP" "-DRARDLL" "-o" "/opt/rustwide/target/debug/build/unrar_sys/5a368cffce07e013/out/0934600a39780889-pathfn.o" "-c" "vendor/unrar/pathfn.cpp"cargo:warning=c++: fatal error: Killed signal terminated program cc1plus
[INFO] [stderr] warning: unrar_sys@0.5.8: compilation terminated.
[INFO] [stderr] warning: unrar_sys@0.5.8: ToolExecError: command did not execute successfully (status code exit status: 1): LC_ALL="C" "c++" "-O2" "-ffunction-sections" "-fdata-sections" "-fPIC" "-g" "-gdwarf-4" "-fno-omit-frame-pointer" "-m64" "-std=c++14" "-w" "-fPIC" "-Wno-switch" "-Wno-parentheses" "-Wno-macro-redefined" "-Wno-dangling-else" "-Wno-logical-op-parentheses" "-Wno-unused-parameter" "-Wno-unused-variable" "-Wno-unused-function" "-Wno-missing-braces" "-Wno-unknown-pragmas" "-Wno-deprecated-declarations" "-D_FILE_OFFSET_BITS=64" "-D_LARGEFILE_SOURCE" "-DRAR_SMP" "-DRARDLL" "-o" "/opt/rustwide/target/debug/build/unrar_sys/5a368cffce07e013/out/0934600a39780889-global.o" "-c" "vendor/unrar/global.cpp"cargo:warning=c++: fatal error: Killed signal terminated program cc1plus
[INFO] [stderr] warning: unrar_sys@0.5.8: compilation terminated.
[INFO] [stderr] warning: unrar_sys@0.5.8: ToolExecError: command did not execute successfully (status code exit status: 1): LC_ALL="C" "c++" "-O2" "-ffunction-sections" "-fdata-sections" "-fPIC" "-g" "-gdwarf-4" "-fno-omit-frame-pointer" "-m64" "-std=c++14" "-w" "-fPIC" "-Wno-switch" "-Wno-parentheses" "-Wno-macro-redefined" "-Wno-dangling-else" "-Wno-logical-op-parentheses" "-Wno-unused-parameter" "-Wno-unused-variable" "-Wno-unused-function" "-Wno-missing-braces" "-Wno-unknown-pragmas" "-Wno-deprecated-declarations" "-D_FILE_OFFSET_BITS=64" "-D_LARGEFILE_SOURCE" "-DRAR_SMP" "-DRARDLL" "-o" "/opt/rustwide/target/debug/build/unrar_sys/5a368cffce07e013/out/0934600a39780889-filefn.o" "-c" "vendor/unrar/filefn.cpp"cargo:warning=c++: fatal error: Killed signal terminated program cc1plus
[INFO] [stderr] warning: unrar_sys@0.5.8: compilation terminated.
[INFO] [stderr] warning: unrar_sys@0.5.8: ToolExecError: command did not execute successfully (status code exit status: 1): LC_ALL="C" "c++" "-O2" "-ffunction-sections" "-fdata-sections" "-fPIC" "-g" "-gdwarf-4" "-fno-omit-frame-pointer" "-m64" "-std=c++14" "-w" "-fPIC" "-Wno-switch" "-Wno-parentheses" "-Wno-macro-redefined" "-Wno-dangling-else" "-Wno-logical-op-parentheses" "-Wno-unused-parameter" "-Wno-unused-variable" "-Wno-unused-function" "-Wno-missing-braces" "-Wno-unknown-pragmas" "-Wno-deprecated-declarations" "-D_FILE_OFFSET_BITS=64" "-D_LARGEFILE_SOURCE" "-DRAR_SMP" "-DRARDLL" "-o" "/opt/rustwide/target/debug/build/unrar_sys/5a368cffce07e013/out/0934600a39780889-archive.o" "-c" "vendor/unrar/archive.cpp"cargo:warning=c++: fatal error: Killed signal terminated program cc1plus
[INFO] [stderr] warning: unrar_sys@0.5.8: compilation terminated.
[INFO] [stderr] warning: unrar_sys@0.5.8: ToolExecError: command did not execute successfully (status code exit status: 1): LC_ALL="C" "c++" "-O2" "-ffunction-sections" "-fdata-sections" "-fPIC" "-g" "-gdwarf-4" "-fno-omit-frame-pointer" "-m64" "-std=c++14" "-w" "-fPIC" "-Wno-switch" "-Wno-parentheses" "-Wno-macro-redefined" "-Wno-dangling-else" "-Wno-logical-op-parentheses" "-Wno-unused-parameter" "-Wno-unused-variable" "-Wno-unused-function" "-Wno-missing-braces" "-Wno-unknown-pragmas" "-Wno-deprecated-declarations" "-D_FILE_OFFSET_BITS=64" "-D_LARGEFILE_SOURCE" "-DRAR_SMP" "-DRARDLL" "-o" "/opt/rustwide/target/debug/build/unrar_sys/5a368cffce07e013/out/0934600a39780889-arcread.o" "-c" "vendor/unrar/arcread.cpp"cargo:warning=c++: fatal error: Killed signal terminated program cc1plus
[INFO] [stderr] warning: unrar_sys@0.5.8: compilation terminated.
[INFO] [stderr] warning: unrar_sys@0.5.8: ToolExecError: command did not execute successfully (status code exit status: 1): LC_ALL="C" "c++" "-O2" "-ffunction-sections" "-fdata-sections" "-fPIC" "-g" "-gdwarf-4" "-fno-omit-frame-pointer" "-m64" "-std=c++14" "-w" "-fPIC" "-Wno-switch" "-Wno-parentheses" "-Wno-macro-redefined" "-Wno-dangling-else" "-Wno-logical-op-parentheses" "-Wno-unused-parameter" "-Wno-unused-variable" "-Wno-unused-function" "-Wno-missing-braces" "-Wno-unknown-pragmas" "-Wno-deprecated-declarations" "-D_FILE_OFFSET_BITS=64" "-D_LARGEFILE_SOURCE" "-DRAR_SMP" "-DRARDLL" "-o" "/opt/rustwide/target/debug/build/unrar_sys/5a368cffce07e013/out/0934600a39780889-filcreat.o" "-c" "vendor/unrar/filcreat.cpp"cargo:warning=c++: fatal error: Killed signal terminated program cc1plus
[INFO] [stderr] warning: unrar_sys@0.5.8: compilation terminated.
[INFO] [stderr] warning: unrar_sys@0.5.8: ToolExecError: command did not execute successfully (status code exit status: 1): LC_ALL="C" "c++" "-O2" "-ffunction-sections" "-fdata-sections" "-fPIC" "-g" "-gdwarf-4" "-fno-omit-frame-pointer" "-m64" "-std=c++14" "-w" "-fPIC" "-Wno-switch" "-Wno-parentheses" "-Wno-macro-redefined" "-Wno-dangling-else" "-Wno-logical-op-parentheses" "-Wno-unused-parameter" "-Wno-unused-variable" "-Wno-unused-function" "-Wno-missing-braces" "-Wno-unknown-pragmas" "-Wno-deprecated-declarations" "-D_FILE_OFFSET_BITS=64" "-D_LARGEFILE_SOURCE" "-DRAR_SMP" "-DRARDLL" "-o" "/opt/rustwide/target/debug/build/unrar_sys/5a368cffce07e013/out/0934600a39780889-system.o" "-c" "vendor/unrar/system.cpp"cargo:warning=c++: fatal error: Killed signal terminated program cc1plus
[INFO] [stderr] warning: unrar_sys@0.5.8: compilation terminated.
[INFO] [stderr] warning: unrar_sys@0.5.8: ToolExecError: command did not execute successfully (status code exit status: 1): LC_ALL="C" "c++" "-O2" "-ffunction-sections" "-fdata-sections" "-fPIC" "-g" "-gdwarf-4" "-fno-omit-frame-pointer" "-m64" "-std=c++14" "-w" "-fPIC" "-Wno-switch" "-Wno-parentheses" "-Wno-macro-redefined" "-Wno-dangling-else" "-Wno-logical-op-parentheses" "-Wno-unused-parameter" "-Wno-unused-variable" "-Wno-unused-function" "-Wno-missing-braces" "-Wno-unknown-pragmas" "-Wno-deprecated-declarations" "-D_FILE_OFFSET_BITS=64" "-D_LARGEFILE_SOURCE" "-DRAR_SMP" "-DRARDLL" "-o" "/opt/rustwide/target/debug/build/unrar_sys/5a368cffce07e013/out/0934600a39780889-crypt.o" "-c" "vendor/unrar/crypt.cpp"cargo:warning=c++: fatal error: Killed signal terminated program cc1plus
[INFO] [stderr] warning: unrar_sys@0.5.8: compilation terminated.
[INFO] [stderr] warning: unrar_sys@0.5.8: ToolExecError: command did not execute successfully (status code exit status: 1): LC_ALL="C" "c++" "-O2" "-ffunction-sections" "-fdata-sections" "-fPIC" "-g" "-gdwarf-4" "-fno-omit-frame-pointer" "-m64" "-std=c++14" "-w" "-fPIC" "-Wno-switch" "-Wno-parentheses" "-Wno-macro-redefined" "-Wno-dangling-else" "-Wno-logical-op-parentheses" "-Wno-unused-parameter" "-Wno-unused-variable" "-Wno-unused-function" "-Wno-missing-braces" "-Wno-unknown-pragmas" "-Wno-deprecated-declarations" "-D_FILE_OFFSET_BITS=64" "-D_LARGEFILE_SOURCE" "-DRAR_SMP" "-DRARDLL" "-o" "/opt/rustwide/target/debug/build/unrar_sys/5a368cffce07e013/out/0934600a39780889-file.o" "-c" "vendor/unrar/file.cpp"cargo:warning=c++: fatal error: Killed signal terminated program cc1plus
[INFO] [stderr] warning: unrar_sys@0.5.8: compilation terminated.
[INFO] [stderr] warning: unrar_sys@0.5.8: ToolExecError: command did not execute successfully (status code exit status: 1): LC_ALL="C" "c++" "-O2" "-ffunction-sections" "-fdata-sections" "-fPIC" "-g" "-gdwarf-4" "-fno-omit-frame-pointer" "-m64" "-std=c++14" "-w" "-fPIC" "-Wno-switch" "-Wno-parentheses" "-Wno-macro-redefined" "-Wno-dangling-else" "-Wno-logical-op-parentheses" "-Wno-unused-parameter" "-Wno-unused-variable" "-Wno-unused-function" "-Wno-missing-braces" "-Wno-unknown-pragmas" "-Wno-deprecated-declarations" "-D_FILE_OFFSET_BITS=64" "-D_LARGEFILE_SOURCE" "-DRAR_SMP" "-DRARDLL" "-o" "/opt/rustwide/target/debug/build/unrar_sys/5a368cffce07e013/out/0934600a39780889-unicode.o" "-c" "vendor/unrar/unicode.cpp"cargo:warning=c++: fatal error: Killed signal terminated program cc1plus
[INFO] [stderr] warning: unrar_sys@0.5.8: compilation terminated.
[INFO] [stderr] warning: unrar_sys@0.5.8: ToolExecError: command did not execute successfully (status code exit status: 1): LC_ALL="C" "c++" "-O2" "-ffunction-sections" "-fdata-sections" "-fPIC" "-g" "-gdwarf-4" "-fno-omit-frame-pointer" "-m64" "-std=c++14" "-w" "-fPIC" "-Wno-switch" "-Wno-parentheses" "-Wno-macro-redefined" "-Wno-dangling-else" "-Wno-logical-op-parentheses" "-Wno-unused-parameter" "-Wno-unused-variable" "-Wno-unused-function" "-Wno-missing-braces" "-Wno-unknown-pragmas" "-Wno-deprecated-declarations" "-D_FILE_OFFSET_BITS=64" "-D_LARGEFILE_SOURCE" "-DRAR_SMP" "-DRARDLL" "-o" "/opt/rustwide/target/debug/build/unrar_sys/5a368cffce07e013/out/0934600a39780889-match.o" "-c" "vendor/unrar/match.cpp"cargo:warning=c++: fatal error: Killed signal terminated program cc1plus
[INFO] [stderr] warning: unrar_sys@0.5.8: compilation terminated.
[INFO] [stderr] warning: unrar_sys@0.5.8: ToolExecError: command did not execute successfully (status code exit status: 1): LC_ALL="C" "c++" "-O2" "-ffunction-sections" "-fdata-sections" "-fPIC" "-g" "-gdwarf-4" "-fno-omit-frame-pointer" "-m64" "-std=c++14" "-w" "-fPIC" "-Wno-switch" "-Wno-parentheses" "-Wno-macro-redefined" "-Wno-dangling-else" "-Wno-logical-op-parentheses" "-Wno-unused-parameter" "-Wno-unused-variable" "-Wno-unused-function" "-Wno-missing-braces" "-Wno-unknown-pragmas" "-Wno-deprecated-declarations" "-D_FILE_OFFSET_BITS=64" "-D_LARGEFILE_SOURCE" "-DRAR_SMP" "-DRARDLL" "-o" "/opt/rustwide/target/debug/build/unrar_sys/5a368cffce07e013/out/0934600a39780889-timefn.o" "-c" "vendor/unrar/timefn.cpp"cargo:warning=c++: fatal error: Killed signal terminated program cc1plus
[INFO] [stderr] warning: unrar_sys@0.5.8: compilation terminated.
[INFO] [stderr] warning: unrar_sys@0.5.8: ToolExecError: command did not execute successfully (status code exit status: 1): LC_ALL="C" "c++" "-O2" "-ffunction-sections" "-fdata-sections" "-fPIC" "-g" "-gdwarf-4" "-fno-omit-frame-pointer" "-m64" "-std=c++14" "-w" "-fPIC" "-Wno-switch" "-Wno-parentheses" "-Wno-macro-redefined" "-Wno-dangling-else" "-Wno-logical-op-parentheses" "-Wno-unused-parameter" "-Wno-unused-variable" "-Wno-unused-function" "-Wno-missing-braces" "-Wno-unknown-pragmas" "-Wno-deprecated-declarations" "-D_FILE_OFFSET_BITS=64" "-D_LARGEFILE_SOURCE" "-DRAR_SMP" "-DRARDLL" "-o" "/opt/rustwide/target/debug/build/unrar_sys/5a368cffce07e013/out/0934600a39780889-crc.o" "-c" "vendor/unrar/crc.cpp"cargo:warning=c++: fatal error: Killed signal terminated program cc1plus
[INFO] [stderr] warning: unrar_sys@0.5.8: compilation terminated.
[INFO] [stderr] warning: unrar_sys@0.5.8: ToolExecError: command did not execute successfully (status code exit status: 1): LC_ALL="C" "c++" "-O2" "-ffunction-sections" "-fdata-sections" "-fPIC" "-g" "-gdwarf-4" "-fno-omit-frame-pointer" "-m64" "-std=c++14" "-w" "-fPIC" "-Wno-switch" "-Wno-parentheses" "-Wno-macro-redefined" "-Wno-dangling-else" "-Wno-logical-op-parentheses" "-Wno-unused-parameter" "-Wno-unused-variable" "-Wno-unused-function" "-Wno-missing-braces" "-Wno-unknown-pragmas" "-Wno-deprecated-declarations" "-D_FILE_OFFSET_BITS=64" "-D_LARGEFILE_SOURCE" "-DRAR_SMP" "-DRARDLL" "-o" "/opt/rustwide/target/debug/build/unrar_sys/5a368cffce07e013/out/0934600a39780889-rawread.o" "-c" "vendor/unrar/rawread.cpp"cargo:warning=c++: fatal error: Killed signal terminated program cc1plus
[INFO] [stderr] warning: unrar_sys@0.5.8: compilation terminated.
[INFO] [stderr] warning: unrar_sys@0.5.8: ToolExecError: command did not execute successfully (status code exit status: 1): LC_ALL="C" "c++" "-O2" "-ffunction-sections" "-fdata-sections" "-fPIC" "-g" "-gdwarf-4" "-fno-omit-frame-pointer" "-m64" "-std=c++14" "-w" "-fPIC" "-Wno-switch" "-Wno-parentheses" "-Wno-macro-redefined" "-Wno-dangling-else" "-Wno-logical-op-parentheses" "-Wno-unused-parameter" "-Wno-unused-variable" "-Wno-unused-function" "-Wno-missing-braces" "-Wno-unknown-pragmas" "-Wno-deprecated-declarations" "-D_FILE_OFFSET_BITS=64" "-D_LARGEFILE_SOURCE" "-DRAR_SMP" "-DRARDLL" "-o" "/opt/rustwide/target/debug/build/unrar_sys/5a368cffce07e013/out/0934600a39780889-errhnd.o" "-c" "vendor/unrar/errhnd.cpp"cargo:warning=c++: fatal error: Killed signal terminated program cc1plus
[INFO] [stderr] warning: unrar_sys@0.5.8: compilation terminated.
[INFO] [stderr] warning: unrar_sys@0.5.8: ToolExecError: command did not execute successfully (status code exit status: 1): LC_ALL="C" "c++" "-O2" "-ffunction-sections" "-fdata-sections" "-fPIC" "-g" "-gdwarf-4" "-fno-omit-frame-pointer" "-m64" "-std=c++14" "-w" "-fPIC" "-Wno-switch" "-Wno-parentheses" "-Wno-macro-redefined" "-Wno-dangling-else" "-Wno-logical-op-parentheses" "-Wno-unused-parameter" "-Wno-unused-variable" "-Wno-unused-function" "-Wno-missing-braces" "-Wno-unknown-pragmas" "-Wno-deprecated-declarations" "-D_FILE_OFFSET_BITS=64" "-D_LARGEFILE_SOURCE" "-DRAR_SMP" "-DRARDLL" "-o" "/opt/rustwide/target/debug/build/unrar_sys/5a368cffce07e013/out/0934600a39780889-encname.o" "-c" "vendor/unrar/encname.cpp"cargo:warning=c++: fatal error: Killed signal terminated program cc1plus
[INFO] [stderr] warning: unrar_sys@0.5.8: compilation terminated.
[INFO] [stderr] warning: unrar_sys@0.5.8: ToolExecError: command did not execute successfully (status code exit status: 1): LC_ALL="C" "c++" "-O2" "-ffunction-sections" "-fdata-sections" "-fPIC" "-g" "-gdwarf-4" "-fno-omit-frame-pointer" "-m64" "-std=c++14" "-w" "-fPIC" "-Wno-switch" "-Wno-parentheses" "-Wno-macro-redefined" "-Wno-dangling-else" "-Wno-logical-op-parentheses" "-Wno-unused-parameter" "-Wno-unused-variable" "-Wno-unused-function" "-Wno-missing-braces" "-Wno-unknown-pragmas" "-Wno-deprecated-declarations" "-D_FILE_OFFSET_BITS=64" "-D_LARGEFILE_SOURCE" "-DRAR_SMP" "-DRARDLL" "-o" "/opt/rustwide/target/debug/build/unrar_sys/5a368cffce07e013/out/0934600a39780889-rdwrfn.o" "-c" "vendor/unrar/rdwrfn.cpp"cargo:warning=c++: fatal error: Killed signal terminated program cc1plus
[INFO] [stderr] warning: unrar_sys@0.5.8: compilation terminated.
[INFO] [stderr] warning: unrar_sys@0.5.8: ToolExecError: command did not execute successfully (status code exit status: 1): LC_ALL="C" "c++" "-O2" "-ffunction-sections" "-fdata-sections" "-fPIC" "-g" "-gdwarf-4" "-fno-omit-frame-pointer" "-m64" "-std=c++14" "-w" "-fPIC" "-Wno-switch" "-Wno-parentheses" "-Wno-macro-redefined" "-Wno-dangling-else" "-Wno-logical-op-parentheses" "-Wno-unused-parameter" "-Wno-unused-variable" "-Wno-unused-function" "-Wno-missing-braces" "-Wno-unknown-pragmas" "-Wno-deprecated-declarations" "-D_FILE_OFFSET_BITS=64" "-D_LARGEFILE_SOURCE" "-DRAR_SMP" "-DRARDLL" "-o" "/opt/rustwide/target/debug/build/unrar_sys/5a368cffce07e013/out/0934600a39780889-rarvm.o" "-c" "vendor/unrar/rarvm.cpp"cargo:warning=c++: fatal error: Killed signal terminated program cc1plus
[INFO] [stderr] warning: unrar_sys@0.5.8: compilation terminated.
[INFO] [stderr] warning: unrar_sys@0.5.8: ToolExecError: command did not execute successfully (status code exit status: 1): LC_ALL="C" "c++" "-O2" "-ffunction-sections" "-fdata-sections" "-fPIC" "-g" "-gdwarf-4" "-fno-omit-frame-pointer" "-m64" "-std=c++14" "-w" "-fPIC" "-Wno-switch" "-Wno-parentheses" "-Wno-macro-redefined" "-Wno-dangling-else" "-Wno-logical-op-parentheses" "-Wno-unused-parameter" "-Wno-unused-variable" "-Wno-unused-function" "-Wno-missing-braces" "-Wno-unknown-pragmas" "-Wno-deprecated-declarations" "-D_FILE_OFFSET_BITS=64" "-D_LARGEFILE_SOURCE" "-DRAR_SMP" "-DRARDLL" "-o" "/opt/rustwide/target/debug/build/unrar_sys/5a368cffce07e013/out/0934600a39780889-consio.o" "-c" "vendor/unrar/consio.cpp"cargo:warning=c++: fatal error: Killed signal terminated program cc1plus
[INFO] [stderr] warning: unrar_sys@0.5.8: compilation terminated.
[INFO] [stderr] warning: unrar_sys@0.5.8: ToolExecError: command did not execute successfully (status code exit status: 1): LC_ALL="C" "c++" "-O2" "-ffunction-sections" "-fdata-sections" "-fPIC" "-g" "-gdwarf-4" "-fno-omit-frame-pointer" "-m64" "-std=c++14" "-w" "-fPIC" "-Wno-switch" "-Wno-parentheses" "-Wno-macro-redefined" "-Wno-dangling-else" "-Wno-logical-op-parentheses" "-Wno-unused-parameter" "-Wno-unused-variable" "-Wno-unused-function" "-Wno-missing-braces" "-Wno-unknown-pragmas" "-Wno-deprecated-declarations" "-D_FILE_OFFSET_BITS=64" "-D_LARGEFILE_SOURCE" "-DRAR_SMP" "-DRARDLL" "-o" "/opt/rustwide/target/debug/build/unrar_sys/5a368cffce07e013/out/0934600a39780889-options.o" "-c" "vendor/unrar/options.cpp"cargo:warning=c++: fatal error: Killed signal terminated program cc1plus
[INFO] [stderr] warning: unrar_sys@0.5.8: compilation terminated.
[INFO] [stderr] warning: unrar_sys@0.5.8: ToolExecError: command did not execute successfully (status code exit status: 1): LC_ALL="C" "c++" "-O2" "-ffunction-sections" "-fdata-sections" "-fPIC" "-g" "-gdwarf-4" "-fno-omit-frame-pointer" "-m64" "-std=c++14" "-w" "-fPIC" "-Wno-switch" "-Wno-parentheses" "-Wno-macro-redefined" "-Wno-dangling-else" "-Wno-logical-op-parentheses" "-Wno-unused-parameter" "-Wno-unused-variable" "-Wno-unused-function" "-Wno-missing-braces" "-Wno-unknown-pragmas" "-Wno-deprecated-declarations" "-D_FILE_OFFSET_BITS=64" "-D_LARGEFILE_SOURCE" "-DRAR_SMP" "-DRARDLL" "-o" "/opt/rustwide/target/debug/build/unrar_sys/5a368cffce07e013/out/0934600a39780889-sha256.o" "-c" "vendor/unrar/sha256.cpp"cargo:warning=c++: fatal error: Killed signal terminated program cc1plus
[INFO] [stderr] warning: unrar_sys@0.5.8: compilation terminated.
[INFO] [stderr] warning: unrar_sys@0.5.8: ToolExecError: command did not execute successfully (status code exit status: 1): LC_ALL="C" "c++" "-O2" "-ffunction-sections" "-fdata-sections" "-fPIC" "-g" "-gdwarf-4" "-fno-omit-frame-pointer" "-m64" "-std=c++14" "-w" "-fPIC" "-Wno-switch" "-Wno-parentheses" "-Wno-macro-redefined" "-Wno-dangling-else" "-Wno-logical-op-parentheses" "-Wno-unused-parameter" "-Wno-unused-variable" "-Wno-unused-function" "-Wno-missing-braces" "-Wno-unknown-pragmas" "-Wno-deprecated-declarations" "-D_FILE_OFFSET_BITS=64" "-D_LARGEFILE_SOURCE" "-DRAR_SMP" "-DRARDLL" "-o" "/opt/rustwide/target/debug/build/unrar_sys/5a368cffce07e013/out/0934600a39780889-getbits.o" "-c" "vendor/unrar/getbits.cpp"cargo:warning=c++: fatal error: Killed signal terminated program cc1plus
[INFO] [stderr] warning: unrar_sys@0.5.8: compilation terminated.
[INFO] [stderr] warning: unrar_sys@0.5.8: ToolExecError: command did not execute successfully (status code exit status: 1): LC_ALL="C" "c++" "-O2" "-ffunction-sections" "-fdata-sections" "-fPIC" "-g" "-gdwarf-4" "-fno-omit-frame-pointer" "-m64" "-std=c++14" "-w" "-fPIC" "-Wno-switch" "-Wno-parentheses" "-Wno-macro-redefined" "-Wno-dangling-else" "-Wno-logical-op-parentheses" "-Wno-unused-parameter" "-Wno-unused-variable" "-Wno-unused-function" "-Wno-missing-braces" "-Wno-unknown-pragmas" "-Wno-deprecated-declarations" "-D_FILE_OFFSET_BITS=64" "-D_LARGEFILE_SOURCE" "-DRAR_SMP" "-DRARDLL" "-o" "/opt/rustwide/target/debug/build/unrar_sys/5a368cffce07e013/out/0934600a39780889-sha1.o" "-c" "vendor/unrar/sha1.cpp"cargo:warning=c++: fatal error: Killed signal terminated program cc1plus
[INFO] [stderr] warning: unrar_sys@0.5.8: compilation terminated.
[INFO] [stderr] warning: unrar_sys@0.5.8: ToolExecError: command did not execute successfully (status code exit status: 1): LC_ALL="C" "c++" "-O2" "-ffunction-sections" "-fdata-sections" "-fPIC" "-g" "-gdwarf-4" "-fno-omit-frame-pointer" "-m64" "-std=c++14" "-w" "-fPIC" "-Wno-switch" "-Wno-parentheses" "-Wno-macro-redefined" "-Wno-dangling-else" "-Wno-logical-op-parentheses" "-Wno-unused-parameter" "-Wno-unused-variable" "-Wno-unused-function" "-Wno-missing-braces" "-Wno-unknown-pragmas" "-Wno-deprecated-declarations" "-D_FILE_OFFSET_BITS=64" "-D_LARGEFILE_SOURCE" "-DRAR_SMP" "-DRARDLL" "-o" "/opt/rustwide/target/debug/build/unrar_sys/5a368cffce07e013/out/0934600a39780889-secpassword.o" "-c" "vendor/unrar/secpassword.cpp"cargo:warning=c++: fatal error: Killed signal terminated program cc1plus
[INFO] [stderr] warning: unrar_sys@0.5.8: compilation terminated.
[INFO] [stderr] warning: unrar_sys@0.5.8: ToolExecError: command did not execute successfully (status code exit status: 1): LC_ALL="C" "c++" "-O2" "-ffunction-sections" "-fdata-sections" "-fPIC" "-g" "-gdwarf-4" "-fno-omit-frame-pointer" "-m64" "-std=c++14" "-w" "-fPIC" "-Wno-switch" "-Wno-parentheses" "-Wno-macro-redefined" "-Wno-dangling-else" "-Wno-logical-op-parentheses" "-Wno-unused-parameter" "-Wno-unused-variable" "-Wno-unused-function" "-Wno-missing-braces" "-Wno-unknown-pragmas" "-Wno-deprecated-declarations" "-D_FILE_OFFSET_BITS=64" "-D_LARGEFILE_SOURCE" "-DRAR_SMP" "-DRARDLL" "-o" "/opt/rustwide/target/debug/build/unrar_sys/5a368cffce07e013/out/0934600a39780889-rijndael.o" "-c" "vendor/unrar/rijndael.cpp"cargo:warning=c++: fatal error: Killed signal terminated program cc1plus
[INFO] [stderr] warning: unrar_sys@0.5.8: compilation terminated.
[INFO] [stderr] warning: unrar_sys@0.5.8: ToolExecError: command did not execute successfully (status code exit status: 1): LC_ALL="C" "c++" "-O2" "-ffunction-sections" "-fdata-sections" "-fPIC" "-g" "-gdwarf-4" "-fno-omit-frame-pointer" "-m64" "-std=c++14" "-w" "-fPIC" "-Wno-switch" "-Wno-parentheses" "-Wno-macro-redefined" "-Wno-dangling-else" "-Wno-logical-op-parentheses" "-Wno-unused-parameter" "-Wno-unused-variable" "-Wno-unused-function" "-Wno-missing-braces" "-Wno-unknown-pragmas" "-Wno-deprecated-declarations" "-D_FILE_OFFSET_BITS=64" "-D_LARGEFILE_SOURCE" "-DRAR_SMP" "-DRARDLL" "-o" "/opt/rustwide/target/debug/build/unrar_sys/5a368cffce07e013/out/0934600a39780889-blake2s.o" "-c" "vendor/unrar/blake2s.cpp"cargo:warning=c++: fatal error: Killed signal terminated program cc1plus
[INFO] [stderr] warning: unrar_sys@0.5.8: compilation terminated.
[INFO] [stderr] warning: unrar_sys@0.5.8: ToolExecError: command did not execute successfully (status code exit status: 1): LC_ALL="C" "c++" "-O2" "-ffunction-sections" "-fdata-sections" "-fPIC" "-g" "-gdwarf-4" "-fno-omit-frame-pointer" "-m64" "-std=c++14" "-w" "-fPIC" "-Wno-switch" "-Wno-parentheses" "-Wno-macro-redefined" "-Wno-dangling-else" "-Wno-logical-op-parentheses" "-Wno-unused-parameter" "-Wno-unused-variable" "-Wno-unused-function" "-Wno-missing-braces" "-Wno-unknown-pragmas" "-Wno-deprecated-declarations" "-D_FILE_OFFSET_BITS=64" "-D_LARGEFILE_SOURCE" "-DRAR_SMP" "-DRARDLL" "-o" "/opt/rustwide/target/debug/build/unrar_sys/5a368cffce07e013/out/0934600a39780889-list.o" "-c" "vendor/unrar/list.cpp"cargo:warning=c++: fatal error: Killed signal terminated program cc1plus
[INFO] [stderr] warning: unrar_sys@0.5.8: compilation terminated.
[INFO] [stderr] warning: unrar_sys@0.5.8: ToolExecError: command did not execute successfully (status code exit status: 1): LC_ALL="C" "c++" "-O2" "-ffunction-sections" "-fdata-sections" "-fPIC" "-g" "-gdwarf-4" "-fno-omit-frame-pointer" "-m64" "-std=c++14" "-w" "-fPIC" "-Wno-switch" "-Wno-parentheses" "-Wno-macro-redefined" "-Wno-dangling-else" "-Wno-logical-op-parentheses" "-Wno-unused-parameter" "-Wno-unused-variable" "-Wno-unused-function" "-Wno-missing-braces" "-Wno-unknown-pragmas" "-Wno-deprecated-declarations" "-D_FILE_OFFSET_BITS=64" "-D_LARGEFILE_SOURCE" "-DRAR_SMP" "-DRARDLL" "-o" "/opt/rustwide/target/debug/build/unrar_sys/5a368cffce07e013/out/0934600a39780889-volume.o" "-c" "vendor/unrar/volume.cpp"cargo:warning=c++: fatal error: Killed signal terminated program cc1plus
[INFO] [stderr] warning: unrar_sys@0.5.8: compilation terminated.
[INFO] [stderr] warning: unrar_sys@0.5.8: ToolExecError: command did not execute successfully (status code exit status: 1): LC_ALL="C" "c++" "-O2" "-ffunction-sections" "-fdata-sections" "-fPIC" "-g" "-gdwarf-4" "-fno-omit-frame-pointer" "-m64" "-std=c++14" "-w" "-fPIC" "-Wno-switch" "-Wno-parentheses" "-Wno-macro-redefined" "-Wno-dangling-else" "-Wno-logical-op-parentheses" "-Wno-unused-parameter" "-Wno-unused-variable" "-Wno-unused-function" "-Wno-missing-braces" "-Wno-unknown-pragmas" "-Wno-deprecated-declarations" "-D_FILE_OFFSET_BITS=64" "-D_LARGEFILE_SOURCE" "-DRAR_SMP" "-DRARDLL" "-o" "/opt/rustwide/target/debug/build/unrar_sys/5a368cffce07e013/out/0934600a39780889-find.o" "-c" "vendor/unrar/find.cpp"cargo:warning=c++: fatal error: Killed signal terminated program cc1plus
[INFO] [stderr] warning: unrar_sys@0.5.8: compilation terminated.
[INFO] [stderr] warning: unrar_sys@0.5.8: ToolExecError: command did not execute successfully (status code exit status: 1): LC_ALL="C" "c++" "-O2" "-ffunction-sections" "-fdata-sections" "-fPIC" "-g" "-gdwarf-4" "-fno-omit-frame-pointer" "-m64" "-std=c++14" "-w" "-fPIC" "-Wno-switch" "-Wno-parentheses" "-Wno-macro-redefined" "-Wno-dangling-else" "-Wno-logical-op-parentheses" "-Wno-unused-parameter" "-Wno-unused-variable" "-Wno-unused-function" "-Wno-missing-braces" "-Wno-unknown-pragmas" "-Wno-deprecated-declarations" "-D_FILE_OFFSET_BITS=64" "-D_LARGEFILE_SOURCE" "-DRAR_SMP" "-DRARDLL" "-o" "/opt/rustwide/target/debug/build/unrar_sys/5a368cffce07e013/out/0934600a39780889-extinfo.o" "-c" "vendor/unrar/extinfo.cpp"cargo:warning=c++: fatal error: Killed signal terminated program cc1plus
[INFO] [stderr] warning: unrar_sys@0.5.8: compilation terminated.
[INFO] [stderr] warning: unrar_sys@0.5.8: ToolExecError: command did not execute successfully (status code exit status: 1): LC_ALL="C" "c++" "-O2" "-ffunction-sections" "-fdata-sections" "-fPIC" "-g" "-gdwarf-4" "-fno-omit-frame-pointer" "-m64" "-std=c++14" "-w" "-fPIC" "-Wno-switch" "-Wno-parentheses" "-Wno-macro-redefined" "-Wno-dangling-else" "-Wno-logical-op-parentheses" "-Wno-unused-parameter" "-Wno-unused-variable" "-Wno-unused-function" "-Wno-missing-braces" "-Wno-unknown-pragmas" "-Wno-deprecated-declarations" "-D_FILE_OFFSET_BITS=64" "-D_LARGEFILE_SOURCE" "-DRAR_SMP" "-DRARDLL" "-o" "/opt/rustwide/target/debug/build/unrar_sys/5a368cffce07e013/out/0934600a39780889-unpack.o" "-c" "vendor/unrar/unpack.cpp"cargo:warning=c++: fatal error: Killed signal terminated program cc1plus
[INFO] [stderr] warning: unrar_sys@0.5.8: compilation terminated.
[INFO] [stderr] warning: unrar_sys@0.5.8: ToolExecError: command did not execute successfully (status code exit status: 1): LC_ALL="C" "c++" "-O2" "-ffunction-sections" "-fdata-sections" "-fPIC" "-g" "-gdwarf-4" "-fno-omit-frame-pointer" "-m64" "-std=c++14" "-w" "-fPIC" "-Wno-switch" "-Wno-parentheses" "-Wno-macro-redefined" "-Wno-dangling-else" "-Wno-logical-op-parentheses" "-Wno-unused-parameter" "-Wno-unused-variable" "-Wno-unused-function" "-Wno-missing-braces" "-Wno-unknown-pragmas" "-Wno-deprecated-declarations" "-D_FILE_OFFSET_BITS=64" "-D_LARGEFILE_SOURCE" "-DRAR_SMP" "-DRARDLL" "-o" "/opt/rustwide/target/debug/build/unrar_sys/5a368cffce07e013/out/0934600a39780889-filestr.o" "-c" "vendor/unrar/filestr.cpp"cargo:warning=c++: fatal error: Killed signal terminated program cc1plus
[INFO] [stderr] warning: unrar_sys@0.5.8: compilation terminated.
[INFO] [stderr] warning: unrar_sys@0.5.8: ToolExecError: command did not execute successfully (status code exit status: 1): LC_ALL="C" "c++" "-O2" "-ffunction-sections" "-fdata-sections" "-fPIC" "-g" "-gdwarf-4" "-fno-omit-frame-pointer" "-m64" "-std=c++14" "-w" "-fPIC" "-Wno-switch" "-Wno-parentheses" "-Wno-macro-redefined" "-Wno-dangling-else" "-Wno-logical-op-parentheses" "-Wno-unused-parameter" "-Wno-unused-variable" "-Wno-unused-function" "-Wno-missing-braces" "-Wno-unknown-pragmas" "-Wno-deprecated-declarations" "-D_FILE_OFFSET_BITS=64" "-D_LARGEFILE_SOURCE" "-DRAR_SMP" "-DRARDLL" "-o" "/opt/rustwide/target/debug/build/unrar_sys/5a368cffce07e013/out/0934600a39780889-hash.o" "-c" "vendor/unrar/hash.cpp"cargo:warning=c++: fatal error: Killed signal terminated program cc1plus
[INFO] [stderr] warning: unrar_sys@0.5.8: compilation terminated.
[INFO] [stderr] warning: unrar_sys@0.5.8: ToolExecError: command did not execute successfully (status code exit status: 1): LC_ALL="C" "c++" "-O2" "-ffunction-sections" "-fdata-sections" "-fPIC" "-g" "-gdwarf-4" "-fno-omit-frame-pointer" "-m64" "-std=c++14" "-w" "-fPIC" "-Wno-switch" "-Wno-parentheses" "-Wno-macro-redefined" "-Wno-dangling-else" "-Wno-logical-op-parentheses" "-Wno-unused-parameter" "-Wno-unused-variable" "-Wno-unused-function" "-Wno-missing-braces" "-Wno-unknown-pragmas" "-Wno-deprecated-declarations" "-D_FILE_OFFSET_BITS=64" "-D_LARGEFILE_SOURCE" "-DRAR_SMP" "-DRARDLL" "-o" "/opt/rustwide/target/debug/build/unrar_sys/5a368cffce07e013/out/0934600a39780889-qopen.o" "-c" "vendor/unrar/qopen.cpp"
[INFO] [stderr] error: failed to run custom build command for `unrar_sys v0.5.8`
[INFO] [stderr] note: To improve backtraces for build dependencies, set the CARGO_PROFILE_DEV_BUILD_OVERRIDE_DEBUG=true environment variable to enable debug information generation.
[INFO] [stderr] 
[INFO] [stderr] Caused by:
[INFO] [stderr]   process didn't exit successfully: `/opt/rustwide/target/debug/build/unrar_sys/9586b6c4e3dd174f/out/build_script_build` (exit status: 1)
[INFO] [stderr]   --- stdout
[INFO] [stderr]   cargo:rustc-link-lib=pthread
[INFO] [stderr]   OUT_DIR = Some(/opt/rustwide/target/debug/build/unrar_sys/5a368cffce07e013/out)
[INFO] [stderr]   TARGET = Some(x86_64-unknown-linux-gnu)
[INFO] [stderr]   CARGO_ENCODED_RUSTFLAGS = Some(--cap-lints=warn)
[INFO] [stderr]   HOST = Some(x86_64-unknown-linux-gnu)
[INFO] [stderr]   cargo:rerun-if-env-changed=CXX_x86_64-unknown-linux-gnu
[INFO] [stderr]   CXX_x86_64-unknown-linux-gnu = None
[INFO] [stderr]   cargo:rerun-if-env-changed=CXX_x86_64_unknown_linux_gnu
[INFO] [stderr]   CXX_x86_64_unknown_linux_gnu = None
[INFO] [stderr]   cargo:rerun-if-env-changed=HOST_CXX
[INFO] [stderr]   HOST_CXX = None
[INFO] [stderr]   cargo:rerun-if-env-changed=CXX
[INFO] [stderr]   CXX = None
[INFO] [stderr]   cargo:rerun-if-env-changed=CC_ENABLE_DEBUG_OUTPUT
[INFO] [stderr]   RUSTC_WRAPPER = None
[INFO] [stderr]   cargo:rerun-if-env-changed=CRATE_CC_NO_DEFAULTS
[INFO] [stderr]   CRATE_CC_NO_DEFAULTS = None
[INFO] [stderr]   DEBUG = Some(true)
[INFO] [stderr]   CARGO_CFG_TARGET_FEATURE = Some(fxsr,sse,sse2)
[INFO] [stderr]   cargo:rerun-if-env-changed=CXXFLAGS
[INFO] [stderr]   CXXFLAGS = None
[INFO] [stderr]   cargo:rerun-if-env-changed=HOST_CXXFLAGS
[INFO] [stderr]   HOST_CXXFLAGS = None
[INFO] [stderr]   cargo:rerun-if-env-changed=CXXFLAGS_x86_64_unknown_linux_gnu
[INFO] [stderr]   CXXFLAGS_x86_64_unknown_linux_gnu = None
[INFO] [stderr]   cargo:rerun-if-env-changed=CXXFLAGS_x86_64-unknown-linux-gnu
[INFO] [stderr]   CXXFLAGS_x86_64-unknown-linux-gnu = None
[INFO] [stderr]   OUT_DIR = Some(/opt/rustwide/target/debug/build/unrar_sys/5a368cffce07e013/out)
[INFO] [stderr]   cargo:rerun-if-env-changed=CC_ENABLE_DEBUG_OUTPUT
[INFO] [stderr]   cargo:rerun-if-env-changed=CRATE_CC_NO_DEFAULTS
[INFO] [stderr]   CRATE_CC_NO_DEFAULTS = None
[INFO] [stderr]   TARGET = Some(x86_64-unknown-linux-gnu)
[INFO] [stderr]   CARGO_CFG_TARGET_FEATURE = Some(fxsr,sse,sse2)
[INFO] [stderr]   HOST = Some(x86_64-unknown-linux-gnu)
[INFO] [stderr]   cargo:rerun-if-env-changed=CXXFLAGS
[INFO] [stderr]   CXXFLAGS = None
[INFO] [stderr]   cargo:rerun-if-env-changed=HOST_CXXFLAGS
[INFO] [stderr]   HOST_CXXFLAGS = None
[INFO] [stderr]   cargo:rerun-if-env-changed=CXXFLAGS_x86_64_unknown_linux_gnu
[INFO] [stderr]   CXXFLAGS_x86_64_unknown_linux_gnu = None
[INFO] [stderr]   cargo:rerun-if-env-changed=CXXFLAGS_x86_64-unknown-linux-gnu
[INFO] [stderr]   CXXFLAGS_x86_64-unknown-linux-gnu = None
[INFO] [stderr]   OUT_DIR = Some(/opt/rustwide/target/debug/build/unrar_sys/5a368cffce07e013/out)
[INFO] [stderr]   cargo:rerun-if-env-changed=CC_ENABLE_DEBUG_OUTPUT
[INFO] [stderr]   cargo:rerun-if-env-changed=CRATE_CC_NO_DEFAULTS
[INFO] [stderr]   CRATE_CC_NO_DEFAULTS = None
[INFO] [stderr]   TARGET = Some(x86_64-unknown-linux-gnu)
[INFO] [stderr]   CARGO_CFG_TARGET_FEATURE = Some(fxsr,sse,sse2)
[INFO] [stderr]   HOST = Some(x86_64-unknown-linux-gnu)
[INFO] [stderr]   cargo:rerun-if-env-changed=CXXFLAGS
[INFO] [stderr]   CXXFLAGS = None
[INFO] [stderr]   cargo:rerun-if-env-changed=HOST_CXXFLAGS
[INFO] [stderr]   HOST_CXXFLAGS = None
[INFO] [stderr]   cargo:rerun-if-env-changed=CXXFLAGS_x86_64_unknown_linux_gnu
[INFO] [stderr]   CXXFLAGS_x86_64_unknown_linux_gnu = None
[INFO] [stderr]   cargo:rerun-if-env-changed=CXXFLAGS_x86_64-unknown-linux-gnu
[INFO] [stderr]   CXXFLAGS_x86_64-unknown-linux-gnu = None
[INFO] [stderr]   OUT_DIR = Some(/opt/rustwide/target/debug/build/unrar_sys/5a368cffce07e013/out)
[INFO] [stderr]   cargo:rerun-if-env-changed=CC_ENABLE_DEBUG_OUTPUT
[INFO] [stderr]   cargo:rerun-if-env-changed=CRATE_CC_NO_DEFAULTS
[INFO] [stderr]   CRATE_CC_NO_DEFAULTS = None
[INFO] [stderr]   TARGET = Some(x86_64-unknown-linux-gnu)
[INFO] [stderr]   CARGO_CFG_TARGET_FEATURE = Some(fxsr,sse,sse2)
[INFO] [stderr]   HOST = Some(x86_64-unknown-linux-gnu)
[INFO] [stderr]   cargo:rerun-if-env-changed=CXXFLAGS
[INFO] [stderr]   CXXFLAGS = None
[INFO] [stderr]   cargo:rerun-if-env-changed=HOST_CXXFLAGS
[INFO] [stderr]   HOST_CXXFLAGS = None
[INFO] [stderr]   cargo:rerun-if-env-changed=CXXFLAGS_x86_64_unknown_linux_gnu
[INFO] [stderr]   CXXFLAGS_x86_64_unknown_linux_gnu = None
[INFO] [stderr]   cargo:rerun-if-env-changed=CXXFLAGS_x86_64-unknown-linux-gnu
[INFO] [stderr]   CXXFLAGS_x86_64-unknown-linux-gnu = None
[INFO] [stderr]   OUT_DIR = Some(/opt/rustwide/target/debug/build/unrar_sys/5a368cffce07e013/out)
[INFO] [stderr]   cargo:rerun-if-env-changed=CC_ENABLE_DEBUG_OUTPUT
[INFO] [stderr]   cargo:rerun-if-env-changed=CRATE_CC_NO_DEFAULTS
[INFO] [stderr]   CRATE_CC_NO_DEFAULTS = None
[INFO] [stderr]   TARGET = Some(x86_64-unknown-linux-gnu)
[INFO] [stderr]   CARGO_CFG_TARGET_FEATURE = Some(fxsr,sse,sse2)
[INFO] [stderr]   HOST = Some(x86_64-unknown-linux-gnu)
[INFO] [stderr]   cargo:rerun-if-env-changed=CXXFLAGS
[INFO] [stderr]   CXXFLAGS = None
[INFO] [stderr]   cargo:rerun-if-env-changed=HOST_CXXFLAGS
[INFO] [stderr]   HOST_CXXFLAGS = None
[INFO] [stderr]   cargo:rerun-if-env-changed=CXXFLAGS_x86_64_unknown_linux_gnu
[INFO] [stderr]   CXXFLAGS_x86_64_unknown_linux_gnu = None
[INFO] [stderr]   cargo:rerun-if-env-changed=CXXFLAGS_x86_64-unknown-linux-gnu
[INFO] [stderr]   CXXFLAGS_x86_64-unknown-linux-gnu = None
[INFO] [stderr]   OUT_DIR = Some(/opt/rustwide/target/debug/build/unrar_sys/5a368cffce07e013/out)
[INFO] [stderr]   cargo:rerun-if-env-changed=CC_ENABLE_DEBUG_OUTPUT
[INFO] [stderr]   cargo:rerun-if-env-changed=CRATE_CC_NO_DEFAULTS
[INFO] [stderr]   CRATE_CC_NO_DEFAULTS = None
[INFO] [stderr]   TARGET = Some(x86_64-unknown-linux-gnu)
[INFO] [stderr]   CARGO_CFG_TARGET_FEATURE = Some(fxsr,sse,sse2)
[INFO] [stderr]   HOST = Some(x86_64-unknown-linux-gnu)
[INFO] [stderr]   cargo:rerun-if-env-changed=CXXFLAGS
[INFO] [stderr]   CXXFLAGS = None
[INFO] [stderr]   cargo:rerun-if-env-changed=HOST_CXXFLAGS
[INFO] [stderr]   HOST_CXXFLAGS = None
[INFO] [stderr]   cargo:rerun-if-env-changed=CXXFLAGS_x86_64_unknown_linux_gnu
[INFO] [stderr]   CXXFLAGS_x86_64_unknown_linux_gnu = None
[INFO] [stderr]   cargo:rerun-if-env-changed=CXXFLAGS_x86_64-unknown-linux-gnu
[INFO] [stderr]   CXXFLAGS_x86_64-unknown-linux-gnu = None
[INFO] [stderr]   OUT_DIR = Some(/opt/rustwide/target/debug/build/unrar_sys/5a368cffce07e013/out)
[INFO] [stderr]   cargo:rerun-if-env-changed=CC_ENABLE_DEBUG_OUTPUT
[INFO] [stderr]   cargo:rerun-if-env-changed=CRATE_CC_NO_DEFAULTS
[INFO] [stderr]   CRATE_CC_NO_DEFAULTS = None
[INFO] [stderr]   TARGET = Some(x86_64-unknown-linux-gnu)
[INFO] [stderr]   CARGO_CFG_TARGET_FEATURE = Some(fxsr,sse,sse2)
[INFO] [stderr]   HOST = Some(x86_64-unknown-linux-gnu)
[INFO] [stderr]   cargo:rerun-if-env-changed=CXXFLAGS
[INFO] [stderr]   CXXFLAGS = None
[INFO] [stderr]   cargo:rerun-if-env-changed=HOST_CXXFLAGS
[INFO] [stderr]   HOST_CXXFLAGS = None
[INFO] [stderr]   cargo:rerun-if-env-changed=CXXFLAGS_x86_64_unknown_linux_gnu
[INFO] [stderr]   CXXFLAGS_x86_64_unknown_linux_gnu = None
[INFO] [stderr]   cargo:rerun-if-env-changed=CXXFLAGS_x86_64-unknown-linux-gnu
[INFO] [stderr]   CXXFLAGS_x86_64-unknown-linux-gnu = None
[INFO] [stderr]   OUT_DIR = Some(/opt/rustwide/target/debug/build/unrar_sys/5a368cffce07e013/out)
[INFO] [stderr]   cargo:rerun-if-env-changed=CC_ENABLE_DEBUG_OUTPUT
[INFO] [stderr]   cargo:rerun-if-env-changed=CRATE_CC_NO_DEFAULTS
[INFO] [stderr]   CRATE_CC_NO_DEFAULTS = None
[INFO] [stderr]   TARGET = Some(x86_64-unknown-linux-gnu)
[INFO] [stderr]   CARGO_CFG_TARGET_FEATURE = Some(fxsr,sse,sse2)
[INFO] [stderr]   HOST = Some(x86_64-unknown-linux-gnu)
[INFO] [stderr]   cargo:rerun-if-env-changed=CXXFLAGS
[INFO] [stderr]   CXXFLAGS = None
[INFO] [stderr]   cargo:rerun-if-env-changed=HOST_CXXFLAGS
[INFO] [stderr]   HOST_CXXFLAGS = None
[INFO] [stderr]   cargo:rerun-if-env-changed=CXXFLAGS_x86_64_unknown_linux_gnu
[INFO] [stderr]   CXXFLAGS_x86_64_unknown_linux_gnu = None
[INFO] [stderr]   cargo:rerun-if-env-changed=CXXFLAGS_x86_64-unknown-linux-gnu
[INFO] [stderr]   CXXFLAGS_x86_64-unknown-linux-gnu = None
[INFO] [stderr]   OUT_DIR = Some(/opt/rustwide/target/debug/build/unrar_sys/5a368cffce07e013/out)
[INFO] [stderr]   cargo:rerun-if-env-changed=CC_ENABLE_DEBUG_OUTPUT
[INFO] [stderr]   cargo:rerun-if-env-changed=CRATE_CC_NO_DEFAULTS
[INFO] [stderr]   CRATE_CC_NO_DEFAULTS = None
[INFO] [stderr]   TARGET = Some(x86_64-unknown-linux-gnu)
[INFO] [stderr]   CARGO_CFG_TARGET_FEATURE = Some(fxsr,sse,sse2)
[INFO] [stderr]   HOST = Some(x86_64-unknown-linux-gnu)
[INFO] [stderr]   cargo:rerun-if-env-changed=CXXFLAGS
[INFO] [stderr]   CXXFLAGS = None
[INFO] [stderr]   cargo:rerun-if-env-changed=HOST_CXXFLAGS
[INFO] [stderr]   HOST_CXXFLAGS = None
[INFO] [stderr]   cargo:rerun-if-env-changed=CXXFLAGS_x86_64_unknown_linux_gnu
[INFO] [stderr]   CXXFLAGS_x86_64_unknown_linux_gnu = None
[INFO] [stderr]   cargo:rerun-if-env-changed=CXXFLAGS_x86_64-unknown-linux-gnu
[INFO] [stderr]   CXXFLAGS_x86_64-unknown-linux-gnu = None
[INFO] [stderr]   OUT_DIR = Some(/opt/rustwide/target/debug/build/unrar_sys/5a368cffce07e013/out)
[INFO] [stderr]   cargo:rerun-if-env-changed=CC_ENABLE_DEBUG_OUTPUT
[INFO] [stderr]   cargo:rerun-if-env-changed=CRATE_CC_NO_DEFAULTS
[INFO] [stderr]   CRATE_CC_NO_DEFAULTS = None
[INFO] [stderr]   TARGET = Some(x86_64-unknown-linux-gnu)
[INFO] [stderr]   CARGO_CFG_TARGET_FEATURE = Some(fxsr,sse,sse2)
[INFO] [stderr]   HOST = Some(x86_64-unknown-linux-gnu)
[INFO] [stderr]   cargo:rerun-if-env-changed=CXXFLAGS
[INFO] [stderr]   CXXFLAGS = None
[INFO] [stderr]   cargo:rerun-if-env-changed=HOST_CXXFLAGS
[INFO] [stderr]   HOST_CXXFLAGS = None
[INFO] [stderr]   cargo:rerun-if-env-changed=CXXFLAGS_x86_64_unknown_linux_gnu
[INFO] [stderr]   CXXFLAGS_x86_64_unknown_linux_gnu = None
[INFO] [stderr]   cargo:rerun-if-env-changed=CXXFLAGS_x86_64-unknown-linux-gnu
[INFO] [stderr]   CXXFLAGS_x86_64-unknown-linux-gnu = None
[INFO] [stderr]   OUT_DIR = Some(/opt/rustwide/target/debug/build/unrar_sys/5a368cffce07e013/out)
[INFO] [stderr]   cargo:rerun-if-env-changed=CC_ENABLE_DEBUG_OUTPUT
[INFO] [stderr]   cargo:rerun-if-env-changed=CRATE_CC_NO_DEFAULTS
[INFO] [stderr]   CRATE_CC_NO_DEFAULTS = None
[INFO] [stderr]   TARGET = Some(x86_64-unknown-linux-gnu)
[INFO] [stderr]   CARGO_CFG_TARGET_FEATURE = Some(fxsr,sse,sse2)
[INFO] [stderr]   HOST = Some(x86_64-unknown-linux-gnu)
[INFO] [stderr]   cargo:rerun-if-env-changed=CXXFLAGS
[INFO] [stderr]   CXXFLAGS = None
[INFO] [stderr]   cargo:rerun-if-env-changed=HOST_CXXFLAGS
[INFO] [stderr]   HOST_CXXFLAGS = None
[INFO] [stderr]   cargo:rerun-if-env-changed=CXXFLAGS_x86_64_unknown_linux_gnu
[INFO] [stderr]   CXXFLAGS_x86_64_unknown_linux_gnu = None
[INFO] [stderr]   cargo:rerun-if-env-changed=CXXFLAGS_x86_64-unknown-linux-gnu
[INFO] [stderr]   CXXFLAGS_x86_64-unknown-linux-gnu = None
[INFO] [stderr]   OUT_DIR = Some(/opt/rustwide/target/debug/build/unrar_sys/5a368cffce07e013/out)
[INFO] [stderr]   cargo:rerun-if-env-changed=CC_ENABLE_DEBUG_OUTPUT
[INFO] [stderr]   cargo:rerun-if-env-changed=CRATE_CC_NO_DEFAULTS
[INFO] [stderr]   CRATE_CC_NO_DEFAULTS = None
[INFO] [stderr]   TARGET = Some(x86_64-unknown-linux-gnu)
[INFO] [stderr]   CARGO_CFG_TARGET_FEATURE = Some(fxsr,sse,sse2)
[INFO] [stderr]   HOST = Some(x86_64-unknown-linux-gnu)
[INFO] [stderr]   cargo:rerun-if-env-changed=CXXFLAGS
[INFO] [stderr]   CXXFLAGS = None
[INFO] [stderr]   cargo:rerun-if-env-changed=HOST_CXXFLAGS
[INFO] [stderr]   HOST_CXXFLAGS = None
[INFO] [stderr]   cargo:rerun-if-env-changed=CXXFLAGS_x86_64_unknown_linux_gnu
[INFO] [stderr]   CXXFLAGS_x86_64_unknown_linux_gnu = None
[INFO] [stderr]   cargo:rerun-if-env-changed=CXXFLAGS_x86_64-unknown-linux-gnu
[INFO] [stderr]   CXXFLAGS_x86_64-unknown-linux-gnu = None
[INFO] [stderr]   OUT_DIR = Some(/opt/rustwide/target/debug/build/unrar_sys/5a368cffce07e013/out)
[INFO] [stderr]   cargo:rerun-if-env-changed=CC_ENABLE_DEBUG_OUTPUT
[INFO] [stderr]   cargo:rerun-if-env-changed=CRATE_CC_NO_DEFAULTS
[INFO] [stderr]   CRATE_CC_NO_DEFAULTS = None
[INFO] [stderr]   TARGET = Some(x86_64-unknown-linux-gnu)
[INFO] [stderr]   CARGO_CFG_TARGET_FEATURE = Some(fxsr,sse,sse2)
[INFO] [stderr]   HOST = Some(x86_64-unknown-linux-gnu)
[INFO] [stderr]   cargo:rerun-if-env-changed=CXXFLAGS
[INFO] [stderr]   CXXFLAGS = None
[INFO] [stderr]   cargo:rerun-if-env-changed=HOST_CXXFLAGS
[INFO] [stderr]   HOST_CXXFLAGS = None
[INFO] [stderr]   cargo:rerun-if-env-changed=CXXFLAGS_x86_64_unknown_linux_gnu
[INFO] [stderr]   CXXFLAGS_x86_64_unknown_linux_gnu = None
[INFO] [stderr]   cargo:rerun-if-env-changed=CXXFLAGS_x86_64-unknown-linux-gnu
[INFO] [stderr]   CXXFLAGS_x86_64-unknown-linux-gnu = None
[INFO] [stderr]   OUT_DIR = Some(/opt/rustwide/target/debug/build/unrar_sys/5a368cffce07e013/out)
[INFO] [stderr]   cargo:rerun-if-env-changed=CC_ENABLE_DEBUG_OUTPUT
[INFO] [stderr]   cargo:rerun-if-env-changed=CRATE_CC_NO_DEFAULTS
[INFO] [stderr]   CRATE_CC_NO_DEFAULTS = None
[INFO] [stderr]   TARGET = Some(x86_64-unknown-linux-gnu)
[INFO] [stderr]   CARGO_CFG_TARGET_FEATURE = Some(fxsr,sse,sse2)
[INFO] [stderr]   HOST = Some(x86_64-unknown-linux-gnu)
[INFO] [stderr]   cargo:rerun-if-env-changed=CXXFLAGS
[INFO] [stderr]   CXXFLAGS = None
[INFO] [stderr]   cargo:rerun-if-env-changed=HOST_CXXFLAGS
[INFO] [stderr]   HOST_CXXFLAGS = None
[INFO] [stderr]   cargo:rerun-if-env-changed=CXXFLAGS_x86_64_unknown_linux_gnu
[INFO] [stderr]   CXXFLAGS_x86_64_unknown_linux_gnu = None
[INFO] [stderr]   cargo:rerun-if-env-changed=CXXFLAGS_x86_64-unknown-linux-gnu
[INFO] [stderr]   CXXFLAGS_x86_64-unknown-linux-gnu = None
[INFO] [stderr]   cargo:warning=c++: fatal error: Killed signal terminated program cc1plus
[INFO] [stderr]   cargo:warning=compilation terminated.
[INFO] [stderr]   exit status: 0
[INFO] [stderr]   exit status: 0
[INFO] [stderr]   exit status: 1
[INFO] [stderr]   cargo:warning=ToolExecError: command did not execute successfully (status code exit status: 1): LC_ALL="C" "c++" "-O2" "-ffunction-sections" "-fdata-sections" "-fPIC" "-g" "-gdwarf-4" "-fno-omit-frame-pointer" "-m64" "-std=c++14" "-w" "-fPIC" "-Wno-switch" "-Wno-parentheses" "-Wno-macro-redefined" "-Wno-dangling-else" "-Wno-logical-op-parentheses" "-Wno-unused-parameter" "-Wno-unused-variable" "-Wno-unused-function" "-Wno-missing-braces" "-Wno-unknown-pragmas" "-Wno-deprecated-declarations" "-D_FILE_OFFSET_BITS=64" "-D_LARGEFILE_SOURCE" "-DRAR_SMP" "-DRARDLL" "-o" "/opt/rustwide/target/debug/build/unrar_sys/5a368cffce07e013/out/0934600a39780889-smallfn.o" "-c" "vendor/unrar/smallfn.cpp"cargo:warning=c++: fatal error: Killed signal terminated program cc1plus
[INFO] [stderr]   cargo:warning=compilation terminated.
[INFO] [stderr] 
[INFO] [stderr]   exit status: 1
[INFO] [stderr]   cargo:warning=ToolExecError: command did not execute successfully (status code exit status: 1): LC_ALL="C" "c++" "-O2" "-ffunction-sections" "-fdata-sections" "-fPIC" "-g" "-gdwarf-4" "-fno-omit-frame-pointer" "-m64" "-std=c++14" "-w" "-fPIC" "-Wno-switch" "-Wno-parentheses" "-Wno-macro-redefined" "-Wno-dangling-else" "-Wno-logical-op-parentheses" "-Wno-unused-parameter" "-Wno-unused-variable" "-Wno-unused-function" "-Wno-missing-braces" "-Wno-unknown-pragmas" "-Wno-deprecated-declarations" "-D_FILE_OFFSET_BITS=64" "-D_LARGEFILE_SOURCE" "-DRAR_SMP" "-DRARDLL" "-o" "/opt/rustwide/target/debug/build/unrar_sys/5a368cffce07e013/out/0934600a39780889-pathfn.o" "-c" "vendor/unrar/pathfn.cpp"cargo:warning=c++: fatal error: Killed signal terminated program cc1plus
[INFO] [stderr]   cargo:warning=compilation terminated.
[INFO] [stderr] 
[INFO] [stderr]   exit status: 1
[INFO] [stderr]   cargo:warning=ToolExecError: command did not execute successfully (status code exit status: 1): LC_ALL="C" "c++" "-O2" "-ffunction-sections" "-fdata-sections" "-fPIC" "-g" "-gdwarf-4" "-fno-omit-frame-pointer" "-m64" "-std=c++14" "-w" "-fPIC" "-Wno-switch" "-Wno-parentheses" "-Wno-macro-redefined" "-Wno-dangling-else" "-Wno-logical-op-parentheses" "-Wno-unused-parameter" "-Wno-unused-variable" "-Wno-unused-function" "-Wno-missing-braces" "-Wno-unknown-pragmas" "-Wno-deprecated-declarations" "-D_FILE_OFFSET_BITS=64" "-D_LARGEFILE_SOURCE" "-DRAR_SMP" "-DRARDLL" "-o" "/opt/rustwide/target/debug/build/unrar_sys/5a368cffce07e013/out/0934600a39780889-global.o" "-c" "vendor/unrar/global.cpp"cargo:warning=c++: fatal error: Killed signal terminated program cc1plus
[INFO] [stderr]   cargo:warning=compilation terminated.
[INFO] [stderr] 
[INFO] [stderr]   exit status: 1
[INFO] [stderr]   cargo:warning=ToolExecError: command did not execute successfully (status code exit status: 1): LC_ALL="C" "c++" "-O2" "-ffunction-sections" "-fdata-sections" "-fPIC" "-g" "-gdwarf-4" "-fno-omit-frame-pointer" "-m64" "-std=c++14" "-w" "-fPIC" "-Wno-switch" "-Wno-parentheses" "-Wno-macro-redefined" "-Wno-dangling-else" "-Wno-logical-op-parentheses" "-Wno-unused-parameter" "-Wno-unused-variable" "-Wno-unused-function" "-Wno-missing-braces" "-Wno-unknown-pragmas" "-Wno-deprecated-declarations" "-D_FILE_OFFSET_BITS=64" "-D_LARGEFILE_SOURCE" "-DRAR_SMP" "-DRARDLL" "-o" "/opt/rustwide/target/debug/build/unrar_sys/5a368cffce07e013/out/0934600a39780889-filefn.o" "-c" "vendor/unrar/filefn.cpp"cargo:warning=c++: fatal error: Killed signal terminated program cc1plus
[INFO] [stderr]   cargo:warning=compilation terminated.
[INFO] [stderr] 
[INFO] [stderr]   exit status: 1
[INFO] [stderr]   cargo:warning=ToolExecError: command did not execute successfully (status code exit status: 1): LC_ALL="C" "c++" "-O2" "-ffunction-sections" "-fdata-sections" "-fPIC" "-g" "-gdwarf-4" "-fno-omit-frame-pointer" "-m64" "-std=c++14" "-w" "-fPIC" "-Wno-switch" "-Wno-parentheses" "-Wno-macro-redefined" "-Wno-dangling-else" "-Wno-logical-op-parentheses" "-Wno-unused-parameter" "-Wno-unused-variable" "-Wno-unused-function" "-Wno-missing-braces" "-Wno-unknown-pragmas" "-Wno-deprecated-declarations" "-D_FILE_OFFSET_BITS=64" "-D_LARGEFILE_SOURCE" "-DRAR_SMP" "-DRARDLL" "-o" "/opt/rustwide/target/debug/build/unrar_sys/5a368cffce07e013/out/0934600a39780889-archive.o" "-c" "vendor/unrar/archive.cpp"cargo:warning=c++: fatal error: Killed signal terminated program cc1plus
[INFO] [stderr]   cargo:warning=compilation terminated.
[INFO] [stderr] 
[INFO] [stderr]   exit status: 1
[INFO] [stderr]   cargo:warning=ToolExecError: command did not execute successfully (status code exit status: 1): LC_ALL="C" "c++" "-O2" "-ffunction-sections" "-fdata-sections" "-fPIC" "-g" "-gdwarf-4" "-fno-omit-frame-pointer" "-m64" "-std=c++14" "-w" "-fPIC" "-Wno-switch" "-Wno-parentheses" "-Wno-macro-redefined" "-Wno-dangling-else" "-Wno-logical-op-parentheses" "-Wno-unused-parameter" "-Wno-unused-variable" "-Wno-unused-function" "-Wno-missing-braces" "-Wno-unknown-pragmas" "-Wno-deprecated-declarations" "-D_FILE_OFFSET_BITS=64" "-D_LARGEFILE_SOURCE" "-DRAR_SMP" "-DRARDLL" "-o" "/opt/rustwide/target/debug/build/unrar_sys/5a368cffce07e013/out/0934600a39780889-arcread.o" "-c" "vendor/unrar/arcread.cpp"cargo:warning=c++: fatal error: Killed signal terminated program cc1plus
[INFO] [stderr]   cargo:warning=compilation terminated.
[INFO] [stderr] 
[INFO] [stderr]   exit status: 1
[INFO] [stderr]   cargo:warning=ToolExecError: command did not execute successfully (status code exit status: 1): LC_ALL="C" "c++" "-O2" "-ffunction-sections" "-fdata-sections" "-fPIC" "-g" "-gdwarf-4" "-fno-omit-frame-pointer" "-m64" "-std=c++14" "-w" "-fPIC" "-Wno-switch" "-Wno-parentheses" "-Wno-macro-redefined" "-Wno-dangling-else" "-Wno-logical-op-parentheses" "-Wno-unused-parameter" "-Wno-unused-variable" "-Wno-unused-function" "-Wno-missing-braces" "-Wno-unknown-pragmas" "-Wno-deprecated-declarations" "-D_FILE_OFFSET_BITS=64" "-D_LARGEFILE_SOURCE" "-DRAR_SMP" "-DRARDLL" "-o" "/opt/rustwide/target/debug/build/unrar_sys/5a368cffce07e013/out/0934600a39780889-filcreat.o" "-c" "vendor/unrar/filcreat.cpp"cargo:warning=c++: fatal error: Killed signal terminated program cc1plus
[INFO] [stderr]   cargo:warning=compilation terminated.
[INFO] [stderr] 
[INFO] [stderr]   exit status: 1
[INFO] [stderr]   cargo:warning=ToolExecError: command did not execute successfully (status code exit status: 1): LC_ALL="C" "c++" "-O2" "-ffunction-sections" "-fdata-sections" "-fPIC" "-g" "-gdwarf-4" "-fno-omit-frame-pointer" "-m64" "-std=c++14" "-w" "-fPIC" "-Wno-switch" "-Wno-parentheses" "-Wno-macro-redefined" "-Wno-dangling-else" "-Wno-logical-op-parentheses" "-Wno-unused-parameter" "-Wno-unused-variable" "-Wno-unused-function" "-Wno-missing-braces" "-Wno-unknown-pragmas" "-Wno-deprecated-declarations" "-D_FILE_OFFSET_BITS=64" "-D_LARGEFILE_SOURCE" "-DRAR_SMP" "-DRARDLL" "-o" "/opt/rustwide/target/debug/build/unrar_sys/5a368cffce07e013/out/0934600a39780889-system.o" "-c" "vendor/unrar/system.cpp"cargo:warning=c++: fatal error: Killed signal terminated program cc1plus
[INFO] [stderr]   cargo:warning=compilation terminated.
[INFO] [stderr] 
[INFO] [stderr]   exit status: 1
[INFO] [stderr]   cargo:warning=ToolExecError: command did not execute successfully (status code exit status: 1): LC_ALL="C" "c++" "-O2" "-ffunction-sections" "-fdata-sections" "-fPIC" "-g" "-gdwarf-4" "-fno-omit-frame-pointer" "-m64" "-std=c++14" "-w" "-fPIC" "-Wno-switch" "-Wno-parentheses" "-Wno-macro-redefined" "-Wno-dangling-else" "-Wno-logical-op-parentheses" "-Wno-unused-parameter" "-Wno-unused-variable" "-Wno-unused-function" "-Wno-missing-braces" "-Wno-unknown-pragmas" "-Wno-deprecated-declarations" "-D_FILE_OFFSET_BITS=64" "-D_LARGEFILE_SOURCE" "-DRAR_SMP" "-DRARDLL" "-o" "/opt/rustwide/target/debug/build/unrar_sys/5a368cffce07e013/out/0934600a39780889-crypt.o" "-c" "vendor/unrar/crypt.cpp"cargo:warning=c++: fatal error: Killed signal terminated program cc1plus
[INFO] [stderr]   cargo:warning=compilation terminated.
[INFO] [stderr] 
[INFO] [stderr]   exit status: 1
[INFO] [stderr]   cargo:warning=ToolExecError: command did not execute successfully (status code exit status: 1): LC_ALL="C" "c++" "-O2" "-ffunction-sections" "-fdata-sections" "-fPIC" "-g" "-gdwarf-4" "-fno-omit-frame-pointer" "-m64" "-std=c++14" "-w" "-fPIC" "-Wno-switch" "-Wno-parentheses" "-Wno-macro-redefined" "-Wno-dangling-else" "-Wno-logical-op-parentheses" "-Wno-unused-parameter" "-Wno-unused-variable" "-Wno-unused-function" "-Wno-missing-braces" "-Wno-unknown-pragmas" "-Wno-deprecated-declarations" "-D_FILE_OFFSET_BITS=64" "-D_LARGEFILE_SOURCE" "-DRAR_SMP" "-DRARDLL" "-o" "/opt/rustwide/target/debug/build/unrar_sys/5a368cffce07e013/out/0934600a39780889-file.o" "-c" "vendor/unrar/file.cpp"cargo:warning=c++: fatal error: Killed signal terminated program cc1plus
[INFO] [stderr]   cargo:warning=compilation terminated.
[INFO] [stderr] 
[INFO] [stderr]   exit status: 1
[INFO] [stderr]   cargo:warning=ToolExecError: command did not execute successfully (status code exit status: 1): LC_ALL="C" "c++" "-O2" "-ffunction-sections" "-fdata-sections" "-fPIC" "-g" "-gdwarf-4" "-fno-omit-frame-pointer" "-m64" "-std=c++14" "-w" "-fPIC" "-Wno-switch" "-Wno-parentheses" "-Wno-macro-redefined" "-Wno-dangling-else" "-Wno-logical-op-parentheses" "-Wno-unused-parameter" "-Wno-unused-variable" "-Wno-unused-function" "-Wno-missing-braces" "-Wno-unknown-pragmas" "-Wno-deprecated-declarations" "-D_FILE_OFFSET_BITS=64" "-D_LARGEFILE_SOURCE" "-DRAR_SMP" "-DRARDLL" "-o" "/opt/rustwide/target/debug/build/unrar_sys/5a368cffce07e013/out/0934600a39780889-unicode.o" "-c" "vendor/unrar/unicode.cpp"cargo:warning=c++: fatal error: Killed signal terminated program cc1plus
[INFO] [stderr]   cargo:warning=compilation terminated.
[INFO] [stderr] 
[INFO] [stderr]   exit status: 1
[INFO] [stderr]   cargo:warning=ToolExecError: command did not execute successfully (status code exit status: 1): LC_ALL="C" "c++" "-O2" "-ffunction-sections" "-fdata-sections" "-fPIC" "-g" "-gdwarf-4" "-fno-omit-frame-pointer" "-m64" "-std=c++14" "-w" "-fPIC" "-Wno-switch" "-Wno-parentheses" "-Wno-macro-redefined" "-Wno-dangling-else" "-Wno-logical-op-parentheses" "-Wno-unused-parameter" "-Wno-unused-variable" "-Wno-unused-function" "-Wno-missing-braces" "-Wno-unknown-pragmas" "-Wno-deprecated-declarations" "-D_FILE_OFFSET_BITS=64" "-D_LARGEFILE_SOURCE" "-DRAR_SMP" "-DRARDLL" "-o" "/opt/rustwide/target/debug/build/unrar_sys/5a368cffce07e013/out/0934600a39780889-match.o" "-c" "vendor/unrar/match.cpp"cargo:warning=c++: fatal error: Killed signal terminated program cc1plus
[INFO] [stderr]   cargo:warning=compilation terminated.
[INFO] [stderr] 
[INFO] [stderr]   exit status: 1
[INFO] [stderr]   cargo:warning=ToolExecError: command did not execute successfully (status code exit status: 1): LC_ALL="C" "c++" "-O2" "-ffunction-sections" "-fdata-sections" "-fPIC" "-g" "-gdwarf-4" "-fno-omit-frame-pointer" "-m64" "-std=c++14" "-w" "-fPIC" "-Wno-switch" "-Wno-parentheses" "-Wno-macro-redefined" "-Wno-dangling-else" "-Wno-logical-op-parentheses" "-Wno-unused-parameter" "-Wno-unused-variable" "-Wno-unused-function" "-Wno-missing-braces" "-Wno-unknown-pragmas" "-Wno-deprecated-declarations" "-D_FILE_OFFSET_BITS=64" "-D_LARGEFILE_SOURCE" "-DRAR_SMP" "-DRARDLL" "-o" "/opt/rustwide/target/debug/build/unrar_sys/5a368cffce07e013/out/0934600a39780889-timefn.o" "-c" "vendor/unrar/timefn.cpp"cargo:warning=c++: fatal error: Killed signal terminated program cc1plus
[INFO] [stderr]   cargo:warning=compilation terminated.
[INFO] [stderr] 
[INFO] [stderr]   exit status: 1
[INFO] [stderr]   cargo:warning=ToolExecError: command did not execute successfully (status code exit status: 1): LC_ALL="C" "c++" "-O2" "-ffunction-sections" "-fdata-sections" "-fPIC" "-g" "-gdwarf-4" "-fno-omit-frame-pointer" "-m64" "-std=c++14" "-w" "-fPIC" "-Wno-switch" "-Wno-parentheses" "-Wno-macro-redefined" "-Wno-dangling-else" "-Wno-logical-op-parentheses" "-Wno-unused-parameter" "-Wno-unused-variable" "-Wno-unused-function" "-Wno-missing-braces" "-Wno-unknown-pragmas" "-Wno-deprecated-declarations" "-D_FILE_OFFSET_BITS=64" "-D_LARGEFILE_SOURCE" "-DRAR_SMP" "-DRARDLL" "-o" "/opt/rustwide/target/debug/build/unrar_sys/5a368cffce07e013/out/0934600a39780889-crc.o" "-c" "vendor/unrar/crc.cpp"cargo:warning=c++: fatal error: Killed signal terminated program cc1plus
[INFO] [stderr]   cargo:warning=compilation terminated.
[INFO] [stderr] 
[INFO] [stderr]   exit status: 1
[INFO] [stderr]   cargo:warning=ToolExecError: command did not execute successfully (status code exit status: 1): LC_ALL="C" "c++" "-O2" "-ffunction-sections" "-fdata-sections" "-fPIC" "-g" "-gdwarf-4" "-fno-omit-frame-pointer" "-m64" "-std=c++14" "-w" "-fPIC" "-Wno-switch" "-Wno-parentheses" "-Wno-macro-redefined" "-Wno-dangling-else" "-Wno-logical-op-parentheses" "-Wno-unused-parameter" "-Wno-unused-variable" "-Wno-unused-function" "-Wno-missing-braces" "-Wno-unknown-pragmas" "-Wno-deprecated-declarations" "-D_FILE_OFFSET_BITS=64" "-D_LARGEFILE_SOURCE" "-DRAR_SMP" "-DRARDLL" "-o" "/opt/rustwide/target/debug/build/unrar_sys/5a368cffce07e013/out/0934600a39780889-rawread.o" "-c" "vendor/unrar/rawread.cpp"cargo:warning=c++: fatal error: Killed signal terminated program cc1plus
[INFO] [stderr]   cargo:warning=compilation terminated.
[INFO] [stderr] 
[INFO] [stderr]   exit status: 1
[INFO] [stderr]   cargo:warning=ToolExecError: command did not execute successfully (status code exit status: 1): LC_ALL="C" "c++" "-O2" "-ffunction-sections" "-fdata-sections" "-fPIC" "-g" "-gdwarf-4" "-fno-omit-frame-pointer" "-m64" "-std=c++14" "-w" "-fPIC" "-Wno-switch" "-Wno-parentheses" "-Wno-macro-redefined" "-Wno-dangling-else" "-Wno-logical-op-parentheses" "-Wno-unused-parameter" "-Wno-unused-variable" "-Wno-unused-function" "-Wno-missing-braces" "-Wno-unknown-pragmas" "-Wno-deprecated-declarations" "-D_FILE_OFFSET_BITS=64" "-D_LARGEFILE_SOURCE" "-DRAR_SMP" "-DRARDLL" "-o" "/opt/rustwide/target/debug/build/unrar_sys/5a368cffce07e013/out/0934600a39780889-errhnd.o" "-c" "vendor/unrar/errhnd.cpp"cargo:warning=c++: fatal error: Killed signal terminated program cc1plus
[INFO] [stderr]   cargo:warning=compilation terminated.
[INFO] [stderr] 
[INFO] [stderr]   exit status: 1
[INFO] [stderr]   cargo:warning=ToolExecError: command did not execute successfully (status code exit status: 1): LC_ALL="C" "c++" "-O2" "-ffunction-sections" "-fdata-sections" "-fPIC" "-g" "-gdwarf-4" "-fno-omit-frame-pointer" "-m64" "-std=c++14" "-w" "-fPIC" "-Wno-switch" "-Wno-parentheses" "-Wno-macro-redefined" "-Wno-dangling-else" "-Wno-logical-op-parentheses" "-Wno-unused-parameter" "-Wno-unused-variable" "-Wno-unused-function" "-Wno-missing-braces" "-Wno-unknown-pragmas" "-Wno-deprecated-declarations" "-D_FILE_OFFSET_BITS=64" "-D_LARGEFILE_SOURCE" "-DRAR_SMP" "-DRARDLL" "-o" "/opt/rustwide/target/debug/build/unrar_sys/5a368cffce07e013/out/0934600a39780889-encname.o" "-c" "vendor/unrar/encname.cpp"cargo:warning=c++: fatal error: Killed signal terminated program cc1plus
[INFO] [stderr]   cargo:warning=compilation terminated.
[INFO] [stderr] 
[INFO] [stderr]   exit status: 1
[INFO] [stderr]   cargo:warning=ToolExecError: command did not execute successfully (status code exit status: 1): LC_ALL="C" "c++" "-O2" "-ffunction-sections" "-fdata-sections" "-fPIC" "-g" "-gdwarf-4" "-fno-omit-frame-pointer" "-m64" "-std=c++14" "-w" "-fPIC" "-Wno-switch" "-Wno-parentheses" "-Wno-macro-redefined" "-Wno-dangling-else" "-Wno-logical-op-parentheses" "-Wno-unused-parameter" "-Wno-unused-variable" "-Wno-unused-function" "-Wno-missing-braces" "-Wno-unknown-pragmas" "-Wno-deprecated-declarations" "-D_FILE_OFFSET_BITS=64" "-D_LARGEFILE_SOURCE" "-DRAR_SMP" "-DRARDLL" "-o" "/opt/rustwide/target/debug/build/unrar_sys/5a368cffce07e013/out/0934600a39780889-rdwrfn.o" "-c" "vendor/unrar/rdwrfn.cpp"cargo:warning=c++: fatal error: Killed signal terminated program cc1plus
[INFO] [stderr]   cargo:warning=compilation terminated.
[INFO] [stderr] 
[INFO] [stderr]   exit status: 1
[INFO] [stderr]   cargo:warning=ToolExecError: command did not execute successfully (status code exit status: 1): LC_ALL="C" "c++" "-O2" "-ffunction-sections" "-fdata-sections" "-fPIC" "-g" "-gdwarf-4" "-fno-omit-frame-pointer" "-m64" "-std=c++14" "-w" "-fPIC" "-Wno-switch" "-Wno-parentheses" "-Wno-macro-redefined" "-Wno-dangling-else" "-Wno-logical-op-parentheses" "-Wno-unused-parameter" "-Wno-unused-variable" "-Wno-unused-function" "-Wno-missing-braces" "-Wno-unknown-pragmas" "-Wno-deprecated-declarations" "-D_FILE_OFFSET_BITS=64" "-D_LARGEFILE_SOURCE" "-DRAR_SMP" "-DRARDLL" "-o" "/opt/rustwide/target/debug/build/unrar_sys/5a368cffce07e013/out/0934600a39780889-rarvm.o" "-c" "vendor/unrar/rarvm.cpp"cargo:warning=c++: fatal error: Killed signal terminated program cc1plus
[INFO] [stderr]   cargo:warning=compilation terminated.
[INFO] [stderr] 
[INFO] [stderr]   exit status: 1
[INFO] [stderr]   cargo:warning=ToolExecError: command did not execute successfully (status code exit status: 1): LC_ALL="C" "c++" "-O2" "-ffunction-sections" "-fdata-sections" "-fPIC" "-g" "-gdwarf-4" "-fno-omit-frame-pointer" "-m64" "-std=c++14" "-w" "-fPIC" "-Wno-switch" "-Wno-parentheses" "-Wno-macro-redefined" "-Wno-dangling-else" "-Wno-logical-op-parentheses" "-Wno-unused-parameter" "-Wno-unused-variable" "-Wno-unused-function" "-Wno-missing-braces" "-Wno-unknown-pragmas" "-Wno-deprecated-declarations" "-D_FILE_OFFSET_BITS=64" "-D_LARGEFILE_SOURCE" "-DRAR_SMP" "-DRARDLL" "-o" "/opt/rustwide/target/debug/build/unrar_sys/5a368cffce07e013/out/0934600a39780889-consio.o" "-c" "vendor/unrar/consio.cpp"cargo:warning=c++: fatal error: Killed signal terminated program cc1plus
[INFO] [stderr]   cargo:warning=compilation terminated.
[INFO] [stderr] 
[INFO] [stderr]   exit status: 1
[INFO] [stderr]   cargo:warning=ToolExecError: command did not execute successfully (status code exit status: 1): LC_ALL="C" "c++" "-O2" "-ffunction-sections" "-fdata-sections" "-fPIC" "-g" "-gdwarf-4" "-fno-omit-frame-pointer" "-m64" "-std=c++14" "-w" "-fPIC" "-Wno-switch" "-Wno-parentheses" "-Wno-macro-redefined" "-Wno-dangling-else" "-Wno-logical-op-parentheses" "-Wno-unused-parameter" "-Wno-unused-variable" "-Wno-unused-function" "-Wno-missing-braces" "-Wno-unknown-pragmas" "-Wno-deprecated-declarations" "-D_FILE_OFFSET_BITS=64" "-D_LARGEFILE_SOURCE" "-DRAR_SMP" "-DRARDLL" "-o" "/opt/rustwide/target/debug/build/unrar_sys/5a368cffce07e013/out/0934600a39780889-options.o" "-c" "vendor/unrar/options.cpp"cargo:warning=c++: fatal error: Killed signal terminated program cc1plus
[INFO] [stderr]   cargo:warning=compilation terminated.
[INFO] [stderr] 
[INFO] [stderr]   exit status: 1
[INFO] [stderr]   cargo:warning=ToolExecError: command did not execute successfully (status code exit status: 1): LC_ALL="C" "c++" "-O2" "-ffunction-sections" "-fdata-sections" "-fPIC" "-g" "-gdwarf-4" "-fno-omit-frame-pointer" "-m64" "-std=c++14" "-w" "-fPIC" "-Wno-switch" "-Wno-parentheses" "-Wno-macro-redefined" "-Wno-dangling-else" "-Wno-logical-op-parentheses" "-Wno-unused-parameter" "-Wno-unused-variable" "-Wno-unused-function" "-Wno-missing-braces" "-Wno-unknown-pragmas" "-Wno-deprecated-declarations" "-D_FILE_OFFSET_BITS=64" "-D_LARGEFILE_SOURCE" "-DRAR_SMP" "-DRARDLL" "-o" "/opt/rustwide/target/debug/build/unrar_sys/5a368cffce07e013/out/0934600a39780889-sha256.o" "-c" "vendor/unrar/sha256.cpp"cargo:warning=c++: fatal error: Killed signal terminated program cc1plus
[INFO] [stderr]   cargo:warning=compilation terminated.
[INFO] [stderr] 
[INFO] [stderr]   exit status: 1
[INFO] [stderr]   cargo:warning=ToolExecError: command did not execute successfully (status code exit status: 1): LC_ALL="C" "c++" "-O2" "-ffunction-sections" "-fdata-sections" "-fPIC" "-g" "-gdwarf-4" "-fno-omit-frame-pointer" "-m64" "-std=c++14" "-w" "-fPIC" "-Wno-switch" "-Wno-parentheses" "-Wno-macro-redefined" "-Wno-dangling-else" "-Wno-logical-op-parentheses" "-Wno-unused-parameter" "-Wno-unused-variable" "-Wno-unused-function" "-Wno-missing-braces" "-Wno-unknown-pragmas" "-Wno-deprecated-declarations" "-D_FILE_OFFSET_BITS=64" "-D_LARGEFILE_SOURCE" "-DRAR_SMP" "-DRARDLL" "-o" "/opt/rustwide/target/debug/build/unrar_sys/5a368cffce07e013/out/0934600a39780889-getbits.o" "-c" "vendor/unrar/getbits.cpp"cargo:warning=c++: fatal error: Killed signal terminated program cc1plus
[INFO] [stderr]   cargo:warning=compilation terminated.
[INFO] [stderr] 
[INFO] [stderr]   exit status: 1
[INFO] [stderr]   cargo:warning=ToolExecError: command did not execute successfully (status code exit status: 1): LC_ALL="C" "c++" "-O2" "-ffunction-sections" "-fdata-sections" "-fPIC" "-g" "-gdwarf-4" "-fno-omit-frame-pointer" "-m64" "-std=c++14" "-w" "-fPIC" "-Wno-switch" "-Wno-parentheses" "-Wno-macro-redefined" "-Wno-dangling-else" "-Wno-logical-op-parentheses" "-Wno-unused-parameter" "-Wno-unused-variable" "-Wno-unused-function" "-Wno-missing-braces" "-Wno-unknown-pragmas" "-Wno-deprecated-declarations" "-D_FILE_OFFSET_BITS=64" "-D_LARGEFILE_SOURCE" "-DRAR_SMP" "-DRARDLL" "-o" "/opt/rustwide/target/debug/build/unrar_sys/5a368cffce07e013/out/0934600a39780889-sha1.o" "-c" "vendor/unrar/sha1.cpp"cargo:warning=c++: fatal error: Killed signal terminated program cc1plus
[INFO] [stderr]   cargo:warning=compilation terminated.
[INFO] [stderr] 
[INFO] [stderr]   exit status: 1
[INFO] [stderr]   cargo:warning=ToolExecError: command did not execute successfully (status code exit status: 1): LC_ALL="C" "c++" "-O2" "-ffunction-sections" "-fdata-sections" "-fPIC" "-g" "-gdwarf-4" "-fno-omit-frame-pointer" "-m64" "-std=c++14" "-w" "-fPIC" "-Wno-switch" "-Wno-parentheses" "-Wno-macro-redefined" "-Wno-dangling-else" "-Wno-logical-op-parentheses" "-Wno-unused-parameter" "-Wno-unused-variable" "-Wno-unused-function" "-Wno-missing-braces" "-Wno-unknown-pragmas" "-Wno-deprecated-declarations" "-D_FILE_OFFSET_BITS=64" "-D_LARGEFILE_SOURCE" "-DRAR_SMP" "-DRARDLL" "-o" "/opt/rustwide/target/debug/build/unrar_sys/5a368cffce07e013/out/0934600a39780889-secpassword.o" "-c" "vendor/unrar/secpassword.cpp"cargo:warning=c++: fatal error: Killed signal terminated program cc1plus
[INFO] [stderr]   cargo:warning=compilation terminated.
[INFO] [stderr] 
[INFO] [stderr]   exit status: 1
[INFO] [stderr]   cargo:warning=ToolExecError: command did not execute successfully (status code exit status: 1): LC_ALL="C" "c++" "-O2" "-ffunction-sections" "-fdata-sections" "-fPIC" "-g" "-gdwarf-4" "-fno-omit-frame-pointer" "-m64" "-std=c++14" "-w" "-fPIC" "-Wno-switch" "-Wno-parentheses" "-Wno-macro-redefined" "-Wno-dangling-else" "-Wno-logical-op-parentheses" "-Wno-unused-parameter" "-Wno-unused-variable" "-Wno-unused-function" "-Wno-missing-braces" "-Wno-unknown-pragmas" "-Wno-deprecated-declarations" "-D_FILE_OFFSET_BITS=64" "-D_LARGEFILE_SOURCE" "-DRAR_SMP" "-DRARDLL" "-o" "/opt/rustwide/target/debug/build/unrar_sys/5a368cffce07e013/out/0934600a39780889-rijndael.o" "-c" "vendor/unrar/rijndael.cpp"cargo:warning=c++: fatal error: Killed signal terminated program cc1plus
[INFO] [stderr]   cargo:warning=compilation terminated.
[INFO] [stderr] 
[INFO] [stderr]   exit status: 1
[INFO] [stderr]   cargo:warning=ToolExecError: command did not execute successfully (status code exit status: 1): LC_ALL="C" "c++" "-O2" "-ffunction-sections" "-fdata-sections" "-fPIC" "-g" "-gdwarf-4" "-fno-omit-frame-pointer" "-m64" "-std=c++14" "-w" "-fPIC" "-Wno-switch" "-Wno-parentheses" "-Wno-macro-redefined" "-Wno-dangling-else" "-Wno-logical-op-parentheses" "-Wno-unused-parameter" "-Wno-unused-variable" "-Wno-unused-function" "-Wno-missing-braces" "-Wno-unknown-pragmas" "-Wno-deprecated-declarations" "-D_FILE_OFFSET_BITS=64" "-D_LARGEFILE_SOURCE" "-DRAR_SMP" "-DRARDLL" "-o" "/opt/rustwide/target/debug/build/unrar_sys/5a368cffce07e013/out/0934600a39780889-blake2s.o" "-c" "vendor/unrar/blake2s.cpp"cargo:warning=c++: fatal error: Killed signal terminated program cc1plus
[INFO] [stderr]   cargo:warning=compilation terminated.
[INFO] [stderr] 
[INFO] [stderr]   exit status: 1
[INFO] [stderr]   cargo:warning=ToolExecError: command did not execute successfully (status code exit status: 1): LC_ALL="C" "c++" "-O2" "-ffunction-sections" "-fdata-sections" "-fPIC" "-g" "-gdwarf-4" "-fno-omit-frame-pointer" "-m64" "-std=c++14" "-w" "-fPIC" "-Wno-switch" "-Wno-parentheses" "-Wno-macro-redefined" "-Wno-dangling-else" "-Wno-logical-op-parentheses" "-Wno-unused-parameter" "-Wno-unused-variable" "-Wno-unused-function" "-Wno-missing-braces" "-Wno-unknown-pragmas" "-Wno-deprecated-declarations" "-D_FILE_OFFSET_BITS=64" "-D_LARGEFILE_SOURCE" "-DRAR_SMP" "-DRARDLL" "-o" "/opt/rustwide/target/debug/build/unrar_sys/5a368cffce07e013/out/0934600a39780889-list.o" "-c" "vendor/unrar/list.cpp"cargo:warning=c++: fatal error: Killed signal terminated program cc1plus
[INFO] [stderr]   cargo:warning=compilation terminated.
[INFO] [stderr] 
[INFO] [stderr]   exit status: 1
[INFO] [stderr]   cargo:warning=ToolExecError: command did not execute successfully (status code exit status: 1): LC_ALL="C" "c++" "-O2" "-ffunction-sections" "-fdata-sections" "-fPIC" "-g" "-gdwarf-4" "-fno-omit-frame-pointer" "-m64" "-std=c++14" "-w" "-fPIC" "-Wno-switch" "-Wno-parentheses" "-Wno-macro-redefined" "-Wno-dangling-else" "-Wno-logical-op-parentheses" "-Wno-unused-parameter" "-Wno-unused-variable" "-Wno-unused-function" "-Wno-missing-braces" "-Wno-unknown-pragmas" "-Wno-deprecated-declarations" "-D_FILE_OFFSET_BITS=64" "-D_LARGEFILE_SOURCE" "-DRAR_SMP" "-DRARDLL" "-o" "/opt/rustwide/target/debug/build/unrar_sys/5a368cffce07e013/out/0934600a39780889-volume.o" "-c" "vendor/unrar/volume.cpp"cargo:warning=c++: fatal error: Killed signal terminated program cc1plus
[INFO] [stderr]   cargo:warning=compilation terminated.
[INFO] [stderr] 
[INFO] [stderr]   exit status: 1
[INFO] [stderr]   cargo:warning=ToolExecError: command did not execute successfully (status code exit status: 1): LC_ALL="C" "c++" "-O2" "-ffunction-sections" "-fdata-sections" "-fPIC" "-g" "-gdwarf-4" "-fno-omit-frame-pointer" "-m64" "-std=c++14" "-w" "-fPIC" "-Wno-switch" "-Wno-parentheses" "-Wno-macro-redefined" "-Wno-dangling-else" "-Wno-logical-op-parentheses" "-Wno-unused-parameter" "-Wno-unused-variable" "-Wno-unused-function" "-Wno-missing-braces" "-Wno-unknown-pragmas" "-Wno-deprecated-declarations" "-D_FILE_OFFSET_BITS=64" "-D_LARGEFILE_SOURCE" "-DRAR_SMP" "-DRARDLL" "-o" "/opt/rustwide/target/debug/build/unrar_sys/5a368cffce07e013/out/0934600a39780889-find.o" "-c" "vendor/unrar/find.cpp"cargo:warning=c++: fatal error: Killed signal terminated program cc1plus
[INFO] [stderr]   cargo:warning=compilation terminated.
[INFO] [stderr] 
[INFO] [stderr]   exit status: 1
[INFO] [stderr]   cargo:warning=ToolExecError: command did not execute successfully (status code exit status: 1): LC_ALL="C" "c++" "-O2" "-ffunction-sections" "-fdata-sections" "-fPIC" "-g" "-gdwarf-4" "-fno-omit-frame-pointer" "-m64" "-std=c++14" "-w" "-fPIC" "-Wno-switch" "-Wno-parentheses" "-Wno-macro-redefined" "-Wno-dangling-else" "-Wno-logical-op-parentheses" "-Wno-unused-parameter" "-Wno-unused-variable" "-Wno-unused-function" "-Wno-missing-braces" "-Wno-unknown-pragmas" "-Wno-deprecated-declarations" "-D_FILE_OFFSET_BITS=64" "-D_LARGEFILE_SOURCE" "-DRAR_SMP" "-DRARDLL" "-o" "/opt/rustwide/target/debug/build/unrar_sys/5a368cffce07e013/out/0934600a39780889-extinfo.o" "-c" "vendor/unrar/extinfo.cpp"cargo:warning=c++: fatal error: Killed signal terminated program cc1plus
[INFO] [stderr]   cargo:warning=compilation terminated.
[INFO] [stderr] 
[INFO] [stderr]   exit status: 1
[INFO] [stderr]   cargo:warning=ToolExecError: command did not execute successfully (status code exit status: 1): LC_ALL="C" "c++" "-O2" "-ffunction-sections" "-fdata-sections" "-fPIC" "-g" "-gdwarf-4" "-fno-omit-frame-pointer" "-m64" "-std=c++14" "-w" "-fPIC" "-Wno-switch" "-Wno-parentheses" "-Wno-macro-redefined" "-Wno-dangling-else" "-Wno-logical-op-parentheses" "-Wno-unused-parameter" "-Wno-unused-variable" "-Wno-unused-function" "-Wno-missing-braces" "-Wno-unknown-pragmas" "-Wno-deprecated-declarations" "-D_FILE_OFFSET_BITS=64" "-D_LARGEFILE_SOURCE" "-DRAR_SMP" "-DRARDLL" "-o" "/opt/rustwide/target/debug/build/unrar_sys/5a368cffce07e013/out/0934600a39780889-unpack.o" "-c" "vendor/unrar/unpack.cpp"cargo:warning=c++: fatal error: Killed signal terminated program cc1plus
[INFO] [stderr]   cargo:warning=compilation terminated.
[INFO] [stderr] 
[INFO] [stderr]   exit status: 1
[INFO] [stderr]   cargo:warning=ToolExecError: command did not execute successfully (status code exit status: 1): LC_ALL="C" "c++" "-O2" "-ffunction-sections" "-fdata-sections" "-fPIC" "-g" "-gdwarf-4" "-fno-omit-frame-pointer" "-m64" "-std=c++14" "-w" "-fPIC" "-Wno-switch" "-Wno-parentheses" "-Wno-macro-redefined" "-Wno-dangling-else" "-Wno-logical-op-parentheses" "-Wno-unused-parameter" "-Wno-unused-variable" "-Wno-unused-function" "-Wno-missing-braces" "-Wno-unknown-pragmas" "-Wno-deprecated-declarations" "-D_FILE_OFFSET_BITS=64" "-D_LARGEFILE_SOURCE" "-DRAR_SMP" "-DRARDLL" "-o" "/opt/rustwide/target/debug/build/unrar_sys/5a368cffce07e013/out/0934600a39780889-filestr.o" "-c" "vendor/unrar/filestr.cpp"cargo:warning=c++: fatal error: Killed signal terminated program cc1plus
[INFO] [stderr]   cargo:warning=compilation terminated.
[INFO] [stderr] 
[INFO] [stderr]   exit status: 1
[INFO] [stderr]   cargo:warning=ToolExecError: command did not execute successfully (status code exit status: 1): LC_ALL="C" "c++" "-O2" "-ffunction-sections" "-fdata-sections" "-fPIC" "-g" "-gdwarf-4" "-fno-omit-frame-pointer" "-m64" "-std=c++14" "-w" "-fPIC" "-Wno-switch" "-Wno-parentheses" "-Wno-macro-redefined" "-Wno-dangling-else" "-Wno-logical-op-parentheses" "-Wno-unused-parameter" "-Wno-unused-variable" "-Wno-unused-function" "-Wno-missing-braces" "-Wno-unknown-pragmas" "-Wno-deprecated-declarations" "-D_FILE_OFFSET_BITS=64" "-D_LARGEFILE_SOURCE" "-DRAR_SMP" "-DRARDLL" "-o" "/opt/rustwide/target/debug/build/unrar_sys/5a368cffce07e013/out/0934600a39780889-hash.o" "-c" "vendor/unrar/hash.cpp"cargo:warning=c++: fatal error: Killed signal terminated program cc1plus
[INFO] [stderr]   cargo:warning=compilation terminated.
[INFO] [stderr] 
[INFO] [stderr]   exit status: 1
[INFO] [stderr]   cargo:warning=ToolExecError: command did not execute successfully (status code exit status: 1): LC_ALL="C" "c++" "-O2" "-ffunction-sections" "-fdata-sections" "-fPIC" "-g" "-gdwarf-4" "-fno-omit-frame-pointer" "-m64" "-std=c++14" "-w" "-fPIC" "-Wno-switch" "-Wno-parentheses" "-Wno-macro-redefined" "-Wno-dangling-else" "-Wno-logical-op-parentheses" "-Wno-unused-parameter" "-Wno-unused-variable" "-Wno-unused-function" "-Wno-missing-braces" "-Wno-unknown-pragmas" "-Wno-deprecated-declarations" "-D_FILE_OFFSET_BITS=64" "-D_LARGEFILE_SOURCE" "-DRAR_SMP" "-DRARDLL" "-o" "/opt/rustwide/target/debug/build/unrar_sys/5a368cffce07e013/out/0934600a39780889-qopen.o" "-c" "vendor/unrar/qopen.cpp"
[INFO] [stderr]   exit status: 0
[INFO] [stderr]   exit status: 0
[INFO] [stderr]   exit status: 0
[INFO] [stderr]   exit status: 0
[INFO] [stderr]   exit status: 0
[INFO] [stderr]   exit status: 0
[INFO] [stderr]   exit status: 0
[INFO] [stderr]   exit status: 0
[INFO] [stderr] 
[INFO] [stderr]   --- stderr
[INFO] [stderr] 
[INFO] [stderr] 
[INFO] [stderr]   error occurred in cc-rs: command did not execute successfully (status code exit status: 1): LC_ALL="C" "c++" "-O2" "-ffunction-sections" "-fdata-sections" "-fPIC" "-g" "-gdwarf-4" "-fno-omit-frame-pointer" "-m64" "-std=c++14" "-w" "-fPIC" "-Wno-switch" "-Wno-parentheses" "-Wno-macro-redefined" "-Wno-dangling-else" "-Wno-logical-op-parentheses" "-Wno-unused-parameter" "-Wno-unused-variable" "-Wno-unused-function" "-Wno-missing-braces" "-Wno-unknown-pragmas" "-Wno-deprecated-declarations" "-D_FILE_OFFSET_BITS=64" "-D_LARGEFILE_SOURCE" "-DRAR_SMP" "-DRARDLL" "-o" "/opt/rustwide/target/debug/build/unrar_sys/5a368cffce07e013/out/0934600a39780889-qopen.o" "-c" "vendor/unrar/qopen.cpp"
[INFO] [stderr] 
[INFO] [stderr] 
[INFO] running `Command { std: "docker" "inspect" "0ed698b883367cc3b948427ca8b5021b7425581f73f9911bc17c62632f68c364", kill_on_drop: false }`
[INFO] running `Command { std: "docker" "rm" "-f" "0ed698b883367cc3b948427ca8b5021b7425581f73f9911bc17c62632f68c364", kill_on_drop: false }`
[INFO] [stdout] 0ed698b883367cc3b948427ca8b5021b7425581f73f9911bc17c62632f68c364
