[INFO] cloning repository https://github.com/ddsha441981/screenshot_tool
[INFO] running `Command { std: "git" "-c" "credential.helper=" "-c" "credential.helper=/workspace/cargo-home/bin/git-credential-null" "clone" "--bare" "https://github.com/ddsha441981/screenshot_tool" "/workspace/cache/git-repos/https%3A%2F%2Fgithub.com%2Fddsha441981%2Fscreenshot_tool", kill_on_drop: false }`
[INFO] [stderr] Cloning into bare repository '/workspace/cache/git-repos/https%3A%2F%2Fgithub.com%2Fddsha441981%2Fscreenshot_tool'...
[INFO] running `Command { std: "git" "rev-parse" "HEAD", kill_on_drop: false }`
[INFO] [stdout] 9cbf59b89ff709cdb1c4970b6ffdc78af623e038
[INFO] documenting ddsha441981/screenshot_tool against 1.100.0-beta.1 for beta-rustdoc-1.100-2
[INFO] running `Command { std: "git" "clone" "/workspace/cache/git-repos/https%3A%2F%2Fgithub.com%2Fddsha441981%2Fscreenshot_tool" "/workspace/builds/worker-6-tc2/source", kill_on_drop: false }`
[INFO] [stderr] Cloning into '/workspace/builds/worker-6-tc2/source'...
[INFO] [stderr] done.
[INFO] started tweaking git repo https://github.com/ddsha441981/screenshot_tool
[INFO] finished tweaking git repo https://github.com/ddsha441981/screenshot_tool
[INFO] tweaked toml for git repo https://github.com/ddsha441981/screenshot_tool written to /workspace/builds/worker-6-tc2/source/Cargo.toml
[INFO] validating manifest of git repo https://github.com/ddsha441981/screenshot_tool on toolchain 1.100.0-beta.1
[INFO] running `Command { std: CARGO_HOME="/workspace/cargo-home" RUSTUP_HOME="/workspace/rustup-home" "/workspace/cargo-home/bin/cargo" "+1.100.0-beta.1" "metadata" "--manifest-path" "Cargo.toml" "--no-deps", kill_on_drop: false }`
[INFO] crate git repo https://github.com/ddsha441981/screenshot_tool already has a lockfile, it will not be regenerated
[INFO] running `Command { std: CARGO_HOME="/workspace/cargo-home" RUSTUP_HOME="/workspace/rustup-home" "/workspace/cargo-home/bin/cargo" "+1.100.0-beta.1" "fetch" "--manifest-path" "Cargo.toml", kill_on_drop: false }`
[INFO] [stderr]     Blocking waiting for file lock on package cache
[ERROR] error running command: no output for 300 seconds
[INFO] documenting ddsha441981/screenshot_tool against 1.100.0-beta.1 for beta-rustdoc-1.100-2
[INFO] running `Command { std: "git" "clone" "/workspace/cache/git-repos/https%3A%2F%2Fgithub.com%2Fddsha441981%2Fscreenshot_tool" "/workspace/builds/worker-6-tc2/source", kill_on_drop: false }`
[INFO] [stderr] Cloning into '/workspace/builds/worker-6-tc2/source'...
[INFO] [stderr] done.
[INFO] started tweaking git repo https://github.com/ddsha441981/screenshot_tool
[INFO] finished tweaking git repo https://github.com/ddsha441981/screenshot_tool
[INFO] tweaked toml for git repo https://github.com/ddsha441981/screenshot_tool written to /workspace/builds/worker-6-tc2/source/Cargo.toml
[INFO] validating manifest of git repo https://github.com/ddsha441981/screenshot_tool on toolchain 1.100.0-beta.1
[INFO] running `Command { std: CARGO_HOME="/workspace/cargo-home" RUSTUP_HOME="/workspace/rustup-home" "/workspace/cargo-home/bin/cargo" "+1.100.0-beta.1" "metadata" "--manifest-path" "Cargo.toml" "--no-deps", kill_on_drop: false }`
[INFO] crate git repo https://github.com/ddsha441981/screenshot_tool already has a lockfile, it will not be regenerated
[INFO] running `Command { std: CARGO_HOME="/workspace/cargo-home" RUSTUP_HOME="/workspace/rustup-home" "/workspace/cargo-home/bin/cargo" "+1.100.0-beta.1" "fetch" "--manifest-path" "Cargo.toml", kill_on_drop: false }`
[INFO] [stderr]     Blocking waiting for file lock on package cache
[INFO] [stderr]     Blocking waiting for file lock on package cache
[INFO] [stderr]  Downloading crates ...
[INFO] [stderr]   Downloaded wasm-bindgen v0.2.101
[INFO] [stderr]   Downloaded wasm-bindgen-macro-support v0.2.101
[INFO] [stderr]   Downloaded wasm-bindgen-macro v0.2.101
[INFO] [stderr]   Downloaded wasm-bindgen-shared v0.2.101
[INFO] [stderr]   Downloaded wasm-bindgen-backend v0.2.101
[INFO] [stderr]   Downloaded tempfile v3.22.0
[INFO] [stderr]   Downloaded screenshots v0.7.3
[INFO] [stderr]   Downloaded wasi v0.14.5+wasi-0.2.4
[INFO] [stderr]   Downloaded find-msvc-tools v0.1.1
[INFO] [stderr]   Downloaded sdd v3.0.10
[INFO] [stderr]   Downloaded anyhow v1.0.99
[INFO] [stderr]   Downloaded cc v1.2.36
[INFO] [stderr]   Downloaded js-sys v0.3.78
[INFO] [stderr]   Downloaded wit-bindgen v0.45.1
[INFO] [stderr]   Downloaded is-terminal v0.4.16
[INFO] [stderr]   Downloaded indexmap v2.11.1
[INFO] [stderr]   Downloaded dbus v0.9.9
[INFO] [stderr]   Downloaded wasip2 v1.0.0+wasi-0.2.4
[INFO] [stderr]   Downloaded scc v2.4.0
[INFO] [stderr]   Downloaded xcb v1.6.0
[INFO] [stderr]   Downloaded libredox v0.1.9
[INFO] [stderr]   Downloaded libdbus-sys v0.2.6
[INFO] [stderr]   Downloaded serde_json v1.0.143
[INFO] [stderr]   Downloaded web-sys v0.3.78
[INFO] [stderr]   Downloaded clap v4.5.47
[INFO] [stderr]   Downloaded clap_derive v4.5.47
[INFO] [stderr]   Downloaded clap_builder v4.5.47
[INFO] [stderr]   Downloaded objc2 v0.6.2
[INFO] [stderr]   Downloaded image v0.25.8
[INFO] [stderr]   Downloaded png v0.18.0
[INFO] [stderr]   Downloaded moxcms v0.7.5
[INFO] [stderr]   Downloaded pxfm v0.1.23
[INFO] running `Command { std: "docker" "create" "-v" "/var/lib/crater-agent-workspace/builds/worker-6-tc2/source:/opt/rustwide/workdir:ro,Z" "-v" "/var/lib/crater-agent-workspace/builds/worker-6-tc2/target:/opt/rustwide/target:rw,Z" "-v" "/var/lib/crater-agent-workspace/cargo-home:/opt/rustwide/cargo-home:ro,Z" "-v" "/var/lib/crater-agent-workspace/rustup-home:/opt/rustwide/rustup-home:ro,Z" "-m" "1610612736" "--network" "none" "ghcr.io/rust-lang/crates-build-env/linux@sha256:77db811e55d90add9212f6832c23229e3de5f1c1f9905e8cb07319ea15df73ac" "sleep" "infinity", kill_on_drop: false }`
[INFO] [stdout] ad72c12044cffeb8e95c704fa351d2bc60d1e4cb7517fbbfb54d201769f8b517
[INFO] running `Command { std: "docker" "start" "ad72c12044cffeb8e95c704fa351d2bc60d1e4cb7517fbbfb54d201769f8b517", kill_on_drop: false }`
[INFO] running `Command { std: "docker" "inspect" "ad72c12044cffeb8e95c704fa351d2bc60d1e4cb7517fbbfb54d201769f8b517", kill_on_drop: false }`
[INFO] running `Command { std: "docker" "exec" "-e" "SOURCE_DIR=/opt/rustwide/workdir" "-e" "CARGO_HOME=/opt/rustwide/cargo-home" "-e" "RUSTUP_HOME=/opt/rustwide/rustup-home" "-e" "CARGO_TARGET_DIR=/opt/rustwide/target" "-w" "/opt/rustwide/workdir" "--user" "0:0" "ad72c12044cffeb8e95c704fa351d2bc60d1e4cb7517fbbfb54d201769f8b517" "/opt/rustwide/cargo-home/bin/cargo" "+1.100.0-beta.1" "metadata" "--no-deps" "--format-version=1", kill_on_drop: false }`
[INFO] running `Command { std: "docker" "inspect" "ad72c12044cffeb8e95c704fa351d2bc60d1e4cb7517fbbfb54d201769f8b517", kill_on_drop: false }`
[INFO] running `Command { std: "docker" "exec" "-e" "SOURCE_DIR=/opt/rustwide/workdir" "-e" "CARGO_HOME=/opt/rustwide/cargo-home" "-e" "RUSTUP_HOME=/opt/rustwide/rustup-home" "-e" "CARGO_TARGET_DIR=/opt/rustwide/target" "-e" "CARGO_INCREMENTAL=0" "-e" "RUST_BACKTRACE=full" "-e" "RUSTFLAGS=--cap-lints=warn" "-e" "RUSTDOCFLAGS=--cap-lints=warn" "-w" "/opt/rustwide/workdir" "--user" "0:0" "ad72c12044cffeb8e95c704fa351d2bc60d1e4cb7517fbbfb54d201769f8b517" "/opt/rustwide/cargo-home/bin/cargo" "+1.100.0-beta.1" "doc" "--frozen" "--no-deps" "--document-private-items" "--message-format=json", kill_on_drop: false }`
[INFO] [stderr]    Compiling proc-macro2 v1.0.101
[INFO] [stderr]    Compiling unicode-ident v1.0.19
[INFO] [stderr]     Checking cfg-if v1.0.3
[INFO] [stderr]    Compiling serde v1.0.219
[INFO] [stderr]    Compiling memchr v2.7.5
[INFO] [stderr]    Compiling thiserror v2.0.16
[INFO] [stderr]     Checking miniz_oxide v0.8.9
[INFO] [stderr]     Checking fdeflate v0.3.7
[INFO] [stderr]     Checking bitflags v2.9.4
[INFO] [stderr]    Compiling find-msvc-tools v0.1.1
[INFO] [stderr]     Checking once_cell v1.21.3
[INFO] [stderr]    Compiling rustix v1.1.2
[INFO] [stderr]    Compiling lock_api v0.4.13
[INFO] [stderr]    Compiling parking_lot_core v0.9.11
[INFO] [stderr]    Compiling anyhow v1.0.99
[INFO] [stderr]     Checking crc32fast v1.5.0
[INFO] [stderr]     Checking getrandom v0.2.16
[INFO] [stderr]     Checking either v1.15.0
[INFO] [stderr]     Checking linux-raw-sys v0.11.0
[INFO] [stderr]     Checking bytemuck v1.23.2
[INFO] [stderr]     Checking rayon v1.11.0
[INFO] [stderr]     Checking ahash v0.7.8
[INFO] [stderr]    Compiling cc v1.2.36
[INFO] [stderr]     Checking anstyle-parse v0.2.7
[INFO] [stderr]     Checking pxfm v0.1.23
[INFO] [stderr]     Checking hashbrown v0.12.3
[INFO] [stderr]     Checking anstyle v1.0.11
[INFO] [stderr]    Compiling serde_json v1.0.143
[INFO] [stderr]     Checking ucd-trie v0.1.7
[INFO] [stderr]     Checking weezl v0.1.10
[INFO] [stderr]     Checking anstyle-query v1.1.4
[INFO] [stderr]     Checking hashbrown v0.15.5
[INFO] [stderr]     Checking is_terminal_polyfill v1.70.1
[INFO] [stderr]     Checking flate2 v1.1.2
[INFO] [stderr]    Compiling getrandom v0.3.3
[INFO] [stderr]     Checking colorchoice v1.0.4
[INFO] [stderr]     Checking dlv-list v0.3.0
[INFO] [stderr]     Checking regex-syntax v0.8.6
[INFO] [stderr]     Checking anstream v0.6.20
[INFO] [stderr]     Checking ordered-multimap v0.4.3
[INFO] [stderr]     Checking half v2.6.0
[INFO] [stderr]     Checking zune-inflate v0.2.54
[INFO] [stderr]     Checking png v0.18.0
[INFO] [stderr]    Compiling quick-xml v0.30.0
[INFO] [stderr]     Checking aho-corasick v1.1.3
[INFO] [stderr]     Checking png v0.17.16
[INFO] [stderr]     Checking ryu v1.0.20
[INFO] [stderr]     Checking clap_lex v0.7.5
[INFO] [stderr]     Checking linked-hash-map v0.5.6
[INFO] [stderr]     Checking toml_write v0.1.2
[INFO] [stderr]     Checking itoa v1.0.15
[INFO] [stderr]    Compiling quote v1.0.40
[INFO] [stderr]     Checking winnow v0.7.13
[INFO] [stderr]     Checking x11rb-protocol v0.13.2
[INFO] [stderr]     Checking gif v0.13.3
[INFO] [stderr]     Checking exr v1.73.0
[INFO] [stderr]     Checking indexmap v2.11.1
[INFO] [stderr]    Compiling syn v2.0.106
[INFO] [stderr]     Checking yaml-rust v0.4.5
[INFO] [stderr]     Checking dirs-sys v0.4.1
[INFO] [stderr]     Checking clap_builder v4.5.47
[INFO] [stderr]     Checking rust-ini v0.18.0
[INFO] [stderr]    Compiling xcb v1.6.0
[INFO] [stderr]     Checking nom v7.1.3
[INFO] [stderr]     Checking parking_lot v0.12.4
[INFO] [stderr]     Checking qoi v0.4.1
[INFO] [stderr]     Checking is-terminal v0.4.16
[INFO] [stderr]    Compiling libdbus-sys v0.2.6
[INFO] [stderr]     Checking pathdiff v0.2.3
[INFO] [stderr]     Checking iana-time-zone v0.1.63
[INFO] [stderr]     Checking humantime v2.2.0
[INFO] [stderr]     Checking uuid v1.18.1
[INFO] [stderr]     Checking dirs v5.0.1
[INFO] [stderr]     Checking regex-automata v0.4.10
[INFO] [stderr]     Checking moxcms v0.7.5
[INFO] [stderr]     Checking jpeg-decoder v0.3.2
[INFO] [stderr]     Checking regex v1.11.2
[INFO] [stderr]     Checking env_logger v0.10.2
[INFO] [stderr]     Checking tiff v0.9.1
[INFO] [stderr]     Checking image v0.24.9
[INFO] [stderr]     Checking gethostname v1.0.2
[INFO] [stderr]    Compiling serde_derive v1.0.219
[INFO] [stderr]    Compiling thiserror-impl v2.0.16
[INFO] [stderr]    Compiling async-trait v0.1.89
[INFO] [stderr]    Compiling thiserror-impl v1.0.69
[INFO] [stderr]    Compiling clap_derive v4.5.47
[INFO] [stderr]     Checking x11rb v0.13.2
[INFO] [stderr]     Checking thiserror v1.0.69
[INFO] [stderr]     Checking pest v2.8.1
[INFO] [stderr]     Checking clap v4.5.47
[INFO] [stderr]     Checking image v0.25.8
[INFO] [stderr]     Checking dbus v0.9.9
[INFO] [stderr]    Compiling pest_meta v2.8.1
[INFO] [stderr]     Checking arboard v3.6.1
[INFO] [stderr]    Compiling pest_generator v2.8.1
[INFO] [stderr]     Checking display-info v0.4.8
[INFO] [stderr]     Checking screenshots v0.7.3
[INFO] [stdout] error[E0277]: the trait bound `!: ReadAll` is not satisfied
[INFO] [stdout]    --> /opt/rustwide/cargo-home/registry/src/index.crates.io-1949cf8c6b5b557f/screenshots-0.7.3/src/linux/wayland_screenshot.rs:96:11
[INFO] [stdout]     |
[INFO] [stdout]  96 |     proxy.method_call(
[INFO] [stdout]     |           ^^^^^^^^^^^ the trait `ReadAll` is not implemented for `!`
[INFO] [stdout]     |
[INFO] [stdout]     = help: the following other types implement trait `ReadAll`:
[INFO] [stdout]               ()
[INFO] [stdout]               (A,)
[INFO] [stdout]               (A, B)
[INFO] [stdout]               (A, B, C)
[INFO] [stdout]               (A, B, C, D)
[INFO] [stdout]               (A, B, C, D, E)
[INFO] [stdout]               (A, B, C, D, E, F)
[INFO] [stdout]               (A, B, C, D, E, F, G)
[INFO] [stdout]             and 29 others
[INFO] [stdout]     = note: this error might have been caused by changes to Rust's type-inference algorithm (see issue #148922 <https://github.com/rust-lang/rust/issues/148922> for more information)
[INFO] [stdout]     = help: you might have intended to use the type `()` here instead
[INFO] [stdout] note: required by a bound in `Proxy::<'a, C>::method_call`
[INFO] [stdout]    --> /opt/rustwide/cargo-home/registry/src/index.crates.io-1949cf8c6b5b557f/dbus-0.9.9/src/blocking.rs:399:35
[INFO] [stdout]     |
[INFO] [stdout] 384 | impl<'a, T: BlockingSender, C: std::ops::Deref<Target=T>> Proxy<'a, C> {
[INFO] [stdout] ...
[INFO] [stdout] 399 |     pub fn method_call<'i, 'm, R: ReadAll, A: AppendAll, I: Into<Interface<'i>>, M: Into<Member<'m>>>(&self, i: I, m: M, args: A) -...
[INFO] [stdout]     |                                   ^^^^^^^ required by this bound in `Proxy::<'a, C>::method_call`
[INFO] [stdout] 
[INFO] [stdout] 
[INFO] [stdout] error[E0277]: the trait bound `!: ReadAll` is not satisfied
[INFO] [stdout]    --> /opt/rustwide/cargo-home/registry/src/index.crates.io-1949cf8c6b5b557f/screenshots-0.7.3/src/linux/wayland_screenshot.rs:152:11
[INFO] [stdout]     |
[INFO] [stdout] 152 |     proxy.method_call(
[INFO] [stdout]     |           ^^^^^^^^^^^ the trait `ReadAll` is not implemented for `!`
[INFO] [stdout]     |
[INFO] [stdout]     = help: the following other types implement trait `ReadAll`:
[INFO] [stdout]               ()
[INFO] [stdout]               (A,)
[INFO] [stdout]               (A, B)
[INFO] [stdout]               (A, B, C)
[INFO] [stdout]               (A, B, C, D)
[INFO] [stdout]               (A, B, C, D, E)
[INFO] [stdout]               (A, B, C, D, E, F)
[INFO] [stdout]               (A, B, C, D, E, F, G)
[INFO] [stdout]             and 29 others
[INFO] [stdout]     = note: this error might have been caused by changes to Rust's type-inference algorithm (see issue #148922 <https://github.com/rust-lang/rust/issues/148922> for more information)
[INFO] [stdout]     = help: you might have intended to use the type `()` here instead
[INFO] [stdout] note: required by a bound in `Proxy::<'a, C>::method_call`
[INFO] [stdout]    --> /opt/rustwide/cargo-home/registry/src/index.crates.io-1949cf8c6b5b557f/dbus-0.9.9/src/blocking.rs:399:35
[INFO] [stdout]     |
[INFO] [stdout] 384 | impl<'a, T: BlockingSender, C: std::ops::Deref<Target=T>> Proxy<'a, C> {
[INFO] [stdout] ...
[INFO] [stdout] 399 |     pub fn method_call<'i, 'm, R: ReadAll, A: AppendAll, I: Into<Interface<'i>>, M: Into<Member<'m>>>(&self, i: I, m: M, args: A) -...
[INFO] [stdout]     |                                   ^^^^^^^ required by this bound in `Proxy::<'a, C>::method_call`
[INFO] [stdout] 
[INFO] [stdout] 
[INFO] [stdout] For more information about this error, try `rustc --explain E0277`.
[INFO] [stdout] 
[INFO] [stderr] error: could not compile `screenshots` (lib) due to 2 previous errors
[INFO] [stderr] warning: build failed, waiting for other jobs to finish...
[INFO] running `Command { std: "docker" "inspect" "ad72c12044cffeb8e95c704fa351d2bc60d1e4cb7517fbbfb54d201769f8b517", kill_on_drop: false }`
[INFO] running `Command { std: "docker" "rm" "-f" "ad72c12044cffeb8e95c704fa351d2bc60d1e4cb7517fbbfb54d201769f8b517", kill_on_drop: false }`
[INFO] [stdout] ad72c12044cffeb8e95c704fa351d2bc60d1e4cb7517fbbfb54d201769f8b517
