[INFO] cloning repository https://github.com/SamNour/Terminal-Guard
[INFO] running `Command { std: "git" "-c" "credential.helper=" "-c" "credential.helper=/workspace/cargo-home/bin/git-credential-null" "clone" "--bare" "https://github.com/SamNour/Terminal-Guard" "/workspace/cache/git-repos/https%3A%2F%2Fgithub.com%2FSamNour%2FTerminal-Guard", kill_on_drop: false }`
[INFO] [stderr] Cloning into bare repository '/workspace/cache/git-repos/https%3A%2F%2Fgithub.com%2FSamNour%2FTerminal-Guard'...
[INFO] running `Command { std: "git" "rev-parse" "HEAD", kill_on_drop: false }`
[INFO] [stdout] ca93fbfa61740999bca029c39a78aa22982692bc
[INFO] documenting SamNour/Terminal-Guard against 1.100.0-beta.1 for beta-rustdoc-1.100-2
[INFO] running `Command { std: "git" "clone" "/workspace/cache/git-repos/https%3A%2F%2Fgithub.com%2FSamNour%2FTerminal-Guard" "/workspace/builds/worker-4-tc2/source", kill_on_drop: false }`
[INFO] [stderr] Cloning into '/workspace/builds/worker-4-tc2/source'...
[INFO] [stderr] done.
[INFO] started tweaking git repo https://github.com/SamNour/Terminal-Guard
[INFO] finished tweaking git repo https://github.com/SamNour/Terminal-Guard
[INFO] tweaked toml for git repo https://github.com/SamNour/Terminal-Guard written to /workspace/builds/worker-4-tc2/source/Cargo.toml
[INFO] validating manifest of git repo https://github.com/SamNour/Terminal-Guard on toolchain 1.100.0-beta.1
[INFO] running `Command { std: CARGO_HOME="/workspace/cargo-home" RUSTUP_HOME="/workspace/rustup-home" "/workspace/cargo-home/bin/cargo" "+1.100.0-beta.1" "metadata" "--manifest-path" "Cargo.toml" "--no-deps", kill_on_drop: false }`
[INFO] crate git repo https://github.com/SamNour/Terminal-Guard already has a lockfile, it will not be regenerated
[INFO] running `Command { std: CARGO_HOME="/workspace/cargo-home" RUSTUP_HOME="/workspace/rustup-home" "/workspace/cargo-home/bin/cargo" "+1.100.0-beta.1" "fetch" "--manifest-path" "Cargo.toml", kill_on_drop: false }`
[INFO] [stderr]     Blocking waiting for file lock on package cache
[INFO] [stderr]     Updating crates.io index
[INFO] [stderr]     Blocking waiting for file lock on package cache
[ERROR] error running command: no output for 300 seconds
[INFO] documenting SamNour/Terminal-Guard against 1.100.0-beta.1 for beta-rustdoc-1.100-2
[INFO] running `Command { std: "git" "clone" "/workspace/cache/git-repos/https%3A%2F%2Fgithub.com%2FSamNour%2FTerminal-Guard" "/workspace/builds/worker-4-tc2/source", kill_on_drop: false }`
[INFO] [stderr] Cloning into '/workspace/builds/worker-4-tc2/source'...
[INFO] [stderr] done.
[INFO] started tweaking git repo https://github.com/SamNour/Terminal-Guard
[INFO] finished tweaking git repo https://github.com/SamNour/Terminal-Guard
[INFO] tweaked toml for git repo https://github.com/SamNour/Terminal-Guard written to /workspace/builds/worker-4-tc2/source/Cargo.toml
[INFO] validating manifest of git repo https://github.com/SamNour/Terminal-Guard on toolchain 1.100.0-beta.1
[INFO] running `Command { std: CARGO_HOME="/workspace/cargo-home" RUSTUP_HOME="/workspace/rustup-home" "/workspace/cargo-home/bin/cargo" "+1.100.0-beta.1" "metadata" "--manifest-path" "Cargo.toml" "--no-deps", kill_on_drop: false }`
[INFO] crate git repo https://github.com/SamNour/Terminal-Guard already has a lockfile, it will not be regenerated
[INFO] running `Command { std: CARGO_HOME="/workspace/cargo-home" RUSTUP_HOME="/workspace/rustup-home" "/workspace/cargo-home/bin/cargo" "+1.100.0-beta.1" "fetch" "--manifest-path" "Cargo.toml", kill_on_drop: false }`
[INFO] [stderr]     Blocking waiting for file lock on package cache
[INFO] [stderr]     Blocking waiting for file lock on package cache
[ERROR] error running command: no output for 300 seconds
[INFO] documenting SamNour/Terminal-Guard against 1.100.0-beta.1 for beta-rustdoc-1.100-2
[INFO] running `Command { std: "git" "clone" "/workspace/cache/git-repos/https%3A%2F%2Fgithub.com%2FSamNour%2FTerminal-Guard" "/workspace/builds/worker-4-tc2/source", kill_on_drop: false }`
[INFO] [stderr] Cloning into '/workspace/builds/worker-4-tc2/source'...
[INFO] [stderr] done.
[INFO] started tweaking git repo https://github.com/SamNour/Terminal-Guard
[INFO] finished tweaking git repo https://github.com/SamNour/Terminal-Guard
[INFO] tweaked toml for git repo https://github.com/SamNour/Terminal-Guard written to /workspace/builds/worker-4-tc2/source/Cargo.toml
[INFO] validating manifest of git repo https://github.com/SamNour/Terminal-Guard on toolchain 1.100.0-beta.1
[INFO] running `Command { std: CARGO_HOME="/workspace/cargo-home" RUSTUP_HOME="/workspace/rustup-home" "/workspace/cargo-home/bin/cargo" "+1.100.0-beta.1" "metadata" "--manifest-path" "Cargo.toml" "--no-deps", kill_on_drop: false }`
[INFO] crate git repo https://github.com/SamNour/Terminal-Guard already has a lockfile, it will not be regenerated
[INFO] running `Command { std: CARGO_HOME="/workspace/cargo-home" RUSTUP_HOME="/workspace/rustup-home" "/workspace/cargo-home/bin/cargo" "+1.100.0-beta.1" "fetch" "--manifest-path" "Cargo.toml", kill_on_drop: false }`
[INFO] [stderr]     Blocking waiting for file lock on package cache
[INFO] [stderr]     Blocking waiting for file lock on package cache
[INFO] [stderr]  Downloading crates ...
[INFO] [stderr]   Downloaded termcolor v1.3.0
[INFO] [stderr]   Downloaded serde_yaml v0.9.27
[INFO] [stderr]   Downloaded indexmap v2.0.2
[INFO] [stderr]   Downloaded mlua-sys v0.3.2
[INFO] [stderr]   Downloaded bitflags v2.4.0
[INFO] [stderr]   Downloaded unsafe-libyaml v0.2.9
[INFO] [stderr]   Downloaded hashbrown v0.14.1
[INFO] [stderr]   Downloaded winnow v0.5.17
[INFO] [stderr]   Downloaded serde_json v1.0.107
[INFO] [stderr]   Downloaded mlua v0.9.1
[INFO] [stderr]   Downloaded regex v1.10.1
[INFO] [stderr]   Downloaded rustix v0.38.19
[INFO] [stderr]   Downloaded bstr v1.7.0
[INFO] [stderr]   Downloaded regex-automata v0.4.2
[INFO] [stderr]   Downloaded lua-src v546.0.1
[INFO] [stderr]   Downloaded luajit-src v210.4.8+resty107baaf
[INFO] running `Command { std: "docker" "create" "-v" "/var/lib/crater-agent-workspace/builds/worker-4-tc2/source:/opt/rustwide/workdir:ro,Z" "-v" "/var/lib/crater-agent-workspace/builds/worker-4-tc2/target:/opt/rustwide/target:rw,Z" "-v" "/var/lib/crater-agent-workspace/cargo-home:/opt/rustwide/cargo-home:ro,Z" "-v" "/var/lib/crater-agent-workspace/rustup-home:/opt/rustwide/rustup-home:ro,Z" "-m" "1610612736" "--network" "none" "ghcr.io/rust-lang/crates-build-env/linux@sha256:77db811e55d90add9212f6832c23229e3de5f1c1f9905e8cb07319ea15df73ac" "sleep" "infinity", kill_on_drop: false }`
[INFO] [stdout] faa6f18bac024324040835900dd756725d7d4a0c0e4d42f397322efde3d48d9b
[INFO] running `Command { std: "docker" "start" "faa6f18bac024324040835900dd756725d7d4a0c0e4d42f397322efde3d48d9b", kill_on_drop: false }`
[INFO] running `Command { std: "docker" "inspect" "faa6f18bac024324040835900dd756725d7d4a0c0e4d42f397322efde3d48d9b", kill_on_drop: false }`
[INFO] running `Command { std: "docker" "exec" "-e" "SOURCE_DIR=/opt/rustwide/workdir" "-e" "CARGO_HOME=/opt/rustwide/cargo-home" "-e" "RUSTUP_HOME=/opt/rustwide/rustup-home" "-e" "CARGO_TARGET_DIR=/opt/rustwide/target" "-w" "/opt/rustwide/workdir" "--user" "0:0" "faa6f18bac024324040835900dd756725d7d4a0c0e4d42f397322efde3d48d9b" "/opt/rustwide/cargo-home/bin/cargo" "+1.100.0-beta.1" "metadata" "--no-deps" "--format-version=1", kill_on_drop: false }`
[INFO] running `Command { std: "docker" "inspect" "faa6f18bac024324040835900dd756725d7d4a0c0e4d42f397322efde3d48d9b", kill_on_drop: false }`
[INFO] running `Command { std: "docker" "exec" "-e" "SOURCE_DIR=/opt/rustwide/workdir" "-e" "CARGO_HOME=/opt/rustwide/cargo-home" "-e" "RUSTUP_HOME=/opt/rustwide/rustup-home" "-e" "CARGO_TARGET_DIR=/opt/rustwide/target" "-e" "CARGO_INCREMENTAL=0" "-e" "RUST_BACKTRACE=full" "-e" "RUSTFLAGS=--cap-lints=warn" "-e" "RUSTDOCFLAGS=--cap-lints=warn" "-w" "/opt/rustwide/workdir" "--user" "0:0" "faa6f18bac024324040835900dd756725d7d4a0c0e4d42f397322efde3d48d9b" "/opt/rustwide/cargo-home/bin/cargo" "+1.100.0-beta.1" "doc" "--frozen" "--no-deps" "--document-private-items" "--message-format=json", kill_on_drop: false }`
[INFO] [stderr]    Compiling proc-macro2 v1.0.69
[INFO] [stderr]    Compiling unicode-ident v1.0.12
[INFO] [stderr]    Compiling libc v0.2.149
[INFO] [stderr]    Compiling serde v1.0.190
[INFO] [stderr]    Compiling autocfg v1.1.0
[INFO] [stderr]    Compiling rustix v0.38.19
[INFO] [stderr]    Compiling bitflags v2.4.0
[INFO] [stderr]    Compiling linux-raw-sys v0.4.10
[INFO] [stderr]    Compiling either v1.9.0
[INFO] [stderr]    Compiling home v0.5.5
[INFO] [stderr]     Checking memchr v2.6.4
[INFO] [stderr]    Compiling pkg-config v0.3.27
[INFO] [stderr]     Checking equivalent v1.0.1
[INFO] [stderr]     Checking hashbrown v0.14.1
[INFO] [stderr]    Compiling cfg-if v1.0.0
[INFO] [stderr]     Checking itoa v1.0.9
[INFO] [stderr]     Checking bitflags v1.3.2
[INFO] [stderr]    Compiling serde_json v1.0.107
[INFO] [stderr]     Checking unicode-width v0.1.11
[INFO] [stderr]     Checking winnow v0.5.17
[INFO] [stderr]     Checking regex-syntax v0.8.2
[INFO] [stderr]     Checking ryu v1.0.15
[INFO] [stderr]     Checking textwrap v0.11.0
[INFO] [stderr]    Compiling num-traits v0.2.17
[INFO] [stderr]    Compiling memoffset v0.7.1
[INFO] [stderr]     Checking once_cell v1.18.0
[INFO] [stderr]     Checking lazy_static v1.4.0
[INFO] [stderr]     Checking ansi_term v0.12.1
[INFO] [stderr]     Checking vec_map v0.8.2
[INFO] [stderr]     Checking rustc-hash v1.1.0
[INFO] [stderr]     Checking pin-utils v0.1.0
[INFO] [stderr]     Checking strsim v0.8.0
[INFO] [stderr]     Checking unsafe-libyaml v0.2.9
[INFO] [stderr]     Checking encoding_rs v0.8.33
[INFO] [stderr]     Checking termcolor v1.3.0
[INFO] [stderr]     Checking aho-corasick v1.1.2
[INFO] [stderr]     Checking bstr v1.7.0
[INFO] [stderr]     Checking indexmap v2.0.2
[INFO] [stderr]    Compiling quote v1.0.33
[INFO] [stderr]    Compiling cc v1.0.83
[INFO] [stderr]    Compiling syn v2.0.38
[INFO] [stderr]     Checking is-terminal v0.4.9
[INFO] [stderr]     Checking colored v2.0.4
[INFO] [stderr]     Checking atty v0.2.14
[INFO] [stderr]     Checking nix v0.26.4
[INFO] [stderr]     Checking clap v2.34.0
[INFO] [stderr]    Compiling lua-src v546.0.1
[INFO] [stderr]     Checking regex-automata v0.4.2
[INFO] [stderr]    Compiling which v4.4.2
[INFO] [stderr]    Compiling luajit-src v210.4.8+resty107baaf
[INFO] [stderr]    Compiling mlua-sys v0.3.2
[INFO] [stderr]    Compiling serde_derive v1.0.190
[INFO] [stderr]     Checking regex v1.10.1
[INFO] [stderr]     Checking toml_datetime v0.6.3
[INFO] [stderr]     Checking serde_spanned v0.6.3
[INFO] [stderr]     Checking serde_yaml v0.9.27
[INFO] [stderr]     Checking toml_edit v0.20.2
[INFO] [stderr]     Checking toml v0.8.2
[INFO] [stderr]     Checking mlua v0.9.1
[INFO] [stdout] error[E0277]: the trait bound `!: FromLuaMulti<'_>` is not satisfied
[INFO] [stdout]    --> /opt/rustwide/cargo-home/registry/src/index.crates.io-1949cf8c6b5b557f/mlua-0.9.1/src/chunk.rs:318:14
[INFO] [stdout]     |
[INFO] [stdout] 318 |         self.call(())?;
[INFO] [stdout]     |              ^^^^ the trait `FromLua<'_>` is not implemented for `!`
[INFO] [stdout]     |
[INFO] [stdout]     = help: the following other types implement trait `FromLua<'lua>`:
[INFO] [stdout]               BString
[INFO] [stdout]               BTreeMap<K, V>
[INFO] [stdout]               BTreeSet<T>
[INFO] [stdout]               Box<[T]>
[INFO] [stdout]               Box<str>
[INFO] [stdout]               CString
[INFO] [stdout]               Function<'lua>
[INFO] [stdout]               HashMap<K, V, S>
[INFO] [stdout]             and 29 others
[INFO] [stdout] note: required for `!` to implement `FromLuaMulti<'_>`
[INFO] [stdout]    --> /opt/rustwide/cargo-home/registry/src/index.crates.io-1949cf8c6b5b557f/mlua-0.9.1/src/multi.rs:58:30
[INFO] [stdout]     |
[INFO] [stdout]  58 | impl<'lua, T: FromLua<'lua>> FromLuaMulti<'lua> for T {
[INFO] [stdout]     |               -------------  ^^^^^^^^^^^^^^^^^^     ^
[INFO] [stdout]     |               |
[INFO] [stdout]     |               unsatisfied trait bound introduced here
[INFO] [stdout] note: required by a bound in `Chunk::<'lua, 'a>::call`
[INFO] [stdout]    --> /opt/rustwide/cargo-home/registry/src/index.crates.io-1949cf8c6b5b557f/mlua-0.9.1/src/chunk.rs:379:43
[INFO] [stdout]     |
[INFO] [stdout] 267 | impl<'lua, 'a> Chunk<'lua, 'a> {
[INFO] [stdout] ...
[INFO] [stdout] 379 |     pub fn call<A: IntoLuaMulti<'lua>, R: FromLuaMulti<'lua>>(self, args: A) -> Result<R> {
[INFO] [stdout]     |                                           ^^^^^^^^^^^^^^^^^^ required by this bound in `Chunk::<'lua, 'a>::call`
[INFO] [stdout] 
[INFO] [stdout] 
[INFO] [stdout] For more information about this error, try `rustc --explain E0277`.
[INFO] [stdout] 
[INFO] [stderr] error: could not compile `mlua` (lib) due to 1 previous error
[INFO] running `Command { std: "docker" "inspect" "faa6f18bac024324040835900dd756725d7d4a0c0e4d42f397322efde3d48d9b", kill_on_drop: false }`
[INFO] running `Command { std: "docker" "rm" "-f" "faa6f18bac024324040835900dd756725d7d4a0c0e4d42f397322efde3d48d9b", kill_on_drop: false }`
[INFO] [stdout] faa6f18bac024324040835900dd756725d7d4a0c0e4d42f397322efde3d48d9b
