[INFO] cloning repository https://github.com/N1ghtStorm/green-xcm-asset-trap
[INFO] running `Command { std: "git" "-c" "credential.helper=" "-c" "credential.helper=/workspace/cargo-home/bin/git-credential-null" "clone" "--bare" "https://github.com/N1ghtStorm/green-xcm-asset-trap" "/workspace/cache/git-repos/https%3A%2F%2Fgithub.com%2FN1ghtStorm%2Fgreen-xcm-asset-trap", kill_on_drop: false }`
[INFO] [stderr] Cloning into bare repository '/workspace/cache/git-repos/https%3A%2F%2Fgithub.com%2FN1ghtStorm%2Fgreen-xcm-asset-trap'...
[INFO] running `Command { std: "git" "rev-parse" "HEAD", kill_on_drop: false }`
[INFO] [stdout] 61b79f6233dc7a9f795b6bb20c2ada77bbcd8433
[INFO] documenting N1ghtStorm/green-xcm-asset-trap against 1.100.0-beta.1 for beta-rustdoc-1.100-2
[INFO] running `Command { std: "git" "clone" "/workspace/cache/git-repos/https%3A%2F%2Fgithub.com%2FN1ghtStorm%2Fgreen-xcm-asset-trap" "/workspace/builds/worker-0-tc2/source", kill_on_drop: false }`
[INFO] [stderr] Cloning into '/workspace/builds/worker-0-tc2/source'...
[INFO] [stderr] done.
[INFO] started tweaking git repo https://github.com/N1ghtStorm/green-xcm-asset-trap
[INFO] finished tweaking git repo https://github.com/N1ghtStorm/green-xcm-asset-trap
[INFO] tweaked toml for git repo https://github.com/N1ghtStorm/green-xcm-asset-trap written to /workspace/builds/worker-0-tc2/source/Cargo.toml
[INFO] validating manifest of git repo https://github.com/N1ghtStorm/green-xcm-asset-trap on toolchain 1.100.0-beta.1
[INFO] running `Command { std: CARGO_HOME="/workspace/cargo-home" RUSTUP_HOME="/workspace/rustup-home" "/workspace/cargo-home/bin/cargo" "+1.100.0-beta.1" "metadata" "--manifest-path" "Cargo.toml" "--no-deps", kill_on_drop: false }`
[INFO] crate git repo https://github.com/N1ghtStorm/green-xcm-asset-trap already has a lockfile, it will not be regenerated
[INFO] running `Command { std: CARGO_HOME="/workspace/cargo-home" RUSTUP_HOME="/workspace/rustup-home" "/workspace/cargo-home/bin/cargo" "+1.100.0-beta.1" "fetch" "--manifest-path" "Cargo.toml", kill_on_drop: false }`
[INFO] [stderr]     Blocking waiting for file lock on package cache
[INFO] [stderr]     Blocking waiting for file lock on package cache
[ERROR] error running command: no output for 300 seconds
[INFO] documenting N1ghtStorm/green-xcm-asset-trap against 1.100.0-beta.1 for beta-rustdoc-1.100-2
[INFO] running `Command { std: "git" "clone" "/workspace/cache/git-repos/https%3A%2F%2Fgithub.com%2FN1ghtStorm%2Fgreen-xcm-asset-trap" "/workspace/builds/worker-0-tc2/source", kill_on_drop: false }`
[INFO] [stderr] Cloning into '/workspace/builds/worker-0-tc2/source'...
[INFO] [stderr] done.
[INFO] started tweaking git repo https://github.com/N1ghtStorm/green-xcm-asset-trap
[INFO] finished tweaking git repo https://github.com/N1ghtStorm/green-xcm-asset-trap
[INFO] tweaked toml for git repo https://github.com/N1ghtStorm/green-xcm-asset-trap written to /workspace/builds/worker-0-tc2/source/Cargo.toml
[INFO] validating manifest of git repo https://github.com/N1ghtStorm/green-xcm-asset-trap on toolchain 1.100.0-beta.1
[INFO] running `Command { std: CARGO_HOME="/workspace/cargo-home" RUSTUP_HOME="/workspace/rustup-home" "/workspace/cargo-home/bin/cargo" "+1.100.0-beta.1" "metadata" "--manifest-path" "Cargo.toml" "--no-deps", kill_on_drop: false }`
[INFO] crate git repo https://github.com/N1ghtStorm/green-xcm-asset-trap already has a lockfile, it will not be regenerated
[INFO] running `Command { std: CARGO_HOME="/workspace/cargo-home" RUSTUP_HOME="/workspace/rustup-home" "/workspace/cargo-home/bin/cargo" "+1.100.0-beta.1" "fetch" "--manifest-path" "Cargo.toml", kill_on_drop: false }`
[INFO] [stderr]     Blocking waiting for file lock on package cache
[INFO] [stderr]     Blocking waiting for file lock on package cache
[ERROR] error running command: no output for 300 seconds
[INFO] documenting N1ghtStorm/green-xcm-asset-trap against 1.100.0-beta.1 for beta-rustdoc-1.100-2
[INFO] running `Command { std: "git" "clone" "/workspace/cache/git-repos/https%3A%2F%2Fgithub.com%2FN1ghtStorm%2Fgreen-xcm-asset-trap" "/workspace/builds/worker-0-tc2/source", kill_on_drop: false }`
[INFO] [stderr] Cloning into '/workspace/builds/worker-0-tc2/source'...
[INFO] [stderr] done.
[INFO] started tweaking git repo https://github.com/N1ghtStorm/green-xcm-asset-trap
[INFO] finished tweaking git repo https://github.com/N1ghtStorm/green-xcm-asset-trap
[INFO] tweaked toml for git repo https://github.com/N1ghtStorm/green-xcm-asset-trap written to /workspace/builds/worker-0-tc2/source/Cargo.toml
[INFO] validating manifest of git repo https://github.com/N1ghtStorm/green-xcm-asset-trap on toolchain 1.100.0-beta.1
[INFO] running `Command { std: CARGO_HOME="/workspace/cargo-home" RUSTUP_HOME="/workspace/rustup-home" "/workspace/cargo-home/bin/cargo" "+1.100.0-beta.1" "metadata" "--manifest-path" "Cargo.toml" "--no-deps", kill_on_drop: false }`
[INFO] crate git repo https://github.com/N1ghtStorm/green-xcm-asset-trap already has a lockfile, it will not be regenerated
[INFO] running `Command { std: CARGO_HOME="/workspace/cargo-home" RUSTUP_HOME="/workspace/rustup-home" "/workspace/cargo-home/bin/cargo" "+1.100.0-beta.1" "fetch" "--manifest-path" "Cargo.toml", kill_on_drop: false }`
[INFO] [stderr]     Blocking waiting for file lock on package cache
[INFO] [stderr]     Blocking waiting for file lock on package cache
[ERROR] error running command: no output for 300 seconds
[INFO] documenting N1ghtStorm/green-xcm-asset-trap against 1.100.0-beta.1 for beta-rustdoc-1.100-2
[INFO] running `Command { std: "git" "clone" "/workspace/cache/git-repos/https%3A%2F%2Fgithub.com%2FN1ghtStorm%2Fgreen-xcm-asset-trap" "/workspace/builds/worker-0-tc2/source", kill_on_drop: false }`
[INFO] [stderr] Cloning into '/workspace/builds/worker-0-tc2/source'...
[INFO] [stderr] done.
[INFO] started tweaking git repo https://github.com/N1ghtStorm/green-xcm-asset-trap
[INFO] finished tweaking git repo https://github.com/N1ghtStorm/green-xcm-asset-trap
[INFO] tweaked toml for git repo https://github.com/N1ghtStorm/green-xcm-asset-trap written to /workspace/builds/worker-0-tc2/source/Cargo.toml
[INFO] validating manifest of git repo https://github.com/N1ghtStorm/green-xcm-asset-trap on toolchain 1.100.0-beta.1
[INFO] running `Command { std: CARGO_HOME="/workspace/cargo-home" RUSTUP_HOME="/workspace/rustup-home" "/workspace/cargo-home/bin/cargo" "+1.100.0-beta.1" "metadata" "--manifest-path" "Cargo.toml" "--no-deps", kill_on_drop: false }`
[INFO] crate git repo https://github.com/N1ghtStorm/green-xcm-asset-trap already has a lockfile, it will not be regenerated
[INFO] running `Command { std: CARGO_HOME="/workspace/cargo-home" RUSTUP_HOME="/workspace/rustup-home" "/workspace/cargo-home/bin/cargo" "+1.100.0-beta.1" "fetch" "--manifest-path" "Cargo.toml", kill_on_drop: false }`
[INFO] [stderr]     Blocking waiting for file lock on package cache
[INFO] [stderr]     Blocking waiting for file lock on package cache
[ERROR] error running command: no output for 300 seconds
[INFO] documenting N1ghtStorm/green-xcm-asset-trap against 1.100.0-beta.1 for beta-rustdoc-1.100-2
[INFO] running `Command { std: "git" "clone" "/workspace/cache/git-repos/https%3A%2F%2Fgithub.com%2FN1ghtStorm%2Fgreen-xcm-asset-trap" "/workspace/builds/worker-0-tc2/source", kill_on_drop: false }`
[INFO] [stderr] Cloning into '/workspace/builds/worker-0-tc2/source'...
[INFO] [stderr] done.
[INFO] started tweaking git repo https://github.com/N1ghtStorm/green-xcm-asset-trap
[INFO] finished tweaking git repo https://github.com/N1ghtStorm/green-xcm-asset-trap
[INFO] tweaked toml for git repo https://github.com/N1ghtStorm/green-xcm-asset-trap written to /workspace/builds/worker-0-tc2/source/Cargo.toml
[INFO] validating manifest of git repo https://github.com/N1ghtStorm/green-xcm-asset-trap on toolchain 1.100.0-beta.1
[INFO] running `Command { std: CARGO_HOME="/workspace/cargo-home" RUSTUP_HOME="/workspace/rustup-home" "/workspace/cargo-home/bin/cargo" "+1.100.0-beta.1" "metadata" "--manifest-path" "Cargo.toml" "--no-deps", kill_on_drop: false }`
[INFO] crate git repo https://github.com/N1ghtStorm/green-xcm-asset-trap already has a lockfile, it will not be regenerated
[INFO] running `Command { std: CARGO_HOME="/workspace/cargo-home" RUSTUP_HOME="/workspace/rustup-home" "/workspace/cargo-home/bin/cargo" "+1.100.0-beta.1" "fetch" "--manifest-path" "Cargo.toml", kill_on_drop: false }`
[INFO] [stderr]     Blocking waiting for file lock on package cache
[INFO] [stderr]     Blocking waiting for file lock on package cache
[INFO] [stderr]  Downloading crates ...
[INFO] [stderr]   Downloaded zeroize_derive v1.3.3
[INFO] [stderr]   Downloaded memory_units v0.4.0
[INFO] [stderr]   Downloaded wasmi_core v0.2.1
[INFO] [stderr]   Downloaded substrate-bip39 v0.4.4
[INFO] [stderr]   Downloaded wasmi-validation v0.5.0
[INFO] [stderr]   Downloaded libm v0.2.6
[INFO] [stderr]   Downloaded wasmi v0.13.2
[INFO] [stderr]   Downloaded pbkdf2 v0.8.0
[INFO] [stderr]   Downloaded ss58-registry v1.37.0
[INFO] [stderr]   Downloaded parity-scale-codec-derive v3.1.3
[INFO] [stderr]   Downloaded ref-cast v1.0.14
[INFO] [stderr]   Downloaded parity-scale-codec v3.2.1
[INFO] [stderr]   Downloaded ref-cast-impl v1.0.14
[INFO] [stderr]   Downloaded impl-trait-for-tuples v0.2.2
[INFO] [stderr]   Downloaded byte-slice-cast v1.2.2
[INFO] [stderr]   Downloaded impl-serde v0.4.0
[INFO] [stderr]   Downloaded cxx-build v1.0.86
[INFO] [stderr]   Downloaded scratch v1.0.3
[INFO] [stderr]   Downloaded cxxbridge-flags v1.0.86
[INFO] [stderr]   Downloaded link-cplusplus v1.0.8
[INFO] [stderr]   Downloaded cxxbridge-macro v1.0.86
[INFO] [stderr]   Downloaded primitive-types v0.12.1
[INFO] [stderr]   Downloaded impl-codec v0.6.0
[INFO] [stderr]   Downloaded cxx v1.0.86
[INFO] [stderr]   Downloaded scale-info v2.3.1
[INFO] [stderr]   Downloaded scale-info-derive v2.3.1
[INFO] [stderr]   Downloaded parking_lot_core v0.9.6
[INFO] [stderr]   Downloaded secp256k1 v0.24.3
[INFO] [stderr]   Downloaded parity-util-mem v0.12.0
[INFO] [stderr]   Downloaded secp256k1-sys v0.6.1
[INFO] [stderr]   Downloaded libsecp256k1 v0.7.1
[INFO] [stderr]   Downloaded trie-root v0.17.0
[INFO] [stderr]   Downloaded base58 v0.2.0
[INFO] [stderr]   Downloaded array-bytes v4.2.0
[INFO] [stderr]   Downloaded ed25519-zebra v3.1.0
[INFO] [stderr]   Downloaded dyn-clone v1.0.10
[INFO] [stderr]   Downloaded memory-db v0.30.0
[INFO] [stderr]   Downloaded trie-db v0.24.0
[INFO] [stderr]   Downloaded object v0.30.2
[INFO] [stderr]   Downloaded async-trait v0.1.61
[INFO] [stderr]   Downloaded gimli v0.27.0
[INFO] [stderr]   Downloaded k256 v0.10.4
[INFO] [stderr]   Downloaded sec1 v0.2.1
[INFO] [stderr]   Downloaded group v0.11.0
[INFO] [stderr]   Downloaded base16ct v0.1.1
[INFO] [stderr]   Downloaded ff v0.11.1
[INFO] [stderr]   Downloaded elliptic-curve v0.11.12
[INFO] [stderr]   Downloaded signature v1.4.0
[INFO] [stderr]   Downloaded rfc6979 v0.1.0
[INFO] [stderr]   Downloaded ecdsa v0.13.4
[INFO] [stderr]   Downloaded cfg-expr v0.10.3
[INFO] [stderr]   Downloaded frame-metadata v15.0.0
[INFO] running `Command { std: "docker" "create" "-v" "/var/lib/crater-agent-workspace/builds/worker-0-tc2/source:/opt/rustwide/workdir:ro,Z" "-v" "/var/lib/crater-agent-workspace/builds/worker-0-tc2/target:/opt/rustwide/target:rw,Z" "-v" "/var/lib/crater-agent-workspace/cargo-home:/opt/rustwide/cargo-home:ro,Z" "-v" "/var/lib/crater-agent-workspace/rustup-home:/opt/rustwide/rustup-home:ro,Z" "-m" "1610612736" "--network" "none" "ghcr.io/rust-lang/crates-build-env/linux@sha256:77db811e55d90add9212f6832c23229e3de5f1c1f9905e8cb07319ea15df73ac" "sleep" "infinity", kill_on_drop: false }`
[INFO] [stdout] bf3cbabc693dd6789f3736666c2f35fee0386b903f2534aaed98e615c1fa5c47
[INFO] running `Command { std: "docker" "start" "bf3cbabc693dd6789f3736666c2f35fee0386b903f2534aaed98e615c1fa5c47", kill_on_drop: false }`
[INFO] running `Command { std: "docker" "inspect" "bf3cbabc693dd6789f3736666c2f35fee0386b903f2534aaed98e615c1fa5c47", kill_on_drop: false }`
[INFO] running `Command { std: "docker" "exec" "-e" "SOURCE_DIR=/opt/rustwide/workdir" "-e" "CARGO_HOME=/opt/rustwide/cargo-home" "-e" "RUSTUP_HOME=/opt/rustwide/rustup-home" "-e" "CARGO_TARGET_DIR=/opt/rustwide/target" "-w" "/opt/rustwide/workdir" "--user" "0:0" "bf3cbabc693dd6789f3736666c2f35fee0386b903f2534aaed98e615c1fa5c47" "/opt/rustwide/cargo-home/bin/cargo" "+1.100.0-beta.1" "metadata" "--no-deps" "--format-version=1", kill_on_drop: false }`
[INFO] running `Command { std: "docker" "inspect" "bf3cbabc693dd6789f3736666c2f35fee0386b903f2534aaed98e615c1fa5c47", kill_on_drop: false }`
[INFO] running `Command { std: "docker" "exec" "-e" "SOURCE_DIR=/opt/rustwide/workdir" "-e" "CARGO_HOME=/opt/rustwide/cargo-home" "-e" "RUSTUP_HOME=/opt/rustwide/rustup-home" "-e" "CARGO_TARGET_DIR=/opt/rustwide/target" "-e" "CARGO_INCREMENTAL=0" "-e" "RUST_BACKTRACE=full" "-e" "RUSTFLAGS=--cap-lints=warn" "-e" "RUSTDOCFLAGS=--cap-lints=warn" "-w" "/opt/rustwide/workdir" "--user" "0:0" "bf3cbabc693dd6789f3736666c2f35fee0386b903f2534aaed98e615c1fa5c47" "/opt/rustwide/cargo-home/bin/cargo" "+1.100.0-beta.1" "doc" "--frozen" "--no-deps" "--document-private-items" "--message-format=json", kill_on_drop: false }`
[INFO] [stderr]    Compiling proc-macro2 v1.0.50
[INFO] [stderr]    Compiling quote v1.0.23
[INFO] [stderr]    Compiling unicode-ident v1.0.6
[INFO] [stderr]    Compiling syn v1.0.107
[INFO] [stderr]    Compiling version_check v0.9.4
[INFO] [stderr]    Compiling typenum v1.16.0
[INFO] [stderr]    Compiling libc v0.2.139
[INFO] [stderr]    Compiling serde_derive v1.0.152
[INFO] [stderr]    Compiling serde v1.0.152
[INFO] [stderr]     Checking subtle v2.4.1
[INFO] [stderr]    Compiling thiserror v1.0.38
[INFO] [stderr]    Compiling unicode-xid v0.2.4
[INFO] [stderr]    Compiling memchr v2.5.0
[INFO] [stderr]    Compiling once_cell v1.17.0
[INFO] [stderr]    Compiling generic-array v0.14.6
[INFO] [stderr]     Checking arrayvec v0.7.2
[INFO] [stderr]     Checking ppv-lite86 v0.2.17
[INFO] [stderr]     Checking byteorder v1.4.3
[INFO] [stderr]    Compiling num-traits v0.2.15
[INFO] [stderr]     Checking byte-slice-cast v1.2.2
[INFO] [stderr]     Checking getrandom v0.2.8
[INFO] [stderr]    Compiling getrandom v0.1.16
[INFO] [stderr]     Checking bytes v1.3.0
[INFO] [stderr]     Checking rand_core v0.6.4
[INFO] [stderr]    Compiling num-integer v0.1.45
[INFO] [stderr]     Checking rand_core v0.5.1
[INFO] [stderr]    Compiling crunchy v0.2.2
[INFO] [stderr]     Checking rand_chacha v0.3.1
[INFO] [stderr]    Compiling regex-syntax v0.6.28
[INFO] [stderr]     Checking rand v0.8.5
[INFO] [stderr]    Compiling ahash v0.7.6
[INFO] [stderr]    Compiling lazy_static v1.4.0
[INFO] [stderr]    Compiling aho-corasick v0.7.20
[INFO] [stderr]     Checking smallvec v1.10.0
[INFO] [stderr]    Compiling cc v1.0.78
[INFO] [stderr]     Checking digest v0.9.0
[INFO] [stderr]    Compiling log v0.4.17
[INFO] [stderr]    Compiling num-bigint v0.4.3
[INFO] [stderr]     Checking sp-std v4.0.0 (https://github.com/paritytech/substrate?branch=polkadot-v0.9.31#7a4e5163)
[INFO] [stderr]     Checking cpufeatures v0.2.5
[INFO] [stderr]     Checking pin-project-lite v0.2.9
[INFO] [stderr]     Checking block-buffer v0.10.3
[INFO] [stderr]     Checking crypto-mac v0.11.1
[INFO] [stderr]     Checking crypto-common v0.1.6
[INFO] [stderr]     Checking generic-array v0.12.4
[INFO] [stderr]     Checking tracing-core v0.1.30
[INFO] [stderr]    Compiling num-rational v0.4.1
[INFO] [stderr]    Compiling libm v0.2.6
[INFO] [stderr]     Checking itoa v1.0.5
[INFO] [stderr]    Compiling futures-core v0.3.25
[INFO] [stderr]     Checking digest v0.10.6
[INFO] [stderr]    Compiling libsecp256k1-core v0.3.0
[INFO] [stderr]     Checking hashbrown v0.12.3
[INFO] [stderr]     Checking block-buffer v0.9.0
[INFO] [stderr]     Checking crypto-mac v0.8.0
[INFO] [stderr]    Compiling lock_api v0.4.9
[INFO] [stderr]    Compiling slab v0.4.7
[INFO] [stderr]    Compiling parking_lot_core v0.9.6
[INFO] [stderr]    Compiling ref-cast v1.0.14
[INFO] [stderr]    Compiling regex v1.7.1
[INFO] [stderr]     Checking opaque-debug v0.3.0
[INFO] [stderr]    Compiling serde_json v1.0.91
[INFO] [stderr]    Compiling futures-channel v0.3.25
[INFO] [stderr]     Checking keccak v0.1.3
[INFO] [stderr]    Compiling futures-task v0.3.25
[INFO] [stderr]     Checking sha2 v0.9.9
[INFO] [stderr]     Checking fixed-hash v0.8.0
[INFO] [stderr]     Checking uint v0.9.5
[INFO] [stderr]     Checking regex-automata v0.1.10
[INFO] [stderr]     Checking digest v0.8.1
[INFO] [stderr]     Checking hmac v0.11.0
[INFO] [stderr]     Checking rand_pcg v0.2.1
[INFO] [stderr]     Checking rand_chacha v0.2.2
[INFO] [stderr]     Checking scopeguard v1.1.0
[INFO] [stderr]    Compiling ryu v1.0.12
[INFO] [stderr]     Checking downcast-rs v1.2.0
[INFO] [stderr]     Checking parity-wasm v0.45.0
[INFO] [stderr]    Compiling futures-util v0.3.25
[INFO] [stderr]     Checking memory_units v0.4.0
[INFO] [stderr]     Checking iana-time-zone v0.1.53
[INFO] [stderr]     Checking futures-sink v0.3.25
[INFO] [stderr]     Checking chrono v0.4.23
[INFO] [stderr]     Checking wasmi_core v0.2.1
[INFO] [stderr]     Checking matchers v0.0.1
[INFO] [stderr]    Compiling Inflector v0.11.4
[INFO] [stderr]     Checking rand v0.7.3
[INFO] [stderr]     Checking block-buffer v0.7.3
[INFO] [stderr]    Compiling libsecp256k1-gen-ecmult v0.3.0
[INFO] [stderr]    Compiling libsecp256k1-gen-genmult v0.3.0
[INFO] [stderr]     Checking wasmi-validation v0.5.0
[INFO] [stderr]     Checking hmac v0.8.1
[INFO] [stderr]    Compiling secp256k1-sys v0.6.1
[INFO] [stderr]     Checking tracing-log v0.1.3
[INFO] [stderr]     Checking sharded-slab v0.1.4
[INFO] [stderr]     Checking thread_local v1.1.4
[INFO] [stderr]    Compiling anyhow v1.0.68
[INFO] [stderr]     Checking hash-db v0.15.2
[INFO] [stderr]    Compiling parity-util-mem v0.12.0
[INFO] [stderr]     Checking futures-io v0.3.25
[INFO] [stderr]     Checking arrayref v0.3.6
[INFO] [stderr]     Checking tinyvec_macros v0.1.0
[INFO] [stderr]     Checking tinyvec v1.6.0
[INFO] [stderr]     Checking wasmi v0.13.2
[INFO] [stderr]     Checking sha2 v0.8.2
[INFO] [stderr]     Checking parking_lot v0.12.1
[INFO] [stderr]    Compiling libsecp256k1 v0.7.1
[INFO] [stderr]     Checking num_cpus v1.15.0
[INFO] [stderr]     Checking arrayvec v0.5.2
[INFO] [stderr]     Checking environmental v1.1.4
[INFO] [stderr]     Checking hmac-drbg v0.3.0
[INFO] [stderr]     Checking sha3 v0.10.6
[INFO] [stderr]     Checking pbkdf2 v0.4.0
[INFO] [stderr]     Checking twox-hash v1.6.3
[INFO] [stderr]     Checking blake2 v0.10.6
[INFO] [stderr]     Checking unicode-normalization v0.1.22
[INFO] [stderr]     Checking sha2 v0.10.6
[INFO] [stderr]     Checking num-format v0.4.4
[INFO] [stderr]     Checking pbkdf2 v0.8.0
[INFO] [stderr]    Compiling synstructure v0.12.6
[INFO] [stderr]     Checking base64 v0.13.1
[INFO] [stderr]     Checking dyn-clone v1.0.10
[INFO] [stderr]     Checking sp-core-hashing v4.0.0 (https://github.com/paritytech/substrate?branch=polkadot-v0.9.31#7a4e5163)
[INFO] [stderr]     Checking hash256-std-hasher v0.15.2
[INFO] [stderr]     Checking array-bytes v4.2.0
[INFO] [stderr]     Checking base58 v0.2.0
[INFO] [stderr]    Compiling backtrace v0.3.67
[INFO] [stderr]     Checking gimli v0.27.0
[INFO] [stderr]     Checking adler v1.0.2
[INFO] [stderr]     Checking object v0.30.2
[INFO] [stderr]     Checking miniz_oxide v0.6.2
[INFO] [stderr]    Compiling async-trait v0.1.61
[INFO] [stderr]     Checking rustc-demangle v0.1.21
[INFO] [stderr]     Checking trie-root v0.17.0
[INFO] [stderr]     Checking trie-db v0.24.0
[INFO] [stderr]     Checking lru v0.7.8
[INFO] [stderr]     Checking integer-sqrt v0.1.5
[INFO] [stderr]    Compiling paste v1.0.11
[INFO] [stderr]     Checking const-oid v0.7.1
[INFO] [stdout] error[E0277]: a value of type `!` cannot be built from an iterator over elements of type `()`
[INFO] [stdout]    --> /opt/rustwide/cargo-home/registry/src/index.crates.io-1949cf8c6b5b557f/trie-db-0.24.0/src/node.rs:222:17
[INFO] [stdout]     |
[INFO] [stdout] 222 |                     .collect::<Result<_, _, _>>()?;
[INFO] [stdout]     |                      -------   ^^^^^^^^^^^^^^^ value of type `!` cannot be built from `std::iter::Iterator<Item=()>`
[INFO] [stdout]     |                      |
[INFO] [stdout]     |                      required by a bound introduced by this call
[INFO] [stdout]     |
[INFO] [stdout]     = help: the trait `FromIterator<()>` is not implemented for `!`
[INFO] [stdout] help: the trait `FromIterator<std::result::Result<T, E>>` is conditionally implemented for `std::result::Result<V, E>`
[INFO] [stdout]    --> /rustc/e3feeb59cd1bdd011a2bfcc0747b55125d9b8527/library/core/src/result.rs:2114:14
[INFO] [stdout]     |
[INFO] [stdout]     = note: unsatisfied requirement introduced here: `!: FromIterator<()>`
[INFO] [stdout]     = note: this error might have been caused by changes to Rust's type-inference algorithm (see issue #148922 <https://github.com/rust-lang/rust/issues/148922> for more information)
[INFO] [stdout]     = help: you might have intended to use the type `()` here instead
[INFO] [stdout]     = note: required for `Result<!, Box<TrieError<<<L as TrieLayout>::Hash as Hasher>::Out, _>>>` to implement `FromIterator<Result<(), Box<TrieError<<_ as Hasher>::Out, _>>>>`
[INFO] [stdout] note: required by a bound in `collect`
[INFO] [stdout]    --> /rustc/e3feeb59cd1bdd011a2bfcc0747b55125d9b8527/library/core/src/iter/traits/iterator.rs:2087:4
[INFO] [stdout]     = note: the full name for the type has been written to '/opt/rustwide/target/debug/build/trie-db/3c431156c6e4bb78/out/trie_db-3c431156c6e4bb78.long-type-4569772350881943817.txt'
[INFO] [stdout]     = note: consider using `--verbose` to print the full type name to the console
[INFO] [stdout] 
[INFO] [stdout] 
[INFO] [stdout] error[E0277]: a value of type `!` cannot be built from an iterator over elements of type `()`
[INFO] [stdout]    --> /opt/rustwide/cargo-home/registry/src/index.crates.io-1949cf8c6b5b557f/trie-db-0.24.0/src/node.rs:236:17
[INFO] [stdout]     |
[INFO] [stdout] 236 |                     .collect::<Result<_, _, _>>()?;
[INFO] [stdout]     |                      -------   ^^^^^^^^^^^^^^^ value of type `!` cannot be built from `std::iter::Iterator<Item=()>`
[INFO] [stdout]     |                      |
[INFO] [stdout]     |                      required by a bound introduced by this call
[INFO] [stdout]     |
[INFO] [stdout]     = help: the trait `FromIterator<()>` is not implemented for `!`
[INFO] [stdout] help: the trait `FromIterator<std::result::Result<T, E>>` is conditionally implemented for `std::result::Result<V, E>`
[INFO] [stdout]    --> /rustc/e3feeb59cd1bdd011a2bfcc0747b55125d9b8527/library/core/src/result.rs:2114:14
[INFO] [stdout]     |
[INFO] [stdout]     = note: unsatisfied requirement introduced here: `!: FromIterator<()>`
[INFO] [stdout]     = note: this error might have been caused by changes to Rust's type-inference algorithm (see issue #148922 <https://github.com/rust-lang/rust/issues/148922> for more information)
[INFO] [stdout]     = help: you might have intended to use the type `()` here instead
[INFO] [stdout]     = note: required for `Result<!, Box<TrieError<<<L as TrieLayout>::Hash as Hasher>::Out, _>>>` to implement `FromIterator<Result<(), Box<TrieError<<_ as Hasher>::Out, _>>>>`
[INFO] [stdout] note: required by a bound in `collect`
[INFO] [stdout]    --> /rustc/e3feeb59cd1bdd011a2bfcc0747b55125d9b8527/library/core/src/iter/traits/iterator.rs:2087:4
[INFO] [stdout]     = note: the full name for the type has been written to '/opt/rustwide/target/debug/build/trie-db/3c431156c6e4bb78/out/trie_db-3c431156c6e4bb78.long-type-4569772350881943817.txt'
[INFO] [stdout]     = note: consider using `--verbose` to print the full type name to the console
[INFO] [stdout] 
[INFO] [stdout] 
[INFO] [stderr]     Checking der v0.5.1
[INFO] [stderr]     Checking base64ct v1.5.3
[INFO] [stderr]     Checking either v1.8.0
[INFO] [stderr]    Compiling cfg-if v1.0.0
[INFO] [stderr]    Compiling static_assertions v1.1.0
[INFO] [stderr]     Checking spki v0.5.4
[INFO] [stdout] For more information about this error, try `rustc --explain E0277`.
[INFO] [stdout] 
[INFO] [stderr] error: could not compile `trie-db` (lib) due to 2 previous errors
[INFO] [stderr] warning: build failed, waiting for other jobs to finish...
[INFO] running `Command { std: "docker" "inspect" "bf3cbabc693dd6789f3736666c2f35fee0386b903f2534aaed98e615c1fa5c47", kill_on_drop: false }`
[INFO] running `Command { std: "docker" "rm" "-f" "bf3cbabc693dd6789f3736666c2f35fee0386b903f2534aaed98e615c1fa5c47", kill_on_drop: false }`
[INFO] [stdout] bf3cbabc693dd6789f3736666c2f35fee0386b903f2534aaed98e615c1fa5c47
