[INFO] fetching crate ambient_debugger 0.2.1...
[INFO] documenting ambient_debugger-0.2.1 against 1.100.0-beta.1 for beta-rustdoc-1.100-2
[INFO] extracting crate ambient_debugger 0.2.1 into /workspace/builds/worker-3-tc2/source
[INFO] started tweaking crates.io crate ambient_debugger 0.2.1
[INFO] finished tweaking crates.io crate ambient_debugger 0.2.1
[INFO] tweaked toml for crates.io crate ambient_debugger 0.2.1 written to /workspace/builds/worker-3-tc2/source/Cargo.toml
[INFO] validating manifest of crates.io crate ambient_debugger 0.2.1 on toolchain 1.100.0-beta.1
[INFO] running `Command { std: CARGO_HOME="/workspace/cargo-home" RUSTUP_HOME="/workspace/rustup-home" "/workspace/cargo-home/bin/cargo" "+1.100.0-beta.1" "metadata" "--manifest-path" "Cargo.toml" "--no-deps", kill_on_drop: false }`
[INFO] running `Command { std: CARGO_HOME="/workspace/cargo-home" RUSTUP_HOME="/workspace/rustup-home" "/workspace/cargo-home/bin/cargo" "+1.100.0-beta.1" "generate-lockfile" "--manifest-path" "Cargo.toml", kill_on_drop: false }`
[INFO] [stderr]     Updating crates.io index
[INFO] [stderr]      Locking 523 packages to highest compatible versions
[INFO] [stderr]       Adding ambient_element v0.2.1 (available: v0.3.1)
[INFO] [stderr]       Adding ambient_element_component v0.2.1 (available: v0.3.1)
[INFO] [stderr]       Adding ambient_rpc v0.2.1 (available: v0.3.1)
[INFO] [stderr]       Adding ambient_shared_types v0.2.1 (available: v0.3.1)
[INFO] [stderr]       Adding ambient_std v0.2.1 (available: v0.3.1)
[INFO] [stderr]       Adding block-sys v0.1.0-beta.1 (available: v0.1.0-beta.2)
[INFO] [stderr]       Adding block2 v0.2.0-alpha.6 (available: v0.2.0)
[INFO] [stderr]       Adding glam v0.22.0 (available: v0.34.1)
[INFO] [stderr]       Adding objc-sys v0.2.0-beta.2 (available: v0.2.0-beta.3)
[INFO] [stderr]       Adding objc2 v0.3.0-beta.3.patch-leaks.3 (available: v0.3.0-beta.5)
[INFO] [stderr]       Adding objc2-encode v2.0.0-pre.2 (available: v2.0.0)
[INFO] [stderr]       Adding web-sys v0.3.72 (available: v0.3.106)
[INFO] [stderr]       Adding wgpu v0.16.3 (available: v30.0.1)
[INFO] [stderr]       Adding winit v0.28.7 (available: v0.30.13)
[INFO] running `Command { std: CARGO_HOME="/workspace/cargo-home" RUSTUP_HOME="/workspace/rustup-home" "/workspace/cargo-home/bin/cargo" "+1.100.0-beta.1" "fetch" "--manifest-path" "Cargo.toml", kill_on_drop: false }`
[INFO] running `Command { std: "docker" "create" "-v" "/var/lib/crater-agent-workspace/builds/worker-3-tc2/source:/opt/rustwide/workdir:ro,Z" "-v" "/var/lib/crater-agent-workspace/builds/worker-3-tc2/target:/opt/rustwide/target:rw,Z" "-v" "/var/lib/crater-agent-workspace/cargo-home:/opt/rustwide/cargo-home:ro,Z" "-v" "/var/lib/crater-agent-workspace/rustup-home:/opt/rustwide/rustup-home:ro,Z" "-m" "1610612736" "--network" "none" "ghcr.io/rust-lang/crates-build-env/linux@sha256:77db811e55d90add9212f6832c23229e3de5f1c1f9905e8cb07319ea15df73ac" "sleep" "infinity", kill_on_drop: false }`
[INFO] [stdout] bfe01d9fb1e0cbcdc1dd51208d1a96dfabf7e7ab742e134850d3edcfa6937f28
[INFO] running `Command { std: "docker" "start" "bfe01d9fb1e0cbcdc1dd51208d1a96dfabf7e7ab742e134850d3edcfa6937f28", kill_on_drop: false }`
[INFO] running `Command { std: "docker" "inspect" "bfe01d9fb1e0cbcdc1dd51208d1a96dfabf7e7ab742e134850d3edcfa6937f28", kill_on_drop: false }`
[INFO] running `Command { std: "docker" "exec" "-e" "SOURCE_DIR=/opt/rustwide/workdir" "-e" "CARGO_HOME=/opt/rustwide/cargo-home" "-e" "RUSTUP_HOME=/opt/rustwide/rustup-home" "-e" "CARGO_TARGET_DIR=/opt/rustwide/target" "-w" "/opt/rustwide/workdir" "--user" "0:0" "bfe01d9fb1e0cbcdc1dd51208d1a96dfabf7e7ab742e134850d3edcfa6937f28" "/opt/rustwide/cargo-home/bin/cargo" "+1.100.0-beta.1" "metadata" "--no-deps" "--format-version=1", kill_on_drop: false }`
[INFO] running `Command { std: "docker" "inspect" "bfe01d9fb1e0cbcdc1dd51208d1a96dfabf7e7ab742e134850d3edcfa6937f28", kill_on_drop: false }`
[INFO] running `Command { std: "docker" "exec" "-e" "SOURCE_DIR=/opt/rustwide/workdir" "-e" "CARGO_HOME=/opt/rustwide/cargo-home" "-e" "RUSTUP_HOME=/opt/rustwide/rustup-home" "-e" "CARGO_TARGET_DIR=/opt/rustwide/target" "-e" "CARGO_INCREMENTAL=0" "-e" "RUST_BACKTRACE=full" "-e" "RUSTFLAGS=--cap-lints=warn" "-e" "RUSTDOCFLAGS=--cap-lints=warn" "-w" "/opt/rustwide/workdir" "--user" "0:0" "bfe01d9fb1e0cbcdc1dd51208d1a96dfabf7e7ab742e134850d3edcfa6937f28" "/opt/rustwide/cargo-home/bin/cargo" "+1.100.0-beta.1" "doc" "--frozen" "--no-deps" "--document-private-items" "--message-format=json", kill_on_drop: false }`
[INFO] [stderr]    Compiling unicode-ident v1.0.26
[INFO] [stderr]    Compiling proc-macro2 v1.0.107
[INFO] [stderr]    Compiling quote v1.0.47
[INFO] [stderr]     Checking cfg-if v1.0.5
[INFO] [stderr]    Compiling libc v0.2.190
[INFO] [stderr]    Compiling serde_core v1.0.229
[INFO] [stderr]    Compiling serde v1.0.229
[INFO] [stderr]     Checking smallvec v1.16.3
[INFO] [stderr]     Checking log v0.4.34
[INFO] [stderr]    Compiling zerocopy v0.8.62
[INFO] [stderr]    Compiling num-traits v0.2.19
[INFO] [stderr]     Checking memchr v2.8.3
[INFO] [stderr]    Compiling find-msvc-tools v0.1.14
[INFO] [stderr]     Checking simd-adler32 v0.3.10
[INFO] [stderr]     Checking bitflags v2.13.2
[INFO] [stderr]     Checking bytes v1.12.1
[INFO] [stderr]    Compiling cc v1.7.0
[INFO] [stderr]    Compiling rustversion v1.0.23
[INFO] [stderr]    Compiling pkg-config v0.3.34
[INFO] [stderr]    Compiling syn v3.0.7
[INFO] [stderr]    Compiling syn v2.0.119
[INFO] [stderr]     Checking libloading v0.8.9
[INFO] [stderr]     Checking futures-sink v0.3.34
[INFO] [stderr]     Checking slab v0.4.12
[INFO] [stderr]     Checking futures-core v0.3.34
[INFO] [stderr]     Checking miniz_oxide v0.8.9
[INFO] [stderr]     Checking writeable v0.6.4
[INFO] [stderr]    Compiling crc32fast v1.5.2
[INFO] [stderr]    Compiling xml-rs v0.8.29
[INFO] [stderr]    Compiling syn v1.0.109
[INFO] [stderr]     Checking litemap v0.8.3
[INFO] [stderr]    Compiling memoffset v0.6.5
[INFO] [stderr]     Checking rand_core v0.10.1
[INFO] [stderr]    Compiling icu_normalizer_data v2.3.0
[INFO] [stderr]     Checking getrandom v0.2.17
[INFO] [stderr]     Checking parking_lot_core v0.9.12
[INFO] [stderr]     Checking errno v0.3.14
[INFO] [stderr]     Checking mio v1.2.4
[INFO] [stderr]     Checking signal-hook-registry v1.4.8
[INFO] [stderr]     Checking socket2 v0.6.5
[INFO] [stderr]     Checking futures-io v0.3.34
[INFO] [stderr]    Compiling getrandom v0.4.3
[INFO] [stderr]    Compiling wayland-scanner v0.29.5
[INFO] [stderr]    Compiling icu_properties_data v2.3.0
[INFO] [stderr]     Checking rand_core v0.6.4
[INFO] [stderr]     Checking futures-channel v0.3.34
[INFO] [stderr]     Checking miniz_oxide v0.9.1
[INFO] [stderr]    Compiling ahash v0.8.12
[INFO] [stderr]    Compiling ring v0.17.14
[INFO] [stderr]     Checking tracing-core v0.1.36
[INFO] [stderr]     Checking futures-task v0.3.34
[INFO] [stderr]    Compiling crossbeam-utils v0.8.23
[INFO] [stderr]     Checking flate2 v1.1.10
[INFO] [stderr]     Checking futures-util v0.3.34
[INFO] [stderr]     Checking lazy_static v1.5.1
[INFO] [stderr]    Compiling wasm-bindgen-shared v0.2.129
[INFO] [stderr]    Compiling wayland-sys v0.29.5
[INFO] [stderr]    Compiling slotmap v1.1.1
[INFO] [stderr]    Compiling anyhow v1.0.104
[INFO] [stderr]     Checking either v1.19.0
[INFO] [stderr]    Compiling crossbeam-epoch v0.9.21
[INFO] [stderr]    Compiling zmij v1.0.23
[INFO] [stderr]     Checking indexmap v2.14.2
[INFO] [stderr]    Compiling ring v0.16.20
[INFO] [stderr]     Checking dlib v0.5.3
[INFO] [stderr]     Checking fdeflate v0.3.7
[INFO] [stderr]     Checking arrayvec v0.7.8
[INFO] [stderr]    Compiling crossbeam-deque v0.8.8
[INFO] [stderr]    Compiling serde_json v1.0.152
[INFO] [stderr]    Compiling wayland-client v0.29.5
[INFO] [stderr]     Checking nix v0.24.3
[INFO] [stderr]    Compiling indexmap v1.9.3
[INFO] [stderr]     Checking base64 v0.21.7
[INFO] [stderr]     Checking num-conv v0.2.2
[INFO] [stderr]     Checking powerfmt v0.2.1
[INFO] [stderr]     Checking time-core v0.1.9
[INFO] [stderr]    Compiling synstructure v0.14.0
[INFO] [stderr]     Checking sct v0.7.1
[INFO] [stderr]     Checking deranged v0.5.8
[INFO] [stderr]     Checking rustls-pemfile v1.0.4
[INFO] [stderr]     Checking http v0.2.12
[INFO] [stderr]     Checking wayland-commons v0.29.5
[INFO] [stderr]    Compiling thiserror-impl v1.0.69
[INFO] [stderr]    Compiling zerocopy-derive v0.8.62
[INFO] [stderr]    Compiling tracing-attributes v0.1.31
[INFO] [stderr]     Checking time v0.3.55
[INFO] [stderr]     Checking uuid v1.28.0
[INFO] [stderr]     Checking libloading v0.7.4
[INFO] [stderr]    Compiling bumpalo v3.20.3
[INFO] [stderr]     Checking hashbrown v0.12.3
[INFO] [stderr]     Checking thiserror v1.0.69
[INFO] [stderr]    Compiling serde_derive v1.0.229
[INFO] [stderr]    Compiling zerofrom-derive v0.1.8
[INFO] [stderr]    Compiling yoke-derive v0.8.4
[INFO] [stderr]    Compiling bytemuck_derive v1.12.1
[INFO] [stderr]    Compiling zerovec-derive v0.11.6
[INFO] [stderr]    Compiling displaydoc v0.2.7
[INFO] [stderr]    Compiling tokio-macros v2.7.2
[INFO] [stderr]     Checking tracing v0.1.44
[INFO] [stderr]     Checking termcolor v1.4.1
[INFO] [stderr]    Compiling rustls v0.21.12
[INFO] [stderr]     Checking zerofrom v0.1.8
[INFO] [stderr]    Compiling khronos-egl v4.1.0
[INFO] [stderr]     Checking yoke v0.8.3
[INFO] [stderr]     Checking bit-vec v0.6.3
[INFO] [stderr]     Checking zerotrie v0.2.5
[INFO] [stderr]    Compiling ash v0.37.3+1.3.251
[INFO] [stderr]     Checking bit-set v0.5.3
[INFO] [stderr]     Checking zerovec v0.11.8
[INFO] [stderr]     Checking codespan-reporting v0.11.1
[INFO] [stderr]     Checking bytemuck v1.25.2
[INFO] [stderr]    Compiling wasm-bindgen-macro-support v0.2.129
[INFO] [stderr]     Checking rayon-core v1.13.0
[INFO] [stderr]     Checking tinystr v0.8.4
[INFO] [stderr]     Checking icu_locale_core v2.3.0
[INFO] [stderr]     Checking potential_utf v0.1.6
[INFO] [stderr]     Checking icu_collections v2.3.0
[INFO] [stderr]    Compiling pin-project-internal v1.1.13
[INFO] [stderr]     Checking rustls-webpki v0.101.7
[INFO] [stderr]    Compiling wayland-protocols v0.29.5
[INFO] [stderr]    Compiling wasm-bindgen v0.2.129
[INFO] [stderr]     Checking spirv v0.2.0+1.5.4
[INFO] [stderr]     Checking gpu-descriptor-types v0.1.2
[INFO] [stderr]     Checking gpu-alloc-types v0.2.0
[INFO] [stderr]     Checking hexf-parse v0.2.1
[INFO] [stderr]    Compiling object v0.37.3
[INFO] [stderr]     Checking icu_provider v2.3.1
[INFO] [stderr]     Checking try-lock v0.2.5
[INFO] [stderr]     Checking unicode-xid v0.2.6
[INFO] [stderr]     Checking icu_normalizer v2.3.0
[INFO] [stderr]     Checking icu_properties v2.3.0
[INFO] [stderr]     Checking want v0.3.2
[INFO] [stderr]     Checking gpu-alloc v0.5.4
[INFO] [stderr]     Checking pin-project v1.1.13
[INFO] [stderr]     Checking lock_api v0.4.14
[INFO] [stderr]     Checking debugid v0.8.0
[INFO] [stderr]     Checking parking_lot v0.12.5
[INFO] [stderr]    Compiling serde_spanned v0.6.9
[INFO] [stderr]     Checking tokio v1.53.2
[INFO] [stderr]    Compiling toml_datetime v0.6.11
[INFO] [stderr]     Checking naga v0.12.3
[INFO] [stderr]    Compiling toml_edit v0.19.15
[INFO] [stderr]     Checking idna_adapter v1.2.2
[INFO] [stderr]     Checking idna v1.1.0
[INFO] [stderr]     Checking url v2.5.8
[INFO] [stderr]     Checking spin v0.9.9
[INFO] [stderr]     Checking http-body v0.4.6
[INFO] [stderr]     Checking ppv-lite86 v0.2.21
[INFO] [stderr]     Checking hashbrown v0.14.5
[INFO] [stderr]     Checking rand_chacha v0.3.1
[INFO] [stderr]     Checking rand v0.8.8
[INFO] [stderr]     Checking gpu-descriptor v0.2.4
[INFO] [stderr]     Checking futures v0.3.34
[INFO] [stderr]     Checking png v0.17.16
[INFO] [stderr]     Checking nix v0.25.1
[INFO] [stderr]    Compiling wasm-bindgen-macro v0.2.129
[INFO] [stderr]     Checking nanorand v0.7.0
[INFO] [stderr]     Checking socket2 v0.5.10
[INFO] [stderr]    Compiling encoding_rs v0.8.42
[INFO] [stderr]    Compiling smithay-client-toolkit v0.16.1
[INFO] [stderr]     Checking aho-corasick v1.1.5
[INFO] [stderr]     Checking wgpu-types v0.16.1
[INFO] [stderr]     Checking instant v0.1.13
[INFO] [stderr]     Checking xcursor v0.3.11
[INFO] [stderr]     Checking profiling v1.0.18
[INFO] [stderr]     Checking renderdoc-sys v1.1.0
[INFO] [stderr]     Checking glow v0.12.3
[INFO] [stderr]     Checking regex-syntax v0.8.11
[INFO] [stderr]     Checking vec_map v0.8.2
[INFO] [stderr]     Checking gimli v0.32.3
[INFO] [stderr]     Checking calloop v0.10.6
[INFO] [stderr]     Checking tokio-util v0.7.20
[INFO] [stderr]     Checking tokio-rustls v0.24.1
[INFO] [stderr]     Checking tiny-skia-path v0.8.4
[INFO] [stderr]     Checking wayland-cursor v0.29.5
[INFO] [stderr]     Checking h2 v0.3.27
[INFO] [stderr]     Checking flume v0.10.14
[INFO] [stderr]     Checking glam v0.22.0
[INFO] [stderr]     Checking sentry-types v0.27.0
[INFO] [stderr]     Checking regex-automata v0.4.18
[INFO] [stderr]     Checking addr2line v0.25.1
[INFO] [stderr]     Checking rayon v1.12.0
[INFO] [stderr]     Checking memmap2 v0.5.10
[INFO] [stderr]    Compiling x11-dl v2.21.0
[INFO] [stderr]     Checking core_detect v1.0.0
[INFO] [stderr]     Checking rustc-demangle v0.1.28
[INFO] [stderr]    Compiling libm v0.2.16
[INFO] [stderr]     Checking simdutf8 v0.1.5
[INFO] [stderr]    Compiling multiversion_no_op v1.0.0
[INFO] [stderr]     Checking regex v1.13.1
[INFO] [stderr]    Compiling derive_more v0.99.20
[INFO] [stderr]    Compiling winit v0.28.7
[INFO] [stderr]     Checking sentry-core v0.27.0
[INFO] [stderr]     Checking console_error_panic_hook v0.1.7
[INFO] [stderr]     Checking tiny-skia v0.8.4
[INFO] [stderr]     Checking hyper v0.14.32
[INFO] [stderr]     Checking serde_urlencoded v0.7.1
[INFO] [stderr]     Checking bincode v1.3.3
[INFO] [stderr]     Checking ordered-float v3.9.2
[INFO] [stderr]     Checking num-complex v0.4.6
[INFO] [stderr]     Checking itertools v0.10.5
[INFO] [stderr]     Checking backtrace v0.3.76
[INFO] [stderr]    Compiling pulp v0.22.3
[INFO] [stderr]     Checking ipnet v2.12.2
[INFO] [stderr]     Checking winnow v0.5.40
[INFO] [stderr]     Checking webpki-roots v0.25.4
[INFO] [stderr]     Checking iana-time-zone v0.1.65
[INFO] [stderr]     Checking sentry-backtrace v0.27.0
[INFO] [stderr]     Checking chrono v0.4.45
[INFO] [stderr]     Checking ambient_sys v0.2.1
[INFO] [stderr]     Checking puffin v0.14.3
[INFO] [stderr]    Compiling async-trait v0.1.92
[INFO] [stderr]     Checking wgpu-hal v0.16.2
[INFO] [stderr]    Compiling ambient_profiling_procmacros v1.0.9
[INFO] [stderr]     Checking mio v0.8.11
[INFO] [stderr]     Checking raw-cpuid v11.6.0
[INFO] [stderr]     Checking hyper-rustls v0.24.2
[INFO] [stderr]    Compiling matrixmultiply v0.3.11
[INFO] [stderr]     Checking unicode-segmentation v1.13.3
[INFO] [stderr]     Checking reqwest v0.11.27
[INFO] [stderr]     Checking pulp-wasm-simd-flag v0.1.1
[INFO] [stderr]     Checking as-any v0.2.1
[INFO] [stderr]     Checking reborrow v0.5.5
[INFO] [stderr]     Checking ambient_asset_cache v0.2.1
[INFO] [stderr]     Checking convert_case v0.6.0
[INFO] [stderr]     Checking ambient_profiling v1.0.9
[INFO] [stderr]     Checking sentry-anyhow v0.27.0
[INFO] [stderr]     Checking jpeg-decoder v0.3.2
[INFO] [stderr]     Checking ambient_math v0.2.1
[INFO] [stderr]     Checking ambient_friendly_id v0.2.1
[INFO] [stderr]    Compiling toml v0.7.8
[INFO] [stderr]     Checking half v2.7.1
[INFO] [stderr]     Checking relative-path v1.9.3
[INFO] [stderr]     Checking zune-inflate v0.2.54
[INFO] [stderr]     Checking data-encoding v2.11.1
[INFO] [stderr]     Checking ambient_cb v0.2.1
[INFO] [stderr]     Checking rawpointer v0.2.1
[INFO] [stderr]    Compiling strum_macros v0.24.3
[INFO] [stderr]    Compiling ambient_project v0.2.1
[INFO] [stderr]     Checking tiff v0.9.1
[INFO] [stderr]     Checking qoi v0.4.1
[INFO] [stderr]     Checking wgpu-core v0.16.1
[INFO] [stderr]     Checking num-integer v0.1.47
[INFO] [stderr]     Checking hashlink v0.8.4
[INFO] [stderr]     Checking ndarray v0.15.6
[INFO] [stderr]    Compiling ambient_project_macro_common v0.2.1
[INFO] [stderr]     Checking aho-corasick v0.7.20
[INFO] [stderr]    Compiling ambient_schema v0.2.1
[INFO] [stderr]     Checking unsafe-libyaml v0.2.11
[INFO] [stderr]     Checking strum v0.24.1
[INFO] [stderr]     Checking yaml-rust-davvid v0.5.2
[INFO] [stderr]     Checking ambient_project_rt v0.2.1
[INFO] [stderr]     Checking erased-serde v0.3.31
[INFO] [stderr]     Checking atomic_refcell v0.1.14
[INFO] [stderr]    Compiling rustix v1.1.5
[INFO] [stderr]    Compiling ambient_project_macro v0.2.1
[INFO] [stderr]     Checking serde_yaml v0.9.34+deprecated
[INFO] [stderr]     Checking cpufeatures v0.3.1
[INFO] [stderr]     Checking chacha20 v0.10.2
[INFO] [stderr]     Checking linux-raw-sys v0.12.1
[INFO] [stderr]     Checking crossbeam-channel v0.5.17
[INFO] [stderr]     Checking rand v0.10.3
[INFO] [stderr]     Checking approx v0.5.1
[INFO] [stderr]     Checking rustc-hash v2.1.3
[INFO] [stderr]     Checking pxfm v0.1.30
[INFO] [stderr]     Checking linked-hash-map v0.5.6
[INFO] [stderr]     Checking xi-unicode v0.3.0
[INFO] [stderr]     Checking glyph_brush_layout v0.2.4
[INFO] [stderr]     Checking glyph_brush_draw_cache v0.1.6
[INFO] [stderr]     Checking twox-hash v2.1.5
[INFO] [stderr]     Checking png v0.18.1
[INFO] [stderr]     Checking ordered-float v5.5.0
[INFO] [stderr]     Checking x11rb-protocol v0.13.2
[INFO] [stderr]    Compiling proc-macro-crate v1.3.1
[INFO] [stderr]     Checking glyph_brush v0.7.12
[INFO] [stderr]     Checking wgpu v0.16.3
[INFO] [stderr]     Checking moxcms v0.8.1
[INFO] [stderr]     Checking exr v1.74.2
[INFO] [stderr]    Compiling dyn-clonable-impl v0.9.2
[INFO] [stderr]     Checking dyn-clone v1.0.20
[INFO] [stderr]     Checking dyn-clonable v0.9.2
[INFO] [stderr]    Compiling derivative v2.2.0
[INFO] [stderr]     Checking sctk-adwaita v0.5.4
[INFO] [stderr]    Compiling ambient_element_component v0.2.1
[INFO] [stderr]    Compiling yansi v1.0.1
[INFO] [stderr]     Checking ambient_color v0.2.1
[INFO] [stderr]     Checking ambient_std v0.2.1
[INFO] [stderr]     Checking gethostname v1.1.0
[INFO] [stderr]    Compiling rustls v0.20.9
[INFO] [stderr]    Compiling diff v0.1.13
[INFO] [stderr]     Checking ambient_time v0.2.1
[INFO] [stderr]    Compiling pretty_assertions v1.4.1
[INFO] [stderr]     Checking webpki v0.22.4
[INFO] [stderr]     Checking x11rb v0.13.2
[INFO] [stderr]     Checking openssl-probe v0.1.6
[INFO] [stderr]     Checking rustls-native-certs v0.6.3
[INFO] [stderr]    Compiling ambient_editor_derive v0.2.1
[INFO] [stderr]     Checking tinyvec v1.13.3
[INFO] [stderr]     Checking closure v0.3.0
[INFO] [stderr]     Checking socket2 v0.4.10
[INFO] [stderr]     Checking dashmap v5.5.3
[INFO] [stderr]     Checking thread-priority v0.10.0
[INFO] [stderr]     Checking ambient_rpc v0.2.1
[INFO] [stderr]     Checking manual_future v0.1.4
[INFO] [stderr]     Checking colored v2.2.0
[INFO] [stderr]     Checking image v0.24.9
[INFO] [stderr]     Checking ambient_shared_types v0.2.1
[INFO] [stderr]     Checking image v0.25.10
[INFO] [stderr]     Checking ambient_ecs v0.2.1
[INFO] [stderr]     Checking quinn-proto v0.9.6
[INFO] [stderr]     Checking arboard v3.6.1
[INFO] [stderr]     Checking ambient_gpu v0.2.1
[INFO] [stderr]     Checking quinn-udp v0.3.2
[INFO] [stderr]     Checking quinn v0.9.4
[INFO] [stderr]     Checking ambient_proxy v0.2.6
[INFO] [stderr]     Checking ambient_core v0.2.1
[INFO] [stderr]     Checking ambient_meshes v0.2.1
[INFO] [stdout] error[E0283]: type annotations needed
[INFO] [stdout]    --> /opt/rustwide/cargo-home/registry/src/index.crates.io-1949cf8c6b5b557f/ambient_proxy-0.2.6/src/streams.rs:50:32
[INFO] [stdout]     |
[INFO] [stdout]  50 |         self.stream.send(bytes.into()).await?;
[INFO] [stdout]     |                     ----       ^^^^
[INFO] [stdout]     |                     |
[INFO] [stdout]     |                     required by a bound introduced by this call
[INFO] [stdout]     |                     required by a bound introduced by this call
[INFO] [stdout]     |
[INFO] [stdout]     = note: multiple `impl`s satisfying `LengthDelimitedCodec: Encoder<_>` found in the `tokio_util` crate:
[INFO] [stdout]             - impl Encoder<&[u8]> for LengthDelimitedCodec;
[INFO] [stdout]             - impl Encoder<bytes::Bytes> for LengthDelimitedCodec;
[INFO] [stdout]     = note: cannot satisfy `<LengthDelimitedCodec as Encoder<_>>::Error == _`
[INFO] [stdout]     = note: required for `FramedWrite<SendStream, LengthDelimitedCodec>` to implement `futures::Sink<_>`
[INFO] [stdout] note: required by a bound in `send`
[INFO] [stdout]    --> /opt/rustwide/cargo-home/registry/src/index.crates.io-1949cf8c6b5b557f/futures-util-0.3.34/src/sink/mod.rs:65:26
[INFO] [stdout]     |
[INFO] [stdout]  65 | pub trait SinkExt<Item>: Sink<Item> {
[INFO] [stdout]     |                          ^^^^^^^^^^ required by this bound in `SinkExt::send`
[INFO] [stdout] ...
[INFO] [stdout] 220 |     fn send(&mut self, item: Item) -> Send<'_, Self, Item>
[INFO] [stdout]     = note: required for `FramedWrite<SendStream, LengthDelimitedCodec>` to implement `futures::Sink<_>`
[INFO] [stdout] note: required by a bound in `send`
[INFO] [stdout]    --> /opt/rustwide/cargo-home/registry/src/index.crates.io-1949cf8c6b5b557f/futures-util-0.3.34/src/sink/mod.rs:65:26
[INFO] [stdout]     |
[INFO] [stdout]  65 | pub trait SinkExt<Item>: Sink<Item> {
[INFO] [stdout]     |                          ^^^^^^^^^^ required by this bound in `SinkExt::send`
[INFO] [stdout] ...
[INFO] [stdout] 220 |     fn send(&mut self, item: Item) -> Send<'_, Self, Item>
[INFO] [stdout]     |
[INFO] [stdout] help: try using a fully qualified path to specify the expected types
[INFO] [stdout]     |
[INFO] [stdout]  50 -         self.stream.send(bytes.into()).await?;
[INFO] [stdout]  50 +         self.stream.send(<Vec<u8> as Into<T>>::into(bytes)).await?;
[INFO] [stdout]     |
[INFO] [stdout] 
[INFO] [stdout] 
[INFO] [stdout] error[E0283]: type annotations needed
[INFO] [stdout]    --> /opt/rustwide/cargo-home/registry/src/index.crates.io-1949cf8c6b5b557f/ambient_proxy-0.2.6/src/streams.rs:50:26
[INFO] [stdout]     |
[INFO] [stdout]  50 |         self.stream.send(bytes.into()).await?;
[INFO] [stdout]     |                     ---- ^^^^^^^^^^^^ cannot infer type
[INFO] [stdout]     |                     |
[INFO] [stdout]     |                     required by a bound introduced by this call
[INFO] [stdout]     |
[INFO] [stdout] note: multiple `impl`s satisfying `_: From<std::io::Error>` found
[INFO] [stdout]    --> /opt/rustwide/cargo-home/registry/src/index.crates.io-1949cf8c6b5b557f/ambient_proxy-0.2.6/src/lib.rs:18:17
[INFO] [stdout]     |
[INFO] [stdout]  18 | #[derive(Debug, thiserror::Error)]
[INFO] [stdout]     |                 ^^^^^^^^^^^^^^^^
[INFO] [stdout]     = note: and more `impl`s found in the following crates: `bincode`, `h2`, `tokio_util`:
[INFO] [stdout]             - impl From<std::io::Error> for AnyDelimiterCodecError;
[INFO] [stdout]             - impl From<std::io::Error> for Box<bincode::ErrorKind>;
[INFO] [stdout]             - impl From<std::io::Error> for LinesCodecError;
[INFO] [stdout]             - impl From<std::io::Error> for h2::codec::error::SendError;
[INFO] [stdout]             - impl From<std::io::Error> for h2::proto::error::Error;
[INFO] [stdout]     = note: required for `FramedWrite<SendStream, LengthDelimitedCodec>` to implement `futures::Sink<_>`
[INFO] [stdout] note: required by a bound in `send`
[INFO] [stdout]    --> /opt/rustwide/cargo-home/registry/src/index.crates.io-1949cf8c6b5b557f/futures-util-0.3.34/src/sink/mod.rs:65:26
[INFO] [stdout]     |
[INFO] [stdout]  65 | pub trait SinkExt<Item>: Sink<Item> {
[INFO] [stdout]     |                          ^^^^^^^^^^ required by this bound in `SinkExt::send`
[INFO] [stdout] ...
[INFO] [stdout] 220 |     fn send(&mut self, item: Item) -> Send<'_, Self, Item>
[INFO] [stdout]     = note: this error originates in the derive macro `thiserror::Error` (in Nightly builds, run with -Z macro-backtrace for more info)
[INFO] [stdout] 
[INFO] [stdout] 
[INFO] [stdout] error[E0283]: type annotations needed
[INFO] [stdout]   --> /opt/rustwide/cargo-home/registry/src/index.crates.io-1949cf8c6b5b557f/ambient_proxy-0.2.6/src/streams.rs:50:32
[INFO] [stdout]    |
[INFO] [stdout] 50 |         self.stream.send(bytes.into()).await?;
[INFO] [stdout]    |                                ^^^^
[INFO] [stdout]    |
[INFO] [stdout]    = note: multiple `impl`s satisfying `_: From<Vec<u8>>` found in the following crates: `bytes`, `hyper`, `reqwest`, `rustls`:
[INFO] [stdout]            - impl From<Vec<u8>> for bytes::Bytes;
[INFO] [stdout]            - impl From<Vec<u8>> for hyper::body::body::Body;
[INFO] [stdout]            - impl From<Vec<u8>> for reqwest::Body;
[INFO] [stdout]            - impl From<Vec<u8>> for reqwest::blocking::Body;
[INFO] [stdout]            - impl From<Vec<u8>> for rustls::msgs::handshake::DistinguishedName;
[INFO] [stdout]            - impl From<Vec<u8>> for rustls::msgs::handshake::PresharedKeyBinder;
[INFO] [stdout]            - impl From<Vec<u8>> for rustls::msgs::handshake::ProtocolName;
[INFO] [stdout]            - impl From<Vec<u8>> for rustls::msgs::handshake::ResponderId;
[INFO] [stdout]            - impl From<Vec<u8>> for rustls::msgs::handshake::Sct;
[INFO] [stdout]    = note: required for `Vec<u8>` to implement `Into<_>`
[INFO] [stdout] help: try using a fully qualified path to specify the expected types
[INFO] [stdout]    |
[INFO] [stdout] 50 -         self.stream.send(bytes.into()).await?;
[INFO] [stdout] 50 +         self.stream.send(<Vec<u8> as Into<T>>::into(bytes)).await?;
[INFO] [stdout]    |
[INFO] [stdout] 
[INFO] [stdout] 
[INFO] [stdout] error[E0283]: type annotations needed
[INFO] [stdout]   --> /opt/rustwide/cargo-home/registry/src/index.crates.io-1949cf8c6b5b557f/ambient_proxy-0.2.6/src/streams.rs:50:32
[INFO] [stdout]    |
[INFO] [stdout] 50 |         self.stream.send(bytes.into()).await?;
[INFO] [stdout]    |                                ^^^^    ----- type must be known at this point
[INFO] [stdout]    |
[INFO] [stdout]    = note: multiple `impl`s satisfying `LengthDelimitedCodec: Encoder<_>` found in the `tokio_util` crate:
[INFO] [stdout]            - impl Encoder<&[u8]> for LengthDelimitedCodec;
[INFO] [stdout]            - impl Encoder<bytes::Bytes> for LengthDelimitedCodec;
[INFO] [stdout]    = note: cannot satisfy `<LengthDelimitedCodec as Encoder<_>>::Error == _`
[INFO] [stdout]    = note: required for `FramedWrite<SendStream, LengthDelimitedCodec>` to implement `futures::Sink<_>`
[INFO] [stdout]    = note: required for `futures::sink::Send<'_, FramedWrite<SendStream, LengthDelimitedCodec>, _>` to implement `futures::Future`
[INFO] [stdout]    = note: required for `futures::sink::Send<'_, FramedWrite<SendStream, LengthDelimitedCodec>, _>` to implement `std::future::IntoFuture`
[INFO] [stdout]    = note: required for `FramedWrite<SendStream, LengthDelimitedCodec>` to implement `futures::Sink<_>`
[INFO] [stdout]    = note: required for `futures::sink::Send<'_, FramedWrite<SendStream, LengthDelimitedCodec>, _>` to implement `futures::Future`
[INFO] [stdout]    = note: required for `futures::sink::Send<'_, FramedWrite<SendStream, LengthDelimitedCodec>, _>` to implement `std::future::IntoFuture`
[INFO] [stdout] help: try using a fully qualified path to specify the expected types
[INFO] [stdout]    |
[INFO] [stdout] 50 -         self.stream.send(bytes.into()).await?;
[INFO] [stdout] 50 +         self.stream.send(<Vec<u8> as Into<T>>::into(bytes)).await?;
[INFO] [stdout]    |
[INFO] [stdout] 
[INFO] [stdout] 
[INFO] [stdout] error[E0283]: type annotations needed
[INFO] [stdout]   --> /opt/rustwide/cargo-home/registry/src/index.crates.io-1949cf8c6b5b557f/ambient_proxy-0.2.6/src/streams.rs:50:40
[INFO] [stdout]    |
[INFO] [stdout] 50 |         self.stream.send(bytes.into()).await?;
[INFO] [stdout]    |                                        ^^^^^ cannot infer type
[INFO] [stdout]    |
[INFO] [stdout] note: multiple `impl`s satisfying `_: From<std::io::Error>` found
[INFO] [stdout]   --> /opt/rustwide/cargo-home/registry/src/index.crates.io-1949cf8c6b5b557f/ambient_proxy-0.2.6/src/lib.rs:18:17
[INFO] [stdout]    |
[INFO] [stdout] 18 | #[derive(Debug, thiserror::Error)]
[INFO] [stdout]    |                 ^^^^^^^^^^^^^^^^
[INFO] [stdout]    = note: and more `impl`s found in the following crates: `bincode`, `h2`, `tokio_util`:
[INFO] [stdout]            - impl From<std::io::Error> for AnyDelimiterCodecError;
[INFO] [stdout]            - impl From<std::io::Error> for Box<bincode::ErrorKind>;
[INFO] [stdout]            - impl From<std::io::Error> for LinesCodecError;
[INFO] [stdout]            - impl From<std::io::Error> for h2::codec::error::SendError;
[INFO] [stdout]            - impl From<std::io::Error> for h2::proto::error::Error;
[INFO] [stdout]    = note: required for `FramedWrite<SendStream, LengthDelimitedCodec>` to implement `futures::Sink<_>`
[INFO] [stdout]    = note: required for `futures::sink::Send<'_, FramedWrite<SendStream, LengthDelimitedCodec>, _>` to implement `futures::Future`
[INFO] [stdout]    = note: required for `futures::sink::Send<'_, FramedWrite<SendStream, LengthDelimitedCodec>, _>` to implement `std::future::IntoFuture`
[INFO] [stdout]    = note: this error originates in the derive macro `thiserror::Error` (in Nightly builds, run with -Z macro-backtrace for more info)
[INFO] [stdout] 
[INFO] [stdout] 
[INFO] [stdout] For more information about this error, try `rustc --explain E0283`.
[INFO] [stdout] 
[INFO] [stderr] error: could not compile `ambient_proxy` (lib) due to 5 previous errors
[INFO] [stderr] warning: build failed, waiting for other jobs to finish...
[INFO] running `Command { std: "docker" "inspect" "bfe01d9fb1e0cbcdc1dd51208d1a96dfabf7e7ab742e134850d3edcfa6937f28", kill_on_drop: false }`
[INFO] running `Command { std: "docker" "rm" "-f" "bfe01d9fb1e0cbcdc1dd51208d1a96dfabf7e7ab742e134850d3edcfa6937f28", kill_on_drop: false }`
[INFO] [stdout] bfe01d9fb1e0cbcdc1dd51208d1a96dfabf7e7ab742e134850d3edcfa6937f28
