[INFO] cloning repository https://github.com/studyupup1949/rust
[INFO] running `Command { std: "git" "-c" "credential.helper=" "-c" "credential.helper=/workspace/cargo-home/bin/git-credential-null" "clone" "--bare" "https://github.com/studyupup1949/rust" "/workspace/cache/git-repos/https%3A%2F%2Fgithub.com%2Fstudyupup1949%2Frust", kill_on_drop: false }`
[INFO] [stderr] Cloning into bare repository '/workspace/cache/git-repos/https%3A%2F%2Fgithub.com%2Fstudyupup1949%2Frust'...
[INFO] running `Command { std: "git" "rev-parse" "HEAD", kill_on_drop: false }`
[INFO] [stdout] 4f3d92ff8ccf012634ed6dbd5f41cabf428819eb
[INFO] documenting studyupup1949/rust against 1.99.0-beta.8 for beta-rustdoc-1.100-2
[INFO] running `Command { std: "git" "clone" "/workspace/cache/git-repos/https%3A%2F%2Fgithub.com%2Fstudyupup1949%2Frust" "/workspace/builds/worker-7-tc1/source", kill_on_drop: false }`
[INFO] [stderr] Cloning into '/workspace/builds/worker-7-tc1/source'...
[INFO] [stderr] done.
[INFO] [stderr] Updating files:  19% (11555/60711)
Updating files:  20% (12143/60711)
Updating files:  21% (12750/60711)
Updating files:  22% (13357/60711)
Updating files:  23% (13964/60711)
Updating files:  24% (14571/60711)
Updating files:  25% (15178/60711)
Updating files:  26% (15785/60711)
Updating files:  27% (16392/60711)
Updating files:  28% (17000/60711)
Updating files:  29% (17607/60711)
Updating files:  30% (18214/60711)
Updating files:  31% (18821/60711)
Updating files:  32% (19428/60711)
Updating files:  33% (20035/60711)
Updating files:  34% (20642/60711)
Updating files:  35% (21249/60711)
Updating files:  36% (21856/60711)
Updating files:  37% (22464/60711)
Updating files:  38% (23071/60711)
Updating files:  39% (23678/60711)
Updating files:  40% (24285/60711)
Updating files:  41% (24892/60711)
Updating files:  42% (25499/60711)
Updating files:  43% (26106/60711)
Updating files:  44% (26713/60711)
Updating files:  45% (27320/60711)
Updating files:  46% (27928/60711)
Updating files:  47% (28535/60711)
Updating files:  48% (29142/60711)
Updating files:  49% (29749/60711)
Updating files:  50% (30356/60711)
Updating files:  51% (30963/60711)
Updating files:  52% (31570/60711)
Updating files:  52% (31981/60711)
Updating files:  53% (32177/60711)
Updating files:  54% (32784/60711)
Updating files:  55% (33392/60711)
Updating files:  56% (33999/60711)
Updating files:  57% (34606/60711)
Updating files:  58% (35213/60711)
Updating files:  59% (35820/60711)
Updating files:  60% (36427/60711)
Updating files:  61% (37034/60711)
Updating files:  62% (37641/60711)
Updating files:  63% (38248/60711)
Updating files:  64% (38856/60711)
Updating files:  65% (39463/60711)
Updating files:  66% (40070/60711)
Updating files:  67% (40677/60711)
Updating files:  68% (41284/60711)
Updating files:  69% (41891/60711)
Updating files:  70% (42498/60711)
Updating files:  71% (43105/60711)
Updating files:  72% (43712/60711)
Updating files:  73% (44320/60711)
Updating files:  74% (44927/60711)
Updating files:  75% (45534/60711)
Updating files:  76% (46141/60711)
Updating files:  77% (46748/60711)
Updating files:  78% (47355/60711)
Updating files:  79% (47962/60711)
Updating files:  80% (48569/60711)
Updating files:  81% (49176/60711)
Updating files:  82% (49784/60711)
Updating files:  83% (50391/60711)
Updating files:  84% (50998/60711)
Updating files:  85% (51605/60711)
Updating files:  86% (52212/60711)
Updating files:  87% (52819/60711)
Updating files:  88% (53426/60711)
Updating files:  89% (54033/60711)
Updating files:  90% (54640/60711)
Updating files:  90% (54867/60711)
Updating files:  91% (55248/60711)
Updating files:  92% (55855/60711)
Updating files:  93% (56462/60711)
Updating files:  94% (57069/60711)
Updating files:  95% (57676/60711)
Updating files:  96% (58283/60711)
Updating files:  97% (58890/60711)
Updating files:  98% (59497/60711)
Updating files:  99% (60104/60711)
Updating files: 100% (60711/60711)
Updating files: 100% (60711/60711), done.
[INFO] started tweaking git repo https://github.com/studyupup1949/rust
[INFO] finished tweaking git repo https://github.com/studyupup1949/rust
[INFO] tweaked toml for git repo https://github.com/studyupup1949/rust written to /workspace/builds/worker-7-tc1/source/Cargo.toml
[INFO] validating manifest of git repo https://github.com/studyupup1949/rust on toolchain 1.99.0-beta.8
[INFO] running `Command { std: CARGO_HOME="/workspace/cargo-home" RUSTUP_HOME="/workspace/rustup-home" "/workspace/cargo-home/bin/cargo" "+1.99.0-beta.8" "metadata" "--manifest-path" "Cargo.toml" "--no-deps", kill_on_drop: false }`
[INFO] crate git repo https://github.com/studyupup1949/rust already has a lockfile, it will not be regenerated
[INFO] running `Command { std: CARGO_HOME="/workspace/cargo-home" RUSTUP_HOME="/workspace/rustup-home" "/workspace/cargo-home/bin/cargo" "+1.99.0-beta.8" "fetch" "--manifest-path" "Cargo.toml", kill_on_drop: false }`
[INFO] [stderr]     Blocking waiting for file lock on package cache
[INFO] [stderr]     Updating crates.io index
[INFO] [stderr]     Blocking waiting for file lock on package cache
[INFO] [stderr]  Downloading crates ...
[INFO] [stderr]   Downloaded indexmap v2.14.0
[INFO] [stderr]   Downloaded wit-bindgen-rt v0.39.0
[INFO] [stderr]   Downloaded rustc-hash v2.1.1
[INFO] [stderr]   Downloaded ordered-float v2.10.1
[INFO] [stderr]   Downloaded typeid v1.0.3
[INFO] [stderr]   Downloaded wasm-component-ld v0.5.25
[INFO] [stderr]   Downloaded itoa v1.0.15
[INFO] [stderr]   Downloaded winsplit v0.1.0
[INFO] [stderr]   Downloaded wat v1.252.0
[INFO] [stderr]   Downloaded winapi-util v0.1.11
[INFO] [stderr]   Downloaded serde-value v0.7.0
[INFO] [stderr]   Downloaded cargo-platform v0.2.0
[INFO] [stderr]   Downloaded num v0.4.3
[INFO] [stderr]   Downloaded num-iter v0.1.45
[INFO] [stderr]   Downloaded unit-prefix v0.5.2
[INFO] [stderr]   Downloaded tracing-serde v0.2.0
[INFO] [stderr]   Downloaded foldhash v0.2.0
[INFO] [stderr]   Downloaded wasm-metadata v0.252.0
[INFO] [stderr]   Downloaded lexopt v0.3.2
[INFO] [stderr]   Downloaded anstyle v1.0.13
[INFO] [stderr]   Downloaded termcolor v1.4.1
[INFO] [stderr]   Downloaded globset v0.4.18
[INFO] [stderr]   Downloaded crossbeam-deque v0.8.6
[INFO] [stderr]   Downloaded cargo_metadata v0.21.0
[INFO] [stderr]   Downloaded thiserror v2.0.17
[INFO] [stderr]   Downloaded thiserror-impl v2.0.17
[INFO] [stderr]   Downloaded serde-untagged v0.1.9
[INFO] [stderr]   Downloaded erased-serde v0.4.9
[INFO] [stderr]   Downloaded num-rational v0.4.2
[INFO] [stderr]   Downloaded num-complex v0.4.6
[INFO] [stderr]   Downloaded wasm-bindgen-shared v0.2.105
[INFO] [stderr]   Downloaded wasm-bindgen-macro v0.2.105
[INFO] [stderr]   Downloaded pin-project-lite v0.2.16
[INFO] [stderr]   Downloaded serde_spanned v1.1.0
[INFO] [stderr]   Downloaded dirs-sys v0.5.0
[INFO] [stderr]   Downloaded anstyle-parse v0.2.7
[INFO] [stderr]   Downloaded bitflags v2.10.0
[INFO] [stderr]   Downloaded ryu v1.0.20
[INFO] [stderr]   Downloaded wasi-preview1-component-adapter-provider v44.0.2
[INFO] [stderr]   Downloaded tempfile v3.23.0
[INFO] [stderr]   Downloaded clap v4.6.1
[INFO] [stderr]   Downloaded clap_derive v4.6.1
[INFO] [stderr]   Downloaded colorchoice v1.0.4
[INFO] [stderr]   Downloaded walkdir v2.5.0
[INFO] [stderr]   Downloaded similar v2.7.0
[INFO] [stderr]   Downloaded ignore v0.4.25
[INFO] [stderr]   Downloaded crossbeam-epoch v0.9.18
[INFO] [stderr]   Downloaded cargo-util-schemas v0.8.2
[INFO] [stderr]   Downloaded yoke v0.8.2
[INFO] [stderr]   Downloaded ucd-parse v0.1.13
[INFO] [stderr]   Downloaded rand_core v0.9.3
[INFO] [stderr]   Downloaded wasm-bindgen v0.2.105
[INFO] [stderr]   Downloaded console v0.16.3
[INFO] [stderr]   Downloaded tracing-attributes v0.1.30
[INFO] [stderr]   Downloaded toml_writer v1.1.0+spec-1.1.0
[INFO] [stderr]   Downloaded toml_parser v1.1.0+spec-1.1.0
[INFO] [stderr]   Downloaded toml_datetime v0.7.3
[INFO] [stderr]   Downloaded term v1.2.1
[INFO] [stderr]   Downloaded getopts v0.2.24
[INFO] [stderr]   Downloaded dirs v6.0.0
[INFO] [stderr]   Downloaded option-ext v0.2.0
[INFO] [stderr]   Downloaded windows-result v0.3.4
[INFO] [stderr]   Downloaded html-escape v0.2.13
[INFO] [stderr]   Downloaded log v0.4.28
[INFO] [stderr]   Downloaded wasm-encoder v0.252.0
[INFO] [stderr]   Downloaded getrandom v0.3.3
[INFO] [stderr]   Downloaded toml v0.7.8
[INFO] [stderr]   Downloaded toml_edit v0.19.15
[INFO] [stderr]   Downloaded url v2.5.7
[INFO] [stderr]   Downloaded camino v1.2.1
[INFO] [stderr]   Downloaded regex-lite v0.1.8
[INFO] [stderr]   Downloaded rayon-core v1.13.0
[INFO] [stderr]   Downloaded zerocopy-derive v0.8.27
[INFO] [stderr]   Downloaded num-bigint v0.4.6
[INFO] [stderr]   Downloaded indicatif v0.18.4
[INFO] [stderr]   Downloaded wasm-bindgen-macro-support v0.2.105
[INFO] [stderr]   Downloaded js-sys v0.3.82
[INFO] [stderr]   Downloaded encode_unicode v1.0.0
[INFO] [stderr]   Downloaded tracing-core v0.1.34
[INFO] [stderr]   Downloaded tracing v0.1.41
[INFO] [stderr]   Downloaded toml v0.9.8
[INFO] [stderr]   Downloaded redox_users v0.5.2
[INFO] [stderr]   Downloaded libredox v0.1.10
[INFO] [stderr]   Downloaded diff v0.1.13
[INFO] [stderr]   Downloaded clap-cargo v0.12.0
[INFO] [stderr]   Downloaded cargo_metadata v0.18.1
[INFO] [stderr]   Downloaded cargo-platform v0.1.9
[INFO] [stderr]   Downloaded anstyle-svg v0.1.11
[INFO] [stderr]   Downloaded utf8-width v0.1.7
[INFO] [stderr]   Downloaded threadpool v1.8.1
[INFO] [stderr]   Downloaded wit-parser v0.252.0
[INFO] [stderr]   Downloaded hashbrown v0.17.0
[INFO] [stderr]   Downloaded serde_json v1.0.145
[INFO] [stderr]   Downloaded wast v252.0.0
[INFO] [stderr]   Downloaded wasi v0.14.2+wasi-0.2.4
[INFO] [stderr]   Downloaded winnow v0.5.40
[INFO] [stderr]   Downloaded regex v1.12.2
[INFO] [stderr]   Downloaded itertools v0.12.1
[INFO] [stderr]   Downloaded getrandom v0.2.16
[INFO] [stderr]   Downloaded bytecount v0.6.9
[INFO] [stderr]   Downloaded annotate-snippets v0.11.5
[INFO] [stderr]   Downloaded simdutf8 v0.1.5
[INFO] [stderr]   Downloaded bytecheck_derive v0.8.2
[INFO] [stderr]   Downloaded munge v0.4.7
[INFO] [stderr]   Downloaded munge_macro v0.4.7
[INFO] [stderr]   Downloaded embedded-io v0.6.1
[INFO] [stderr]   Downloaded embedded-io v0.4.0
[INFO] [stderr]   Downloaded cobs v0.3.0
[INFO] [stderr]   Downloaded pulldown-cmark-escape v0.11.0
[INFO] [stderr]   Downloaded expect-test v1.5.1
[INFO] [stderr]   Downloaded askama_macros v0.16.0
[INFO] [stderr]   Downloaded predicates-tree v1.0.12
[INFO] [stderr]   Downloaded termtree v0.5.1
[INFO] [stderr]   Downloaded windows-threading v0.2.1
[INFO] [stderr]   Downloaded humansize v2.1.3
[INFO] [stderr]   Downloaded rand v0.10.1
[INFO] [stderr]   Downloaded getrandom v0.4.2
[INFO] [stderr]   Downloaded wit-bindgen v0.57.1
[INFO] [stderr]   Downloaded wasmparser v0.252.0
[INFO] [stderr]   Downloaded wit-component v0.252.0
[INFO] [stderr]   Downloaded unicode-width v0.2.2
[INFO] [stderr]   Downloaded clap_builder v4.6.0
[INFO] [stderr]   Downloaded bstr v1.12.1
[INFO] [stderr]   Downloaded winnow v0.7.13
[INFO] [stderr]   Downloaded rayon v1.11.0
[INFO] [stderr]   Downloaded zerocopy v0.8.27
[INFO] [stderr]   Downloaded portable-atomic v1.13.1
[INFO] [stderr]   Downloaded unicode-width v0.1.14
[INFO] [stderr]   Downloaded tracing-subscriber v0.3.20
[INFO] [stderr]   Downloaded winnow v1.0.0
[INFO] [stderr]   Downloaded anstyle-lossy v1.1.4
[INFO] [stderr]   Downloaded stacker v0.1.21
[INFO] [stderr]   Downloaded bytecheck v0.8.2
[INFO] [stderr]   Downloaded rancor v0.1.1
[INFO] [stderr]   Downloaded ptr_meta v0.3.1
[INFO] [stderr]   Downloaded ptr_meta_derive v0.3.1
[INFO] [stderr]   Downloaded wait-timeout v0.2.1
[INFO] [stderr]   Downloaded predicates-core v1.0.9
[INFO] [stderr]   Downloaded difflib v0.4.0
[INFO] [stderr]   Downloaded windows-numerics v0.3.1
[INFO] [stderr]   Downloaded windows-collections v0.3.2
[INFO] [stderr]   Downloaded env_filter v0.1.4
[INFO] [stderr]   Downloaded derive_builder_macro v0.20.2
[INFO] [stderr]   Downloaded darling_macro v0.20.11
[INFO] [stderr]   Downloaded ident_case v1.0.1
[INFO] [stderr]   Downloaded rustc_tools_util v0.4.2
[INFO] [stderr]   Downloaded openssl-probe v0.1.6
[INFO] [stderr]   Downloaded scratch v1.0.9
[INFO] [stderr]   Downloaded wasip2 v1.0.3+wasi-0.2.9
[INFO] [stderr]   Downloaded rustix v1.1.2
[INFO] [stderr]   Downloaded libc v0.2.183
[INFO] [stderr]   Downloaded regex-syntax v0.8.8
[INFO] [stderr]   Downloaded regex-automata v0.4.13
[INFO] [stderr]   Downloaded rkyv_derive v0.8.15
[INFO] [stderr]   Downloaded rend v0.5.3
[INFO] [stderr]   Downloaded pkg-config v0.3.32
[INFO] [stderr]   Downloaded xattr v1.6.1
[INFO] [stderr]   Downloaded filetime v0.2.27
[INFO] [stderr]   Downloaded simd-adler32 v0.3.7
[INFO] [stderr]   Downloaded fallible-iterator v0.3.0
[INFO] [stderr]   Downloaded assert_cmd v2.1.1
[INFO] [stderr]   Downloaded predicates v3.1.3
[INFO] [stderr]   Downloaded windows-future v0.3.2
[INFO] [stderr]   Downloaded humantime v2.3.0
[INFO] [stderr]   Downloaded env_logger v0.11.8
[INFO] [stderr]   Downloaded anstream v0.6.21
[INFO] [stderr]   Downloaded derive_builder_core v0.20.2
[INFO] [stderr]   Downloaded darling v0.20.11
[INFO] [stderr]   Downloaded rustc-build-sysroot v0.5.13
[INFO] [stderr]   Downloaded toml_datetime v1.1.0+spec-1.1.0
[INFO] [stderr]   Downloaded directories v6.0.0
[INFO] [stderr]   Downloaded cargo_metadata v0.23.1
[INFO] [stderr]   Downloaded cargo-platform v0.3.1
[INFO] [stderr]   Downloaded color-spantrace v0.3.0
[INFO] [stderr]   Downloaded string_cache v0.9.0
[INFO] [stderr]   Downloaded datafrog v2.0.1
[INFO] [stderr]   Downloaded gsgdt v0.1.2
[INFO] [stderr]   Downloaded libloading v0.8.9
[INFO] [stderr]   Downloaded linux-raw-sys v0.11.0
[INFO] [stderr]   Downloaded tracing-tree v0.3.1
[INFO] [stderr]   Downloaded psm v0.1.26
[INFO] [stderr]   Downloaded uuid v1.18.1
[INFO] [stderr]   Downloaded postcard v1.1.3
[INFO] [stderr]   Downloaded dissimilar v1.0.10
[INFO] [stderr]   Downloaded askama v0.16.0
[INFO] [stderr]   Downloaded basic-toml v0.1.10
[INFO] [stderr]   Downloaded askama_parser v0.16.0
[INFO] [stderr]   Downloaded arrayvec v0.7.6
[INFO] [stderr]   Downloaded twox-hash v2.1.2
[INFO] [stderr]   Downloaded papergrid v0.11.0
[INFO] [stderr]   Downloaded portable-atomic-util v0.2.4
[INFO] [stderr]   Downloaded jiff-static v0.2.16
[INFO] [stderr]   Downloaded derive_builder v0.20.2
[INFO] [stderr]   Downloaded darling_core v0.20.11
[INFO] [stderr]   Downloaded toml v1.1.0+spec-1.1.0
[INFO] [stderr]   Downloaded eyre v0.6.12
[INFO] [stderr]   Downloaded phf_shared v0.12.1
[INFO] [stderr]   Downloaded siphasher v1.0.1
[INFO] [stderr]   Downloaded chrono v0.4.42
[INFO] [stderr]   Downloaded iana-time-zone v0.1.64
[INFO] [stderr]   Downloaded capstone v0.14.0
[INFO] [stderr]   Downloaded aes v0.9.0
[INFO] [stderr]   Downloaded cpubits v0.1.1
[INFO] [stderr]   Downloaded cipher v0.5.1
[INFO] [stderr]   Downloaded inout v0.2.2
[INFO] [stderr]   Downloaded hybrid-array v0.4.12
[INFO] [stderr]   Downloaded crypto-common v0.2.1
[INFO] [stderr]   Downloaded rustc-literal-escaper v0.0.8
[INFO] [stderr]   Downloaded html5ever v0.39.0
[INFO] [stderr]   Downloaded markup5ever v0.39.0
[INFO] [stderr]   Downloaded web_atoms v0.2.5
[INFO] [stderr]   Downloaded string_cache_codegen v0.6.1
[INFO] [stderr]   Downloaded phf_shared v0.13.1
[INFO] [stderr]   Downloaded phf_generator v0.13.1
[INFO] [stderr]   Downloaded precomputed-hash v0.1.1
[INFO] [stderr]   Downloaded new_debug_unreachable v1.0.6
[INFO] [stderr]   Downloaded utf-8 v0.7.6
[INFO] [stderr]   Downloaded cc v1.2.16
[INFO] [stderr]   Downloaded typenum v1.20.0
[INFO] [stderr]   Downloaded minifier v0.3.6
[INFO] [stderr]   Downloaded tar v0.4.45
[INFO] [stderr]   Downloaded ruzstd v0.8.2
[INFO] [stderr]   Downloaded openssl-sys v0.9.114
[INFO] [stderr]   Downloaded cxx-build v1.0.188
[INFO] [stderr]   Downloaded memmap2 v0.2.3
[INFO] [stderr]   Downloaded libloading v0.9.0
[INFO] [stderr]   Downloaded libffi v5.1.0
[INFO] [stderr]   Downloaded phf v0.12.1
[INFO] [stderr]   Downloaded phf_codegen v0.13.1
[INFO] [stderr]   Downloaded phf v0.13.1
[INFO] [stderr]   Downloaded fs-err v2.11.0
[INFO] [stderr]   Downloaded rkyv v0.8.15
[INFO] [stderr]   Downloaded askama_derive v0.16.0
[INFO] [stderr]   Downloaded libm v0.2.15
[INFO] [stderr]   Downloaded tendril v0.5.0
[INFO] [stderr]   Downloaded itertools v0.15.0
[INFO] [stderr]   Downloaded objc2-core-foundation v0.3.2
[INFO] [stderr]   Downloaded ipc-channel v0.22.0
[INFO] [stderr]   Downloaded zlib-rs v0.6.3
[INFO] [stderr]   Downloaded tabled v0.15.0
[INFO] [stderr]   Downloaded sysinfo v0.39.2
[INFO] [stderr]   Downloaded objc2-io-kit v0.3.2
[INFO] [stderr]   Downloaded git2 v0.20.2
[INFO] [stderr]   Downloaded windows-numerics v0.2.0
[INFO] [stderr]   Downloaded wasmparser v0.236.1
[INFO] [stderr]   Downloaded gimli v0.32.3
[INFO] [stderr]   Downloaded capstone-sys v0.18.0
[INFO] [stderr]   Downloaded windows-link v0.1.3
[INFO] [stderr]   Downloaded windows-core v0.61.2
[INFO] [stderr]   Downloaded windows-strings v0.4.2
[INFO] [stderr]   Downloaded windows-future v0.2.1
[INFO] [stderr]   Downloaded windows-threading v0.1.0
[INFO] [stderr]   Downloaded windows-collections v0.2.0
[INFO] [stderr]   Downloaded unified-diff v0.2.1
[INFO] [stderr]   Downloaded rustfix v0.8.7
[INFO] [stderr]   Downloaded object v0.37.3
[INFO] [stderr]   Downloaded miow v0.6.1
[INFO] [stderr]   Downloaded colored v3.1.1
[INFO] [stderr]   Downloaded codespan-reporting v0.13.1
[INFO] [stderr]   Downloaded link-cplusplus v1.0.12
[INFO] [stderr]   Downloaded cxxbridge-macro v1.0.188
[INFO] [stderr]   Downloaded cxxbridge-flags v1.0.188
[INFO] [stderr]   Downloaded cmake v0.1.54
[INFO] [stderr]   Downloaded ui_test v0.30.7
[INFO] [stderr]   Downloaded spanned v0.4.1
[INFO] [stderr]   Downloaded tracing-error v0.2.1
[INFO] [stderr]   Downloaded owo-colors v4.2.3
[INFO] [stderr]   Downloaded indenter v0.3.4
[INFO] [stderr]   Downloaded cxx v1.0.188
[INFO] [stderr]   Downloaded cxxbridge-cmd v1.0.188
[INFO] [stderr]   Downloaded quine-mc_cluskey v0.2.4
[INFO] [stderr]   Downloaded color-eyre v0.6.5
[INFO] [stderr]   Downloaded termize v0.2.1
[INFO] [stderr]   Downloaded jiff v0.2.16
[INFO] [stderr]   Downloaded unicode-script v0.5.7
[INFO] [stderr]   Downloaded unicase v2.8.1
[INFO] [stderr]   Downloaded color-print v0.3.7
[INFO] [stderr]   Downloaded color-print-proc-macro v0.3.7
[INFO] [stderr]   Downloaded unic-langid-macros v0.9.6
[INFO] [stderr]   Downloaded unic-langid-macros-impl v0.9.6
[INFO] [stderr]   Downloaded self_cell v1.2.1
[INFO] [stderr]   Downloaded intl_pluralrules v7.0.2
[INFO] [stderr]   Downloaded intl-memoizer v0.5.3
[INFO] [stderr]   Downloaded type-map v0.5.1
[INFO] [stderr]   Downloaded fluent-langneg v0.13.1
[INFO] [stderr]   Downloaded rustc-stable-hash v0.1.2
[INFO] [stderr]   Downloaded rand_xorshift v0.4.0
[INFO] [stderr]   Downloaded ena v0.14.3
[INFO] [stderr]   Downloaded elsa v1.11.2
[INFO] [stderr]   Downloaded derive-where v1.6.1
[INFO] [stderr]   Downloaded constant_time_eq v0.3.1
[INFO] [stderr]   Downloaded arrayref v0.3.9
[INFO] [stderr]   Downloaded icu_locale v2.2.0
[INFO] [stderr]   Downloaded icu_list v2.2.0
[INFO] [stderr]   Downloaded derive_setters v0.1.8
[INFO] [stderr]   Downloaded annotate-snippets v0.12.16
[INFO] [stderr]   Downloaded polonius-engine v0.13.0
[INFO] [stderr]   Downloaded find-msvc-tools v0.1.5
[INFO] [stderr]   Downloaded serde_path_to_error v0.1.20
[INFO] [stderr]   Downloaded schemars_derive v1.1.0
[INFO] [stderr]   Downloaded unic-langid-impl v0.9.6
[INFO] [stderr]   Downloaded blake3 v1.8.2
[INFO] [stderr]   Downloaded icu_locale_data v2.2.0
[INFO] [stderr]   Downloaded rand_xoshiro v0.7.0
[INFO] [stderr]   Downloaded odht v0.3.1
[INFO] [stderr]   Downloaded libz-sys v1.1.23
[INFO] [stderr]   Downloaded rustc-demangle v0.1.27
[INFO] [stderr]   Downloaded addr2line v0.24.2
[INFO] [stderr]   Downloaded levenshtein v1.0.5
[INFO] [stderr]   Downloaded comma v1.0.0
[INFO] [stderr]   Downloaded measureme v12.0.3
[INFO] [stderr]   Downloaded rustc-hash v1.1.0
[INFO] [stderr]   Downloaded chrono-tz v0.10.4
[INFO] [stderr]   Downloaded pulldown-cmark v0.11.3
[INFO] [stderr]   Downloaded serde_derive_internals v0.29.1
[INFO] [stderr]   Downloaded dyn-clone v1.0.20
[INFO] [stderr]   Downloaded ruzstd v0.7.3
[INFO] [stderr]   Downloaded prettydiff v0.9.0
[INFO] [stderr]   Downloaded chacha20 v0.10.0
[INFO] [stderr]   Downloaded perf-event-open-sys v3.0.0
[INFO] [stderr]   Downloaded curl v0.4.49
[INFO] [stderr]   Downloaded socket2 v0.6.3
[INFO] [stderr]   Downloaded thin-vec v0.2.18
[INFO] [stderr]   Downloaded backtrace v0.3.75
[INFO] [stderr]   Downloaded fluent-syntax v0.12.0
[INFO] [stderr]   Downloaded gimli v0.31.1
[INFO] [stderr]   Downloaded schemars v1.1.0
[INFO] [stderr]   Downloaded object v0.36.7
[INFO] [stderr]   Downloaded nix v0.30.1
[INFO] [stderr]   Downloaded leb128 v0.2.5
[INFO] [stderr]   Downloaded opener v0.8.4
[INFO] [stderr]   Downloaded normpath v1.5.0
[INFO] [stderr]   Downloaded indoc v1.0.9
[INFO] [stderr]   Downloaded rustc-semver v1.1.0
[INFO] [stderr]   Downloaded jsonpath-rust v1.0.4
[INFO] [stderr]   Downloaded pest_derive v2.8.3
[INFO] [stderr]   Downloaded pest_generator v2.8.3
[INFO] [stderr]   Downloaded pest_meta v2.8.3
[INFO] [stderr]   Downloaded ucd-trie v0.1.7
[INFO] [stderr]   Downloaded pest v2.8.3
[INFO] [stderr]   Downloaded rustc_apfloat v0.2.3+llvm-462a31f5a5ab
[INFO] [stderr]   Downloaded libffi-sys v4.1.0
[INFO] [stderr]   Downloaded libgit2-sys v0.18.2+1.9.1
[INFO] [stderr]   Downloaded unic-langid v0.9.6
[INFO] [stderr]   Downloaded punycode v0.4.1
[INFO] [stderr]   Downloaded fluent-bundle v0.16.0
[INFO] [stderr]   Downloaded pathdiff v0.2.3
[INFO] [stderr]   Downloaded windows-sys v0.59.0
[INFO] [stderr]   Downloaded objc2-encode v4.1.0
[INFO] [stderr]   Downloaded unicode-security v0.1.2
[INFO] [stderr]   Downloaded ctrlc v3.5.1
[INFO] [stderr]   Downloaded thorin-dwp v0.9.0
[INFO] [stderr]   Downloaded block2 v0.6.2
[INFO] [stderr]   Downloaded wasm-encoder v0.219.2
[INFO] [stderr]   Downloaded ar_archive_writer v0.5.2
[INFO] [stderr]   Downloaded dispatch2 v0.3.1
[INFO] [stderr]   Downloaded wasmparser v0.219.2
[INFO] [stderr]   Downloaded curl-sys v0.4.87+curl-8.19.0
[INFO] [stderr]   Downloaded objc2 v0.6.3
[INFO] [stderr]   Downloaded tikv-jemalloc-sys v0.6.1+5.3.0-1-ge13ca993e8ccb9ba9847cc330696e02839f328f7
[INFO] [stderr]   Downloaded windows v0.61.3
[INFO] [stderr]   Downloaded stringdex v0.0.6
[INFO] [stderr]   Downloaded windows v0.62.2
[INFO] [stderr]   Downloaded windows-bindgen v0.66.0
[INFO] running `Command { std: "docker" "create" "-v" "/var/lib/crater-agent-workspace/builds/worker-7-tc1/source:/opt/rustwide/workdir:ro,Z" "-v" "/var/lib/crater-agent-workspace/builds/worker-7-tc1/target:/opt/rustwide/target:rw,Z" "-v" "/var/lib/crater-agent-workspace/cargo-home:/opt/rustwide/cargo-home:ro,Z" "-v" "/var/lib/crater-agent-workspace/rustup-home:/opt/rustwide/rustup-home:ro,Z" "-m" "1610612736" "--network" "none" "ghcr.io/rust-lang/crates-build-env/linux@sha256:77db811e55d90add9212f6832c23229e3de5f1c1f9905e8cb07319ea15df73ac" "sleep" "infinity", kill_on_drop: false }`
[INFO] [stdout] be6d4d139021e525c968339299c1fd470f2d09be9bf39bb94775c7af85fbd49d
[INFO] running `Command { std: "docker" "start" "be6d4d139021e525c968339299c1fd470f2d09be9bf39bb94775c7af85fbd49d", kill_on_drop: false }`
[INFO] running `Command { std: "docker" "inspect" "be6d4d139021e525c968339299c1fd470f2d09be9bf39bb94775c7af85fbd49d", kill_on_drop: false }`
[INFO] running `Command { std: "docker" "exec" "-e" "SOURCE_DIR=/opt/rustwide/workdir" "-e" "CARGO_HOME=/opt/rustwide/cargo-home" "-e" "RUSTUP_HOME=/opt/rustwide/rustup-home" "-e" "CARGO_TARGET_DIR=/opt/rustwide/target" "-w" "/opt/rustwide/workdir" "--user" "0:0" "be6d4d139021e525c968339299c1fd470f2d09be9bf39bb94775c7af85fbd49d" "/opt/rustwide/cargo-home/bin/cargo" "+1.99.0-beta.8" "metadata" "--no-deps" "--format-version=1", kill_on_drop: false }`
[INFO] running `Command { std: "docker" "inspect" "be6d4d139021e525c968339299c1fd470f2d09be9bf39bb94775c7af85fbd49d", kill_on_drop: false }`
[INFO] running `Command { std: "docker" "exec" "-e" "SOURCE_DIR=/opt/rustwide/workdir" "-e" "CARGO_HOME=/opt/rustwide/cargo-home" "-e" "RUSTUP_HOME=/opt/rustwide/rustup-home" "-e" "CARGO_TARGET_DIR=/opt/rustwide/target" "-e" "CARGO_INCREMENTAL=0" "-e" "RUST_BACKTRACE=full" "-e" "RUSTFLAGS=--cap-lints=warn" "-e" "RUSTDOCFLAGS=--cap-lints=warn" "-w" "/opt/rustwide/workdir" "--user" "0:0" "be6d4d139021e525c968339299c1fd470f2d09be9bf39bb94775c7af85fbd49d" "/opt/rustwide/cargo-home/bin/cargo" "+1.99.0-beta.8" "doc" "--frozen" "--no-deps" "--document-private-items" "--message-format=json", kill_on_drop: false }`
[INFO] [stderr]    Compiling proc-macro2 v1.0.106
[INFO] [stderr]    Compiling libc v0.2.183
[INFO] [stderr]     Checking foldhash v0.2.0
[INFO] [stderr]     Checking smallvec v1.15.1
[INFO] [stderr]     Checking stable_deref_trait v1.2.1
[INFO] [stderr]     Checking regex-syntax v0.8.8
[INFO] [stderr]    Compiling serde_json v1.0.145
[INFO] [stderr]    Compiling thiserror v2.0.17
[INFO] [stderr]     Checking aho-corasick v1.1.4
[INFO] [stderr]    Compiling rustix v1.1.2
[INFO] [stderr]     Checking linux-raw-sys v0.11.0
[INFO] [stderr]     Checking unicode-width v0.2.2
[INFO] [stderr]     Checking typenum v1.20.0
[INFO] [stdout] error[E0554]: `#![feature]` may not be used on the beta release channel
[INFO] [stdout]   --> /opt/rustwide/cargo-home/registry/src/index.crates.io-1949cf8c6b5b557f/smallvec-1.15.1/src/lib.rs:96:37
[INFO] [stdout]    |
[INFO] [stdout] 96 | #![cfg_attr(feature = "may_dangle", feature(dropck_eyepatch))]
[INFO] [stdout]    |                                     ^^^^^^^^^^^^^^^^^^^^^^^^
[INFO] [stdout] 
[INFO] [stdout] 
[INFO] [stderr]     Checking writeable v0.6.2
[INFO] [stdout] error[E0554]: `#![feature]` may not be used on the beta release channel
[INFO] [stdout]    --> /opt/rustwide/cargo-home/registry/src/index.crates.io-1949cf8c6b5b557f/foldhash-0.2.0/src/lib.rs:115:34
[INFO] [stdout]     |
[INFO] [stdout] 115 | #![cfg_attr(feature = "nightly", feature(hasher_prefixfree_extras))]
[INFO] [stdout]     |                                  ^^^^^^^^^^^^^^^^^^^^^^^^^^^^^^^^^
[INFO] [stdout] 
[INFO] [stdout] 
[INFO] [stderr]     Checking litemap v0.8.1
[INFO] [stderr]     Checking rustc-stable-hash v0.1.2
[INFO] [stderr]    Compiling type-map v0.5.1
[INFO] [stdout] For more information about this error, try `rustc --explain E0554`.
[INFO] [stdout] 
[INFO] [stderr] error: could not compile `foldhash` (lib) due to 1 previous error
[INFO] [stderr] warning: build failed, waiting for other jobs to finish...
[INFO] [stdout] error[E0554]: `#![feature]` may not be used on the beta release channel
[INFO] [stdout]  --> /opt/rustwide/cargo-home/registry/src/index.crates.io-1949cf8c6b5b557f/rustc-stable-hash-0.1.2/src/lib.rs:3:34
[INFO] [stdout]   |
[INFO] [stdout] 3 | #![cfg_attr(feature = "nightly", feature(hasher_prefixfree_extras))]
[INFO] [stdout]   |                                  ^^^^^^^^^^^^^^^^^^^^^^^^^^^^^^^^^
[INFO] [stdout] 
[INFO] [stdout] 
[INFO] [stdout] For more information about this error, try `rustc --explain E0554`.
[INFO] [stdout] 
[INFO] [stderr] error: could not compile `smallvec` (lib) due to 1 previous error
[INFO] [stdout] For more information about this error, try `rustc --explain E0554`.
[INFO] [stdout] 
[INFO] [stderr] error: could not compile `rustc-stable-hash` (lib) due to 1 previous error
[INFO] running `Command { std: "docker" "inspect" "be6d4d139021e525c968339299c1fd470f2d09be9bf39bb94775c7af85fbd49d", kill_on_drop: false }`
[INFO] running `Command { std: "docker" "rm" "-f" "be6d4d139021e525c968339299c1fd470f2d09be9bf39bb94775c7af85fbd49d", kill_on_drop: false }`
[INFO] [stdout] be6d4d139021e525c968339299c1fd470f2d09be9bf39bb94775c7af85fbd49d
