[INFO] cloning repository https://github.com/sam-a1a/OpenGit
[INFO] running `Command { std: "git" "-c" "credential.helper=" "-c" "credential.helper=/workspace/cargo-home/bin/git-credential-null" "clone" "--bare" "https://github.com/sam-a1a/OpenGit" "/workspace/cache/git-repos/https%3A%2F%2Fgithub.com%2Fsam-a1a%2FOpenGit", kill_on_drop: false }`
[INFO] [stderr] Cloning into bare repository '/workspace/cache/git-repos/https%3A%2F%2Fgithub.com%2Fsam-a1a%2FOpenGit'...
[INFO] running `Command { std: "git" "rev-parse" "HEAD", kill_on_drop: false }`
[INFO] [stdout] 6617e496ac46169f8aefad00da996c38f4ba6571
[INFO] documenting sam-a1a/OpenGit against 1.100.0-beta.1 for beta-rustdoc-1.100-2
[INFO] running `Command { std: "git" "clone" "/workspace/cache/git-repos/https%3A%2F%2Fgithub.com%2Fsam-a1a%2FOpenGit" "/workspace/builds/worker-2-tc2/source", kill_on_drop: false }`
[INFO] [stderr] Cloning into '/workspace/builds/worker-2-tc2/source'...
[INFO] [stderr] done.
[INFO] started tweaking git repo https://github.com/sam-a1a/OpenGit
[INFO] finished tweaking git repo https://github.com/sam-a1a/OpenGit
[INFO] tweaked toml for git repo https://github.com/sam-a1a/OpenGit written to /workspace/builds/worker-2-tc2/source/Cargo.toml
[INFO] validating manifest of git repo https://github.com/sam-a1a/OpenGit on toolchain 1.100.0-beta.1
[INFO] running `Command { std: CARGO_HOME="/workspace/cargo-home" RUSTUP_HOME="/workspace/rustup-home" "/workspace/cargo-home/bin/cargo" "+1.100.0-beta.1" "metadata" "--manifest-path" "Cargo.toml" "--no-deps", kill_on_drop: false }`
[INFO] crate git repo https://github.com/sam-a1a/OpenGit already has a lockfile, it will not be regenerated
[INFO] running `Command { std: CARGO_HOME="/workspace/cargo-home" RUSTUP_HOME="/workspace/rustup-home" "/workspace/cargo-home/bin/cargo" "+1.100.0-beta.1" "fetch" "--manifest-path" "Cargo.toml", kill_on_drop: false }`
[INFO] [stderr]     Blocking waiting for file lock on package cache
[INFO] [stderr]     Blocking waiting for file lock on package cache
[INFO] running `Command { std: "docker" "create" "-v" "/var/lib/crater-agent-workspace/builds/worker-2-tc2/source:/opt/rustwide/workdir:ro,Z" "-v" "/var/lib/crater-agent-workspace/builds/worker-2-tc2/target:/opt/rustwide/target:rw,Z" "-v" "/var/lib/crater-agent-workspace/cargo-home:/opt/rustwide/cargo-home:ro,Z" "-v" "/var/lib/crater-agent-workspace/rustup-home:/opt/rustwide/rustup-home:ro,Z" "-m" "1610612736" "--network" "none" "ghcr.io/rust-lang/crates-build-env/linux@sha256:77db811e55d90add9212f6832c23229e3de5f1c1f9905e8cb07319ea15df73ac" "sleep" "infinity", kill_on_drop: false }`
[INFO] [stdout] 6b558695305e11e1fd181a2831c17cc14e70cf7afb6641c5f7cd0bb5390b4c41
[INFO] running `Command { std: "docker" "start" "6b558695305e11e1fd181a2831c17cc14e70cf7afb6641c5f7cd0bb5390b4c41", kill_on_drop: false }`
[INFO] running `Command { std: "docker" "inspect" "6b558695305e11e1fd181a2831c17cc14e70cf7afb6641c5f7cd0bb5390b4c41", kill_on_drop: false }`
[INFO] running `Command { std: "docker" "exec" "-e" "SOURCE_DIR=/opt/rustwide/workdir" "-e" "CARGO_HOME=/opt/rustwide/cargo-home" "-e" "RUSTUP_HOME=/opt/rustwide/rustup-home" "-e" "CARGO_TARGET_DIR=/opt/rustwide/target" "-w" "/opt/rustwide/workdir" "--user" "0:0" "6b558695305e11e1fd181a2831c17cc14e70cf7afb6641c5f7cd0bb5390b4c41" "/opt/rustwide/cargo-home/bin/cargo" "+1.100.0-beta.1" "metadata" "--no-deps" "--format-version=1", kill_on_drop: false }`
[INFO] running `Command { std: "docker" "inspect" "6b558695305e11e1fd181a2831c17cc14e70cf7afb6641c5f7cd0bb5390b4c41", kill_on_drop: false }`
[INFO] running `Command { std: "docker" "exec" "-e" "SOURCE_DIR=/opt/rustwide/workdir" "-e" "CARGO_HOME=/opt/rustwide/cargo-home" "-e" "RUSTUP_HOME=/opt/rustwide/rustup-home" "-e" "CARGO_TARGET_DIR=/opt/rustwide/target" "-e" "CARGO_INCREMENTAL=0" "-e" "RUST_BACKTRACE=full" "-e" "RUSTFLAGS=--cap-lints=warn" "-e" "RUSTDOCFLAGS=--cap-lints=warn" "-w" "/opt/rustwide/workdir" "--user" "0:0" "6b558695305e11e1fd181a2831c17cc14e70cf7afb6641c5f7cd0bb5390b4c41" "/opt/rustwide/cargo-home/bin/cargo" "+1.100.0-beta.1" "doc" "--frozen" "--no-deps" "--document-private-items" "--message-format=json", kill_on_drop: false }`
[INFO] [stderr]     Checking memchr v2.8.0
[INFO] [stderr]     Checking typenum v1.20.0
[INFO] [stderr]     Checking subtle v2.6.1
[INFO] [stderr]    Compiling generic-array v0.14.7
[INFO] [stderr]    Compiling syn v2.0.117
[INFO] [stderr]     Checking mio v1.2.0
[INFO] [stderr]    Compiling jobserver v0.1.34
[INFO] [stderr]     Checking fastrand v2.4.1
[INFO] [stderr]     Checking bitflags v2.11.1
[INFO] [stderr]     Checking futures-channel v0.3.32
[INFO] [stderr]     Checking tinyvec v1.11.0
[INFO] [stderr]     Checking futures-io v0.3.32
[INFO] [stderr]     Checking gix-trace v0.1.19
[INFO] [stderr]    Compiling num-traits v0.2.19
[INFO] [stderr]     Checking http v1.4.0
[INFO] [stderr]     Checking base64ct v1.8.3
[INFO] [stderr]     Checking same-file v1.0.6
[INFO] [stderr]    Compiling zerocopy v0.8.48
[INFO] [stderr]     Checking human_format v1.2.1
[INFO] [stderr]     Checking bytesize v2.3.1
[INFO] [stderr]     Checking walkdir v2.5.0
[INFO] [stderr]    Compiling cc v1.2.62
[INFO] [stderr]     Checking zlib-rs v0.6.3
[INFO] [stderr]    Compiling heapless v0.8.0
[INFO] [stderr]     Checking hash32 v0.3.1
[INFO] [stderr]     Checking getrandom v0.4.2
[INFO] [stderr]     Checking jiff v0.2.24
[INFO] [stderr]    Compiling num-conv v0.2.1
[INFO] [stderr]     Checking aho-corasick v1.1.4
[INFO] [stderr]     Checking deranged v0.5.8
[INFO] [stderr]     Checking http v0.2.12
[INFO] [stderr]     Checking unicode-normalization v0.1.25
[INFO] [stderr]     Checking memmap2 v0.9.10
[INFO] [stderr]    Compiling time-macros v0.2.27
[INFO] [stderr]    Compiling rustix v1.1.4
[INFO] [stderr]    Compiling pkg-config v0.3.33
[INFO] [stderr]    Compiling serde_core v1.0.228
[INFO] [stderr]     Checking http-body v1.0.1
[INFO] [stderr]    Compiling serde_json v1.0.149
[INFO] [stderr]     Checking http-body-util v0.1.3
[INFO] [stderr]    Compiling cmake v0.1.58
[INFO] [stderr]     Checking pem-rfc7468 v0.7.0
[INFO] [stderr]     Checking http-body v0.4.6
[INFO] [stderr]     Checking nonempty v0.12.0
[INFO] [stderr]    Compiling signal-hook v0.4.4
[INFO] [stderr]    Compiling aws-lc-rs v1.17.0
[INFO] [stderr]     Checking num-integer v0.1.46
[INFO] [stderr]     Checking getrandom v0.3.4
[INFO] [stderr]     Checking faster-hex v0.10.0
[INFO] [stderr]     Checking unicode-bom v2.0.3
[INFO] [stderr]     Checking rand_core v0.9.5
[INFO] [stderr]    Compiling rustls v0.23.40
[INFO] [stderr]     Checking kstring v2.0.2
[INFO] [stderr]     Checking hybrid-array v0.4.12
[INFO] [stderr]    Compiling ring v0.17.14
[INFO] [stderr]    Compiling aws-lc-sys v0.41.0
[INFO] [stderr]    Compiling openssl-sys v0.9.116
[INFO] [stderr]     Checking regex-automata v0.4.14
[INFO] [stderr]    Compiling rustls v0.21.12
[INFO] [stderr]     Checking ff v0.12.1
[INFO] [stderr]     Checking base16ct v0.1.1
[INFO] [stderr]     Checking cmov v0.5.3
[INFO] [stderr]     Checking spin v0.9.8
[INFO] [stderr]     Checking ctutils v0.4.2
[INFO] [stderr]     Checking crypto-common v0.2.1
[INFO] [stderr]     Checking block-buffer v0.12.0
[INFO] [stderr]     Checking group v0.12.1
[INFO] [stderr]     Checking uuid v1.23.1
[INFO] [stderr]     Checking socket2 v0.5.10
[INFO] [stderr]     Checking base16ct v0.2.0
[INFO] [stderr]     Checking const-oid v0.10.2
[INFO] [stderr]     Checking time v0.3.47
[INFO] [stderr]    Compiling crossbeam-utils v0.8.21
[INFO] [stderr]    Compiling icu_normalizer_data v2.2.0
[INFO] [stderr]    Compiling icu_properties_data v2.2.0
[INFO] [stderr]     Checking gix-sec v0.14.0
[INFO] [stderr]     Checking ff v0.13.1
[INFO] [stderr]    Compiling futures-core v0.3.32
[INFO] [stderr]     Checking group v0.13.0
[INFO] [stderr]    Compiling aws-types v1.3.15
[INFO] [stderr]     Checking filetime v0.2.29
[INFO] [stderr]    Compiling openssl v0.10.80
[INFO] [stderr]     Checking simd-adler32 v0.3.9
[INFO] [stderr]     Checking lazy_static v1.5.0
[INFO] [stderr]    Compiling libz-sys v1.1.28
[INFO] [stderr]    Compiling crypto-common v0.1.7
[INFO] [stderr]    Compiling block-buffer v0.10.4
[INFO] [stderr]     Checking miniz_oxide v0.8.9
[INFO] [stderr]     Checking concurrent-queue v2.5.0
[INFO] [stderr]    Compiling digest v0.10.7
[INFO] [stderr]     Checking digest v0.11.3
[INFO] [stderr]     Checking hmac v0.13.0
[INFO] [stderr]     Checking sha2 v0.11.0
[INFO] [stderr]    Compiling socket2 v0.6.3
[INFO] [stderr]    Compiling bytes v1.11.1
[INFO] [stderr]    Compiling futures-sink v0.3.32
[INFO] [stderr]    Compiling native-tls v0.2.18
[INFO] [stderr]     Checking tempfile v3.27.0
[INFO] [stderr]     Checking event-listener v5.4.1
[INFO] [stderr]     Checking flate2 v1.1.9
[INFO] [stderr]    Compiling curve25519-dalek v4.1.3
[INFO] [stderr]    Compiling zmij v1.0.21
[INFO] [stderr]    Compiling num-bigint-dig v0.8.6
[INFO] [stderr]     Checking data-encoding v2.11.0
[INFO] [stderr]    Compiling futures-task v0.3.32
[INFO] [stderr]    Compiling ucd-trie v0.1.7
[INFO] [stderr]    Compiling tokio v1.52.3
[INFO] [stderr]    Compiling log v0.4.29
[INFO] [stderr]    Compiling typeid v1.0.3
[INFO] [stderr]    Compiling pest v2.8.6
[INFO] [stderr]    Compiling futures-util v0.3.32
[INFO] [stderr]    Compiling sha2 v0.10.9
[INFO] [stderr]    Compiling chrono v0.4.44
[INFO] [stderr]    Compiling hmac v0.12.1
[INFO] [stderr]    Compiling crossbeam-queue v0.3.12
[INFO] [stderr]     Checking arc-swap v1.9.1
[INFO] [stderr]     Checking num-iter v0.1.45
[INFO] [stderr]    Compiling libssh2-sys v0.3.1
[INFO] [stderr]     Checking regex-lite v0.1.9
[INFO] [stderr]    Compiling anyhow v1.0.102
[INFO] [stderr]     Checking arrayvec v0.7.6
[INFO] [stderr]     Checking compression-codecs v0.4.38
[INFO] [stderr]    Compiling stringprep v0.1.5
[INFO] [stderr]    Compiling hkdf v0.12.4
[INFO] [stderr]    Compiling atoi v2.0.0
[INFO] [stderr]    Compiling md-5 v0.10.6
[INFO] [stderr]     Checking bstr v1.12.1
[INFO] [stderr]     Checking regex v1.12.3
[INFO] [stderr]    Compiling erased-serde v0.4.10
[INFO] [stderr]    Compiling home v0.5.12
[INFO] [stderr]     Checking xmlparser v0.13.6
[INFO] [stderr]     Checking ppv-lite86 v0.2.21
[INFO] [stderr]     Checking uluru v3.1.0
[INFO] [stderr]    Compiling libgit2-sys v0.18.4+1.9.3
[INFO] [stderr]     Checking password-hash v0.4.2
[INFO] [stderr]     Checking backon v1.6.0
[INFO] [stderr]     Checking nom v8.0.0
[INFO] [stderr]     Checking gix-validate v0.11.1
[INFO] [stderr]    Compiling synstructure v0.13.2
[INFO] [stderr]     Checking gix-utils v0.3.2
[INFO] [stderr]     Checking gix-error v0.2.3
[INFO] [stderr]     Checking gix-imara-diff v0.2.1
[INFO] [stderr]     Checking aws-smithy-xml v0.60.15
[INFO] [stderr]    Compiling prettyplease v0.2.37
[INFO] [stderr]     Checking rand_chacha v0.3.1
[INFO] [stderr]     Checking gix-quote v0.7.1
[INFO] [stderr]     Checking gix-chunk v0.7.1
[INFO] [stderr]     Checking rand_chacha v0.9.0
[INFO] [stderr]     Checking rand v0.8.6
[INFO] [stderr]     Checking gix-bitmap v0.3.1
[INFO] [stderr]     Checking clru v0.6.3
[INFO] [stderr]     Checking futures-timer v3.0.3
[INFO] [stderr]     Checking rand v0.9.4
[INFO] [stderr]     Checking winnow v1.0.3
[INFO] [stderr]    Compiling pest_meta v2.8.6
[INFO] [stderr]    Compiling convert_case v0.8.0
[INFO] [stderr]     Checking num-bigint v0.4.6
[INFO] [stderr]    Compiling tonic-build v0.14.6
[INFO] [stderr]     Checking ulid v1.2.1
[INFO] [stderr]     Checking ordered-multimap v0.7.3
[INFO] [stderr]     Checking dirs v5.0.1
[INFO] [stderr]     Checking rustls-webpki v0.101.7
[INFO] [stderr]     Checking sct v0.7.1
[INFO] [stderr]     Checking event-listener-strategy v0.5.4
[INFO] [stderr]    Compiling blake3 v1.8.5
[INFO] [stderr]     Checking hashlink v0.11.0
[INFO] [stderr]     Checking russh-cryptovec v0.7.3
[INFO] [stderr]    Compiling pest_generator v2.8.6
[INFO] [stderr]     Checking serde_path_to_error v0.1.20
[INFO] [stderr]     Checking toml_datetime v1.1.1+spec-1.1.0
[INFO] [stderr]     Checking serde_spanned v1.1.1
[INFO] [stderr]     Checking io-close v0.3.7
[INFO] [stderr]     Checking arraydeque v0.5.1
[INFO] [stderr]     Checking unicode-ident v1.0.24
[INFO] [stderr]     Checking md5 v0.7.0
[INFO] [stderr]     Checking convert_case v0.6.0
[INFO] [stderr]     Checking toml_parser v1.1.2+spec-1.1.0
[INFO] [stderr]     Checking rust-ini v0.21.3
[INFO] [stderr]     Checking yaml-rust2 v0.11.0
[INFO] [stderr]    Compiling serde_derive v1.0.228
[INFO] [stderr]    Compiling zeroize_derive v1.4.3
[INFO] [stderr]    Compiling thiserror-impl v2.0.18
[INFO] [stderr]    Compiling tokio-macros v2.7.0
[INFO] [stderr]    Compiling tracing-attributes v0.1.31
[INFO] [stderr]    Compiling futures-macro v0.3.32
[INFO] [stderr]    Compiling zerofrom-derive v0.1.7
[INFO] [stderr]     Checking zeroize v1.8.2
[INFO] [stderr]    Compiling yoke-derive v0.8.2
[INFO] [stderr]    Compiling zerovec-derive v0.11.3
[INFO] [stderr]    Compiling displaydoc v0.2.5
[INFO] [stderr]     Checking der v0.7.10
[INFO] [stderr]     Checking rustls-pki-types v1.14.1
[INFO] [stderr]    Compiling aws-smithy-runtime-api-macros v1.0.0
[INFO] [stderr]     Checking der v0.6.1
[INFO] [stderr]     Checking webpki-roots v1.0.7
[INFO] [stderr]     Checking block-padding v0.3.3
[INFO] [stderr]     Checking crypto-bigint v0.5.5
[INFO] [stderr]     Checking inout v0.1.4
[INFO] [stderr]     Checking cipher v0.4.4
[INFO] [stderr]     Checking tracing v0.1.44
[INFO] [stderr]     Checking thiserror v2.0.18
[INFO] [stderr]     Checking sha1 v0.10.6
[INFO] [stderr]     Checking gix-path v0.12.0
[INFO] [stderr]     Checking pbkdf2 v0.12.2
[INFO] [stderr]     Checking aes v0.8.4
[INFO] [stderr]     Checking cbc v0.1.2
[INFO] [stderr]     Checking salsa20 v0.10.2
[INFO] [stderr]     Checking signature v2.2.0
[INFO] [stderr]     Checking zerofrom v0.1.8
[INFO] [stderr]     Checking sha1-checked v0.10.0
[INFO] [stderr]     Checking yoke v0.8.2
[INFO] [stderr]     Checking crypto-bigint v0.4.9
[INFO] [stderr]     Checking rustls-native-certs v0.8.3
[INFO] [stderr]     Checking gix-command v0.9.0
[INFO] [stderr]     Checking gix-config-value v0.18.0
[INFO] [stderr]     Checking scrypt v0.11.0
[INFO] [stderr]     Checking zerovec v0.11.6
[INFO] [stderr]     Checking zerotrie v0.2.4
[INFO] [stderr]     Checking spki v0.7.3
[INFO] [stderr]     Checking gix-packetline v0.21.3
[INFO] [stderr]     Checking signature v1.6.4
[INFO] [stderr]     Checking spki v0.6.0
[INFO] [stderr]     Checking universal-hash v0.5.1
[INFO] [stderr]    Compiling openssl-macros v0.1.1
[INFO] [stderr]     Checking pkcs8 v0.9.0
[INFO] [stderr]     Checking polyval v0.6.2
[INFO] [stderr]     Checking pkcs5 v0.7.1
[INFO] [stderr]     Checking rfc6979 v0.4.0
[INFO] [stderr]     Checking sec1 v0.3.0
[INFO] [stderr]    Compiling async-trait v0.1.89
[INFO] [stderr]     Checking pkcs8 v0.10.2
[INFO] [stderr]     Checking ghash v0.5.1
[INFO] [stderr]     Checking gix-url v0.36.0
[INFO] [stderr]     Checking ctr v0.9.2
[INFO] [stderr]     Checking sec1 v0.7.3
[INFO] [stderr]     Checking aead v0.5.2
[INFO] [stderr]     Checking rfc6979 v0.3.1
[INFO] [stderr]     Checking elliptic-curve v0.12.3
[INFO] [stderr]     Checking elliptic-curve v0.13.8
[INFO] [stderr]    Compiling thiserror-impl v1.0.69
[INFO] [stderr]    Compiling tokio-stream v0.1.18
[INFO] [stderr]    Compiling curve25519-dalek-derive v0.1.1
[INFO] [stderr]     Checking tinystr v0.8.3
[INFO] [stderr]     Checking potential_utf v0.1.5
[INFO] [stderr]     Checking icu_locale_core v2.2.0
[INFO] [stderr]     Checking ecdsa v0.14.8
[INFO] [stderr]     Checking icu_collections v2.2.0
[INFO] [stderr]     Checking ecdsa v0.16.9
[INFO] [stderr]     Checking p256 v0.11.1
[INFO] [stderr]     Checking primeorder v0.13.6
[INFO] [stderr]     Checking aes-gcm v0.10.3
[INFO] [stderr]     Checking ed25519 v2.2.3
[INFO] [stderr]     Checking pkcs1 v0.7.5
[INFO] [stderr]     Checking poly1305 v0.8.0
[INFO] [stderr]    Compiling icu_provider v2.2.0
[INFO] [stderr]     Checking ssh-encoding v0.2.0
[INFO] [stderr]     Checking chacha20 v0.9.1
[INFO] [stderr]     Checking blowfish v0.9.1
[INFO] [stderr]     Checking tungstenite v0.29.0
[INFO] [stderr]     Checking thiserror v1.0.69
[INFO] [stderr]    Compiling structmeta-derive v0.3.0
[INFO] [stderr]     Checking p521 v0.13.3
[INFO] [stderr]     Checking p384 v0.13.1
[INFO] [stderr]     Checking p256 v0.13.2
[INFO] [stderr]     Checking bcrypt-pbkdf v0.10.0
[INFO] [stderr]     Checking ssh-cipher v0.2.0
[INFO] [stderr]    Compiling icu_properties v2.2.0
[INFO] [stderr]     Checking pbkdf2 v0.11.0
[INFO] [stderr]     Checking axum-core v0.5.6
[INFO] [stderr]     Checking serde v1.0.228
[INFO] [stderr]     Checking crc-fast v1.6.0
[INFO] [stderr]    Compiling pest_derive v2.8.6
[INFO] [stderr]    Compiling axum-macros v0.5.1
[INFO] [stderr]    Compiling maybe-async v0.2.11
[INFO] [stderr]     Checking ed25519-dalek v2.2.0
[INFO] [stderr]    Compiling pin-project-internal v1.1.13
[INFO] [stderr]     Checking futures-executor v0.3.32
[INFO] [stderr]     Checking multer v3.1.0
[INFO] [stderr]     Checking futures v0.3.32
[INFO] [stderr]     Checking tracing-futures v0.2.5
[INFO] [stderr]     Checking simple_asn1 v0.6.4
[INFO] [stderr]     Checking blake2 v0.10.6
[INFO] [stderr]    Compiling structmeta v0.3.0
[INFO] [stderr]     Checking smallvec v1.15.1
[INFO] [stderr]     Checking either v1.15.0
[INFO] [stderr]     Checking serde_urlencoded v0.7.1
[INFO] [stderr]     Checking tracing-serde v0.2.0
[INFO] [stderr]     Checking ron v0.12.1
[INFO] [stderr]     Checking yaup v0.3.1
[INFO] [stderr]    Compiling meilisearch-index-setting-macro v0.33.0
[INFO] [stderr]     Checking parking_lot_core v0.9.12
[INFO] [stderr]     Checking gix-date v0.15.3
[INFO] [stderr]     Checking icu_normalizer v2.2.0
[INFO] [stderr]     Checking bytes-utils v0.1.4
[INFO] [stderr]     Checking parking_lot v0.12.5
[INFO] [stderr]     Checking dashmap v6.1.0
[INFO] [stderr]     Checking gix-actor v0.41.0
[INFO] [stderr]     Checking prodash v31.0.0
[INFO] [stderr]     Checking futures-intrusive v0.5.0
[INFO] [stderr]     Checking idna_adapter v1.2.2
[INFO] [stderr]     Checking idna v1.1.0
[INFO] [stderr]    Compiling itertools v0.14.0
[INFO] [stderr]     Checking gix-prompt v0.15.0
[INFO] [stderr]     Checking gix-features v0.48.0
[INFO] [stderr]     Checking pin-project v1.1.13
[INFO] [stderr]     Checking gix-credentials v0.38.0
[INFO] [stderr]     Checking url v2.5.8
[INFO] [stderr]     Checking gix-mailmap v0.33.0
[INFO] [stderr]     Checking json5 v0.4.1
[INFO] [stderr]     Checking gix-hash v0.25.0
[INFO] [stderr]     Checking gix-fs v0.21.1
[INFO] [stderr]     Checking gix-hashtable v0.15.0
[INFO] [stderr]     Checking gix-commitgraph v0.37.0
[INFO] [stderr]     Checking gix-glob v0.26.0
[INFO] [stderr]     Checking gix-object v0.60.0
[INFO] [stderr]     Checking gix-tempfile v23.0.0
[INFO] [stderr]     Checking gix-transport v0.57.0
[INFO] [stderr]     Checking iso8601 v0.6.3
[INFO] [stderr]     Checking toml v1.1.2+spec-1.1.0
[INFO] [stderr]     Checking gix-lock v23.0.0
[INFO] [stderr]     Checking gix-attributes v0.33.0
[INFO] [stderr]     Checking gix-ignore v0.21.0
[INFO] [stderr]    Compiling OpenGitBackend v0.1.0 (/opt/rustwide/workdir/OpenGitBackend)
[INFO] [stderr]     Checking async-lock v3.4.2
[INFO] [stderr]     Checking rsa v0.9.10
[INFO] [stderr]     Checking serde-untagged v0.1.9
[INFO] [stderr]     Checking matchers v0.2.0
[INFO] [stderr]     Checking sharded-slab v0.1.7
[INFO] [stderr]     Checking gix-shallow v0.12.0
[INFO] [stderr]     Checking email-encoding v0.4.1
[INFO] [stderr]     Checking password-hash v0.5.0
[INFO] [stderr]     Checking gix-pathspec v0.18.0
[INFO] [stderr]     Checking tracing-log v0.2.0
[INFO] [stderr]     Checking hostname v0.4.2
[INFO] [stderr]     Checking gix-revwalk v0.31.0
[INFO] [stderr]     Checking gix-ref v0.63.0
[INFO] [stderr]     Checking gix-filter v0.30.0
[INFO] [stderr]     Checking gix-pack v0.70.0
[INFO] [stderr]     Checking hex-literal v0.4.1
[INFO] [stderr]     Checking gix-traverse v0.57.0
[INFO] [stderr]     Checking gix-revision v0.45.0
[INFO] [stderr]     Checking gix-negotiate v0.31.0
[INFO] [stderr]     Checking gix-index v0.51.0
[INFO] [stderr]     Checking arcstr v1.2.0
[INFO] [stderr]     Checking base32 v0.5.1
[INFO] [stderr]     Checking constant_time_eq v0.3.1
[INFO] [stderr]     Checking xxhash-rust v0.8.15
[INFO] [stderr]     Checking ssh-key v0.6.7
[INFO] [stderr]     Checking openssl-probe v0.1.6
[INFO] [stderr]     Checking quoted_printable v0.5.2
[INFO] [stderr]     Checking email_address v0.2.9
[INFO] [stderr]     Checking gix-worktree-stream v0.32.0
[INFO] [stderr]     Checking arrayref v0.3.9
[INFO] [stderr]     Checking config v0.15.23
[INFO] [stderr]     Checking tracing-subscriber v0.3.23
[INFO] [stderr]     Checking totp-rs v5.7.1
[INFO] [stderr]     Checking argon2 v0.5.3
[INFO] [stderr]     Checking jsonwebtoken v9.3.1
[INFO] [stderr]     Checking gix-archive v0.32.0
[INFO] [stderr]     Checking gix-refspec v0.41.0
[INFO] [stderr]    Compiling sqlx-core v0.8.6
[INFO] [stderr]     Checking gix-discover v0.51.0
[INFO] [stderr]     Checking gix-config v0.56.0
[INFO] [stderr]     Checking gix-odb v0.80.0
[INFO] [stderr]     Checking gix-protocol v0.61.0
[INFO] [stderr]    Compiling prost-derive v0.14.3
[INFO] [stderr]     Checking gix-worktree v0.52.0
[INFO] [stderr]     Checking gix-diff v0.63.0
[INFO] [stderr]     Checking gix-dir v0.25.0
[INFO] [stderr]     Checking gix-worktree-state v0.30.0
[INFO] [stderr]     Checking gix-submodule v0.30.0
[INFO] [stderr]     Checking gix-status v0.30.0
[INFO] [stderr]     Checking gix-blame v0.13.0
[INFO] [stderr]     Checking prost v0.14.3
[INFO] [stderr]     Checking gix v0.83.0
[INFO] [stderr]     Checking tokio-util v0.7.18
[INFO] [stderr]     Checking aws-smithy-async v1.2.14
[INFO] [stderr]     Checking tokio-rustls v0.24.1
[INFO] [stderr]     Checking tokio-native-tls v0.3.1
[INFO] [stderr]     Checking async-compression v0.4.42
[INFO] [stderr]     Checking tokio-tungstenite v0.29.0
[INFO] [stderr]    Compiling sqlx-postgres v0.8.6
[INFO] [stderr]     Checking lettre v0.11.22
[INFO] [stderr]     Checking aws-smithy-types v1.4.7
[INFO] [stderr]     Checking h2 v0.4.14
[INFO] [stderr]     Checking tower v0.5.3
[INFO] [stderr]     Checking h2 v0.3.27
[INFO] [stderr]     Checking combine v4.6.7
[INFO] [stderr]     Checking russh-keys v0.44.0
[INFO] [stderr]     Checking aws-smithy-runtime-api v1.12.0
[INFO] [stderr]     Checking aws-smithy-eventstream v0.60.20
[INFO] [stderr]     Checking aws-smithy-json v0.62.5
[INFO] [stderr]     Checking aws-smithy-query v0.60.15
[INFO] [stderr]     Checking aws-smithy-json v0.61.9
[INFO] [stderr]     Checking tower-http v0.6.10
[INFO] [stderr]     Checking apalis-core v0.7.4
[INFO] [stderr]     Checking russh v0.44.1
[INFO] [stderr]     Checking aws-smithy-http v0.63.6
[INFO] [stderr]     Checking aws-credential-types v1.2.14
[INFO] [stderr]     Checking aws-smithy-observability v0.2.6
[INFO] [stderr]     Checking aws-smithy-http v0.62.6
[INFO] [stderr]     Checking aws-sigv4 v1.4.3
[INFO] [stderr]     Checking aws-smithy-checksums v0.63.12
[INFO] [stderr]     Checking apalis v0.7.4
[INFO] [stderr]     Checking hyper v0.14.32
[INFO] [stderr]    Compiling sqlx-macros-core v0.8.6
[INFO] [stderr]     Checking hyper v1.9.0
[INFO] [stderr]     Checking redis v0.32.7
[INFO] [stderr]     Checking redis v1.2.1
[INFO] [stderr]    Compiling sqlx-macros v0.8.6
[INFO] [stderr]     Checking hyper-util v0.1.20
[INFO] [stderr]     Checking git2 v0.20.4
[INFO] [stderr]     Checking sqlx v0.8.6
[INFO] [stderr]     Checking hyper-tls v0.6.0
[INFO] [stderr]     Checking hyper-timeout v0.5.2
[INFO] [stderr]     Checking axum v0.8.9
[INFO] [stderr]     Checking hyper-rustls v0.24.2
[INFO] [stderr]     Checking rustls-webpki v0.103.13
[INFO] [stderr]     Checking jsonwebtoken v10.4.0
[INFO] [stderr]     Checking apalis-redis v0.7.4
[INFO] [stdout] error[E0277]: the trait bound `!: FromRedisValue` is not satisfied
[INFO] [stdout]    --> /opt/rustwide/cargo-home/registry/src/index.crates.io-1949cf8c6b5b557f/apalis-redis-0.7.4/src/storage.rs:733:14
[INFO] [stdout]     |
[INFO] [stdout] 733 |             .invoke_async(conn)
[INFO] [stdout]     |              ^^^^^^^^^^^^ the trait `FromRedisValue` is not implemented for `!`
[INFO] [stdout]     |
[INFO] [stdout]     = help: the following other types implement trait `FromRedisValue`:
[INFO] [stdout]               ()
[INFO] [stdout]               (T,)
[INFO] [stdout]               (T1, T2)
[INFO] [stdout]               (T1, T2, T3)
[INFO] [stdout]               (T1, T2, T3, T4)
[INFO] [stdout]               (T1, T2, T3, T4, T5)
[INFO] [stdout]               (T1, T2, T3, T4, T5, T6)
[INFO] [stdout]               (T1, T2, T3, T4, T5, T6, T7)
[INFO] [stdout]             and 41 others
[INFO] [stdout]     = note: this error might have been caused by changes to Rust's type-inference algorithm (see issue #148922 <https://github.com/rust-lang/rust/issues/148922> for more information)
[INFO] [stdout]     = help: you might have intended to use the type `()` here instead
[INFO] [stdout] note: required by a bound in `ScriptInvocation::<'a>::invoke_async`
[INFO] [stdout]    --> /opt/rustwide/cargo-home/registry/src/index.crates.io-1949cf8c6b5b557f/redis-0.32.7/src/script.rs:193:34
[INFO] [stdout]     |
[INFO] [stdout] 150 | impl<'a> ScriptInvocation<'a> {
[INFO] [stdout] ...
[INFO] [stdout] 193 |     pub async fn invoke_async<T: FromRedisValue>(
[INFO] [stdout]     |                                  ^^^^^^^^^^^^^^ required by this bound in `ScriptInvocation::<'a>::invoke_async`
[INFO] [stdout] 
[INFO] [stdout] 
[INFO] [stdout] error[E0277]: the trait bound `!: FromRedisValue` is not satisfied
[INFO] [stdout]    --> /opt/rustwide/cargo-home/registry/src/index.crates.io-1949cf8c6b5b557f/apalis-redis-0.7.4/src/storage.rs:756:14
[INFO] [stdout]     |
[INFO] [stdout] 756 |             .invoke_async(conn)
[INFO] [stdout]     |              ^^^^^^^^^^^^ the trait `FromRedisValue` is not implemented for `!`
[INFO] [stdout]     |
[INFO] [stdout]     = help: the following other types implement trait `FromRedisValue`:
[INFO] [stdout]               ()
[INFO] [stdout]               (T,)
[INFO] [stdout]               (T1, T2)
[INFO] [stdout]               (T1, T2, T3)
[INFO] [stdout]               (T1, T2, T3, T4)
[INFO] [stdout]               (T1, T2, T3, T4, T5)
[INFO] [stdout]               (T1, T2, T3, T4, T5, T6)
[INFO] [stdout]               (T1, T2, T3, T4, T5, T6, T7)
[INFO] [stdout]             and 41 others
[INFO] [stdout]     = note: this error might have been caused by changes to Rust's type-inference algorithm (see issue #148922 <https://github.com/rust-lang/rust/issues/148922> for more information)
[INFO] [stdout]     = help: you might have intended to use the type `()` here instead
[INFO] [stdout] note: required by a bound in `ScriptInvocation::<'a>::invoke_async`
[INFO] [stdout]    --> /opt/rustwide/cargo-home/registry/src/index.crates.io-1949cf8c6b5b557f/redis-0.32.7/src/script.rs:193:34
[INFO] [stdout]     |
[INFO] [stdout] 150 | impl<'a> ScriptInvocation<'a> {
[INFO] [stdout] ...
[INFO] [stdout] 193 |     pub async fn invoke_async<T: FromRedisValue>(
[INFO] [stdout]     |                                  ^^^^^^^^^^^^^^ required by this bound in `ScriptInvocation::<'a>::invoke_async`
[INFO] [stdout] 
[INFO] [stdout] 
[INFO] [stdout] error[E0277]: the trait bound `!: FromRedisValue` is not satisfied
[INFO] [stdout]    --> /opt/rustwide/cargo-home/registry/src/index.crates.io-1949cf8c6b5b557f/apalis-redis-0.7.4/src/storage.rs:777:14
[INFO] [stdout]     |
[INFO] [stdout] 777 |             .invoke_async(&mut self.conn)
[INFO] [stdout]     |              ^^^^^^^^^^^^ the trait `FromRedisValue` is not implemented for `!`
[INFO] [stdout]     |
[INFO] [stdout]     = help: the following other types implement trait `FromRedisValue`:
[INFO] [stdout]               ()
[INFO] [stdout]               (T,)
[INFO] [stdout]               (T1, T2)
[INFO] [stdout]               (T1, T2, T3)
[INFO] [stdout]               (T1, T2, T3, T4)
[INFO] [stdout]               (T1, T2, T3, T4, T5)
[INFO] [stdout]               (T1, T2, T3, T4, T5, T6)
[INFO] [stdout]               (T1, T2, T3, T4, T5, T6, T7)
[INFO] [stdout]             and 41 others
[INFO] [stdout]     = note: this error might have been caused by changes to Rust's type-inference algorithm (see issue #148922 <https://github.com/rust-lang/rust/issues/148922> for more information)
[INFO] [stdout]     = help: you might have intended to use the type `()` here instead
[INFO] [stdout] note: required by a bound in `ScriptInvocation::<'a>::invoke_async`
[INFO] [stdout]    --> /opt/rustwide/cargo-home/registry/src/index.crates.io-1949cf8c6b5b557f/redis-0.32.7/src/script.rs:193:34
[INFO] [stdout]     |
[INFO] [stdout] 150 | impl<'a> ScriptInvocation<'a> {
[INFO] [stdout] ...
[INFO] [stdout] 193 |     pub async fn invoke_async<T: FromRedisValue>(
[INFO] [stdout]     |                                  ^^^^^^^^^^^^^^ required by this bound in `ScriptInvocation::<'a>::invoke_async`
[INFO] [stdout] 
[INFO] [stdout] 
[INFO] [stdout] error[E0277]: the trait bound `!: FromRedisValue` is not satisfied
[INFO] [stdout]    --> /opt/rustwide/cargo-home/registry/src/index.crates.io-1949cf8c6b5b557f/apalis-redis-0.7.4/src/storage.rs:841:14
[INFO] [stdout]     |
[INFO] [stdout] 841 |             .query_async(&mut self.conn)
[INFO] [stdout]     |              ^^^^^^^^^^^ the trait `FromRedisValue` is not implemented for `!`
[INFO] [stdout]     |
[INFO] [stdout]     = help: the following other types implement trait `FromRedisValue`:
[INFO] [stdout]               ()
[INFO] [stdout]               (T,)
[INFO] [stdout]               (T1, T2)
[INFO] [stdout]               (T1, T2, T3)
[INFO] [stdout]               (T1, T2, T3, T4)
[INFO] [stdout]               (T1, T2, T3, T4, T5)
[INFO] [stdout]               (T1, T2, T3, T4, T5, T6)
[INFO] [stdout]               (T1, T2, T3, T4, T5, T6, T7)
[INFO] [stdout]             and 41 others
[INFO] [stdout]     = note: this error might have been caused by changes to Rust's type-inference algorithm (see issue #148922 <https://github.com/rust-lang/rust/issues/148922> for more information)
[INFO] [stdout]     = help: you might have intended to use the type `()` here instead
[INFO] [stdout] note: required by a bound in `Cmd::query_async`
[INFO] [stdout]    --> /opt/rustwide/cargo-home/registry/src/index.crates.io-1949cf8c6b5b557f/redis-0.32.7/src/cmd.rs:671:33
[INFO] [stdout]     |
[INFO] [stdout] 519 | impl Cmd {
[INFO] [stdout] ...
[INFO] [stdout] 671 |     pub async fn query_async<T: FromRedisValue>(
[INFO] [stdout]     |                                 ^^^^^^^^^^^^^^ required by this bound in `Cmd::query_async`
[INFO] [stdout] 
[INFO] [stdout] 
[INFO] [stdout] error[E0277]: the trait bound `!: FromRedisValue` is not satisfied
[INFO] [stdout]    --> /opt/rustwide/cargo-home/registry/src/index.crates.io-1949cf8c6b5b557f/apalis-redis-0.7.4/src/storage.rs:847:14
[INFO] [stdout]     |
[INFO] [stdout] 847 |             .query_async(&mut self.conn)
[INFO] [stdout]     |              ^^^^^^^^^^^ the trait `FromRedisValue` is not implemented for `!`
[INFO] [stdout]     |
[INFO] [stdout]     = help: the following other types implement trait `FromRedisValue`:
[INFO] [stdout]               ()
[INFO] [stdout]               (T,)
[INFO] [stdout]               (T1, T2)
[INFO] [stdout]               (T1, T2, T3)
[INFO] [stdout]               (T1, T2, T3, T4)
[INFO] [stdout]               (T1, T2, T3, T4, T5)
[INFO] [stdout]               (T1, T2, T3, T4, T5, T6)
[INFO] [stdout]               (T1, T2, T3, T4, T5, T6, T7)
[INFO] [stdout]             and 41 others
[INFO] [stdout]     = note: this error might have been caused by changes to Rust's type-inference algorithm (see issue #148922 <https://github.com/rust-lang/rust/issues/148922> for more information)
[INFO] [stdout]     = help: you might have intended to use the type `()` here instead
[INFO] [stdout] note: required by a bound in `Cmd::query_async`
[INFO] [stdout]    --> /opt/rustwide/cargo-home/registry/src/index.crates.io-1949cf8c6b5b557f/redis-0.32.7/src/cmd.rs:671:33
[INFO] [stdout]     |
[INFO] [stdout] 519 | impl Cmd {
[INFO] [stdout] ...
[INFO] [stdout] 671 |     pub async fn query_async<T: FromRedisValue>(
[INFO] [stdout]     |                                 ^^^^^^^^^^^^^^ required by this bound in `Cmd::query_async`
[INFO] [stdout] 
[INFO] [stdout] 
[INFO] [stdout] For more information about this error, try `rustc --explain E0277`.
[INFO] [stdout] 
[INFO] [stderr] error: could not compile `apalis-redis` (lib) due to 5 previous errors
[INFO] [stderr] warning: build failed, waiting for other jobs to finish...
[INFO] running `Command { std: "docker" "inspect" "6b558695305e11e1fd181a2831c17cc14e70cf7afb6641c5f7cd0bb5390b4c41", kill_on_drop: false }`
[INFO] running `Command { std: "docker" "rm" "-f" "6b558695305e11e1fd181a2831c17cc14e70cf7afb6641c5f7cd0bb5390b4c41", kill_on_drop: false }`
[INFO] [stdout] 6b558695305e11e1fd181a2831c17cc14e70cf7afb6641c5f7cd0bb5390b4c41
