[INFO] cloning repository https://github.com/salamaashoush/top_down_shooter
[INFO] running `Command { std: "git" "-c" "credential.helper=" "-c" "credential.helper=/workspace/cargo-home/bin/git-credential-null" "clone" "--bare" "https://github.com/salamaashoush/top_down_shooter" "/workspace/cache/git-repos/https%3A%2F%2Fgithub.com%2Fsalamaashoush%2Ftop_down_shooter", kill_on_drop: false }`
[INFO] [stderr] Cloning into bare repository '/workspace/cache/git-repos/https%3A%2F%2Fgithub.com%2Fsalamaashoush%2Ftop_down_shooter'...
[INFO] running `Command { std: "git" "rev-parse" "HEAD", kill_on_drop: false }`
[INFO] [stdout] 845ad8c83ca8fd0d8beba26887f2ca716b65b2b6
[INFO] documenting salamaashoush/top_down_shooter against 1.99.0-beta.8 for beta-rustdoc-1.100-2
[INFO] running `Command { std: "git" "clone" "/workspace/cache/git-repos/https%3A%2F%2Fgithub.com%2Fsalamaashoush%2Ftop_down_shooter" "/workspace/builds/worker-6-tc1/source", kill_on_drop: false }`
[INFO] [stderr] Cloning into '/workspace/builds/worker-6-tc1/source'...
[INFO] [stderr] done.
[INFO] removed /workspace/builds/worker-6-tc1/source/.cargo/config.toml
[INFO] removed /workspace/builds/worker-6-tc1/source/rust-toolchain.toml
[INFO] started tweaking git repo https://github.com/salamaashoush/top_down_shooter
[INFO] finished tweaking git repo https://github.com/salamaashoush/top_down_shooter
[INFO] tweaked toml for git repo https://github.com/salamaashoush/top_down_shooter written to /workspace/builds/worker-6-tc1/source/Cargo.toml
[INFO] validating manifest of git repo https://github.com/salamaashoush/top_down_shooter on toolchain 1.99.0-beta.8
[INFO] running `Command { std: CARGO_HOME="/workspace/cargo-home" RUSTUP_HOME="/workspace/rustup-home" "/workspace/cargo-home/bin/cargo" "+1.99.0-beta.8" "metadata" "--manifest-path" "Cargo.toml" "--no-deps", kill_on_drop: false }`
[INFO] crate git repo https://github.com/salamaashoush/top_down_shooter already has a lockfile, it will not be regenerated
[INFO] running `Command { std: CARGO_HOME="/workspace/cargo-home" RUSTUP_HOME="/workspace/rustup-home" "/workspace/cargo-home/bin/cargo" "+1.99.0-beta.8" "fetch" "--manifest-path" "Cargo.toml", kill_on_drop: false }`
[INFO] [stderr]     Updating crates.io index
[INFO] [stderr]  Downloading crates ...
[INFO] [stderr]   Downloaded bevy_winit v0.13.2
[INFO] [stderr]   Downloaded bevy_internal v0.13.2
[INFO] [stderr]   Downloaded bevy_pancam v0.11.1
[INFO] [stderr]   Downloaded bevy v0.13.2
[INFO] [stderr]   Downloaded bytemuck v1.16.0
[INFO] [stderr]   Downloaded bevy_utils v0.13.2
[INFO] [stderr]   Downloaded bevy_window v0.13.2
[INFO] [stderr]   Downloaded bevy_reflect v0.13.2
[INFO] [stderr]   Downloaded bevy_utils_proc_macros v0.13.2
[INFO] [stderr]   Downloaded bevy_macro_utils v0.13.2
[INFO] [stderr]   Downloaded bevy_math v0.13.2
[INFO] [stderr]   Downloaded bevy_reflect_derive v0.13.2
[INFO] [stderr]   Downloaded bevy_input v0.13.2
[INFO] [stderr]   Downloaded bevy_ptr v0.13.2
[INFO] [stderr]   Downloaded bevy_tasks v0.13.2
[INFO] [stderr]   Downloaded bevy_ecs v0.13.2
[INFO] [stderr]   Downloaded bevy_ecs_macros v0.13.2
[INFO] [stderr]   Downloaded bevy_a11y v0.13.2
[INFO] [stderr]   Downloaded accesskit v0.12.3
[INFO] [stderr]   Downloaded bevy_log v0.13.2
[INFO] [stderr]   Downloaded bevy_hierarchy v0.13.2
[INFO] [stderr]   Downloaded bevy_app v0.13.2
[INFO] [stderr]   Downloaded bevy_derive v0.13.2
[INFO] [stderr]   Downloaded bevy_core v0.13.2
[INFO] [stderr]   Downloaded accesskit_winit v0.17.0
[INFO] [stderr]   Downloaded bevy_ui v0.13.2
[INFO] [stderr]   Downloaded taffy v0.3.19
[INFO] [stderr]   Downloaded bevy_transform v0.13.2
[INFO] [stderr]   Downloaded ab_glyph v0.2.26
[INFO] [stderr]   Downloaded bevy_sprite v0.13.2
[INFO] [stderr]   Downloaded bevy_text v0.13.2
[INFO] [stderr]   Downloaded owned_ttf_parser v0.21.0
[INFO] [stderr]   Downloaded bevy_render v0.13.2
[INFO] [stderr]   Downloaded wgpu-hal v0.19.4
[INFO] [stderr]   Downloaded naga_oil v0.13.0
[INFO] [stderr]   Downloaded encase v0.7.0
[INFO] [stderr]   Downloaded bevy_time v0.13.2
[INFO] [stderr]   Downloaded bevy_render_macros v0.13.2
[INFO] [stderr]   Downloaded bevy_encase_derive v0.13.2
[INFO] [stderr]   Downloaded hexasphere v10.0.0
[INFO] [stderr]   Downloaded encase_derive v0.7.0
[INFO] [stderr]   Downloaded encase_derive_impl v0.7.0
[INFO] [stderr]   Downloaded bevy_mikktspace v0.13.2
[INFO] [stderr]   Downloaded bevy_asset v0.13.2
[INFO] [stderr]   Downloaded bevy_asset_macros v0.13.2
[INFO] [stderr]   Downloaded bevy_scene v0.13.2
[INFO] [stderr]   Downloaded bevy_pbr v0.13.2
[INFO] [stderr]   Downloaded bevy_gltf v0.13.2
[INFO] [stderr]   Downloaded bevy_core_pipeline v0.13.2
[INFO] [stderr]   Downloaded bevy_gizmos v0.13.2
[INFO] [stderr]   Downloaded bevy_animation v0.13.2
[INFO] [stderr]   Downloaded bevy_gizmos_macros v0.13.2
[INFO] [stderr]   Downloaded bevy_gilrs v0.13.2
[INFO] [stderr]   Downloaded gilrs-core v0.5.11
[INFO] [stderr]   Downloaded gilrs v0.10.7
[INFO] [stderr]   Downloaded bevy_diagnostic v0.13.2
[INFO] [stderr]   Downloaded bevy_audio v0.13.2
[INFO] [stderr]   Downloaded sysinfo v0.30.12
[INFO] running `Command { std: "docker" "create" "-v" "/var/lib/crater-agent-workspace/builds/worker-6-tc1/source:/opt/rustwide/workdir:ro,Z" "-v" "/var/lib/crater-agent-workspace/builds/worker-6-tc1/target:/opt/rustwide/target:rw,Z" "-v" "/var/lib/crater-agent-workspace/cargo-home:/opt/rustwide/cargo-home:ro,Z" "-v" "/var/lib/crater-agent-workspace/rustup-home:/opt/rustwide/rustup-home:ro,Z" "-m" "1610612736" "--network" "none" "ghcr.io/rust-lang/crates-build-env/linux@sha256:77db811e55d90add9212f6832c23229e3de5f1c1f9905e8cb07319ea15df73ac" "sleep" "infinity", kill_on_drop: false }`
[INFO] [stdout] f7f249090d70d768fa895ccd2e87adceba31aa6bf00153f959d3d9e48c9a2ea2
[INFO] running `Command { std: "docker" "start" "f7f249090d70d768fa895ccd2e87adceba31aa6bf00153f959d3d9e48c9a2ea2", kill_on_drop: false }`
[INFO] running `Command { std: "docker" "inspect" "f7f249090d70d768fa895ccd2e87adceba31aa6bf00153f959d3d9e48c9a2ea2", kill_on_drop: false }`
[INFO] running `Command { std: "docker" "exec" "-e" "SOURCE_DIR=/opt/rustwide/workdir" "-e" "CARGO_HOME=/opt/rustwide/cargo-home" "-e" "RUSTUP_HOME=/opt/rustwide/rustup-home" "-e" "CARGO_TARGET_DIR=/opt/rustwide/target" "-w" "/opt/rustwide/workdir" "--user" "0:0" "f7f249090d70d768fa895ccd2e87adceba31aa6bf00153f959d3d9e48c9a2ea2" "/opt/rustwide/cargo-home/bin/cargo" "+1.99.0-beta.8" "metadata" "--no-deps" "--format-version=1", kill_on_drop: false }`
[INFO] running `Command { std: "docker" "inspect" "f7f249090d70d768fa895ccd2e87adceba31aa6bf00153f959d3d9e48c9a2ea2", kill_on_drop: false }`
[INFO] running `Command { std: "docker" "exec" "-e" "SOURCE_DIR=/opt/rustwide/workdir" "-e" "CARGO_HOME=/opt/rustwide/cargo-home" "-e" "RUSTUP_HOME=/opt/rustwide/rustup-home" "-e" "CARGO_TARGET_DIR=/opt/rustwide/target" "-e" "CARGO_INCREMENTAL=0" "-e" "RUST_BACKTRACE=full" "-e" "RUSTFLAGS=--cap-lints=warn" "-e" "RUSTDOCFLAGS=--cap-lints=warn" "-w" "/opt/rustwide/workdir" "--user" "0:0" "f7f249090d70d768fa895ccd2e87adceba31aa6bf00153f959d3d9e48c9a2ea2" "/opt/rustwide/cargo-home/bin/cargo" "+1.99.0-beta.8" "doc" "--frozen" "--no-deps" "--document-private-items" "--message-format=json", kill_on_drop: false }`
[INFO] [stderr]    Compiling proc-macro2 v1.0.85
[INFO] [stderr]    Compiling serde v1.0.203
[INFO] [stderr]     Checking zerocopy v0.7.34
[INFO] [stderr]    Compiling winnow v0.5.40
[INFO] [stderr]    Compiling rustc-hash v1.1.0
[INFO] [stderr]     Checking log v0.4.21
[INFO] [stderr]     Checking fixedbitset v0.4.2
[INFO] [stderr]     Checking web-time v0.2.4
[INFO] [stderr]     Checking bevy_ptr v0.13.2
[INFO] [stderr]    Compiling num-traits v0.2.19
[INFO] [stderr]     Checking memchr v2.7.2
[INFO] [stderr]     Checking lazy_static v1.4.0
[INFO] [stderr]    Compiling uuid v1.8.0
[INFO] [stderr]     Checking libloading v0.8.3
[INFO] [stderr]     Checking bevy_tasks v0.13.2
[INFO] [stderr]    Compiling cc v1.0.99
[INFO] [stderr]    Compiling wgpu-hal v0.19.4
[INFO] [stderr]     Checking sharded-slab v0.1.7
[INFO] [stderr]    Compiling syn v1.0.109
[INFO] [stderr]     Checking accesskit v0.12.3
[INFO] [stderr]     Checking tracing-log v0.2.0
[INFO] [stderr]     Checking tracing-log v0.1.4
[INFO] [stderr]     Checking miniz_oxide v0.7.3
[INFO] [stderr]     Checking ahash v0.8.11
[INFO] [stderr]     Checking ash v0.37.3+1.3.251
[INFO] [stderr]     Checking khronos-egl v6.0.0
[INFO] [stderr]    Compiling wgpu-core v0.19.4
[INFO] [stderr]    Compiling wgpu v0.19.4
[INFO] [stderr]     Checking color_quant v1.1.0
[INFO] [stderr]    Compiling nix v0.28.0
[INFO] [stderr]    Compiling serde_json v1.0.117
[INFO] [stderr]     Checking aho-corasick v1.1.3
[INFO] [stderr]     Checking ttf-parser v0.21.1
[INFO] [stderr]     Checking dlib v0.5.2
[INFO] [stderr]    Compiling winit v0.29.15
[INFO] [stderr]     Checking flate2 v1.0.30
[INFO] [stderr]    Compiling slotmap v1.0.7
[INFO] [stderr]     Checking tinyvec v1.6.0
[INFO] [stderr]    Compiling gilrs v0.10.7
[INFO] [stderr]     Checking grid v0.10.0
[INFO] [stderr]     Checking sysinfo v0.30.12
[INFO] [stderr]     Checking png v0.17.13
[INFO] [stderr]     Checking euclid v0.22.10
[INFO] [stderr]     Checking approx v0.5.1
[INFO] [stderr]    Compiling quote v1.0.36
[INFO] [stderr]     Checking taffy v0.3.19
[INFO] [stderr]    Compiling syn v2.0.66
[INFO] [stderr]     Checking regex-automata v0.4.7
[INFO] [stderr]     Checking lewton v0.10.2
[INFO] [stderr]     Checking guillotiere v0.6.2
[INFO] [stderr]    Compiling toml_edit v0.21.1
[INFO] [stderr]     Checking owned_ttf_parser v0.21.0
[INFO] [stderr]     Checking ab_glyph v0.2.26
[INFO] [stderr]     Checking glyph_brush_layout v0.2.3
[INFO] [stderr]     Checking regex v1.10.5
[INFO] [stderr]    Compiling blake3 v1.5.1
[INFO] [stderr]    Compiling derive_more v0.99.17
[INFO] [stderr]    Compiling bevy_macro_utils v0.13.2
[INFO] [stderr]    Compiling encase_derive_impl v0.7.0
[INFO] [stderr]     Checking ruzstd v0.5.0
[INFO] [stderr]    Compiling serde_derive v1.0.203
[INFO] [stderr]    Compiling thiserror-impl v1.0.61
[INFO] [stderr]    Compiling bytemuck_derive v1.7.0
[INFO] [stderr]    Compiling tracing-attributes v0.1.27
[INFO] [stderr]    Compiling bevy_utils_proc_macros v0.13.2
[INFO] [stderr]    Compiling bevy_reflect_derive v0.13.2
[INFO] [stderr]    Compiling bevy_ecs_macros v0.13.2
[INFO] [stderr]    Compiling bevy_derive v0.13.2
[INFO] [stderr]    Compiling bevy_asset_macros v0.13.2
[INFO] [stderr]    Compiling encase_derive v0.7.0
[INFO] [stderr]    Compiling bevy_encase_derive v0.13.2
[INFO] [stderr]    Compiling bevy_render_macros v0.13.2
[INFO] [stderr]    Compiling gltf-derive v1.4.1
[INFO] [stderr]    Compiling bevy_gizmos_macros v0.13.2
[INFO] [stderr]     Checking thiserror v1.0.61
[INFO] [stderr]     Checking bytemuck v1.16.0
[INFO] [stderr]     Checking image v0.24.9
[INFO] [stderr]     Checking tracing v0.1.40
[INFO] [stderr]     Checking bitflags v2.5.0
[INFO] [stderr]     Checking hashbrown v0.14.5
[INFO] [stderr]     Checking smallvec v1.13.2
[INFO] [stderr]     Checking glam v0.25.0
[INFO] [stderr]     Checking erased-serde v0.4.5
[INFO] [stderr]     Checking spirv v0.3.0+sdk-1.3.268.0
[INFO] [stderr]     Checking gpu-descriptor-types v0.1.2
[INFO] [stderr]     Checking gpu-alloc-types v0.3.0
[INFO] [stderr]     Checking wgpu-types v0.19.2
[INFO] [stderr]     Checking ron v0.8.1
[INFO] [stderr]     Checking rustix v0.38.34
[INFO] [stderr]     Checking alsa v0.9.0
[INFO] [stderr]     Checking xkbcommon-dl v0.4.2
[INFO] [stderr]     Checking tracing-subscriber v0.3.18
[INFO] [stderr]     Checking parking_lot_core v0.9.10
[INFO] [stderr]     Checking gpu-alloc v0.6.0
[INFO] [stderr]     Checking parking_lot v0.12.3
[INFO] [stderr]     Checking gilrs-core v0.5.11
[INFO] [stderr]     Checking gltf-json v1.4.1
[INFO] [stderr]     Checking indexmap v2.2.6
[INFO] [stderr]     Checking gpu-descriptor v0.2.4
[INFO] [stderr]     Checking cpal v0.15.3
[INFO] [stderr]     Checking petgraph v0.6.5
[INFO] [stderr]     Checking naga v0.19.2
[INFO] [stderr]     Checking rodio v0.17.3
[INFO] [stderr]     Checking gltf v1.4.1
[INFO] [stderr]     Checking bevy_utils v0.13.2
[INFO] [stderr]     Checking bevy_math v0.13.2
[INFO] [stderr]     Checking hexasphere v10.0.0
[INFO] [stderr]     Checking encase v0.7.0
[INFO] [stderr]     Checking bevy_mikktspace v0.13.2
[INFO] [stderr]     Checking bevy_reflect v0.13.2
[INFO] [stderr]     Checking polling v3.7.1
[INFO] [stderr]     Checking x11rb v0.13.1
[INFO] [stderr]     Checking calloop v0.12.4
[INFO] [stderr]     Checking accesskit_winit v0.17.0
[INFO] [stderr]     Checking naga_oil v0.13.0
[INFO] [stderr]     Checking bevy_ecs v0.13.2
[INFO] [stderr]     Checking bevy_app v0.13.2
[INFO] [stderr]     Checking bevy_log v0.13.2
[INFO] [stderr]     Checking bevy_core v0.13.2
[INFO] [stderr]     Checking bevy_input v0.13.2
[INFO] [stderr]     Checking bevy_a11y v0.13.2
[INFO] [stderr]     Checking bevy_time v0.13.2
[INFO] [stderr]     Checking bevy_asset v0.13.2
[INFO] [stderr]     Checking bevy_hierarchy v0.13.2
[INFO] [stderr]     Checking bevy_transform v0.13.2
[INFO] [stderr]     Checking bevy_diagnostic v0.13.2
[INFO] [stderr]     Checking bevy_window v0.13.2
[INFO] [stderr]     Checking bevy_gilrs v0.13.2
[INFO] [stderr]     Checking bevy_audio v0.13.2
[INFO] [stderr]     Checking bevy_winit v0.13.2
[INFO] [stderr]     Checking bevy_render v0.13.2
[INFO] [stderr]     Checking bevy_core_pipeline v0.13.2
[INFO] [stderr]     Checking bevy_scene v0.13.2
[INFO] [stderr]     Checking bevy_animation v0.13.2
[INFO] [stderr]     Checking bevy_sprite v0.13.2
[INFO] [stderr]     Checking bevy_pbr v0.13.2
[INFO] [stderr]     Checking bevy_text v0.13.2
[INFO] [stderr]     Checking bevy_ui v0.13.2
[INFO] [stderr]     Checking bevy_gizmos v0.13.2
[INFO] [stderr]     Checking bevy_gltf v0.13.2
[INFO] [stderr]     Checking bevy_internal v0.13.2
[INFO] [stderr]     Checking bevy v0.13.2
[INFO] [stderr]     Checking bevy_pancam v0.11.1
[INFO] [stderr]  Documenting top_down_shooter v0.1.0 (/opt/rustwide/workdir)
[INFO] [stderr]     Finished `dev` profile [optimized + debuginfo] target(s) in 2m 23s
[INFO] [stderr]    Generated /opt/rustwide/target/doc/top_down_shooter/index.html
[INFO] running `Command { std: "docker" "inspect" "f7f249090d70d768fa895ccd2e87adceba31aa6bf00153f959d3d9e48c9a2ea2", kill_on_drop: false }`
[INFO] running `Command { std: "docker" "exec" "-e" "SOURCE_DIR=/opt/rustwide/workdir" "-e" "CARGO_HOME=/opt/rustwide/cargo-home" "-e" "RUSTUP_HOME=/opt/rustwide/rustup-home" "-e" "CARGO_TARGET_DIR=/opt/rustwide/target" "-e" "CARGO_INCREMENTAL=0" "-e" "RUST_BACKTRACE=full" "-e" "RUSTFLAGS=--cap-lints=warn" "-e" "RUSTDOCFLAGS=--cap-lints=warn" "-e" "DOCS_RS=1" "-e" "RUSTC_BOOTSTRAP=1" "-w" "/opt/rustwide/workdir" "--user" "0:0" "f7f249090d70d768fa895ccd2e87adceba31aa6bf00153f959d3d9e48c9a2ea2" "/opt/rustwide/cargo-home/bin/cargo" "+1.99.0-beta.8" "rustdoc" "--lib" "-Zrustdoc-map" "--config" "build.rustdocflags=[\"--cfg\", \"docsrs\", \"-Z\", \"unstable-options\", \"--document-private-items\"]" "--frozen" "--message-format=json", kill_on_drop: false }`
[INFO] [stderr]    Compiling proc-macro2 v1.0.85
[INFO] [stderr]    Compiling thiserror v1.0.61
[INFO] [stdout] error[E0425]: cannot find type `SourceFile` in crate `proc_macro`
[INFO] [stdout]    --> /opt/rustwide/cargo-home/registry/src/index.crates.io-1949cf8c6b5b557f/proc-macro2-1.0.85/src/wrapper.rs:365:26
[INFO] [stdout]     |
[INFO] [stdout] 365 |     Compiler(proc_macro::SourceFile),
[INFO] [stdout]     |                          ^^^^^^^^^^ not found in `proc_macro`
[INFO] [stdout]     |
[INFO] [stdout] help: consider importing one of these structs
[INFO] [stdout]     |
[INFO] [stdout]   1 + use crate::SourceFile;
[INFO] [stdout]     |
[INFO] [stdout]   1 + use crate::fallback::SourceFile;
[INFO] [stdout]     |
[INFO] [stdout] help: if you import `SourceFile`, refer to it directly
[INFO] [stdout]     |
[INFO] [stdout] 365 -     Compiler(proc_macro::SourceFile),
[INFO] [stdout] 365 +     Compiler(SourceFile),
[INFO] [stdout]     |
[INFO] [stdout] 
[INFO] [stdout] 
[INFO] [stdout] error[E0425]: cannot find type `SourceFile` in crate `proc_macro`
[INFO] [stdout]    --> /opt/rustwide/cargo-home/registry/src/index.crates.io-1949cf8c6b5b557f/proc-macro2-1.0.85/src/wrapper.rs:371:32
[INFO] [stdout]     |
[INFO] [stdout] 371 |     fn nightly(sf: proc_macro::SourceFile) -> Self {
[INFO] [stdout]     |                                ^^^^^^^^^^ not found in `proc_macro`
[INFO] [stdout]     |
[INFO] [stdout] help: consider importing one of these structs
[INFO] [stdout]     |
[INFO] [stdout]   1 + use crate::SourceFile;
[INFO] [stdout]     |
[INFO] [stdout]   1 + use crate::fallback::SourceFile;
[INFO] [stdout]     |
[INFO] [stdout] help: if you import `SourceFile`, refer to it directly
[INFO] [stdout]     |
[INFO] [stdout] 371 -     fn nightly(sf: proc_macro::SourceFile) -> Self {
[INFO] [stdout] 371 +     fn nightly(sf: SourceFile) -> Self {
[INFO] [stdout]     |
[INFO] [stdout] 
[INFO] [stdout] 
[INFO] [stdout] error[E0599]: no method named `source_file` found for reference `&proc_macro::Span` in the current scope
[INFO] [stdout]    --> /opt/rustwide/cargo-home/registry/src/index.crates.io-1949cf8c6b5b557f/proc-macro2-1.0.85/src/wrapper.rs:461:56
[INFO] [stdout]     |
[INFO] [stdout] 461 |             Span::Compiler(s) => SourceFile::nightly(s.source_file()),
[INFO] [stdout]     |                                                        ^^^^^^^^^^^
[INFO] [stdout]     |
[INFO] [stdout] help: there is a method `source` with a similar name
[INFO] [stdout]     |
[INFO] [stdout] 461 -             Span::Compiler(s) => SourceFile::nightly(s.source_file()),
[INFO] [stdout] 461 +             Span::Compiler(s) => SourceFile::nightly(s.source()),
[INFO] [stdout]     |
[INFO] [stdout] 
[INFO] [stdout] 
[INFO] [stdout] Some errors have detailed explanations: E0425, E0599.
[INFO] [stdout] 
[INFO] [stdout] For more information about an error, try `rustc --explain E0425`.
[INFO] [stdout] 
[INFO] [stderr] error: could not compile `proc-macro2` (lib) due to 3 previous errors
[INFO] running `Command { std: "docker" "inspect" "f7f249090d70d768fa895ccd2e87adceba31aa6bf00153f959d3d9e48c9a2ea2", kill_on_drop: false }`
[INFO] running `Command { std: "docker" "rm" "-f" "f7f249090d70d768fa895ccd2e87adceba31aa6bf00153f959d3d9e48c9a2ea2", kill_on_drop: false }`
[INFO] [stdout] f7f249090d70d768fa895ccd2e87adceba31aa6bf00153f959d3d9e48c9a2ea2
