[INFO] cloning repository https://github.com/mmichael255/actix-simple
[INFO] running `Command { std: "git" "-c" "credential.helper=" "-c" "credential.helper=/workspace/cargo-home/bin/git-credential-null" "clone" "--bare" "https://github.com/mmichael255/actix-simple" "/workspace/cache/git-repos/https%3A%2F%2Fgithub.com%2Fmmichael255%2Factix-simple", kill_on_drop: false }`
[INFO] [stderr] Cloning into bare repository '/workspace/cache/git-repos/https%3A%2F%2Fgithub.com%2Fmmichael255%2Factix-simple'...
[INFO] running `Command { std: "git" "rev-parse" "HEAD", kill_on_drop: false }`
[INFO] [stdout] 92869dfd729043907cb674042aa315ef797dfd77
[INFO] documenting mmichael255/actix-simple/92869dfd729043907cb674042aa315ef797dfd77 against 1.99.0-beta.8 for beta-rustdoc-1.100-2
[INFO] running `Command { std: "git" "clone" "/workspace/cache/git-repos/https%3A%2F%2Fgithub.com%2Fmmichael255%2Factix-simple" "/workspace/builds/worker-3-tc1/source", kill_on_drop: false }`
[INFO] [stderr] Cloning into '/workspace/builds/worker-3-tc1/source'...
[INFO] [stderr] done.
[INFO] started tweaking git repo https://github.com/mmichael255/actix-simple
[INFO] finished tweaking git repo https://github.com/mmichael255/actix-simple
[INFO] tweaked toml for git repo https://github.com/mmichael255/actix-simple written to /workspace/builds/worker-3-tc1/source/Cargo.toml
[INFO] validating manifest of git repo https://github.com/mmichael255/actix-simple on toolchain 1.99.0-beta.8
[INFO] running `Command { std: CARGO_HOME="/workspace/cargo-home" RUSTUP_HOME="/workspace/rustup-home" "/workspace/cargo-home/bin/cargo" "+1.99.0-beta.8" "metadata" "--manifest-path" "Cargo.toml" "--no-deps", kill_on_drop: false }`
[INFO] crate git repo https://github.com/mmichael255/actix-simple already has a lockfile, it will not be regenerated
[INFO] running `Command { std: CARGO_HOME="/workspace/cargo-home" RUSTUP_HOME="/workspace/rustup-home" "/workspace/cargo-home/bin/cargo" "+1.99.0-beta.8" "fetch" "--manifest-path" "Cargo.toml", kill_on_drop: false }`
[INFO] [stderr] warning: resolver for the non root package will be ignored, specify resolver at the workspace root:
[INFO] [stderr] package:   /workspace/builds/worker-3-tc1/source/webservice/Cargo.toml
[INFO] [stderr] workspace: /workspace/builds/worker-3-tc1/source/Cargo.toml
[INFO] [stderr] warning: profiles for the non root package will be ignored, specify profiles at the workspace root:
[INFO] [stderr] package:   /workspace/builds/worker-3-tc1/source/webclient/Cargo.toml
[INFO] [stderr] workspace: /workspace/builds/worker-3-tc1/source/Cargo.toml
[INFO] [stderr] warning: virtual workspace defaulting to `resolver = "1"` despite one or more workspace members being on edition 2021 which implies `resolver = "2"`
[INFO] [stderr]   |
[INFO] [stderr]   = note: to keep the current resolver, specify `workspace.resolver = "1"` in the workspace root's manifest
[INFO] [stderr]   = note: to use the edition 2021 resolver, specify `workspace.resolver = "2"` in the workspace root's manifest
[INFO] [stderr]   = note: for more details see https://doc.rust-lang.org/cargo/reference/resolver.html#resolver-versions
[INFO] [stderr] warning: webservice/Cargo.toml: `default_features` is deprecated in favor of `default-features` and will not work in the 2024 edition
[INFO] [stderr] (in the `sqlx` dependency)
[INFO] [stderr] warning: `webservice` (manifest) generated 1 warning
[INFO] [stderr]     Updating crates.io index
[INFO] [stderr]  Downloading crates ...
[INFO] [stderr]   Downloaded serde-wasm-bindgen v0.4.5
[INFO] [stderr]   Downloaded wasm-bindgen-test-macro v0.3.42
[INFO] [stderr]   Downloaded wasm-bindgen-test v0.3.42
[INFO] [stderr]   Downloaded cc v1.1.6
[INFO] [stderr]   Downloaded redox_users v0.4.5
[INFO] [stderr]   Downloaded actix-cors v0.6.5
[INFO] [stderr]   Downloaded openssl-src v300.3.1+3.3.1
[INFO] running `Command { std: "docker" "create" "-v" "/var/lib/crater-agent-workspace/builds/worker-3-tc1/source:/opt/rustwide/workdir:ro,Z" "-v" "/var/lib/crater-agent-workspace/builds/worker-3-tc1/target:/opt/rustwide/target:rw,Z" "-v" "/var/lib/crater-agent-workspace/cargo-home:/opt/rustwide/cargo-home:ro,Z" "-v" "/var/lib/crater-agent-workspace/rustup-home:/opt/rustwide/rustup-home:ro,Z" "-m" "1610612736" "--network" "none" "ghcr.io/rust-lang/crates-build-env/linux@sha256:77db811e55d90add9212f6832c23229e3de5f1c1f9905e8cb07319ea15df73ac" "sleep" "infinity", kill_on_drop: false }`
[INFO] [stdout] 85615fce64fdb27505c57ecd5712372e5bd93fe0044d5d45cc7eb45cf0dbef33
[INFO] running `Command { std: "docker" "start" "85615fce64fdb27505c57ecd5712372e5bd93fe0044d5d45cc7eb45cf0dbef33", kill_on_drop: false }`
[INFO] running `Command { std: "docker" "inspect" "85615fce64fdb27505c57ecd5712372e5bd93fe0044d5d45cc7eb45cf0dbef33", kill_on_drop: false }`
[INFO] running `Command { std: "docker" "exec" "-e" "SOURCE_DIR=/opt/rustwide/workdir" "-e" "CARGO_HOME=/opt/rustwide/cargo-home" "-e" "RUSTUP_HOME=/opt/rustwide/rustup-home" "-e" "CARGO_TARGET_DIR=/opt/rustwide/target" "-w" "/opt/rustwide/workdir" "--user" "0:0" "85615fce64fdb27505c57ecd5712372e5bd93fe0044d5d45cc7eb45cf0dbef33" "/opt/rustwide/cargo-home/bin/cargo" "+1.99.0-beta.8" "metadata" "--no-deps" "--format-version=1", kill_on_drop: false }`
[INFO] running `Command { std: "docker" "inspect" "85615fce64fdb27505c57ecd5712372e5bd93fe0044d5d45cc7eb45cf0dbef33", kill_on_drop: false }`
[INFO] running `Command { std: "docker" "exec" "-e" "SOURCE_DIR=/opt/rustwide/workdir" "-e" "CARGO_HOME=/opt/rustwide/cargo-home" "-e" "RUSTUP_HOME=/opt/rustwide/rustup-home" "-e" "CARGO_TARGET_DIR=/opt/rustwide/target" "-e" "CARGO_INCREMENTAL=0" "-e" "RUST_BACKTRACE=full" "-e" "RUSTFLAGS=--cap-lints=warn" "-e" "RUSTDOCFLAGS=--cap-lints=warn" "-w" "/opt/rustwide/workdir" "--user" "0:0" "85615fce64fdb27505c57ecd5712372e5bd93fe0044d5d45cc7eb45cf0dbef33" "/opt/rustwide/cargo-home/bin/cargo" "+1.99.0-beta.8" "doc" "--frozen" "--no-deps" "--document-private-items" "--message-format=json", kill_on_drop: false }`
[INFO] [stderr] warning: resolver for the non root package will be ignored, specify resolver at the workspace root:
[INFO] [stderr] package:   /opt/rustwide/workdir/webservice/Cargo.toml
[INFO] [stderr] workspace: /opt/rustwide/workdir/Cargo.toml
[INFO] [stderr] warning: profiles for the non root package will be ignored, specify profiles at the workspace root:
[INFO] [stderr] package:   /opt/rustwide/workdir/webclient/Cargo.toml
[INFO] [stderr] workspace: /opt/rustwide/workdir/Cargo.toml
[INFO] [stderr] warning: virtual workspace defaulting to `resolver = "1"` despite one or more workspace members being on edition 2021 which implies `resolver = "2"`
[INFO] [stderr]   |
[INFO] [stderr]   = note: to keep the current resolver, specify `workspace.resolver = "1"` in the workspace root's manifest
[INFO] [stderr]   = note: to use the edition 2021 resolver, specify `workspace.resolver = "2"` in the workspace root's manifest
[INFO] [stderr]   = note: for more details see https://doc.rust-lang.org/cargo/reference/resolver.html#resolver-versions
[INFO] [stderr] warning: webservice/Cargo.toml: `default_features` is deprecated in favor of `default-features` and will not work in the 2024 edition
[INFO] [stderr] (in the `sqlx` dependency)
[INFO] [stderr] warning: `webservice` (manifest) generated 1 warning
[INFO] [stderr]    Compiling libc v0.2.155
[INFO] [stderr]    Compiling autocfg v1.3.0
[INFO] [stderr]    Compiling proc-macro2 v1.0.86
[INFO] [stderr]    Compiling serde v1.0.204
[INFO] [stderr]     Checking once_cell v1.19.0
[INFO] [stderr]     Checking itoa v1.0.11
[INFO] [stderr]     Checking pin-project-lite v0.2.14
[INFO] [stderr]     Checking log v0.4.22
[INFO] [stderr]     Checking bytes v1.6.1
[INFO] [stderr]    Compiling serde_json v1.0.120
[INFO] [stderr]     Checking futures-core v0.3.30
[INFO] [stderr]    Compiling pkg-config v0.3.30
[INFO] [stderr]     Checking crypto-common v0.1.6
[INFO] [stderr]     Checking futures-sink v0.3.30
[INFO] [stderr]    Compiling memchr v2.7.4
[INFO] [stderr]    Compiling smallvec v1.13.2
[INFO] [stderr]    Compiling ahash v0.7.8
[INFO] [stderr]     Checking digest v0.10.7
[INFO] [stderr]    Compiling wasm-bindgen-shared v0.2.92
[INFO] [stderr]     Checking futures-task v0.3.30
[INFO] [stderr]     Checking unicode-normalization v0.1.23
[INFO] [stderr]     Checking tracing-core v0.1.32
[INFO] [stderr]     Checking unicode-bidi v0.3.15
[INFO] [stderr]    Compiling bumpalo v3.16.0
[INFO] [stderr]    Compiling lock_api v0.4.12
[INFO] [stderr]    Compiling slab v0.4.9
[INFO] [stderr]    Compiling num-traits v0.2.19
[INFO] [stderr]    Compiling indexmap v1.9.3
[INFO] [stderr]    Compiling thiserror v1.0.63
[INFO] [stderr]    Compiling zstd-safe v7.2.0
[INFO] [stderr]    Compiling base64 v0.13.1
[INFO] [stderr]    Compiling quote v1.0.36
[INFO] [stderr]    Compiling regex-syntax v0.8.4
[INFO] [stderr]     Checking local-waker v0.1.4
[INFO] [stderr]     Checking idna v0.5.0
[INFO] [stderr]     Checking futures-util v0.3.30
[INFO] [stderr]     Checking http v0.2.12
[INFO] [stderr]    Compiling syn v2.0.71
[INFO] [stderr]     Checking tracing v0.1.40
[INFO] [stderr]     Checking alloc-stdlib v0.2.2
[INFO] [stderr]    Compiling jobserver v0.1.31
[INFO] [stderr]    Compiling getrandom v0.2.15
[INFO] [stderr]    Compiling parking_lot_core v0.9.10
[INFO] [stderr]    Compiling num_cpus v1.16.0
[INFO] [stderr]     Checking socket2 v0.5.7
[INFO] [stderr]     Checking mio v0.8.11
[INFO] [stderr]     Checking parking_lot v0.12.3
[INFO] [stderr]    Compiling cc v1.1.6
[INFO] [stderr]     Checking signal-hook-registry v1.4.2
[INFO] [stderr]     Checking rand_core v0.6.4
[INFO] [stderr]    Compiling aho-corasick v1.1.3
[INFO] [stderr]     Checking rand_chacha v0.3.1
[INFO] [stderr]     Checking tokio v1.38.1
[INFO] [stderr]    Compiling parking_lot_core v0.8.6
[INFO] [stderr]     Checking rand v0.8.5
[INFO] [stderr]    Compiling ahash v0.8.11
[INFO] [stderr]    Compiling wasm-bindgen v0.2.92
[INFO] [stderr]    Compiling syn v1.0.109
[INFO] [stderr]    Compiling httparse v1.9.4
[INFO] [stderr]     Checking miniz_oxide v0.7.4
[INFO] [stderr]     Checking deranged v0.3.11
[INFO] [stderr]    Compiling openssl-src v300.3.1+3.3.1
[INFO] [stderr]    Compiling nom v7.1.3
[INFO] [stderr]     Checking indexmap v2.2.6
[INFO] [stderr]    Compiling form_urlencoded v1.2.1
[INFO] [stderr]    Compiling time-macros v0.2.18
[INFO] [stderr]    Compiling regex-automata v0.4.7
[INFO] [stderr]    Compiling itertools v0.10.5
[INFO] [stderr]     Checking url v2.5.2
[INFO] [stderr]    Compiling parking_lot v0.11.2
[INFO] [stderr]    Compiling ring v0.16.20
[INFO] [stderr]    Compiling zstd-sys v2.0.12+zstd.1.5.6
[INFO] [stderr]    Compiling openssl-sys v0.9.103
[INFO] [stderr]    Compiling hashbrown v0.11.2
[INFO] [stderr]     Checking brotli-decompressor v4.0.1
[INFO] [stderr]    Compiling dirs-sys v0.3.7
[INFO] [stderr]     Checking actix-utils v3.0.1
[INFO] [stderr]     Checking bytestring v1.3.1
[INFO] [stderr]    Compiling hmac v0.12.1
[INFO] [stderr]     Checking actix-service v2.0.2
[INFO] [stderr]    Compiling cookie v0.16.2
[INFO] [stderr]     Checking crc32fast v1.4.2
[INFO] [stderr]     Checking zerocopy v0.7.35
[INFO] [stderr]    Compiling iana-time-zone v0.1.60
[INFO] [stderr]    Compiling unicode-properties v0.1.1
[INFO] [stderr]    Compiling regex-lite v0.1.6
[INFO] [stderr]     Checking time v0.3.36
[INFO] [stderr]    Compiling stringprep v0.1.5
[INFO] [stderr]     Checking brotli v6.0.0
[INFO] [stderr]    Compiling wasm-bindgen-backend v0.2.92
[INFO] [stderr]     Checking flate2 v1.0.30
[INFO] [stderr]    Compiling sqlformat v0.1.8
[INFO] [stderr]    Compiling regex v1.10.5
[INFO] [stderr]    Compiling hkdf v0.12.4
[INFO] [stderr]    Compiling dirs v4.0.0
[INFO] [stderr]    Compiling hashlink v0.7.0
[INFO] [stderr]    Compiling futures-intrusive v0.4.2
[INFO] [stderr]     Checking tokio-util v0.7.11
[INFO] [stderr]    Compiling wasm-bindgen-macro-support v0.2.92
[INFO] [stderr]    Compiling atoi v0.4.0
[INFO] [stderr]    Compiling sha2 v0.10.8
[INFO] [stderr]     Checking h2 v0.3.26
[INFO] [stderr]     Checking actix-codec v0.5.2
[INFO] [stderr]    Compiling sha-1 v0.10.1
[INFO] [stderr]    Compiling futures-channel v0.3.30
[INFO] [stderr]     Checking local-channel v0.1.5
[INFO] [stderr]     Checking sha1 v0.10.6
[INFO] [stderr]    Compiling md-5 v0.10.6
[INFO] [stderr]     Checking encoding_rs v0.8.34
[INFO] [stderr]     Checking language-tags v0.3.2
[INFO] [stderr]    Compiling serde_derive v1.0.204
[INFO] [stderr]    Compiling thiserror-impl v1.0.63
[INFO] [stderr]    Compiling actix-macros v0.2.4
[INFO] [stderr]    Compiling derive_more v0.99.18
[INFO] [stderr]     Checking actix-rt v2.10.0
[INFO] [stderr]    Compiling wasm-bindgen-macro v0.2.92
[INFO] [stderr]    Compiling tokio-stream v0.1.15
[INFO] [stderr]     Checking unicode-ident v1.0.12
[INFO] [stderr]    Compiling whoami v1.5.1
[INFO] [stderr]    Compiling bitflags v1.3.2
[INFO] [stderr]    Compiling webpki v0.21.4
[INFO] [stderr]    Compiling sct v0.6.1
[INFO] [stderr]    Compiling heck v0.4.1
[INFO] [stderr]     Checking actix-server v2.4.0
[INFO] [stderr]    Compiling rustls v0.19.1
[INFO] [stderr]    Compiling webpki-roots v0.21.1
[INFO] [stderr]    Compiling openssl v0.10.66
[INFO] [stderr]    Compiling openssl-macros v0.1.1
[INFO] [stderr]     Checking tokio-rustls v0.22.0
[INFO] [stderr]     Checking sqlx-rt v0.5.13
[INFO] [stderr]     Checking zstd v0.13.2
[INFO] [stderr]     Checking actix-http v3.8.0
[INFO] [stderr]     Checking chrono v0.4.38
[INFO] [stderr]     Checking serde_urlencoded v0.7.1
[INFO] [stderr]     Checking actix-router v0.5.3
[INFO] [stderr]     Checking sqlx-core v0.5.13
[INFO] [stderr]    Compiling actix-web-codegen v4.3.0
[INFO] [stderr]     Checking js-sys v0.3.69
[INFO] [stderr]     Checking console_error_panic_hook v0.1.7
[INFO] [stderr]     Checking actix-web v4.8.0
[INFO] [stderr]     Checking serde-wasm-bindgen v0.4.5
[INFO] [stderr]     Checking web-sys v0.3.69
[INFO] [stderr]     Checking wasm-bindgen-futures v0.4.42
[INFO] [stderr]     Checking actix-cors v0.6.5
[INFO] [stderr]    Compiling sqlx-macros v0.5.13
[INFO] [stderr]     Checking sqlx v0.5.13
[INFO] [stderr]  Documenting webclient v0.1.0 (/opt/rustwide/workdir/webclient)
[INFO] [stderr]  Documenting webservice v0.1.0 (/opt/rustwide/workdir/webservice)
[INFO] [stdout] error: error communicating with database: Connection refused (os error 111)
[INFO] [stdout]   --> webservice/src/bin/../dbaccess/course.rs:9:29
[INFO] [stdout]    |
[INFO] [stdout]  9 |       let rows: Vec<Course> = sqlx::query_as!(
[INFO] [stdout]    |  _____________________________^
[INFO] [stdout] 10 | |         Course,
[INFO] [stdout] 11 | |         "select * from course
[INFO] [stdout] 12 | |     where teacher_id = $1",
[INFO] [stdout] 13 | |         teacher_id
[INFO] [stdout] 14 | |     )
[INFO] [stdout]    | |_____^
[INFO] [stdout]    |
[INFO] [stdout]    = note: this error originates in the macro `$crate::sqlx_macros::expand_query` which comes from the expansion of the macro `sqlx::query_as` (in Nightly builds, run with -Z macro-backtrace for more info)
[INFO] [stdout] 
[INFO] [stdout] 
[INFO] [stdout] error: error communicating with database: Connection refused (os error 111)
[INFO] [stdout]   --> webservice/src/bin/../dbaccess/course.rs:41:15
[INFO] [stdout]    |
[INFO] [stdout] 41 |       let row = sqlx::query_as!(
[INFO] [stdout]    |  _______________^
[INFO] [stdout] 42 | |         Course,
[INFO] [stdout] 43 | |         "select * from course
[INFO] [stdout] 44 | |         where teacher_id = $1 and id = $2",
[INFO] [stdout] 45 | |         teacher_id,
[INFO] [stdout] 46 | |         course_id
[INFO] [stdout] 47 | |     )
[INFO] [stdout]    | |_____^
[INFO] [stdout]    |
[INFO] [stdout]    = note: this error originates in the macro `$crate::sqlx_macros::expand_query` which comes from the expansion of the macro `sqlx::query_as` (in Nightly builds, run with -Z macro-backtrace for more info)
[INFO] [stdout] 
[INFO] [stdout] 
[INFO] [stdout] error: error communicating with database: Connection refused (os error 111)
[INFO] [stdout]   --> webservice/src/bin/../dbaccess/course.rs:72:15
[INFO] [stdout]    |
[INFO] [stdout] 72 |       let row = sqlx::query_as!(Course,
[INFO] [stdout]    |  _______________^
[INFO] [stdout] 73 | |         "insert into course (teacher_id, name,description,format,structure,duration,price,language,level)
[INFO] [stdout] 74 | |     values($1,$2,$3,$4,$5,$6,$7,$8,$9)
[INFO] [stdout] 75 | |     returning id, teacher_id, name, time,description,format,structure,duration,price,language,level",
[INFO] [stdout] ...  |
[INFO] [stdout] 84 | |         new_course.level
[INFO] [stdout] 85 | |     )
[INFO] [stdout]    | |_____^
[INFO] [stdout]    |
[INFO] [stdout]    = note: this error originates in the macro `$crate::sqlx_macros::expand_query` which comes from the expansion of the macro `sqlx::query_as` (in Nightly builds, run with -Z macro-backtrace for more info)
[INFO] [stdout] 
[INFO] [stdout] 
[INFO] [stdout] error: error communicating with database: Connection refused (os error 111)
[INFO] [stdout]    --> webservice/src/bin/../dbaccess/course.rs:97:22
[INFO] [stdout]     |
[INFO] [stdout]  97 |       let course_row = sqlx::query!(
[INFO] [stdout]     |  ______________________^
[INFO] [stdout]  98 | |         "delete from course where teacher_id = $1 and id = $2",
[INFO] [stdout]  99 | |         teacher_id,
[INFO] [stdout] 100 | |         course_id
[INFO] [stdout] 101 | |     )
[INFO] [stdout]     | |_____^
[INFO] [stdout]     |
[INFO] [stdout]     = note: this error originates in the macro `$crate::sqlx_macros::expand_query` which comes from the expansion of the macro `sqlx::query` (in Nightly builds, run with -Z macro-backtrace for more info)
[INFO] [stdout] 
[INFO] [stdout] 
[INFO] [stdout] error: error communicating with database: Connection refused (os error 111)
[INFO] [stdout]    --> webservice/src/bin/../dbaccess/course.rs:113:30
[INFO] [stdout]     |
[INFO] [stdout] 113 |       let current_course_row = sqlx::query_as!(
[INFO] [stdout]     |  ______________________________^
[INFO] [stdout] 114 | |         Course,
[INFO] [stdout] 115 | |         "select * from course where teacher_id = $1 and id = $2",
[INFO] [stdout] 116 | |         teacher_id,
[INFO] [stdout] 117 | |         course_id
[INFO] [stdout] 118 | |     )
[INFO] [stdout]     | |_____^
[INFO] [stdout]     |
[INFO] [stdout]     = note: this error originates in the macro `$crate::sqlx_macros::expand_query` which comes from the expansion of the macro `sqlx::query_as` (in Nightly builds, run with -Z macro-backtrace for more info)
[INFO] [stdout] 
[INFO] [stdout] 
[INFO] [stdout] error: error communicating with database: Connection refused (os error 111)
[INFO] [stdout]    --> webservice/src/bin/../dbaccess/course.rs:162:22
[INFO] [stdout]     |
[INFO] [stdout] 162 |       let course_row = sqlx::query_as!(
[INFO] [stdout]     |  ______________________^
[INFO] [stdout] 163 | |         Course,
[INFO] [stdout] 164 | |         "update course  set  name = $1 ,description= $2,format= $3,structure= $4,duration= $5,price= $6,language= $7,level= $8
[INFO] [stdout] 165 | |         where teacher_id = $9 and id = $10
[INFO] [stdout] ...   |
[INFO] [stdout] 176 | |             course_id
[INFO] [stdout] 177 | |     ).fetch_one(pool).await;
[INFO] [stdout]     | |_____^
[INFO] [stdout]     |
[INFO] [stdout]     = note: this error originates in the macro `$crate::sqlx_macros::expand_query` which comes from the expansion of the macro `sqlx::query_as` (in Nightly builds, run with -Z macro-backtrace for more info)
[INFO] [stdout] 
[INFO] [stdout] 
[INFO] [stderr] error: could not document `webservice`
[INFO] [stderr] warning: build failed, waiting for other jobs to finish...
[INFO] running `Command { std: "docker" "inspect" "85615fce64fdb27505c57ecd5712372e5bd93fe0044d5d45cc7eb45cf0dbef33", kill_on_drop: false }`
[INFO] running `Command { std: "docker" "rm" "-f" "85615fce64fdb27505c57ecd5712372e5bd93fe0044d5d45cc7eb45cf0dbef33", kill_on_drop: false }`
[INFO] [stdout] 85615fce64fdb27505c57ecd5712372e5bd93fe0044d5d45cc7eb45cf0dbef33
