[INFO] cloning repository https://github.com/kinode-dao/ai_chatbot_demo
[INFO] running `Command { std: "git" "-c" "credential.helper=" "-c" "credential.helper=/workspace/cargo-home/bin/git-credential-null" "clone" "--bare" "https://github.com/kinode-dao/ai_chatbot_demo" "/workspace/cache/git-repos/https%3A%2F%2Fgithub.com%2Fkinode-dao%2Fai_chatbot_demo", kill_on_drop: false }`
[INFO] [stderr] Cloning into bare repository '/workspace/cache/git-repos/https%3A%2F%2Fgithub.com%2Fkinode-dao%2Fai_chatbot_demo'...
[INFO] running `Command { std: "git" "rev-parse" "HEAD", kill_on_drop: false }`
[INFO] [stdout] e1775b05ea2fb60539cc5ecda69474d48fccbb41
[INFO] documenting kinode-dao/ai_chatbot_demo against 1.99.0-beta.8 for beta-rustdoc-1.100-2
[INFO] running `Command { std: "git" "clone" "/workspace/cache/git-repos/https%3A%2F%2Fgithub.com%2Fkinode-dao%2Fai_chatbot_demo" "/workspace/builds/worker-2-tc1/source", kill_on_drop: false }`
[INFO] [stderr] Cloning into '/workspace/builds/worker-2-tc1/source'...
[INFO] [stderr] done.
[INFO] started tweaking git repo https://github.com/kinode-dao/ai_chatbot_demo
[INFO] finished tweaking git repo https://github.com/kinode-dao/ai_chatbot_demo
[INFO] tweaked toml for git repo https://github.com/kinode-dao/ai_chatbot_demo written to /workspace/builds/worker-2-tc1/source/Cargo.toml
[INFO] validating manifest of git repo https://github.com/kinode-dao/ai_chatbot_demo on toolchain 1.99.0-beta.8
[INFO] running `Command { std: CARGO_HOME="/workspace/cargo-home" RUSTUP_HOME="/workspace/rustup-home" "/workspace/cargo-home/bin/cargo" "+1.99.0-beta.8" "metadata" "--manifest-path" "Cargo.toml" "--no-deps", kill_on_drop: false }`
[INFO] crate git repo https://github.com/kinode-dao/ai_chatbot_demo already has a lockfile, it will not be regenerated
[INFO] running `Command { std: CARGO_HOME="/workspace/cargo-home" RUSTUP_HOME="/workspace/rustup-home" "/workspace/cargo-home/bin/cargo" "+1.99.0-beta.8" "fetch" "--manifest-path" "Cargo.toml", kill_on_drop: false }`
[INFO] [stderr]     Updating crates.io index
[INFO] [stderr]     Updating git repository `https://github.com/kinode-dao/process_lib`
[INFO] [stderr]     Updating git submodule `https://github.com/uqbar-dao/kinode-wit.git`
[INFO] [stderr]     Updating git repository `https://github.com/kinode-dao/llm`
[INFO] [stderr]     Updating git repository `https://github.com/kinode-dao/stt`
[INFO] [stderr]     Updating git repository `https://github.com/kinode-dao/telegram-bot/`
[INFO] [stderr]     Updating git repository `https://github.com/alloy-rs/alloy.git`
[INFO] [stderr]     Updating git repository `https://github.com/bytecodealliance/wit-bindgen`
[INFO] [stderr]  Downloading crates ...
[INFO] [stderr]   Downloaded wit-bindgen-rust v0.24.0
[INFO] [stderr]   Downloaded wit-bindgen v0.24.0
[INFO] [stderr]   Downloaded wit-bindgen-rust-macro v0.24.0
[INFO] [stderr]   Downloaded wit-parser v0.202.0
[INFO] [stderr]   Downloaded wasm-metadata v0.10.20
[INFO] [stderr]   Downloaded groupable v0.2.0
[INFO] [stderr]   Downloaded typemap v0.3.3
[INFO] [stderr]   Downloaded wasm-metadata v0.202.0
[INFO] [stderr]   Downloaded modifier v0.1.0
[INFO] [stderr]   Downloaded traitobject v0.1.0
[INFO] [stderr]   Downloaded chunked_transfer v0.3.1
[INFO] [stderr]   Downloaded plugin v0.2.6
[INFO] [stderr]   Downloaded unsafe-any v0.4.2
[INFO] [stderr]   Downloaded typeable v0.1.2
[INFO] [stderr]   Downloaded thiserror-impl v1.0.60
[INFO] [stderr]   Downloaded wit-bindgen-rt v0.24.0
[INFO] [stderr]   Downloaded wit-bindgen-core v0.24.0
[INFO] [stderr]   Downloaded ruint-macro v1.2.0
[INFO] [stderr]   Downloaded ascii v0.8.7
[INFO] [stderr]   Downloaded mime_guess v1.8.8
[INFO] [stderr]   Downloaded parity-scale-codec-derive v3.6.12
[INFO] [stderr]   Downloaded iron v0.6.1
[INFO] [stderr]   Downloaded rusty-fork v0.3.0
[INFO] [stderr]   Downloaded thiserror v1.0.60
[INFO] [stderr]   Downloaded anyhow v1.0.83
[INFO] [stderr]   Downloaded mustache v0.9.0
[INFO] [stderr]   Downloaded base64 v0.9.3
[INFO] [stderr]   Downloaded either v1.11.0
[INFO] [stderr]   Downloaded alloy-rlp v0.3.4
[INFO] [stderr]   Downloaded alloy-rlp-derive v0.3.4
[INFO] [stderr]   Downloaded keccak-asm v0.1.1
[INFO] [stderr]   Downloaded tiny_http v0.6.4
[INFO] [stderr]   Downloaded proc-macro2 v1.0.82
[INFO] [stderr]   Downloaded wasm-encoder v0.202.0
[INFO] [stderr]   Downloaded wasm-encoder v0.41.2
[INFO] [stderr]   Downloaded parity-scale-codec v3.6.12
[INFO] [stderr]   Downloaded derive_builder_macro v0.20.0
[INFO] [stderr]   Downloaded serde v1.0.201
[INFO] [stderr]   Downloaded serde_derive v1.0.201
[INFO] [stderr]   Downloaded alloy-primitives v0.6.4
[INFO] [stderr]   Downloaded cc v1.0.97
[INFO] [stderr]   Downloaded darling_macro v0.20.8
[INFO] [stderr]   Downloaded wit-component v0.202.0
[INFO] [stderr]   Downloaded wit-parser v0.13.2
[INFO] [stderr]   Downloaded const-hex v1.11.3
[INFO] [stderr]   Downloaded typed-builder v0.18.2
[INFO] [stderr]   Downloaded typed-builder-macro v0.18.2
[INFO] [stderr]   Downloaded nickel v0.11.0
[INFO] [stderr]   Downloaded derive_builder_core v0.20.0
[INFO] [stderr]   Downloaded darling v0.20.8
[INFO] [stderr]   Downloaded num-bigint v0.4.5
[INFO] [stderr]   Downloaded derive_builder v0.20.0
[INFO] [stderr]   Downloaded k256 v0.13.3
[INFO] [stderr]   Downloaded darling_core v0.20.8
[INFO] [stderr]   Downloaded hyper v0.10.16
[INFO] [stderr]   Downloaded ruint v1.12.1
[INFO] [stderr]   Downloaded pest v2.7.10
[INFO] [stderr]   Downloaded wit-component v0.20.3
[INFO] [stderr]   Downloaded wasmparser v0.121.2
[INFO] [stderr]   Downloaded proptest v1.4.0
[INFO] [stderr]   Downloaded wasmparser v0.202.0
[INFO] [stderr]   Downloaded syn v2.0.61
[INFO] [stderr]   Downloaded frankenstein v0.30.8
[INFO] [stderr]   Downloaded sha3-asm v0.1.1
[INFO] [stderr]   Downloaded libc v0.2.154
[INFO] [stderr]   Downloaded spdx v0.10.4
[INFO] running `Command { std: "docker" "create" "-v" "/var/lib/crater-agent-workspace/builds/worker-2-tc1/source:/opt/rustwide/workdir:ro,Z" "-v" "/var/lib/crater-agent-workspace/builds/worker-2-tc1/target:/opt/rustwide/target:rw,Z" "-v" "/var/lib/crater-agent-workspace/cargo-home:/opt/rustwide/cargo-home:ro,Z" "-v" "/var/lib/crater-agent-workspace/rustup-home:/opt/rustwide/rustup-home:ro,Z" "-m" "1610612736" "--network" "none" "ghcr.io/rust-lang/crates-build-env/linux@sha256:77db811e55d90add9212f6832c23229e3de5f1c1f9905e8cb07319ea15df73ac" "sleep" "infinity", kill_on_drop: false }`
[INFO] [stdout] 4393bfd8a32a81ce23a47637076bb22b689c81eb245a5cb0a61bee2530b88eba
[INFO] running `Command { std: "docker" "start" "4393bfd8a32a81ce23a47637076bb22b689c81eb245a5cb0a61bee2530b88eba", kill_on_drop: false }`
[INFO] running `Command { std: "docker" "inspect" "4393bfd8a32a81ce23a47637076bb22b689c81eb245a5cb0a61bee2530b88eba", kill_on_drop: false }`
[INFO] running `Command { std: "docker" "exec" "-e" "SOURCE_DIR=/opt/rustwide/workdir" "-e" "CARGO_HOME=/opt/rustwide/cargo-home" "-e" "RUSTUP_HOME=/opt/rustwide/rustup-home" "-e" "CARGO_TARGET_DIR=/opt/rustwide/target" "-w" "/opt/rustwide/workdir" "--user" "0:0" "4393bfd8a32a81ce23a47637076bb22b689c81eb245a5cb0a61bee2530b88eba" "/opt/rustwide/cargo-home/bin/cargo" "+1.99.0-beta.8" "metadata" "--no-deps" "--format-version=1", kill_on_drop: false }`
[INFO] running `Command { std: "docker" "inspect" "4393bfd8a32a81ce23a47637076bb22b689c81eb245a5cb0a61bee2530b88eba", kill_on_drop: false }`
[INFO] running `Command { std: "docker" "exec" "-e" "SOURCE_DIR=/opt/rustwide/workdir" "-e" "CARGO_HOME=/opt/rustwide/cargo-home" "-e" "RUSTUP_HOME=/opt/rustwide/rustup-home" "-e" "CARGO_TARGET_DIR=/opt/rustwide/target" "-e" "CARGO_INCREMENTAL=0" "-e" "RUST_BACKTRACE=full" "-e" "RUSTFLAGS=--cap-lints=warn" "-e" "RUSTDOCFLAGS=--cap-lints=warn" "-w" "/opt/rustwide/workdir" "--user" "0:0" "4393bfd8a32a81ce23a47637076bb22b689c81eb245a5cb0a61bee2530b88eba" "/opt/rustwide/cargo-home/bin/cargo" "+1.99.0-beta.8" "doc" "--frozen" "--no-deps" "--document-private-items" "--message-format=json", kill_on_drop: false }`
[INFO] [stderr]    Compiling proc-macro2 v1.0.82
[INFO] [stderr]    Compiling unicode-ident v1.0.12
[INFO] [stderr]    Compiling autocfg v1.3.0
[INFO] [stderr]    Compiling serde v1.0.201
[INFO] [stderr]    Compiling libc v0.2.154
[INFO] [stderr]    Compiling anyhow v1.0.83
[INFO] [stderr]    Compiling semver v1.0.23
[INFO] [stderr]    Compiling hashbrown v0.14.5
[INFO] [stderr]    Compiling equivalent v1.0.1
[INFO] [stderr]    Compiling serde_json v1.0.117
[INFO] [stderr]    Compiling itoa v1.0.11
[INFO] [stderr]    Compiling version_check v0.1.5
[INFO] [stderr]    Compiling ryu v1.0.18
[INFO] [stderr]    Compiling bitflags v2.5.0
[INFO] [stderr]    Compiling unicase v1.4.2
[INFO] [stderr]    Compiling autocfg v0.1.8
[INFO] [stderr]    Compiling rand_core v0.4.2
[INFO] [stderr]    Compiling leb128 v0.2.5
[INFO] [stderr]     Checking log v0.4.21
[INFO] [stderr]     Checking tinyvec v1.6.0
[INFO] [stderr]    Compiling id-arena v2.2.1
[INFO] [stderr]    Compiling smallvec v1.13.2
[INFO] [stderr]    Compiling unicode-xid v0.2.4
[INFO] [stderr]    Compiling quote v1.0.36
[INFO] [stderr]     Checking unicode-bidi v0.3.15
[INFO] [stderr]    Compiling rand_core v0.3.1
[INFO] [stderr]    Compiling spdx v0.10.4
[INFO] [stderr]    Compiling syn v1.0.109
[INFO] [stderr]    Compiling syn v2.0.61
[INFO] [stderr]    Compiling crunchy v0.2.2
[INFO] [stderr]     Checking arrayvec v0.7.4
[INFO] [stderr]    Compiling thiserror v1.0.60
[INFO] [stderr]    Compiling tiny-keccak v2.0.2
[INFO] [stderr]    Compiling rand_chacha v0.1.1
[INFO] [stderr]    Compiling rand_pcg v0.1.2
[INFO] [stderr]     Checking cpufeatures v0.2.12
[INFO] [stderr]    Compiling convert_case v0.4.0
[INFO] [stderr]    Compiling ruint-macro v1.2.0
[INFO] [stderr]    Compiling version_check v0.9.4
[INFO] [stderr]     Checking unicode-normalization v0.1.23
[INFO] [stderr]    Compiling rand v0.6.5
[INFO] [stderr]    Compiling unicase v2.7.0
[INFO] [stderr]     Checking hex-literal v0.4.1
[INFO] [stderr]    Compiling unicode-segmentation v1.11.0
[INFO] [stderr]    Compiling siphasher v0.2.3
[INFO] [stderr]    Compiling phf_shared v0.7.24
[INFO] [stderr]    Compiling rand_isaac v0.1.1
[INFO] [stderr]    Compiling rand_xorshift v0.1.1
[INFO] [stderr]    Compiling rand_hc v0.1.0
[INFO] [stderr]    Compiling rand_jitter v0.1.4
[INFO] [stderr]    Compiling slab v0.4.9
[INFO] [stderr]     Checking pin-project-lite v0.2.14
[INFO] [stderr]    Compiling heck v0.4.1
[INFO] [stderr]     Checking log v0.3.9
[INFO] [stderr]    Compiling wasm-encoder v0.41.2
[INFO] [stderr]     Checking matches v0.1.10
[INFO] [stderr]    Compiling ident_case v1.0.1
[INFO] [stderr]     Checking once_cell v1.19.0
[INFO] [stderr]     Checking traitobject v0.1.0
[INFO] [stderr]    Compiling strsim v0.10.0
[INFO] [stdout] error[E0119]: conflicting implementations of trait `Trait` for type `(dyn Send + Sync + 'static)`
[INFO] [stdout]   --> /opt/rustwide/cargo-home/registry/src/index.crates.io-1949cf8c6b5b557f/traitobject-0.1.0/src/impls.rs:72:1
[INFO] [stdout]    |
[INFO] [stdout] 71 | unsafe impl Trait for ::std::marker::Send + Sync { }
[INFO] [stdout]    | ------------------------------------------------ first implementation here
[INFO] [stdout] 72 | unsafe impl Trait for ::std::marker::Send + Send + Sync { }
[INFO] [stdout]    | ^^^^^^^^^^^^^^^^^^^^^^^^^^^^^^^^^^^^^^^^^^^^^^^^^^^^^^^ conflicting implementation for `(dyn Send + Sync + 'static)`
[INFO] [stdout] 
[INFO] [stdout] 
[INFO] [stdout] error[E0119]: conflicting implementations of trait `Trait` for type `(dyn Send + Sync + 'static)`
[INFO] [stdout]   --> /opt/rustwide/cargo-home/registry/src/index.crates.io-1949cf8c6b5b557f/traitobject-0.1.0/src/impls.rs:73:1
[INFO] [stdout]    |
[INFO] [stdout] 71 | unsafe impl Trait for ::std::marker::Send + Sync { }
[INFO] [stdout]    | ------------------------------------------------ first implementation here
[INFO] [stdout] 72 | unsafe impl Trait for ::std::marker::Send + Send + Sync { }
[INFO] [stdout] 73 | unsafe impl Trait for ::std::marker::Sync + Send { }
[INFO] [stdout]    | ^^^^^^^^^^^^^^^^^^^^^^^^^^^^^^^^^^^^^^^^^^^^^^^^ conflicting implementation for `(dyn Send + Sync + 'static)`
[INFO] [stdout] 
[INFO] [stdout] 
[INFO] [stdout] error[E0119]: conflicting implementations of trait `Trait` for type `(dyn Send + Sync + 'static)`
[INFO] [stdout]   --> /opt/rustwide/cargo-home/registry/src/index.crates.io-1949cf8c6b5b557f/traitobject-0.1.0/src/impls.rs:75:1
[INFO] [stdout]    |
[INFO] [stdout] 71 | unsafe impl Trait for ::std::marker::Send + Sync { }
[INFO] [stdout]    | ------------------------------------------------ first implementation here
[INFO] [stdout] ...
[INFO] [stdout] 75 | unsafe impl Trait for ::std::marker::Sync + Send + Sync { }
[INFO] [stdout]    | ^^^^^^^^^^^^^^^^^^^^^^^^^^^^^^^^^^^^^^^^^^^^^^^^^^^^^^^ conflicting implementation for `(dyn Send + Sync + 'static)`
[INFO] [stdout] 
[INFO] [stdout] 
[INFO] [stdout] For more information about this error, try `rustc --explain E0119`.
[INFO] [stdout] 
[INFO] [stderr] error: could not compile `traitobject` (lib) due to 3 previous errors
[INFO] [stderr] warning: build failed, waiting for other jobs to finish...
[INFO] running `Command { std: "docker" "inspect" "4393bfd8a32a81ce23a47637076bb22b689c81eb245a5cb0a61bee2530b88eba", kill_on_drop: false }`
[INFO] running `Command { std: "docker" "rm" "-f" "4393bfd8a32a81ce23a47637076bb22b689c81eb245a5cb0a61bee2530b88eba", kill_on_drop: false }`
[INFO] [stdout] 4393bfd8a32a81ce23a47637076bb22b689c81eb245a5cb0a61bee2530b88eba
