[INFO] cloning repository https://github.com/greyhawk/zero2prod
[INFO] running `Command { std: "git" "-c" "credential.helper=" "-c" "credential.helper=/workspace/cargo-home/bin/git-credential-null" "clone" "--bare" "https://github.com/greyhawk/zero2prod" "/workspace/cache/git-repos/https%3A%2F%2Fgithub.com%2Fgreyhawk%2Fzero2prod", kill_on_drop: false }`
[INFO] [stderr] Cloning into bare repository '/workspace/cache/git-repos/https%3A%2F%2Fgithub.com%2Fgreyhawk%2Fzero2prod'...
[INFO] running `Command { std: "git" "rev-parse" "HEAD", kill_on_drop: false }`
[INFO] [stdout] 5254580d0185ac9beeb1d30b9d6f4a1e4fe90d6c
[INFO] documenting greyhawk/zero2prod against 1.99.0-beta.8 for beta-rustdoc-1.100-2
[INFO] running `Command { std: "git" "clone" "/workspace/cache/git-repos/https%3A%2F%2Fgithub.com%2Fgreyhawk%2Fzero2prod" "/workspace/builds/worker-2-tc1/source", kill_on_drop: false }`
[INFO] [stderr] Cloning into '/workspace/builds/worker-2-tc1/source'...
[INFO] [stderr] done.
[INFO] started tweaking git repo https://github.com/greyhawk/zero2prod
[INFO] finished tweaking git repo https://github.com/greyhawk/zero2prod
[INFO] tweaked toml for git repo https://github.com/greyhawk/zero2prod written to /workspace/builds/worker-2-tc1/source/Cargo.toml
[INFO] validating manifest of git repo https://github.com/greyhawk/zero2prod on toolchain 1.99.0-beta.8
[INFO] running `Command { std: CARGO_HOME="/workspace/cargo-home" RUSTUP_HOME="/workspace/rustup-home" "/workspace/cargo-home/bin/cargo" "+1.99.0-beta.8" "metadata" "--manifest-path" "Cargo.toml" "--no-deps", kill_on_drop: false }`
[INFO] crate git repo https://github.com/greyhawk/zero2prod already has a lockfile, it will not be regenerated
[INFO] running `Command { std: CARGO_HOME="/workspace/cargo-home" RUSTUP_HOME="/workspace/rustup-home" "/workspace/cargo-home/bin/cargo" "+1.99.0-beta.8" "fetch" "--manifest-path" "Cargo.toml", kill_on_drop: false }`
[INFO] [stderr]  Downloading crates ...
[INFO] [stderr]   Downloaded socket2 v0.5.7
[INFO] [stderr]   Downloaded redox_syscall v0.5.3
[INFO] [stderr]   Downloaded autocfg v1.3.0
[INFO] [stderr]   Downloaded wasm-bindgen-futures v0.4.43
[INFO] [stderr]   Downloaded fastrand v2.1.1
[INFO] [stderr]   Downloaded errno v0.3.9
[INFO] [stderr]   Downloaded sync_wrapper v1.0.1
[INFO] [stderr]   Downloaded wasm-bindgen-macro v0.2.93
[INFO] [stderr]   Downloaded wasm-bindgen-shared v0.2.93
[INFO] [stderr]   Downloaded http-body-util v0.1.2
[INFO] [stderr]   Downloaded impl-more v0.1.6
[INFO] [stderr]   Downloaded bytestring v1.3.1
[INFO] [stderr]   Downloaded windows-registry v0.2.0
[INFO] [stderr]   Downloaded security-framework-sys v2.11.1
[INFO] [stderr]   Downloaded cpufeatures v0.2.14
[INFO] [stderr]   Downloaded ipnet v2.10.0
[INFO] [stderr]   Downloaded wasm-bindgen-macro-support v0.2.93
[INFO] [stderr]   Downloaded rustls-pemfile v2.1.3
[INFO] [stderr]   Downloaded rustls-pki-types v1.8.0
[INFO] [stderr]   Downloaded zstd v0.13.2
[INFO] [stderr]   Downloaded zstd-safe v7.2.1
[INFO] [stderr]   Downloaded wasm-bindgen-backend v0.2.93
[INFO] [stderr]   Downloaded tempfile v3.12.0
[INFO] [stderr]   Downloaded httparse v1.9.4
[INFO] [stderr]   Downloaded hyper-rustls v0.27.3
[INFO] [stderr]   Downloaded schannel v0.1.24
[INFO] [stderr]   Downloaded tokio-rustls v0.26.0
[INFO] [stderr]   Downloaded actix-server v2.5.0
[INFO] [stderr]   Downloaded addr2line v0.24.1
[INFO] [stderr]   Downloaded actix-service v2.0.2
[INFO] [stderr]   Downloaded bytes v1.7.1
[INFO] [stderr]   Downloaded wasm-bindgen v0.2.93
[INFO] [stderr]   Downloaded js-sys v0.3.70
[INFO] [stderr]   Downloaded hyper-util v0.1.8
[INFO] [stderr]   Downloaded url v2.5.2
[INFO] [stderr]   Downloaded cc v1.1.18
[INFO] [stderr]   Downloaded indexmap v2.5.0
[INFO] [stderr]   Downloaded openssl-sys v0.9.103
[INFO] [stderr]   Downloaded http v1.1.0
[INFO] [stderr]   Downloaded flate2 v1.0.33
[INFO] [stderr]   Downloaded mio v1.0.2
[INFO] [stderr]   Downloaded tokio-util v0.7.12
[INFO] [stderr]   Downloaded serde_json v1.0.128
[INFO] [stderr]   Downloaded hyper v1.4.1
[INFO] [stderr]   Downloaded actix-http v3.9.0
[INFO] [stderr]   Downloaded h2 v0.4.6
[INFO] [stderr]   Downloaded reqwest v0.12.7
[INFO] [stderr]   Downloaded actix-web v4.9.0
[INFO] [stderr]   Downloaded regex v1.10.6
[INFO] [stderr]   Downloaded openssl v0.10.66
[INFO] [stderr]   Downloaded gimli v0.31.0
[INFO] [stderr]   Downloaded object v0.36.4
[INFO] [stderr]   Downloaded rustix v0.38.37
[INFO] [stderr]   Downloaded rustls v0.23.13
[INFO] [stderr]   Downloaded web-sys v0.3.70
[INFO] [stderr]   Downloaded libc v0.2.158
[INFO] [stderr]   Downloaded tokio v1.40.0
[INFO] running `Command { std: "docker" "create" "-v" "/var/lib/crater-agent-workspace/builds/worker-2-tc1/source:/opt/rustwide/workdir:ro,Z" "-v" "/var/lib/crater-agent-workspace/builds/worker-2-tc1/target:/opt/rustwide/target:rw,Z" "-v" "/var/lib/crater-agent-workspace/cargo-home:/opt/rustwide/cargo-home:ro,Z" "-v" "/var/lib/crater-agent-workspace/rustup-home:/opt/rustwide/rustup-home:ro,Z" "-m" "1610612736" "--network" "none" "ghcr.io/rust-lang/crates-build-env/linux@sha256:77db811e55d90add9212f6832c23229e3de5f1c1f9905e8cb07319ea15df73ac" "sleep" "infinity", kill_on_drop: false }`
[INFO] [stdout] 15f421f6933c7cb14ce5bb206d92d192116a3275780994da0c9f87f86e885413
[INFO] running `Command { std: "docker" "start" "15f421f6933c7cb14ce5bb206d92d192116a3275780994da0c9f87f86e885413", kill_on_drop: false }`
[INFO] running `Command { std: "docker" "inspect" "15f421f6933c7cb14ce5bb206d92d192116a3275780994da0c9f87f86e885413", kill_on_drop: false }`
[INFO] running `Command { std: "docker" "exec" "-e" "SOURCE_DIR=/opt/rustwide/workdir" "-e" "CARGO_HOME=/opt/rustwide/cargo-home" "-e" "RUSTUP_HOME=/opt/rustwide/rustup-home" "-e" "CARGO_TARGET_DIR=/opt/rustwide/target" "-w" "/opt/rustwide/workdir" "--user" "0:0" "15f421f6933c7cb14ce5bb206d92d192116a3275780994da0c9f87f86e885413" "/opt/rustwide/cargo-home/bin/cargo" "+1.99.0-beta.8" "metadata" "--no-deps" "--format-version=1", kill_on_drop: false }`
[INFO] running `Command { std: "docker" "inspect" "15f421f6933c7cb14ce5bb206d92d192116a3275780994da0c9f87f86e885413", kill_on_drop: false }`
[INFO] running `Command { std: "docker" "exec" "-e" "SOURCE_DIR=/opt/rustwide/workdir" "-e" "CARGO_HOME=/opt/rustwide/cargo-home" "-e" "RUSTUP_HOME=/opt/rustwide/rustup-home" "-e" "CARGO_TARGET_DIR=/opt/rustwide/target" "-e" "CARGO_INCREMENTAL=0" "-e" "RUST_BACKTRACE=full" "-e" "RUSTFLAGS=--cap-lints=warn" "-e" "RUSTDOCFLAGS=--cap-lints=warn" "-w" "/opt/rustwide/workdir" "--user" "0:0" "15f421f6933c7cb14ce5bb206d92d192116a3275780994da0c9f87f86e885413" "/opt/rustwide/cargo-home/bin/cargo" "+1.99.0-beta.8" "doc" "--frozen" "--no-deps" "--document-private-items" "--message-format=json", kill_on_drop: false }`
[INFO] [stderr]    Compiling libc v0.2.158
[INFO] [stderr]    Compiling proc-macro2 v1.0.86
[INFO] [stderr]    Compiling autocfg v1.3.0
[INFO] [stderr]    Compiling unicode-ident v1.0.13
[INFO] [stderr]     Checking log v0.4.22
[INFO] [stderr]     Checking bytes v1.7.1
[INFO] [stderr]     Checking smallvec v1.13.2
[INFO] [stderr]    Compiling serde v1.0.210
[INFO] [stderr]     Checking memchr v2.7.4
[INFO] [stderr]     Checking tracing-core v0.1.32
[INFO] [stderr]     Checking byteorder v1.5.0
[INFO] [stderr]     Checking generic-array v0.14.7
[INFO] [stderr]    Compiling lock_api v0.4.12
[INFO] [stderr]    Compiling slab v0.4.9
[INFO] [stderr]    Compiling zstd-safe v7.2.1
[INFO] [stderr]     Checking local-waker v0.1.4
[INFO] [stderr]     Checking tracing v0.1.40
[INFO] [stderr]     Checking futures-task v0.3.30
[INFO] [stderr]     Checking http v0.2.12
[INFO] [stderr]     Checking futures-util v0.3.30
[INFO] [stderr]     Checking aho-corasick v1.1.3
[INFO] [stderr]     Checking tinyvec v1.8.0
[INFO] [stderr]    Compiling quote v1.0.37
[INFO] [stderr]     Checking parking_lot_core v0.9.10
[INFO] [stderr]     Checking socket2 v0.5.7
[INFO] [stderr]    Compiling jobserver v0.1.32
[INFO] [stderr]     Checking parking_lot v0.12.3
[INFO] [stderr]    Compiling syn v2.0.77
[INFO] [stderr]    Compiling cc v1.1.18
[INFO] [stderr]     Checking mio v1.0.2
[INFO] [stderr]     Checking signal-hook-registry v1.4.2
[INFO] [stderr]     Checking getrandom v0.2.15
[INFO] [stderr]     Checking block-buffer v0.10.4
[INFO] [stderr]     Checking rand_core v0.6.4
[INFO] [stderr]     Checking crypto-common v0.1.6
[INFO] [stderr]     Checking tokio v1.40.0
[INFO] [stderr]     Checking regex-syntax v0.8.4
[INFO] [stderr]    Compiling httparse v1.9.4
[INFO] [stderr]    Compiling pin-project-lite v0.2.14
[INFO] [stderr]    Compiling time-macros v0.2.18
[INFO] [stderr]     Checking indexmap v2.5.0
[INFO] [stderr]    Compiling bytestring v1.3.1
[INFO] [stderr]     Checking digest v0.10.7
[INFO] [stderr]     Checking miniz_oxide v0.8.0
[INFO] [stderr]    Compiling zstd-sys v2.0.13+zstd.1.5.6
[INFO] [stderr]     Checking actix-service v2.0.2
[INFO] [stderr]     Checking unicode-normalization v0.1.23
[INFO] [stderr]     Checking actix-utils v3.0.1
[INFO] [stderr]     Checking regex-automata v0.4.7
[INFO] [stderr]    Compiling cookie v0.16.2
[INFO] [stderr]     Checking bitflags v2.6.0
[INFO] [stderr]    Compiling serde_json v1.0.128
[INFO] [stderr]    Compiling regex-lite v0.1.6
[INFO] [stderr]     Checking cpufeatures v0.2.14
[INFO] [stderr]     Checking time v0.3.36
[INFO] [stderr]     Checking sha1 v0.10.6
[INFO] [stderr]     Checking idna v0.5.0
[INFO] [stderr]     Checking flate2 v1.0.33
[INFO] [stderr]     Checking brotli v6.0.0
[INFO] [stderr]     Checking local-channel v0.1.5
[INFO] [stderr]     Checking encoding_rs v0.8.34
[INFO] [stderr]     Checking language-tags v0.3.2
[INFO] [stderr]     Checking regex v1.10.6
[INFO] [stderr]     Checking tokio-util v0.7.12
[INFO] [stderr]     Checking actix-rt v2.10.0
[INFO] [stderr]     Checking actix-server v2.5.0
[INFO] [stderr]     Checking actix-codec v0.5.2
[INFO] [stderr]     Checking h2 v0.3.26
[INFO] [stderr]     Checking actix-router v0.5.3
[INFO] [stderr]     Checking url v2.5.2
[INFO] [stderr]     Checking serde_urlencoded v0.7.1
[INFO] [stderr]     Checking impl-more v0.1.6
[INFO] [stderr]    Compiling zerocopy-derive v0.7.35
[INFO] [stderr]    Compiling derive_more v0.99.18
[INFO] [stderr]    Compiling actix-macros v0.2.4
[INFO] [stderr]    Compiling actix-web-codegen v4.3.0
[INFO] [stderr]     Checking zerocopy v0.7.35
[INFO] [stderr]     Checking ppv-lite86 v0.2.20
[INFO] [stderr]     Checking ahash v0.8.11
[INFO] [stderr]     Checking rand_chacha v0.3.1
[INFO] [stderr]     Checking rand v0.8.5
[INFO] [stderr]     Checking zstd v0.13.2
[INFO] [stderr]     Checking actix-http v3.9.0
[INFO] [stderr]     Checking actix-web v4.9.0
[INFO] [stderr]  Documenting zero2prod v0.1.0 (/opt/rustwide/workdir)
[INFO] [stderr]     Finished `dev` profile [unoptimized + debuginfo] target(s) in 1m 13s
[INFO] [stderr]    Generated /opt/rustwide/target/doc/zero2prod/index.html
[INFO] running `Command { std: "docker" "inspect" "15f421f6933c7cb14ce5bb206d92d192116a3275780994da0c9f87f86e885413", kill_on_drop: false }`
[INFO] running `Command { std: "docker" "exec" "-e" "SOURCE_DIR=/opt/rustwide/workdir" "-e" "CARGO_HOME=/opt/rustwide/cargo-home" "-e" "RUSTUP_HOME=/opt/rustwide/rustup-home" "-e" "CARGO_TARGET_DIR=/opt/rustwide/target" "-e" "CARGO_INCREMENTAL=0" "-e" "RUST_BACKTRACE=full" "-e" "RUSTFLAGS=--cap-lints=warn" "-e" "RUSTDOCFLAGS=--cap-lints=warn" "-e" "RUSTC_BOOTSTRAP=1" "-e" "DOCS_RS=1" "-w" "/opt/rustwide/workdir" "--user" "0:0" "15f421f6933c7cb14ce5bb206d92d192116a3275780994da0c9f87f86e885413" "/opt/rustwide/cargo-home/bin/cargo" "+1.99.0-beta.8" "rustdoc" "--lib" "-Zrustdoc-map" "--config" "build.rustdocflags=[\"--cfg\", \"docsrs\", \"-Z\", \"unstable-options\", \"--document-private-items\"]" "--frozen" "--message-format=json", kill_on_drop: false }`
[INFO] [stderr]    Compiling proc-macro2 v1.0.86
[INFO] [stdout] error[E0425]: cannot find type `SourceFile` in crate `proc_macro`
[INFO] [stdout]    --> /opt/rustwide/cargo-home/registry/src/index.crates.io-1949cf8c6b5b557f/proc-macro2-1.0.86/src/wrapper.rs:365:26
[INFO] [stdout]     |
[INFO] [stdout] 365 |     Compiler(proc_macro::SourceFile),
[INFO] [stdout]     |                          ^^^^^^^^^^ not found in `proc_macro`
[INFO] [stdout]     |
[INFO] [stdout] help: consider importing one of these structs
[INFO] [stdout]     |
[INFO] [stdout]   1 + use crate::SourceFile;
[INFO] [stdout]     |
[INFO] [stdout]   1 + use crate::fallback::SourceFile;
[INFO] [stdout]     |
[INFO] [stdout] help: if you import `SourceFile`, refer to it directly
[INFO] [stdout]     |
[INFO] [stdout] 365 -     Compiler(proc_macro::SourceFile),
[INFO] [stdout] 365 +     Compiler(SourceFile),
[INFO] [stdout]     |
[INFO] [stdout] 
[INFO] [stdout] 
[INFO] [stdout] error[E0425]: cannot find type `SourceFile` in crate `proc_macro`
[INFO] [stdout]    --> /opt/rustwide/cargo-home/registry/src/index.crates.io-1949cf8c6b5b557f/proc-macro2-1.0.86/src/wrapper.rs:371:32
[INFO] [stdout]     |
[INFO] [stdout] 371 |     fn nightly(sf: proc_macro::SourceFile) -> Self {
[INFO] [stdout]     |                                ^^^^^^^^^^ not found in `proc_macro`
[INFO] [stdout]     |
[INFO] [stdout] help: consider importing one of these structs
[INFO] [stdout]     |
[INFO] [stdout]   1 + use crate::SourceFile;
[INFO] [stdout]     |
[INFO] [stdout]   1 + use crate::fallback::SourceFile;
[INFO] [stdout]     |
[INFO] [stdout] help: if you import `SourceFile`, refer to it directly
[INFO] [stdout]     |
[INFO] [stdout] 371 -     fn nightly(sf: proc_macro::SourceFile) -> Self {
[INFO] [stdout] 371 +     fn nightly(sf: SourceFile) -> Self {
[INFO] [stdout]     |
[INFO] [stdout] 
[INFO] [stdout] 
[INFO] [stdout] error[E0599]: no method named `source_file` found for reference `&proc_macro::Span` in the current scope
[INFO] [stdout]    --> /opt/rustwide/cargo-home/registry/src/index.crates.io-1949cf8c6b5b557f/proc-macro2-1.0.86/src/wrapper.rs:461:56
[INFO] [stdout]     |
[INFO] [stdout] 461 |             Span::Compiler(s) => SourceFile::nightly(s.source_file()),
[INFO] [stdout]     |                                                        ^^^^^^^^^^^
[INFO] [stdout]     |
[INFO] [stdout] help: there is a method `source` with a similar name
[INFO] [stdout]     |
[INFO] [stdout] 461 -             Span::Compiler(s) => SourceFile::nightly(s.source_file()),
[INFO] [stdout] 461 +             Span::Compiler(s) => SourceFile::nightly(s.source()),
[INFO] [stdout]     |
[INFO] [stdout] 
[INFO] [stdout] 
[INFO] [stdout] Some errors have detailed explanations: E0425, E0599.
[INFO] [stdout] 
[INFO] [stdout] For more information about an error, try `rustc --explain E0425`.
[INFO] [stdout] 
[INFO] [stderr] error: could not compile `proc-macro2` (lib) due to 3 previous errors
[INFO] running `Command { std: "docker" "inspect" "15f421f6933c7cb14ce5bb206d92d192116a3275780994da0c9f87f86e885413", kill_on_drop: false }`
[INFO] running `Command { std: "docker" "rm" "-f" "15f421f6933c7cb14ce5bb206d92d192116a3275780994da0c9f87f86e885413", kill_on_drop: false }`
[INFO] [stdout] 15f421f6933c7cb14ce5bb206d92d192116a3275780994da0c9f87f86e885413
