[INFO] cloning repository https://github.com/dixiewheelandtire-arch/dixie-wheel-tire3
[INFO] running `Command { std: "git" "-c" "credential.helper=" "-c" "credential.helper=/workspace/cargo-home/bin/git-credential-null" "clone" "--bare" "https://github.com/dixiewheelandtire-arch/dixie-wheel-tire3" "/workspace/cache/git-repos/https%3A%2F%2Fgithub.com%2Fdixiewheelandtire-arch%2Fdixie-wheel-tire3", kill_on_drop: false }`
[INFO] [stderr] Cloning into bare repository '/workspace/cache/git-repos/https%3A%2F%2Fgithub.com%2Fdixiewheelandtire-arch%2Fdixie-wheel-tire3'...
[INFO] running `Command { std: "git" "rev-parse" "HEAD", kill_on_drop: false }`
[INFO] [stdout] 43ecf769fad0aeb8ea0677c09d8027ccf01fb1e4
[INFO] documenting dixiewheelandtire-arch/dixie-wheel-tire3 against 1.99.0-beta.8 for beta-rustdoc-1.100-2
[INFO] running `Command { std: "git" "clone" "/workspace/cache/git-repos/https%3A%2F%2Fgithub.com%2Fdixiewheelandtire-arch%2Fdixie-wheel-tire3" "/workspace/builds/worker-1-tc1/source", kill_on_drop: false }`
[INFO] [stderr] Cloning into '/workspace/builds/worker-1-tc1/source'...
[INFO] [stderr] done.
[INFO] [stderr] Updating files:  75% (11766/15684)
Updating files:  76% (11920/15684)
Updating files:  77% (12077/15684)
Updating files:  78% (12234/15684)
Updating files:  79% (12391/15684)
Updating files:  80% (12548/15684)
Updating files:  81% (12705/15684)
Updating files:  82% (12861/15684)
Updating files:  83% (13018/15684)
Updating files:  84% (13175/15684)
Updating files:  85% (13332/15684)
Updating files:  86% (13489/15684)
Updating files:  87% (13646/15684)
Updating files:  88% (13802/15684)
Updating files:  89% (13959/15684)
Updating files:  90% (14116/15684)
Updating files:  91% (14273/15684)
Updating files:  92% (14430/15684)
Updating files:  93% (14587/15684)
Updating files:  94% (14743/15684)
Updating files:  95% (14900/15684)
Updating files:  96% (15057/15684)
Updating files:  97% (15214/15684)
Updating files:  98% (15371/15684)
Updating files:  99% (15528/15684)
Updating files: 100% (15684/15684)
Updating files: 100% (15684/15684), done.
[INFO] removed /workspace/builds/worker-1-tc1/source/.cargo/config.toml
[INFO] removed /workspace/builds/worker-1-tc1/source/rust-toolchain
[INFO] started tweaking git repo https://github.com/dixiewheelandtire-arch/dixie-wheel-tire3
[INFO] finished tweaking git repo https://github.com/dixiewheelandtire-arch/dixie-wheel-tire3
[INFO] tweaked toml for git repo https://github.com/dixiewheelandtire-arch/dixie-wheel-tire3 written to /workspace/builds/worker-1-tc1/source/Cargo.toml
[INFO] validating manifest of git repo https://github.com/dixiewheelandtire-arch/dixie-wheel-tire3 on toolchain 1.99.0-beta.8
[INFO] running `Command { std: CARGO_HOME="/workspace/cargo-home" RUSTUP_HOME="/workspace/rustup-home" "/workspace/cargo-home/bin/cargo" "+1.99.0-beta.8" "metadata" "--manifest-path" "Cargo.toml" "--no-deps", kill_on_drop: false }`
[INFO] crate git repo https://github.com/dixiewheelandtire-arch/dixie-wheel-tire3 already has a lockfile, it will not be regenerated
[INFO] running `Command { std: CARGO_HOME="/workspace/cargo-home" RUSTUP_HOME="/workspace/rustup-home" "/workspace/cargo-home/bin/cargo" "+1.99.0-beta.8" "fetch" "--manifest-path" "Cargo.toml", kill_on_drop: false }`
[INFO] [stderr] warning: packages/next-swc/crates/next-core/Cargo.toml: `default_features` is deprecated in favor of `default-features` and will not work in the 2024 edition
[INFO] [stderr] (in the `allsorts` dependency)
[INFO] [stderr] warning: `next-core` (manifest) generated 1 warning
[INFO] [stderr]     Blocking waiting for file lock on package cache
[INFO] [stderr]     Updating git repository `https://github.com/vercel/turbo.git`
[INFO] [stderr]     Updating crates.io index
[INFO] [stderr]     Blocking waiting for file lock on package cache
[INFO] [stderr]  Downloading crates ...
[INFO] [stderr]   Downloaded webbrowser v0.8.8
[INFO] [stderr]   Downloaded proc-macro2 v1.0.64
[INFO] [stderr]   Downloaded memchr v2.6.2
[INFO] [stderr]   Downloaded value-bag v1.4.0
[INFO] [stderr]   Downloaded md4 v0.10.2
[INFO] [stderr]   Downloaded syn v2.0.25
[INFO] [stderr]   Downloaded notify v4.0.17
[INFO] [stderr]   Downloaded fsevent v0.4.0
[INFO] [stderr]   Downloaded filetime v0.2.21
[INFO] [stderr]   Downloaded inotify v0.7.1
[INFO] [stderr]   Downloaded fsevent-sys v2.0.1
[INFO] [stderr]   Downloaded dunce v1.0.3
[INFO] [stderr]   Downloaded swc_core v0.83.12
[INFO] [stderr]   Downloaded enum-iterator v1.4.0
[INFO] [stderr]   Downloaded testing v0.34.1
[INFO] [stderr]   Downloaded enum-iterator-derive v1.2.0
[INFO] [stderr]   Downloaded relative-path v1.8.0
[INFO] [stderr]   Downloaded testing_macros v0.2.11
[INFO] [stderr]   Downloaded swc_visit_macros v0.5.8
[INFO] [stderr]   Downloaded swc_eq_ignore_macros v0.1.2
[INFO] [stderr]   Downloaded swc_atoms v0.5.9
[INFO] [stderr]   Downloaded triomphe v0.1.8
[INFO] [stderr]   Downloaded swc_macros_common v0.3.8
[INFO] [stderr]   Downloaded swc_error_reporters v0.16.1
[INFO] [stderr]   Downloaded swc_visit v0.5.7
[INFO] [stderr]   Downloaded swc_common v0.32.1
[INFO] [stderr]   Downloaded rkyv v0.7.42
[INFO] [stderr]   Downloaded sourcemap v6.2.3
[INFO] [stderr]   Downloaded unicode-linebreak v0.1.4
[INFO] [stderr]   Downloaded from_variant v0.1.6
[INFO] [stderr]   Downloaded miette-derive v4.7.1
[INFO] [stderr]   Downloaded better_scoped_tls v0.1.1
[INFO] [stderr]   Downloaded ast_node v0.9.5
[INFO] [stderr]   Downloaded miette v4.7.1
[INFO] [stderr]   Downloaded supports-unicode v1.0.2
[INFO] [stderr]   Downloaded supports-hyperlinks v1.2.0
[INFO] [stderr]   Downloaded supports-color v1.3.1
[INFO] [stderr]   Downloaded swc_plugin_runner v0.102.1
[INFO] [stderr]   Downloaded shared-buffer v0.1.3
[INFO] [stderr]   Downloaded webc v5.0.4
[INFO] [stderr]   Downloaded wasmer-wasix-types v0.9.0
[INFO] [stderr]   Downloaded target-lexicon v0.12.6
[INFO] [stderr]   Downloaded wasmer-wasix v0.9.0
[INFO] [stderr]   Downloaded wasmer-derive v4.0.0
[INFO] [stderr]   Downloaded wat v1.0.69
[INFO] [stderr]   Downloaded wasmer-vm v4.0.0
[INFO] [stderr]   Downloaded wasmer-types v4.0.0
[INFO] [stderr]   Downloaded wasm-encoder v0.31.1
[INFO] [stderr]   Downloaded wasmparser v0.95.0
[INFO] [stderr]   Downloaded wasmer v4.0.0
[INFO] [stderr]   Downloaded wast v62.0.1
[INFO] [stderr]   Downloaded wasmer-compiler-cranelift v4.0.0
[INFO] [stderr]   Downloaded wasmer-compiler v4.0.0
[INFO] [stderr]   Downloaded cranelift-frontend v0.91.1
[INFO] [stderr]   Downloaded cranelift-egraph v0.91.1
[INFO] [stderr]   Downloaded wasm-bindgen-downcast v0.1.1
[INFO] [stderr]   Downloaded wasm-bindgen-downcast-macros v0.1.1
[INFO] [stderr]   Downloaded cranelift-entity v0.91.1
[INFO] [stderr]   Downloaded cranelift-codegen-shared v0.91.1
[INFO] [stderr]   Downloaded cranelift-bforest v0.91.1
[INFO] [stderr]   Downloaded cranelift-isle v0.91.1
[INFO] [stderr]   Downloaded cranelift-codegen-meta v0.91.1
[INFO] [stderr]   Downloaded regalloc2 v0.5.1
[INFO] [stderr]   Downloaded cranelift-codegen v0.91.1
[INFO] [stderr]   Downloaded wai-bindgen-wasmer v0.9.0
[INFO] [stderr]   Downloaded virtual-net v0.3.0
[INFO] [stderr]   Downloaded wai-bindgen-gen-wasmer v0.2.3
[INFO] [stderr]   Downloaded wai-bindgen-wasmer-impl v0.2.3
[INFO] [stderr]   Downloaded virtual-fs v0.6.0
[INFO] [stderr]   Downloaded term_size v0.3.2
[INFO] [stderr]   Downloaded shellexpand v2.1.2
[INFO] [stderr]   Downloaded swc_ecma_ast v0.109.1
[INFO] [stderr]   Downloaded wasmer-cache v4.0.0
[INFO] [stderr]   Downloaded swc_trace_macro v0.1.3
[INFO] [stderr]   Downloaded string_enum v0.4.1
[INFO] [stderr]   Downloaded is-macro v0.3.0
[INFO] [stderr]   Downloaded swc_plugin_proxy v0.38.1
[INFO] [stderr]   Downloaded swc_nodejs_common v0.0.8
[INFO] [stderr]   Downloaded swc_ecma_utils v0.123.0
[INFO] [stderr]   Downloaded swc_ecma_transforms_react v0.179.8
[INFO] [stderr]   Downloaded napi-derive-backend v1.0.49
[INFO] [stderr]   Downloaded swc_ecma_transforms_base v0.133.2
[INFO] [stderr]   Downloaded napi v2.12.5
[INFO] [stderr]   Downloaded napi-sys v2.2.3
[INFO] [stderr]   Downloaded napi-derive v2.12.3
[INFO] [stderr]   Downloaded swc_ecma_visit v0.95.1
[INFO] [stderr]   Downloaded swc_ecma_transforms_typescript v0.183.8
[INFO] [stderr]   Downloaded swc_ecma_transforms_macros v0.5.3
[INFO] [stderr]   Downloaded swc_ecma_parser v0.140.0
[INFO] [stderr]   Downloaded swc_config_macro v0.1.2
[INFO] [stderr]   Downloaded swc_config v0.1.7
[INFO] [stderr]   Downloaded swc_ecma_transforms_proposal v0.167.6
[INFO] [stderr]   Downloaded swc_ecma_transforms_testing v0.136.2
[INFO] [stderr]   Downloaded swc_ecma_testing v0.21.1
[INFO] [stderr]   Downloaded swc_ecma_codegen_macros v0.7.3
[INFO] [stderr]   Downloaded swc_ecma_codegen v0.145.2
[INFO] [stderr]   Downloaded swc_ecma_transforms_classes v0.122.2
[INFO] [stderr]   Downloaded swc_fast_graph v0.20.1
[INFO] [stderr]   Downloaded swc_ecma_loader v0.44.4
[INFO] [stderr]   Downloaded swc_cached v0.3.17
[INFO] [stderr]   Downloaded swc_ecma_transforms_optimization v0.193.8
[INFO] [stderr]   Downloaded swc_ecma_transforms_module v0.176.8
[INFO] [stderr]   Downloaded swc_ecma_quote_macros v0.51.0
[INFO] [stderr]   Downloaded swc_ecma_transforms v0.224.8
[INFO] [stderr]   Downloaded swc_ecma_usage_analyzer v0.19.0
[INFO] [stderr]   Downloaded swc_ecma_preset_env v0.201.9
[INFO] [stderr]   Downloaded swc_ecma_transforms_compat v0.159.5
[INFO] [stderr]   Downloaded preset_env_base v0.4.5
[INFO] [stderr]   Downloaded swc_ecma_minifier v0.187.8
[INFO] [stderr]   Downloaded browserslist-rs v0.12.3
[INFO] [stderr]   Downloaded swc_timer v0.20.1
[INFO] [stderr]   Downloaded swc_css_visit v0.138.1
[INFO] [stderr]   Downloaded swc_css_ast v0.139.1
[INFO] [stderr]   Downloaded swc_css_utils v0.136.1
[INFO] [stderr]   Downloaded swc_css_parser v0.148.1
[INFO] [stderr]   Downloaded swc_css_codegen v0.149.1
[INFO] [stderr]   Downloaded swc_css_codegen_macros v0.2.2
[INFO] [stderr]   Downloaded swc_css_compat v0.25.1
[INFO] [stderr]   Downloaded swc_graph_analyzer v0.21.1
[INFO] [stderr]   Downloaded swc_node_comments v0.19.1
[INFO] [stderr]   Downloaded swc_ecma_ext_transforms v0.109.0
[INFO] [stderr]   Downloaded swc_css_modules v0.27.3
[INFO] [stderr]   Downloaded swc_bundler v0.220.8
[INFO] [stderr]   Downloaded anstream v0.5.0
[INFO] [stderr]   Downloaded anstyle-wincon v2.1.0
[INFO] [stderr]   Downloaded serde_qs v0.11.0
[INFO] [stderr]   Downloaded async-recursion v1.0.4
[INFO] [stderr]   Downloaded clap v4.4.2
[INFO] [stderr]   Downloaded clap_builder v4.4.2
[INFO] [stderr]   Downloaded serde_with_macros v2.3.2
[INFO] [stderr]   Downloaded simd-adler32 v0.3.5
[INFO] [stderr]   Downloaded serde_with v2.3.2
[INFO] [stderr]   Downloaded image v0.24.6
[INFO] [stderr]   Downloaded webp v0.2.4
[INFO] [stderr]   Downloaded swc_relay v0.20.0
[INFO] [stderr]   Downloaded swc_emotion v0.48.0
[INFO] [stderr]   Downloaded swc_css_minifier v0.114.1
[INFO] [stderr]   Downloaded lightningcss-derive v1.0.0-alpha.40
[INFO] [stderr]   Downloaded libwebp-sys v0.9.2
[INFO] [stderr]   Downloaded markdown v1.0.0-alpha.13
[INFO] [stderr]   Downloaded swc_plugin_macro v0.9.15
[INFO] [stderr]   Downloaded swc_css_prefixer v0.151.1
[INFO] [stderr]   Downloaded styled_components v0.72.0
[INFO] [stderr]   Downloaded pest_derive v2.5.6
[INFO] [stderr]   Downloaded pest_meta v2.5.6
[INFO] [stderr]   Downloaded convert_case v0.5.0
[INFO] [stderr]   Downloaded criterion v0.4.0
[INFO] [stderr]   Downloaded styled_jsx v0.49.0
[INFO] [stderr]   Downloaded parcel_selectors v0.26.1
[INFO] [stderr]   Downloaded handlebars v4.3.6
[INFO] [stderr]   Downloaded pest_generator v2.5.6
[INFO] [stderr]   Downloaded pest v2.5.6
[INFO] [stderr]   Downloaded nix v0.26.2
[INFO] [stderr]   Downloaded ciborium-ll v0.2.0
[INFO] [stderr]   Downloaded ciborium-io v0.2.0
[INFO] [stderr]   Downloaded chromiumoxide v0.5.0
[INFO] [stderr]   Downloaded chromiumoxide_pdl v0.5.0
[INFO] [stderr]   Downloaded async-tungstenite v0.19.0
[INFO] [stderr]   Downloaded priority-queue v1.3.1
[INFO] [stderr]   Downloaded ciborium v0.2.0
[INFO] [stderr]   Downloaded chromiumoxide_types v0.5.0
[INFO] [stderr]   Downloaded mimalloc v0.1.34
[INFO] [stderr]   Downloaded reqwest v0.11.15
[INFO] [stderr]   Downloaded chromiumoxide_cdp v0.5.0
[INFO] [stderr]   Downloaded libmimalloc-sys v0.1.30
[INFO] [stderr]   Downloaded lightningcss v1.0.0-alpha.46
[INFO] [stderr]   Downloaded allsorts v0.14.0
[INFO] [stderr]   Downloaded pathfinder_simd v0.5.1
[INFO] [stderr]   Downloaded ouroboros v0.15.6
[INFO] [stderr]   Downloaded ouroboros_macro v0.15.6
[INFO] [stderr]   Downloaded console-subscriber v0.1.8
[INFO] [stderr]   Downloaded tonic v0.8.3
[INFO] [stderr]   Downloaded prost-derive v0.11.8
[INFO] [stderr]   Downloaded prost v0.11.8
[INFO] [stderr]   Downloaded axum v0.6.12
[INFO] [stderr]   Downloaded console-api v0.4.0
[INFO] [stderr]   Downloaded axum-core v0.3.3
[INFO] [stderr]   Downloaded prost-types v0.11.8
[INFO] [stderr]   Downloaded hdrhistogram v7.5.2
[INFO] [stderr]   Downloaded polling v2.6.0
[INFO] [stderr]   Downloaded swc_ecma_lints v0.88.2
[INFO] [stderr]   Downloaded swc v0.266.10
[INFO] [stderr]   Downloaded rustix v0.38.3
[INFO] [stderr]   Downloaded binding_macros v0.57.10
[INFO] [stderr]   Downloaded curl-sys v0.4.60+curl-7.88.1
[INFO] [stderr]   Downloaded libnghttp2-sys v0.1.7+1.45.0
[INFO] [stderr]   Downloaded async-process v1.6.0
[INFO] [stderr]   Downloaded parking_lot_core v0.8.0
[INFO] [stderr]   Downloaded cloudabi v0.1.0
[INFO] [stderr]   Downloaded shadow-rs v0.23.0
[INFO] [stderr]   Downloaded tzdb v0.5.7
[INFO] [stderr]   Downloaded sentry-core v0.27.0
[INFO] [stderr]   Downloaded is_debug v1.0.1
[INFO] [stderr]   Downloaded sentry v0.27.0
[INFO] [stderr]   Downloaded sentry-panic v0.27.0
[INFO] [stderr]   Downloaded sentry-types v0.27.0
[INFO] [stderr]   Downloaded sentry-backtrace v0.27.0
[INFO] [stderr]   Downloaded sentry-contexts v0.27.0
[INFO] [stderr]   Downloaded napi-build v2.0.1
[INFO] [stderr]   Downloaded mdxjs v0.1.16
[INFO] [stderr]   Downloaded modularize_imports v0.45.0
[INFO] running `Command { std: "docker" "create" "-v" "/var/lib/crater-agent-workspace/builds/worker-1-tc1/source:/opt/rustwide/workdir:ro,Z" "-v" "/var/lib/crater-agent-workspace/builds/worker-1-tc1/target:/opt/rustwide/target:rw,Z" "-v" "/var/lib/crater-agent-workspace/cargo-home:/opt/rustwide/cargo-home:ro,Z" "-v" "/var/lib/crater-agent-workspace/rustup-home:/opt/rustwide/rustup-home:ro,Z" "-m" "1610612736" "--network" "none" "ghcr.io/rust-lang/crates-build-env/linux@sha256:77db811e55d90add9212f6832c23229e3de5f1c1f9905e8cb07319ea15df73ac" "sleep" "infinity", kill_on_drop: false }`
[INFO] [stdout] 29f6fb810e620ab05b187a9a8077125e2add0dd8106b2a2f1705a1114941dfe9
[INFO] running `Command { std: "docker" "start" "29f6fb810e620ab05b187a9a8077125e2add0dd8106b2a2f1705a1114941dfe9", kill_on_drop: false }`
[INFO] running `Command { std: "docker" "inspect" "29f6fb810e620ab05b187a9a8077125e2add0dd8106b2a2f1705a1114941dfe9", kill_on_drop: false }`
[INFO] running `Command { std: "docker" "exec" "-e" "SOURCE_DIR=/opt/rustwide/workdir" "-e" "CARGO_HOME=/opt/rustwide/cargo-home" "-e" "RUSTUP_HOME=/opt/rustwide/rustup-home" "-e" "CARGO_TARGET_DIR=/opt/rustwide/target" "-w" "/opt/rustwide/workdir" "--user" "0:0" "29f6fb810e620ab05b187a9a8077125e2add0dd8106b2a2f1705a1114941dfe9" "/opt/rustwide/cargo-home/bin/cargo" "+1.99.0-beta.8" "metadata" "--no-deps" "--format-version=1", kill_on_drop: false }`
[INFO] running `Command { std: "docker" "inspect" "29f6fb810e620ab05b187a9a8077125e2add0dd8106b2a2f1705a1114941dfe9", kill_on_drop: false }`
[INFO] running `Command { std: "docker" "exec" "-e" "SOURCE_DIR=/opt/rustwide/workdir" "-e" "CARGO_HOME=/opt/rustwide/cargo-home" "-e" "RUSTUP_HOME=/opt/rustwide/rustup-home" "-e" "CARGO_TARGET_DIR=/opt/rustwide/target" "-e" "CARGO_INCREMENTAL=0" "-e" "RUST_BACKTRACE=full" "-e" "RUSTFLAGS=--cap-lints=warn" "-e" "RUSTDOCFLAGS=--cap-lints=warn" "-w" "/opt/rustwide/workdir" "--user" "0:0" "29f6fb810e620ab05b187a9a8077125e2add0dd8106b2a2f1705a1114941dfe9" "/opt/rustwide/cargo-home/bin/cargo" "+1.99.0-beta.8" "doc" "--frozen" "--no-deps" "--document-private-items" "--message-format=json", kill_on_drop: false }`
[INFO] [stderr] warning: packages/next-swc/crates/next-core/Cargo.toml: `default_features` is deprecated in favor of `default-features` and will not work in the 2024 edition
[INFO] [stderr] (in the `allsorts` dependency)
[INFO] [stderr] warning: `next-core` (manifest) generated 1 warning
[INFO] [stderr]    Compiling proc-macro2 v1.0.64
[INFO] [stderr]    Compiling unicode-ident v1.0.9
[INFO] [stderr]    Compiling quote v1.0.28
[INFO] [stderr]    Compiling libc v0.2.146
[INFO] [stderr]    Compiling autocfg v1.1.0
[INFO] [stderr]    Compiling version_check v0.9.4
[INFO] [stderr]    Compiling syn v1.0.109
[INFO] [stderr]    Compiling cfg-if v1.0.0
[INFO] [stderr]    Compiling serde v1.0.171
[INFO] [stderr]    Compiling parking_lot_core v0.9.7
[INFO] [stderr]    Compiling cc v1.0.79
[INFO] [stderr]    Compiling memchr v2.6.2
[INFO] [stderr]    Compiling anyhow v1.0.71
[INFO] [stderr]    Compiling semver v1.0.17
[INFO] [stderr]     Checking once_cell v1.18.0
[INFO] [stderr]    Compiling percent-encoding v2.3.0
[INFO] [stderr]    Compiling tinyvec_macros v0.1.1
[INFO] [stderr]    Compiling tinyvec v1.6.0
[INFO] [stderr]    Compiling unicode-bidi v0.3.13
[INFO] [stderr]    Compiling form_urlencoded v1.2.0
[INFO] [stderr]    Compiling siphasher v0.3.10
[INFO] [stderr]    Compiling ppv-lite86 v0.2.17
[INFO] [stderr]    Compiling regex-syntax v0.7.5
[INFO] [stderr]     Checking scopeguard v1.1.0
[INFO] [stderr]    Compiling crossbeam-utils v0.8.15
[INFO] [stderr]    Compiling phf_shared v0.10.0
[INFO] [stderr]     Checking smallvec v1.10.0
[INFO] [stderr]    Compiling aho-corasick v1.0.1
[INFO] [stderr]    Compiling glob v0.3.1
[INFO] [stderr]     Checking itoa v1.0.6
[INFO] [stderr]     Checking getrandom v0.2.9
[INFO] [stderr]     Checking num_cpus v1.15.0
[INFO] [stderr]    Compiling lazy_static v1.4.0
[INFO] [stderr]     Checking either v1.8.1
[INFO] [stderr]     Checking pin-project-lite v0.2.9
[INFO] [stderr]    Compiling rayon-core v1.11.0
[INFO] [stderr]     Checking tracing-core v0.1.31
[INFO] [stderr]    Compiling ahash v0.7.6
[INFO] [stderr]     Checking crossbeam-channel v0.5.8
[INFO] [stderr]    Compiling rand_core v0.6.4
[INFO] [stderr]    Compiling lock_api v0.4.9
[INFO] [stderr]    Compiling unicode-normalization v0.1.22
[INFO] [stderr]    Compiling num-traits v0.2.15
[INFO] [stderr]    Compiling num-integer v0.1.45
[INFO] [stderr]    Compiling memoffset v0.8.0
[INFO] [stderr]    Compiling crossbeam-epoch v0.9.14
[INFO] [stderr]    Compiling rand_chacha v0.3.1
[INFO] [stderr]    Compiling num-bigint v0.4.3
[INFO] [stderr]    Compiling indexmap v1.9.3
[INFO] [stderr]    Compiling ahash v0.8.3
[INFO] [stderr]    Compiling thiserror v1.0.40
[INFO] [stderr]    Compiling syn v2.0.25
[INFO] [stderr]     Checking parking_lot v0.12.1
[INFO] [stderr]     Checking ryu v1.0.13
[INFO] [stderr]    Compiling rand v0.8.5
[INFO] [stderr]    Compiling serde_json v1.0.96
[INFO] [stderr]    Compiling idna v0.4.0
[INFO] [stderr]     Checking crossbeam-deque v0.8.3
[INFO] [stderr]    Compiling tokio v1.29.1
[INFO] [stderr]     Checking stable_deref_trait v1.2.0
[INFO] [stderr]     Checking precomputed-hash v0.1.1
[INFO] [stderr]    Compiling log v0.4.18
[INFO] [stderr]    Compiling typenum v1.16.0
[INFO] [stderr]    Compiling url v2.4.0
[INFO] [stderr]     Checking atty v0.2.14
[INFO] [stderr]     Checking new_debug_unreachable v1.0.4
[INFO] [stderr]     Checking unicode-width v0.1.10
[INFO] [stderr]    Compiling phf_generator v0.10.0
[INFO] [stderr]    Compiling regex-automata v0.3.8
[INFO] [stderr]    Compiling string_cache_codegen v0.5.2
[INFO] [stderr]     Checking rayon v1.7.0
[INFO] [stderr]    Compiling proc-macro-error-attr v1.0.4
[INFO] [stderr]    Compiling generic-array v0.14.7
[INFO] [stderr]     Checking rustc-hash v1.1.0
[INFO] [stderr]    Compiling proc-macro-error v1.0.4
[INFO] [stderr]     Checking data-encoding v2.4.0
[INFO] [stderr]    Compiling futures-core v0.3.28
[INFO] [stderr]     Checking unicode-id v0.3.3
[INFO] [stderr]    Compiling slab v0.4.8
[INFO] [stderr]     Checking scoped-tls v1.0.1
[INFO] [stderr]     Checking if_chain v1.0.2
[INFO] [stderr]    Compiling proc-macro-hack v0.5.20+deprecated
[INFO] [stderr]     Checking better_scoped_tls v0.1.1
[INFO] [stderr]     Checking termcolor v1.2.0
[INFO] [stderr]    Compiling smartstring v1.0.1
[INFO] [stderr]    Compiling futures-channel v0.3.28
[INFO] [stderr]    Compiling futures-task v0.3.28
[INFO] [stderr]    Compiling swc_atoms v0.5.9
[INFO] [stderr]    Compiling futures-util v0.3.28
[INFO] [stderr]     Checking bitflags v2.3.3
[INFO] [stderr]     Checking static_assertions v1.1.0
[INFO] [stderr]    Compiling psm v0.1.21
[INFO] [stderr]    Compiling stacker v0.1.15
[INFO] [stderr]     Checking adler v1.0.2
[INFO] [stderr]     Checking miniz_oxide v0.6.2
[INFO] [stderr]    Compiling unicode-segmentation v1.10.1
[INFO] [stderr]     Checking signal-hook-registry v1.4.1
[INFO] [stderr]     Checking bytes v1.4.0
[INFO] [stderr]    Compiling convert_case v0.6.0
[INFO] [stderr]    Compiling backtrace v0.3.67
[INFO] [stderr]     Checking mio v0.8.6
[INFO] [stderr]     Checking gimli v0.27.2
[INFO] [stderr]     Checking object v0.30.3
[INFO] [stderr]     Checking rustc-demangle v0.1.23
[INFO] [stderr]     Checking socket2 v0.4.9
[INFO] [stderr]    Compiling time-core v0.1.0
[INFO] [stderr]    Compiling rustversion v1.0.12
[INFO] [stderr]    Compiling num_threads v0.1.6
[INFO] [stderr]    Compiling time v0.3.20
[INFO] [stderr]    Compiling regex v1.9.5
[INFO] [stderr]    Compiling typed-arena v2.0.2
[INFO] [stderr]    Compiling erased-serde v0.3.25
[INFO] [stderr]    Compiling async-trait v0.1.68
[INFO] [stdout] error[E0282]: type annotations needed for `Box<_>`
[INFO] [stdout]   --> /opt/rustwide/cargo-home/registry/src/index.crates.io-1949cf8c6b5b557f/time-0.3.20/src/format_description/parse/mod.rs:83:9
[INFO] [stdout]    |
[INFO] [stdout] 83 |     let items = format_items
[INFO] [stdout]    |         ^^^^^
[INFO] [stdout] ...
[INFO] [stdout] 86 |     Ok(items.into())
[INFO] [stdout]    |        ----- type must be known at this point
[INFO] [stdout]    |
[INFO] [stdout] help: consider giving `items` an explicit type, where the placeholder `_` is specified
[INFO] [stdout]    |
[INFO] [stdout] 83 |     let items: Box<_> = format_items
[INFO] [stdout]    |              ++++++++
[INFO] [stdout] 
[INFO] [stdout] 
[INFO] [stderr]    Compiling include_dir_macros v0.7.3
[INFO] [stderr]    Compiling wasm-bindgen-shared v0.2.84
[INFO] [stdout] error[E0433]: cannot find `tracked_env` in `proc_macro`
[INFO] [stdout]    --> /opt/rustwide/cargo-home/registry/src/index.crates.io-1949cf8c6b5b557f/include_dir_macros-0.7.3/src/lib.rs:252:17
[INFO] [stdout]     |
[INFO] [stdout] 252 |     proc_macro::tracked_env::var(variable).ok()
[INFO] [stdout]     |                 ^^^^^^^^^^^ could not find `tracked_env` in `proc_macro`
[INFO] [stdout] 
[INFO] [stdout] 
[INFO] [stdout] error[E0433]: cannot find `tracked_path` in `proc_macro`
[INFO] [stdout]    --> /opt/rustwide/cargo-home/registry/src/index.crates.io-1949cf8c6b5b557f/include_dir_macros-0.7.3/src/lib.rs:262:17
[INFO] [stdout]     |
[INFO] [stdout] 262 |     proc_macro::tracked_path::path(_path.to_string_lossy());
[INFO] [stdout]     |                 ^^^^^^^^^^^^ could not find `tracked_path` in `proc_macro`
[INFO] [stdout] 
[INFO] [stdout] 
[INFO] [stdout] error[E0554]: `#![feature]` may not be used on the beta release channel
[INFO] [stdout]  --> /opt/rustwide/cargo-home/registry/src/index.crates.io-1949cf8c6b5b557f/include_dir_macros-0.7.3/src/lib.rs:4:34
[INFO] [stdout]   |
[INFO] [stdout] 4 | #![cfg_attr(feature = "nightly", feature(track_path, proc_macro_tracked_env))]
[INFO] [stdout]   |                                  ^^^^^^^^^^^^^^^^^^^^^^^^^^^^^^^^^^^^^^^^^^^
[INFO] [stdout] 
[INFO] [stdout] 
[INFO] [stdout] error[E0635]: unknown feature `track_path`
[INFO] [stdout]  --> /opt/rustwide/cargo-home/registry/src/index.crates.io-1949cf8c6b5b557f/include_dir_macros-0.7.3/src/lib.rs:4:42
[INFO] [stdout]   |
[INFO] [stdout] 4 | #![cfg_attr(feature = "nightly", feature(track_path, proc_macro_tracked_env))]
[INFO] [stdout]   |                                          ^^^^^^^^^^
[INFO] [stdout] 
[INFO] [stdout] 
[INFO] [stderr]     Checking fixedbitset v0.4.2
[INFO] [stdout] Some errors have detailed explanations: E0433, E0554, E0635.
[INFO] [stdout] 
[INFO] [stderr] error: could not compile `include_dir_macros` (lib) due to 4 previous errors
[INFO] [stdout] For more information about an error, try `rustc --explain E0433`.
[INFO] [stdout] 
[INFO] [stderr] warning: build failed, waiting for other jobs to finish...
[INFO] [stderr] error: could not compile `syn` (lib)
[INFO] [stderr] 
[INFO] [stderr] Caused by:
[INFO] [stderr]   process didn't exit successfully: `/opt/rustwide/rustup-home/toolchains/1.99.0-beta.8-x86_64-unknown-linux-gnu/bin/rustc --crate-name syn --edition=2018 /opt/rustwide/cargo-home/registry/src/index.crates.io-1949cf8c6b5b557f/syn-1.0.109/src/lib.rs --error-format=json --json=diagnostic-rendered-ansi,artifacts,future-incompat --crate-type lib --emit=dep-info,metadata,link -C opt-level=3 -C embed-bitcode=no -C overflow-checks=on --cfg 'feature="clone-impls"' --cfg 'feature="default"' --cfg 'feature="derive"' --cfg 'feature="extra-traits"' --cfg 'feature="fold"' --cfg 'feature="full"' --cfg 'feature="parsing"' --cfg 'feature="printing"' --cfg 'feature="proc-macro"' --cfg 'feature="quote"' --cfg 'feature="visit"' --cfg 'feature="visit-mut"' --check-cfg 'cfg(docsrs,test)' --check-cfg 'cfg(feature, values("clone-impls", "default", "derive", "extra-traits", "fold", "full", "parsing", "printing", "proc-macro", "quote", "test", "visit", "visit-mut"))' -C metadata=13aeb87951dc185a -C extra-filename=-082b3b949b45fb79 --out-dir /opt/rustwide/target/debug/deps -L dependency=/opt/rustwide/target/debug/deps --extern proc_macro2=/opt/rustwide/target/debug/deps/libproc_macro2-51f759492f39be02.rmeta --extern quote=/opt/rustwide/target/debug/deps/libquote-0a3f492cae25e794.rmeta --extern unicode_ident=/opt/rustwide/target/debug/deps/libunicode_ident-61d4e798367417f0.rmeta --cap-lints allow --cap-lints=warn --cfg syn_disable_nightly_tests` (signal: 9, SIGKILL: kill)
[INFO] [stdout] For more information about this error, try `rustc --explain E0282`.
[INFO] [stdout] 
[INFO] [stderr] error: could not compile `time` (lib) due to 1 previous error
[INFO] running `Command { std: "docker" "inspect" "29f6fb810e620ab05b187a9a8077125e2add0dd8106b2a2f1705a1114941dfe9", kill_on_drop: false }`
[INFO] running `Command { std: "docker" "rm" "-f" "29f6fb810e620ab05b187a9a8077125e2add0dd8106b2a2f1705a1114941dfe9", kill_on_drop: false }`
[INFO] [stdout] 29f6fb810e620ab05b187a9a8077125e2add0dd8106b2a2f1705a1114941dfe9
