[INFO] cloning repository https://github.com/dece1ver/cnc_renamer
[INFO] running `Command { std: "git" "-c" "credential.helper=" "-c" "credential.helper=/workspace/cargo-home/bin/git-credential-null" "clone" "--bare" "https://github.com/dece1ver/cnc_renamer" "/workspace/cache/git-repos/https%3A%2F%2Fgithub.com%2Fdece1ver%2Fcnc_renamer", kill_on_drop: false }`
[INFO] [stderr] Cloning into bare repository '/workspace/cache/git-repos/https%3A%2F%2Fgithub.com%2Fdece1ver%2Fcnc_renamer'...
[INFO] running `Command { std: "git" "rev-parse" "HEAD", kill_on_drop: false }`
[INFO] [stdout] c8958bcb1dedf3c4016b67c194e8f0a4bc8ddaa8
[INFO] documenting dece1ver/cnc_renamer against 1.100.0-beta.1 for beta-rustdoc-1.100-2
[INFO] running `Command { std: "git" "clone" "/workspace/cache/git-repos/https%3A%2F%2Fgithub.com%2Fdece1ver%2Fcnc_renamer" "/workspace/builds/worker-1-tc2/source", kill_on_drop: false }`
[INFO] [stderr] Cloning into '/workspace/builds/worker-1-tc2/source'...
[INFO] [stderr] done.
[INFO] started tweaking git repo https://github.com/dece1ver/cnc_renamer
[INFO] finished tweaking git repo https://github.com/dece1ver/cnc_renamer
[INFO] tweaked toml for git repo https://github.com/dece1ver/cnc_renamer written to /workspace/builds/worker-1-tc2/source/Cargo.toml
[INFO] validating manifest of git repo https://github.com/dece1ver/cnc_renamer on toolchain 1.100.0-beta.1
[INFO] running `Command { std: CARGO_HOME="/workspace/cargo-home" RUSTUP_HOME="/workspace/rustup-home" "/workspace/cargo-home/bin/cargo" "+1.100.0-beta.1" "metadata" "--manifest-path" "Cargo.toml" "--no-deps", kill_on_drop: false }`
[INFO] crate git repo https://github.com/dece1ver/cnc_renamer already has a lockfile, it will not be regenerated
[INFO] running `Command { std: CARGO_HOME="/workspace/cargo-home" RUSTUP_HOME="/workspace/rustup-home" "/workspace/cargo-home/bin/cargo" "+1.100.0-beta.1" "fetch" "--manifest-path" "Cargo.toml", kill_on_drop: false }`
[INFO] running `Command { std: "docker" "create" "-v" "/var/lib/crater-agent-workspace/builds/worker-1-tc2/source:/opt/rustwide/workdir:ro,Z" "-v" "/var/lib/crater-agent-workspace/builds/worker-1-tc2/target:/opt/rustwide/target:rw,Z" "-v" "/var/lib/crater-agent-workspace/cargo-home:/opt/rustwide/cargo-home:ro,Z" "-v" "/var/lib/crater-agent-workspace/rustup-home:/opt/rustwide/rustup-home:ro,Z" "-m" "1610612736" "--network" "none" "ghcr.io/rust-lang/crates-build-env/linux@sha256:77db811e55d90add9212f6832c23229e3de5f1c1f9905e8cb07319ea15df73ac" "sleep" "infinity", kill_on_drop: false }`
[INFO] [stdout] ceb6d78976392253ffc78d657bf4ef11ce40aa68bc989a82606a50a7fd75c631
[INFO] running `Command { std: "docker" "start" "ceb6d78976392253ffc78d657bf4ef11ce40aa68bc989a82606a50a7fd75c631", kill_on_drop: false }`
[INFO] running `Command { std: "docker" "inspect" "ceb6d78976392253ffc78d657bf4ef11ce40aa68bc989a82606a50a7fd75c631", kill_on_drop: false }`
[INFO] running `Command { std: "docker" "exec" "-e" "SOURCE_DIR=/opt/rustwide/workdir" "-e" "CARGO_HOME=/opt/rustwide/cargo-home" "-e" "RUSTUP_HOME=/opt/rustwide/rustup-home" "-e" "CARGO_TARGET_DIR=/opt/rustwide/target" "-w" "/opt/rustwide/workdir" "--user" "0:0" "ceb6d78976392253ffc78d657bf4ef11ce40aa68bc989a82606a50a7fd75c631" "/opt/rustwide/cargo-home/bin/cargo" "+1.100.0-beta.1" "metadata" "--no-deps" "--format-version=1", kill_on_drop: false }`
[INFO] running `Command { std: "docker" "inspect" "ceb6d78976392253ffc78d657bf4ef11ce40aa68bc989a82606a50a7fd75c631", kill_on_drop: false }`
[INFO] running `Command { std: "docker" "exec" "-e" "SOURCE_DIR=/opt/rustwide/workdir" "-e" "CARGO_HOME=/opt/rustwide/cargo-home" "-e" "RUSTUP_HOME=/opt/rustwide/rustup-home" "-e" "CARGO_TARGET_DIR=/opt/rustwide/target" "-e" "CARGO_INCREMENTAL=0" "-e" "RUST_BACKTRACE=full" "-e" "RUSTFLAGS=--cap-lints=warn" "-e" "RUSTDOCFLAGS=--cap-lints=warn" "-w" "/opt/rustwide/workdir" "--user" "0:0" "ceb6d78976392253ffc78d657bf4ef11ce40aa68bc989a82606a50a7fd75c631" "/opt/rustwide/cargo-home/bin/cargo" "+1.100.0-beta.1" "doc" "--frozen" "--no-deps" "--document-private-items" "--message-format=json", kill_on_drop: false }`
[INFO] [stderr]    Compiling windows_x86_64_gnu v0.52.6
[INFO] [stderr]    Compiling serde_core v1.0.228
[INFO] [stderr]    Compiling siphasher v1.0.3
[INFO] [stderr]    Compiling rand_core v0.6.4
[INFO] [stderr]    Compiling winnow v1.0.3
[INFO] [stderr]    Compiling toml_writer v1.1.1+spec-1.1.0
[INFO] [stderr]    Compiling unicode-segmentation v1.13.3
[INFO] [stderr]    Compiling semver v1.0.28
[INFO] [stderr]    Compiling cc v1.2.65
[INFO] [stderr]    Compiling syn v2.0.118
[INFO] [stderr]    Compiling nix v0.31.3
[INFO] [stderr]    Compiling memchr v2.8.2
[INFO] [stderr]    Compiling winapi v0.3.9
[INFO] [stderr]     Checking parking_lot_core v0.9.12
[INFO] [stderr]     Checking signal-hook v0.3.18
[INFO] [stderr]     Checking phf_shared v0.11.3
[INFO] [stderr]    Compiling rand v0.8.6
[INFO] [stderr]     Checking windows-targets v0.52.6
[INFO] [stderr]     Checking windows-result v0.2.0
[INFO] [stderr]     Checking windows-strings v0.1.0
[INFO] [stderr]     Checking nom v7.1.3
[INFO] [stderr]     Checking mio v1.2.1
[INFO] [stderr]     Checking rustix v1.1.4
[INFO] [stderr]     Checking parking_lot v0.12.5
[INFO] [stderr]     Checking phf v0.11.3
[INFO] [stderr]    Compiling rustc_version v0.4.1
[INFO] [stderr]    Compiling convert_case v0.10.0
[INFO] [stderr]     Checking which v8.0.4
[INFO] [stderr]     Checking toml_datetime v1.1.1+spec-1.1.0
[INFO] [stderr]     Checking serde_spanned v1.1.1
[INFO] [stderr]    Compiling toml_parser v1.1.2+spec-1.1.0
[INFO] [stderr]     Checking utfx v0.1.0
[INFO] [stderr]     Checking windows-link v0.2.1
[INFO] [stderr]     Checking chrono v0.4.45
[INFO] [stderr]     Checking signal-hook-mio v0.2.5
[INFO] [stderr]     Checking windows-sys v0.61.2
[INFO] [stderr]     Checking is_elevated v0.1.2
[INFO] [stderr]    Compiling phf_generator v0.11.3
[INFO] [stderr]    Compiling phf_codegen v0.11.3
[INFO] [stderr]    Compiling terminfo v0.9.0
[INFO] [stderr]     Checking toml v1.1.2+spec-1.1.0
[INFO] [stderr]    Compiling windows-implement v0.58.0
[INFO] [stderr]    Compiling windows-interface v0.58.0
[INFO] [stderr]    Compiling derive_more-impl v2.1.1
[INFO] [stderr]    Compiling thiserror-impl v1.0.69
[INFO] [stderr]    Compiling thiserror-impl v2.0.18
[INFO] [stderr]    Compiling serde_derive v1.0.228
[INFO] [stderr]     Checking thiserror v2.0.18
[INFO] [stderr]     Checking derive_more v2.1.1
[INFO] [stderr]     Checking crossterm v0.29.0
[INFO] [stderr]     Checking windows-core v0.58.0
[INFO] [stderr]     Checking thiserror v1.0.69
[INFO] [stderr]     Checking windows v0.58.0
[INFO] [stderr]     Checking registry v1.3.0
[INFO] [stderr]    Compiling embed-resource v3.0.11
[INFO] [stderr]    Compiling cnc_remedy v1.3.0 (/opt/rustwide/workdir)
[INFO] [stderr]     Checking clearscreen v4.0.6
[INFO] [stderr]     Checking serde v1.0.228
[INFO] [stderr]  Documenting cnc_remedy v1.3.0 (/opt/rustwide/workdir)
[INFO] [stdout] error[E0432]: unresolved import `is_elevated::is_elevated`
[INFO] [stdout]   --> src/commands.rs:14:5
[INFO] [stdout]    |
[INFO] [stdout] 14 | use is_elevated::is_elevated;
[INFO] [stdout]    |     ^^^^^^^^^^^^^-----------
[INFO] [stdout]    |                  |
[INFO] [stdout]    |                  no `is_elevated` in the root
[INFO] [stdout] 
[INFO] [stdout] 
[INFO] [stdout] error[E0432]: unresolved imports `registry::Data`, `registry::Hive`, `registry::Security`
[INFO] [stdout]  --> src/commands/install.rs:5:18
[INFO] [stdout]   |
[INFO] [stdout] 5 | use ::registry::{Data, Hive, Security};
[INFO] [stdout]   |                  ^^^^  ^^^^  ^^^^^^^^ no `Security` in the root
[INFO] [stdout]   |                  |     |
[INFO] [stdout]   |                  |     no `Hive` in the root
[INFO] [stdout]   |                  no `Data` in the root
[INFO] [stdout] 
[INFO] [stdout] 
[INFO] [stdout] error[E0432]: unresolved import `is_elevated::is_elevated`
[INFO] [stdout]  --> src/commands/show_settings.rs:9:5
[INFO] [stdout]   |
[INFO] [stdout] 9 | use is_elevated::is_elevated;
[INFO] [stdout]   |     ^^^^^^^^^^^^^-----------
[INFO] [stdout]   |                  |
[INFO] [stdout]   |                  no `is_elevated` in the root
[INFO] [stdout] 
[INFO] [stdout] 
[INFO] [stdout] error[E0432]: unresolved imports `registry::Data`, `registry::Hive`, `registry::Security`
[INFO] [stdout]  --> src/commands/uninstall.rs:5:18
[INFO] [stdout]   |
[INFO] [stdout] 5 | use ::registry::{Data, Hive, Security};
[INFO] [stdout]   |                  ^^^^  ^^^^  ^^^^^^^^ no `Security` in the root
[INFO] [stdout]   |                  |     |
[INFO] [stdout]   |                  |     no `Hive` in the root
[INFO] [stdout]   |                  no `Data` in the root
[INFO] [stdout] 
[INFO] [stdout] 
[INFO] [stdout] error[E0432]: unresolved imports `registry::Data`, `registry::Hive`, `registry::Security`
[INFO] [stdout]  --> src/registry.rs:3:18
[INFO] [stdout]   |
[INFO] [stdout] 3 | use ::registry::{Data, Hive, Security};
[INFO] [stdout]   |                  ^^^^  ^^^^  ^^^^^^^^ no `Security` in the root
[INFO] [stdout]   |                  |     |
[INFO] [stdout]   |                  |     no `Hive` in the root
[INFO] [stdout]   |                  no `Data` in the root
[INFO] [stdout] 
[INFO] [stdout] 
[INFO] [stdout] For more information about this error, try `rustc --explain E0432`.
[INFO] [stdout] 
[INFO] [stderr] error: could not document `cnc_remedy`
[INFO] [stderr] warning: build failed, waiting for other jobs to finish...
[INFO] running `Command { std: "docker" "inspect" "ceb6d78976392253ffc78d657bf4ef11ce40aa68bc989a82606a50a7fd75c631", kill_on_drop: false }`
[INFO] running `Command { std: "docker" "rm" "-f" "ceb6d78976392253ffc78d657bf4ef11ce40aa68bc989a82606a50a7fd75c631", kill_on_drop: false }`
[INFO] [stdout] ceb6d78976392253ffc78d657bf4ef11ce40aa68bc989a82606a50a7fd75c631
