[INFO] cloning repository https://github.com/danzou1ge6/helo
[INFO] running `Command { std: "git" "-c" "credential.helper=" "-c" "credential.helper=/workspace/cargo-home/bin/git-credential-null" "clone" "--bare" "https://github.com/danzou1ge6/helo" "/workspace/cache/git-repos/https%3A%2F%2Fgithub.com%2Fdanzou1ge6%2Fhelo", kill_on_drop: false }`
[INFO] [stderr] Cloning into bare repository '/workspace/cache/git-repos/https%3A%2F%2Fgithub.com%2Fdanzou1ge6%2Fhelo'...
[INFO] running `Command { std: "git" "rev-parse" "HEAD", kill_on_drop: false }`
[INFO] [stdout] 0adde15b8281e6c055f6ff5369d4a6b3d14f6344
[INFO] documenting danzou1ge6/helo against 1.99.0-beta.8 for beta-rustdoc-1.100-2
[INFO] running `Command { std: "git" "clone" "/workspace/cache/git-repos/https%3A%2F%2Fgithub.com%2Fdanzou1ge6%2Fhelo" "/workspace/builds/worker-3-tc1/source", kill_on_drop: false }`
[INFO] [stderr] Cloning into '/workspace/builds/worker-3-tc1/source'...
[INFO] [stderr] done.
[INFO] started tweaking git repo https://github.com/danzou1ge6/helo
[INFO] finished tweaking git repo https://github.com/danzou1ge6/helo
[INFO] tweaked toml for git repo https://github.com/danzou1ge6/helo written to /workspace/builds/worker-3-tc1/source/Cargo.toml
[INFO] validating manifest of git repo https://github.com/danzou1ge6/helo on toolchain 1.99.0-beta.8
[INFO] running `Command { std: CARGO_HOME="/workspace/cargo-home" RUSTUP_HOME="/workspace/rustup-home" "/workspace/cargo-home/bin/cargo" "+1.99.0-beta.8" "metadata" "--manifest-path" "Cargo.toml" "--no-deps", kill_on_drop: false }`
[INFO] crate git repo https://github.com/danzou1ge6/helo already has a lockfile, it will not be regenerated
[INFO] running `Command { std: CARGO_HOME="/workspace/cargo-home" RUSTUP_HOME="/workspace/rustup-home" "/workspace/cargo-home/bin/cargo" "+1.99.0-beta.8" "fetch" "--manifest-path" "Cargo.toml", kill_on_drop: false }`
[INFO] [stderr]     Blocking waiting for file lock on package cache
[INFO] [stderr]     Updating crates.io index
[INFO] [stderr]     Blocking waiting for file lock on package cache
[INFO] [stderr]  Downloading crates ...
[INFO] [stderr]   Downloaded quote v1.0.35
[INFO] [stderr]   Downloaded memory_units v0.4.0
[INFO] [stderr]   Downloaded wee_alloc v0.4.5
[INFO] [stderr]   Downloaded smawk v0.3.2
[INFO] [stderr]   Downloaded windows-targets v0.52.4
[INFO] [stderr]   Downloaded proc-macro2 v1.0.79
[INFO] [stderr]   Downloaded supports-unicode v3.0.0
[INFO] [stderr]   Downloaded terminal_size v0.3.0
[INFO] [stderr]   Downloaded supports-hyperlinks v3.0.0
[INFO] [stderr]   Downloaded errno v0.3.8
[INFO] [stderr]   Downloaded supports-color v3.0.0
[INFO] [stderr]   Downloaded utf8parse v0.2.1
[INFO] [stderr]   Downloaded anstyle-query v1.0.2
[INFO] [stderr]   Downloaded thiserror-impl v1.0.58
[INFO] [stderr]   Downloaded tabled_derive v0.6.0
[INFO] [stderr]   Downloaded anstyle v1.0.6
[INFO] [stderr]   Downloaded colorchoice v1.0.0
[INFO] [stderr]   Downloaded is_ci v1.2.0
[INFO] [stderr]   Downloaded proc-macro-crate v3.1.0
[INFO] [stderr]   Downloaded anstyle-wincon v3.0.2
[INFO] [stderr]   Downloaded backtrace-ext v0.2.1
[INFO] [stderr]   Downloaded thiserror v1.0.58
[INFO] [stderr]   Downloaded clap_lex v0.7.0
[INFO] [stderr]   Downloaded bytecount v0.6.7
[INFO] [stderr]   Downloaded strsim v0.11.0
[INFO] [stderr]   Downloaded toml_datetime v0.6.5
[INFO] [stderr]   Downloaded bitmaps v3.2.1
[INFO] [stderr]   Downloaded clap_derive v4.5.3
[INFO] [stderr]   Downloaded rand_xoshiro v0.6.0
[INFO] [stderr]   Downloaded anstyle-parse v0.2.3
[INFO] [stderr]   Downloaded miette-derive v7.2.0
[INFO] [stderr]   Downloaded num_enum_derive v0.7.2
[INFO] [stderr]   Downloaded num_enum v0.7.2
[INFO] [stderr]   Downloaded typed-arena v2.0.2
[INFO] [stderr]   Downloaded anstream v0.6.13
[INFO] [stderr]   Downloaded bitflags v2.4.2
[INFO] [stderr]   Downloaded unicode-width v0.1.11
[INFO] [stderr]   Downloaded owo-colors v4.0.0
[INFO] [stderr]   Downloaded rustc-demangle v0.1.23
[INFO] [stderr]   Downloaded pretty v0.12.3
[INFO] [stderr]   Downloaded syn v2.0.52
[INFO] [stderr]   Downloaded smallvec v1.13.1
[INFO] [stderr]   Downloaded addr2line v0.21.0
[INFO] [stderr]   Downloaded clap v4.5.3
[INFO] [stderr]   Downloaded textwrap v0.16.1
[INFO] [stderr]   Downloaded papergrid v0.10.0
[INFO] [stderr]   Downloaded imbl-sized-chunks v0.1.2
[INFO] [stderr]   Downloaded indexmap v2.2.5
[INFO] [stderr]   Downloaded cc v1.0.90
[INFO] [stderr]   Downloaded bumpalo v3.15.4
[INFO] [stderr]   Downloaded miniz_oxide v0.7.2
[INFO] [stderr]   Downloaded backtrace v0.3.69
[INFO] [stderr]   Downloaded memchr v2.7.1
[INFO] [stderr]   Downloaded toml_edit v0.21.1
[INFO] [stderr]   Downloaded imbl v2.0.3
[INFO] [stderr]   Downloaded miette v7.2.0
[INFO] [stderr]   Downloaded hashbrown v0.14.3
[INFO] [stderr]   Downloaded clap_builder v4.5.2
[INFO] [stderr]   Downloaded tabled v0.14.0
[INFO] [stderr]   Downloaded gimli v0.28.1
[INFO] [stderr]   Downloaded object v0.32.2
[INFO] [stderr]   Downloaded rustix v0.38.31
[INFO] [stderr]   Downloaded windows_x86_64_gnullvm v0.52.4
[INFO] [stderr]   Downloaded windows_aarch64_gnullvm v0.52.4
[INFO] [stderr]   Downloaded libc v0.2.153
[INFO] [stderr]   Downloaded windows_x86_64_msvc v0.52.4
[INFO] [stderr]   Downloaded windows_aarch64_msvc v0.52.4
[INFO] [stderr]   Downloaded windows_x86_64_gnu v0.52.4
[INFO] [stderr]   Downloaded windows_i686_gnu v0.52.4
[INFO] [stderr]   Downloaded windows_i686_msvc v0.52.4
[INFO] [stderr]   Downloaded linux-raw-sys v0.4.13
[INFO] running `Command { std: "docker" "create" "-v" "/var/lib/crater-agent-workspace/builds/worker-3-tc1/source:/opt/rustwide/workdir:ro,Z" "-v" "/var/lib/crater-agent-workspace/builds/worker-3-tc1/target:/opt/rustwide/target:rw,Z" "-v" "/var/lib/crater-agent-workspace/cargo-home:/opt/rustwide/cargo-home:ro,Z" "-v" "/var/lib/crater-agent-workspace/rustup-home:/opt/rustwide/rustup-home:ro,Z" "-m" "1610612736" "--network" "none" "ghcr.io/rust-lang/crates-build-env/linux@sha256:77db811e55d90add9212f6832c23229e3de5f1c1f9905e8cb07319ea15df73ac" "sleep" "infinity", kill_on_drop: false }`
[INFO] [stdout] 1262937c0231c8c8b4b7a65c7611954f0a2206f679066a5f0ba4f9d8b4c47a45
[INFO] running `Command { std: "docker" "start" "1262937c0231c8c8b4b7a65c7611954f0a2206f679066a5f0ba4f9d8b4c47a45", kill_on_drop: false }`
[INFO] running `Command { std: "docker" "inspect" "1262937c0231c8c8b4b7a65c7611954f0a2206f679066a5f0ba4f9d8b4c47a45", kill_on_drop: false }`
[INFO] running `Command { std: "docker" "exec" "-e" "SOURCE_DIR=/opt/rustwide/workdir" "-e" "CARGO_HOME=/opt/rustwide/cargo-home" "-e" "RUSTUP_HOME=/opt/rustwide/rustup-home" "-e" "CARGO_TARGET_DIR=/opt/rustwide/target" "-w" "/opt/rustwide/workdir" "--user" "0:0" "1262937c0231c8c8b4b7a65c7611954f0a2206f679066a5f0ba4f9d8b4c47a45" "/opt/rustwide/cargo-home/bin/cargo" "+1.99.0-beta.8" "metadata" "--no-deps" "--format-version=1", kill_on_drop: false }`
[INFO] running `Command { std: "docker" "inspect" "1262937c0231c8c8b4b7a65c7611954f0a2206f679066a5f0ba4f9d8b4c47a45", kill_on_drop: false }`
[INFO] running `Command { std: "docker" "exec" "-e" "SOURCE_DIR=/opt/rustwide/workdir" "-e" "CARGO_HOME=/opt/rustwide/cargo-home" "-e" "RUSTUP_HOME=/opt/rustwide/rustup-home" "-e" "CARGO_TARGET_DIR=/opt/rustwide/target" "-e" "CARGO_INCREMENTAL=0" "-e" "RUST_BACKTRACE=full" "-e" "RUSTFLAGS=--cap-lints=warn" "-e" "RUSTDOCFLAGS=--cap-lints=warn" "-w" "/opt/rustwide/workdir" "--user" "0:0" "1262937c0231c8c8b4b7a65c7611954f0a2206f679066a5f0ba4f9d8b4c47a45" "/opt/rustwide/cargo-home/bin/cargo" "+1.99.0-beta.8" "doc" "--frozen" "--no-deps" "--document-private-items" "--message-format=json", kill_on_drop: false }`
[INFO] [stderr]    Compiling proc-macro2 v1.0.79
[INFO] [stderr]    Compiling unicode-ident v1.0.12
[INFO] [stderr]    Compiling hashbrown v0.14.3
[INFO] [stderr]    Compiling syn v1.0.109
[INFO] [stderr]     Checking unicode-width v0.1.11
[INFO] [stderr]    Compiling winnow v0.5.40
[INFO] [stderr]    Compiling toml_datetime v0.6.5
[INFO] [stderr]    Compiling thiserror v1.0.58
[INFO] [stderr]    Compiling heck v0.4.1
[INFO] [stderr]     Checking bitmaps v3.2.1
[INFO] [stderr]     Checking bytecount v0.6.7
[INFO] [stderr]     Checking rand_core v0.6.4
[INFO] [stderr]    Compiling proc-macro-error-attr v1.0.4
[INFO] [stderr]    Compiling proc-macro-error v1.0.4
[INFO] [stderr]     Checking memchr v2.7.1
[INFO] [stderr]     Checking smallvec v1.13.1
[INFO] [stderr]     Checking arrayvec v0.5.2
[INFO] [stderr]     Checking papergrid v0.10.0
[INFO] [stderr]     Checking typed-arena v2.0.2
[INFO] [stderr]     Checking rand_xoshiro v0.6.0
[INFO] [stderr]     Checking pretty v0.12.3
[INFO] [stderr]     Checking imbl-sized-chunks v0.1.2
[INFO] [stderr]    Compiling quote v1.0.35
[INFO] [stderr]     Checking imbl v2.0.3
[INFO] [stderr]     Checking nom v7.1.3
[INFO] [stderr]    Compiling syn v2.0.52
[INFO] [stderr]    Compiling indexmap v2.2.5
[INFO] [stderr]    Compiling toml_edit v0.21.1
[INFO] [stderr]    Compiling thiserror-impl v1.0.58
[INFO] [stderr]    Compiling miette-derive v7.2.0
[INFO] [stderr]    Compiling helo_macro v0.1.0 (/opt/rustwide/workdir/crates/helo_macro)
[INFO] [stderr]    Compiling tabled_derive v0.6.0
[INFO] [stderr]     Checking miette v7.2.0
[INFO] [stderr]     Checking helo_parse v0.1.0 (/opt/rustwide/workdir/crates/helo_parse)
[INFO] [stderr]     Checking tabled v0.14.0
[INFO] [stdout] error[E0554]: `#![feature]` may not be used on the beta release channel
[INFO] [stdout]  --> crates/helo_parse/src/lib.rs:1:1
[INFO] [stdout]   |
[INFO] [stdout] 1 | #![feature(box_patterns)]
[INFO] [stdout]   | ^^^^^^^^^^^^^^^^^^^^^^^^^
[INFO] [stdout] 
[INFO] [stdout] 
[INFO] [stdout] warning: the feature `fmt_internals` is internal to the compiler or standard library
[INFO] [stdout]  --> crates/helo_parse/src/lib.rs:2:12
[INFO] [stdout]   |
[INFO] [stdout] 2 | #![feature(fmt_internals)]
[INFO] [stdout]   |            ^^^^^^^^^^^^^
[INFO] [stdout]   |
[INFO] [stdout]   = note: using it is strongly discouraged
[INFO] [stdout]   = note: `#[warn(internal_features)]` on by default
[INFO] [stdout] 
[INFO] [stdout] 
[INFO] [stdout] error[E0658]: use of unstable library feature `formatting_options`
[INFO] [stdout]    --> crates/helo_parse/src/ast.rs:150:17
[INFO] [stdout]     |
[INFO] [stdout] 150 |     let mut f = std::fmt::Formatter::new(&mut buf);
[INFO] [stdout]     |                 ^^^^^^^^^^^^^^^^^^^^^^^^
[INFO] [stdout]     |
[INFO] [stdout]     = note: see issue #118117 <https://github.com/rust-lang/rust/issues/118117> for more information
[INFO] [stdout] 
[INFO] [stdout] 
[INFO] [stdout] error[E0061]: this function takes 2 arguments but 1 argument was supplied
[INFO] [stdout]    --> crates/helo_parse/src/ast.rs:150:17
[INFO] [stdout]     |
[INFO] [stdout] 150 |     let mut f = std::fmt::Formatter::new(&mut buf);
[INFO] [stdout]     |                 ^^^^^^^^^^^^^^^^^^^^^^^^---------- argument #2 of type `FormattingOptions` is missing
[INFO] [stdout]     |
[INFO] [stdout] note: associated function defined here
[INFO] [stdout]    --> /rustc/dfb0accb7f508ae8be965d8629557221c889dd98/library/core/src/fmt/mod.rs:576:17
[INFO] [stdout] help: provide the argument
[INFO] [stdout]     |
[INFO] [stdout] 150 |     let mut f = std::fmt::Formatter::new(&mut buf, /* FormattingOptions */);
[INFO] [stdout]     |                                                  +++++++++++++++++++++++++
[INFO] [stdout] 
[INFO] [stdout] 
[INFO] [stdout] error[E0658]: use of unstable library feature `formatting_options`
[INFO] [stdout]    --> crates/helo_parse/src/ast.rs:247:29
[INFO] [stdout]     |
[INFO] [stdout] 247 |         let mut formatter = core::fmt::Formatter::new(&mut buf);
[INFO] [stdout]     |                             ^^^^^^^^^^^^^^^^^^^^^^^^^
[INFO] [stdout]     |
[INFO] [stdout]     = note: see issue #118117 <https://github.com/rust-lang/rust/issues/118117> for more information
[INFO] [stdout] 
[INFO] [stdout] 
[INFO] [stdout] error[E0061]: this function takes 2 arguments but 1 argument was supplied
[INFO] [stdout]    --> crates/helo_parse/src/ast.rs:247:29
[INFO] [stdout]     |
[INFO] [stdout] 247 |         let mut formatter = core::fmt::Formatter::new(&mut buf);
[INFO] [stdout]     |                             ^^^^^^^^^^^^^^^^^^^^^^^^^---------- argument #2 of type `FormattingOptions` is missing
[INFO] [stdout]     |
[INFO] [stdout] note: associated function defined here
[INFO] [stdout]    --> /rustc/dfb0accb7f508ae8be965d8629557221c889dd98/library/core/src/fmt/mod.rs:576:17
[INFO] [stdout] help: provide the argument
[INFO] [stdout]     |
[INFO] [stdout] 247 |         let mut formatter = core::fmt::Formatter::new(&mut buf, /* FormattingOptions */);
[INFO] [stdout]     |                                                               +++++++++++++++++++++++++
[INFO] [stdout] 
[INFO] [stdout] 
[INFO] [stderr]    Compiling proc-macro-crate v3.1.0
[INFO] [stderr]    Compiling num_enum_derive v0.7.2
[INFO] [stderr]     Checking num_enum v0.7.2
[INFO] [stderr]     Checking helo_runtime v0.1.0 (/opt/rustwide/workdir/crates/helo_runtime)
[INFO] [stdout] error[E0554]: `#![feature]` may not be used on the beta release channel
[INFO] [stdout]  --> crates/helo_runtime/src/lib.rs:2:1
[INFO] [stdout]   |
[INFO] [stdout] 2 | #![feature(split_array)]
[INFO] [stdout]   | ^^^^^^^^^^^^^^^^^^^^^^^^
[INFO] [stdout]   |
[INFO] [stdout]   = help: the feature `generic_arg_infer` has been stable since `1.89.0` and no longer requires an attribute to enable
[INFO] [stdout] 
[INFO] [stdout] 
[INFO] [stdout] warning: the feature `generic_const_exprs` is incomplete and may not be safe to use and/or cause compiler crashes
[INFO] [stdout]  --> crates/helo_runtime/src/lib.rs:3:12
[INFO] [stdout]   |
[INFO] [stdout] 3 | #![feature(generic_const_exprs)]
[INFO] [stdout]   |            ^^^^^^^^^^^^^^^^^^^
[INFO] [stdout]   |
[INFO] [stdout]   = note: see issue #76560 <https://github.com/rust-lang/rust/issues/76560> for more information
[INFO] [stdout]   = note: `#[warn(incomplete_features)]` on by default
[INFO] [stdout] 
[INFO] [stdout] 
[INFO] [stdout] Some errors have detailed explanations: E0061, E0554, E0658.
[INFO] [stdout] 
[INFO] [stdout] For more information about an error, try `rustc --explain E0061`.
[INFO] [stdout] 
[INFO] [stdout] warning: the feature `generic_arg_infer` has been stable since 1.89.0 and no longer requires an attribute to enable
[INFO] [stdout]  --> crates/helo_runtime/src/lib.rs:5:12
[INFO] [stdout]   |
[INFO] [stdout] 5 | #![feature(generic_arg_infer)]
[INFO] [stdout]   |            ^^^^^^^^^^^^^^^^^
[INFO] [stdout]   |
[INFO] [stdout]   = note: `#[warn(stable_features)]` on by default
[INFO] [stdout] 
[INFO] [stdout] 
[INFO] [stderr] error: could not compile `helo_parse` (lib) due to 5 previous errors; 1 warning emitted
[INFO] [stdout] warning: the feature `round_char_boundary` has been stable since 1.91.0 and no longer requires an attribute to enable
[INFO] [stdout]  --> crates/helo_runtime/src/lib.rs:6:12
[INFO] [stdout]   |
[INFO] [stdout] 6 | #![feature(round_char_boundary)]
[INFO] [stdout]   |            ^^^^^^^^^^^^^^^^^^^
[INFO] [stdout] 
[INFO] [stdout] 
[INFO] [stderr] warning: build failed, waiting for other jobs to finish...
[INFO] [stdout] For more information about this error, try `rustc --explain E0554`.
[INFO] [stdout] 
[INFO] [stderr] error: could not compile `helo_runtime` (lib) due to 1 previous error; 3 warnings emitted
[INFO] running `Command { std: "docker" "inspect" "1262937c0231c8c8b4b7a65c7611954f0a2206f679066a5f0ba4f9d8b4c47a45", kill_on_drop: false }`
[INFO] running `Command { std: "docker" "rm" "-f" "1262937c0231c8c8b4b7a65c7611954f0a2206f679066a5f0ba4f9d8b4c47a45", kill_on_drop: false }`
[INFO] [stdout] 1262937c0231c8c8b4b7a65c7611954f0a2206f679066a5f0ba4f9d8b4c47a45
