[INFO] cloning repository https://github.com/cybergenii/repoflow
[INFO] running `Command { std: "git" "-c" "credential.helper=" "-c" "credential.helper=/workspace/cargo-home/bin/git-credential-null" "clone" "--bare" "https://github.com/cybergenii/repoflow" "/workspace/cache/git-repos/https%3A%2F%2Fgithub.com%2Fcybergenii%2Frepoflow", kill_on_drop: false }`
[INFO] [stderr] Cloning into bare repository '/workspace/cache/git-repos/https%3A%2F%2Fgithub.com%2Fcybergenii%2Frepoflow'...
[INFO] running `Command { std: "git" "rev-parse" "HEAD", kill_on_drop: false }`
[INFO] [stdout] 746eccb1fb30e8b704e74347e380162a4dd9d0cc
[INFO] documenting cybergenii/repoflow against 1.99.0-beta.8 for beta-rustdoc-1.100-2
[INFO] running `Command { std: "git" "clone" "/workspace/cache/git-repos/https%3A%2F%2Fgithub.com%2Fcybergenii%2Frepoflow" "/workspace/builds/worker-1-tc1/source", kill_on_drop: false }`
[INFO] [stderr] Cloning into '/workspace/builds/worker-1-tc1/source'...
[INFO] [stderr] done.
[INFO] started tweaking git repo https://github.com/cybergenii/repoflow
[INFO] finished tweaking git repo https://github.com/cybergenii/repoflow
[INFO] tweaked toml for git repo https://github.com/cybergenii/repoflow written to /workspace/builds/worker-1-tc1/source/Cargo.toml
[INFO] validating manifest of git repo https://github.com/cybergenii/repoflow on toolchain 1.99.0-beta.8
[INFO] running `Command { std: CARGO_HOME="/workspace/cargo-home" RUSTUP_HOME="/workspace/rustup-home" "/workspace/cargo-home/bin/cargo" "+1.99.0-beta.8" "metadata" "--manifest-path" "Cargo.toml" "--no-deps", kill_on_drop: false }`
[INFO] crate git repo https://github.com/cybergenii/repoflow already has a lockfile, it will not be regenerated
[INFO] running `Command { std: CARGO_HOME="/workspace/cargo-home" RUSTUP_HOME="/workspace/rustup-home" "/workspace/cargo-home/bin/cargo" "+1.99.0-beta.8" "fetch" "--manifest-path" "Cargo.toml", kill_on_drop: false }`
[INFO] [stderr] warning: Cargo.toml: unused manifest key: dependencies.openssl-sys.chrono
[INFO] [stderr] warning: Cargo.toml: unused manifest key: dependencies.openssl-sys.dirs
[INFO] [stderr] warning: Cargo.toml: unused manifest key: dependencies.openssl-sys.dotenv
[INFO] [stderr] warning: Cargo.toml: unused manifest key: dependencies.openssl-sys.futures
[INFO] [stderr] warning: Cargo.toml: unused manifest key: dependencies.openssl-sys.git2
[INFO] [stderr] warning: Cargo.toml: unused manifest key: dependencies.openssl-sys.open
[INFO] [stderr] warning: Cargo.toml: unused manifest key: dependencies.openssl-sys.tower
[INFO] [stderr] warning: Cargo.toml: unused manifest key: dependencies.openssl-sys.tower-http
[INFO] [stderr] warning: Cargo.toml: unused manifest key: dependencies.openssl-sys.tracing
[INFO] [stderr] warning: Cargo.toml: unused manifest key: dependencies.openssl-sys.tracing-subscriber
[INFO] [stderr] warning: Cargo.toml: unused manifest key: dependencies.openssl-sys.walkdir
[INFO] [stderr] warning: Cargo.toml: unused manifest key: dependencies.openssl-sys.warp
[INFO] [stderr] warning: Cargo.toml: unused manifest key: dependencies.openssl-sys.zip
[INFO] [stderr] warning: `repoflow` (manifest) generated 13 warnings
[INFO] [stderr]     Blocking waiting for file lock on package cache
[INFO] [stderr]     Blocking waiting for file lock on package cache
[INFO] [stderr]  Downloading crates ...
[INFO] [stderr]   Downloaded tokio-test v0.4.4
[INFO] [stderr]   Downloaded mockito v1.7.0
[INFO] [stderr]   Downloaded colored v3.0.0
[INFO] [stderr]   Downloaded dialoguer v0.11.0
[INFO] [stderr]   Downloaded clap v4.5.48
[INFO] [stderr]   Downloaded clap_builder v4.5.48
[INFO] [stderr]   Downloaded openssl-src v300.5.3+3.5.4
[INFO] running `Command { std: "docker" "create" "-v" "/var/lib/crater-agent-workspace/builds/worker-1-tc1/source:/opt/rustwide/workdir:ro,Z" "-v" "/var/lib/crater-agent-workspace/builds/worker-1-tc1/target:/opt/rustwide/target:rw,Z" "-v" "/var/lib/crater-agent-workspace/cargo-home:/opt/rustwide/cargo-home:ro,Z" "-v" "/var/lib/crater-agent-workspace/rustup-home:/opt/rustwide/rustup-home:ro,Z" "-m" "1610612736" "--network" "none" "ghcr.io/rust-lang/crates-build-env/linux@sha256:77db811e55d90add9212f6832c23229e3de5f1c1f9905e8cb07319ea15df73ac" "sleep" "infinity", kill_on_drop: false }`
[INFO] [stdout] 335a8f7e2191e95898e2f1854c9d9901ec0fb0fe12033e522b3fcb3206a00c7a
[INFO] running `Command { std: "docker" "start" "335a8f7e2191e95898e2f1854c9d9901ec0fb0fe12033e522b3fcb3206a00c7a", kill_on_drop: false }`
[INFO] running `Command { std: "docker" "inspect" "335a8f7e2191e95898e2f1854c9d9901ec0fb0fe12033e522b3fcb3206a00c7a", kill_on_drop: false }`
[INFO] running `Command { std: "docker" "exec" "-e" "SOURCE_DIR=/opt/rustwide/workdir" "-e" "CARGO_HOME=/opt/rustwide/cargo-home" "-e" "RUSTUP_HOME=/opt/rustwide/rustup-home" "-e" "CARGO_TARGET_DIR=/opt/rustwide/target" "-w" "/opt/rustwide/workdir" "--user" "0:0" "335a8f7e2191e95898e2f1854c9d9901ec0fb0fe12033e522b3fcb3206a00c7a" "/opt/rustwide/cargo-home/bin/cargo" "+1.99.0-beta.8" "metadata" "--no-deps" "--format-version=1", kill_on_drop: false }`
[INFO] running `Command { std: "docker" "inspect" "335a8f7e2191e95898e2f1854c9d9901ec0fb0fe12033e522b3fcb3206a00c7a", kill_on_drop: false }`
[INFO] running `Command { std: "docker" "exec" "-e" "SOURCE_DIR=/opt/rustwide/workdir" "-e" "CARGO_HOME=/opt/rustwide/cargo-home" "-e" "RUSTUP_HOME=/opt/rustwide/rustup-home" "-e" "CARGO_TARGET_DIR=/opt/rustwide/target" "-e" "CARGO_INCREMENTAL=0" "-e" "RUST_BACKTRACE=full" "-e" "RUSTFLAGS=--cap-lints=warn" "-e" "RUSTDOCFLAGS=--cap-lints=warn" "-w" "/opt/rustwide/workdir" "--user" "0:0" "335a8f7e2191e95898e2f1854c9d9901ec0fb0fe12033e522b3fcb3206a00c7a" "/opt/rustwide/cargo-home/bin/cargo" "+1.99.0-beta.8" "doc" "--frozen" "--no-deps" "--document-private-items" "--message-format=json", kill_on_drop: false }`
[INFO] [stderr] warning: Cargo.toml: unused manifest key: dependencies.openssl-sys.chrono
[INFO] [stderr] warning: Cargo.toml: unused manifest key: dependencies.openssl-sys.dirs
[INFO] [stderr] warning: Cargo.toml: unused manifest key: dependencies.openssl-sys.dotenv
[INFO] [stderr] warning: Cargo.toml: unused manifest key: dependencies.openssl-sys.futures
[INFO] [stderr] warning: Cargo.toml: unused manifest key: dependencies.openssl-sys.git2
[INFO] [stderr] warning: Cargo.toml: unused manifest key: dependencies.openssl-sys.open
[INFO] [stderr] warning: Cargo.toml: unused manifest key: dependencies.openssl-sys.tower
[INFO] [stderr] warning: Cargo.toml: unused manifest key: dependencies.openssl-sys.tower-http
[INFO] [stderr] warning: Cargo.toml: unused manifest key: dependencies.openssl-sys.tracing
[INFO] [stderr] warning: Cargo.toml: unused manifest key: dependencies.openssl-sys.tracing-subscriber
[INFO] [stderr] warning: Cargo.toml: unused manifest key: dependencies.openssl-sys.walkdir
[INFO] [stderr] warning: Cargo.toml: unused manifest key: dependencies.openssl-sys.warp
[INFO] [stderr] warning: Cargo.toml: unused manifest key: dependencies.openssl-sys.zip
[INFO] [stderr] warning: `repoflow` (manifest) generated 13 warnings
[INFO] [stderr]    Compiling syn v2.0.106
[INFO] [stderr]     Checking cfg-if v1.0.3
[INFO] [stderr]     Checking smallvec v1.15.1
[INFO] [stderr]     Checking bitflags v2.9.4
[INFO] [stderr]     Checking log v0.4.28
[INFO] [stderr]    Compiling serde_core v1.0.226
[INFO] [stderr]    Compiling openssl-src v300.5.3+3.5.4
[INFO] [stderr]     Checking http v0.2.12
[INFO] [stderr]     Checking futures-task v0.3.31
[INFO] [stderr]     Checking tracing v0.1.41
[INFO] [stderr]     Checking indexmap v2.11.4
[INFO] [stderr]    Compiling rustls v0.21.12
[INFO] [stderr]    Compiling serde v1.0.226
[INFO] [stderr]     Checking socket2 v0.5.10
[INFO] [stderr]     Checking futures-channel v0.3.31
[INFO] [stderr]    Compiling portable-atomic v1.11.1
[INFO] [stderr]     Checking getrandom v0.2.16
[INFO] [stderr]    Compiling serde_json v1.0.145
[INFO] [stderr]     Checking parking_lot_core v0.9.11
[INFO] [stderr]     Checking futures-util v0.3.31
[INFO] [stderr]     Checking ring v0.17.14
[INFO] [stderr]     Checking unicode-width v0.2.1
[INFO] [stderr]     Checking rustix v1.1.2
[INFO] [stderr]     Checking getrandom v0.3.3
[INFO] [stderr]     Checking memchr v2.7.5
[INFO] [stderr]     Checking clap_builder v4.5.48
[INFO] [stderr]     Checking rustls-pemfile v1.0.4
[INFO] [stderr]    Compiling openssl-sys v0.9.109
[INFO] [stderr]     Checking parking_lot v0.12.4
[INFO] [stderr]     Checking encoding_rs v0.8.35
[INFO] [stderr]     Checking sync_wrapper v0.1.2
[INFO] [stderr]     Checking console v0.15.11
[INFO] [stderr]     Checking number_prefix v0.4.0
[INFO] [stderr]     Checking zeroize v1.8.1
[INFO] [stderr]     Checking shell-words v1.1.0
[INFO] [stderr]     Checking rustls-webpki v0.101.7
[INFO] [stderr]     Checking sct v0.7.1
[INFO] [stderr]     Checking tempfile v3.22.0
[INFO] [stderr]     Checking http-body v0.4.6
[INFO] [stderr]     Checking indicatif v0.17.11
[INFO] [stderr]    Compiling synstructure v0.13.2
[INFO] [stderr]    Compiling zerofrom-derive v0.1.6
[INFO] [stderr]    Compiling yoke-derive v0.8.0
[INFO] [stderr]    Compiling zerovec-derive v0.11.1
[INFO] [stderr]    Compiling displaydoc v0.2.5
[INFO] [stderr]    Compiling tokio-macros v2.5.0
[INFO] [stderr]    Compiling openssl-macros v0.1.1
[INFO] [stderr]    Compiling serde_derive v1.0.226
[INFO] [stderr]    Compiling thiserror-impl v1.0.69
[INFO] [stderr]    Compiling clap_derive v4.5.47
[INFO] [stderr]     Checking tokio v1.47.1
[INFO] [stderr]     Checking thiserror v1.0.69
[INFO] [stderr]     Checking dialoguer v0.11.0
[INFO] [stderr]     Checking zerofrom v0.1.6
[INFO] [stderr]     Checking yoke v0.8.0
[INFO] [stderr]     Checking zerovec v0.11.4
[INFO] [stderr]     Checking zerotrie v0.2.2
[INFO] [stderr]     Checking clap v4.5.48
[INFO] [stderr]     Checking tinystr v0.8.1
[INFO] [stderr]     Checking potential_utf v0.1.3
[INFO] [stderr]     Checking icu_collections v2.0.0
[INFO] [stderr]     Checking icu_locale_core v2.0.0
[INFO] [stderr]     Checking icu_provider v2.0.0
[INFO] [stderr]     Checking serde_urlencoded v0.7.1
[INFO] [stderr]     Checking icu_normalizer v2.0.0
[INFO] [stderr]     Checking icu_properties v2.0.1
[INFO] [stderr]     Checking idna_adapter v1.2.1
[INFO] [stderr]     Checking idna v1.1.0
[INFO] [stderr]     Checking url v2.5.7
[INFO] [stderr]     Checking tokio-util v0.7.16
[INFO] [stderr]     Checking tokio-rustls v0.24.1
[INFO] [stderr]     Checking h2 v0.3.27
[INFO] [stderr]     Checking hyper v0.14.32
[INFO] [stderr]     Checking hyper-rustls v0.24.2
[INFO] [stderr]    Compiling openssl v0.10.73
[INFO] [stderr]    Compiling native-tls v0.2.14
[INFO] [stderr]     Checking tokio-native-tls v0.3.1
[INFO] [stderr]     Checking hyper-tls v0.5.0
[INFO] [stderr]     Checking reqwest v0.11.27
[INFO] [stderr]     Checking repoflow v1.0.19 (/opt/rustwide/workdir)
[INFO] [stderr]  Documenting repoflow v1.0.19 (/opt/rustwide/workdir)
[INFO] [stdout] error[E0432]: unresolved import `warp`
[INFO] [stdout]  --> src/ui.rs:2:5
[INFO] [stdout]   |
[INFO] [stdout] 2 | use warp::Filter;
[INFO] [stdout]   |     ^^^^ use of unresolved module or unlinked crate `warp`
[INFO] [stdout]   |
[INFO] [stdout]   = help: if you wanted to use a crate named `warp`, use `cargo add warp` to add it to your `Cargo.toml`
[INFO] [stdout] 
[INFO] [stdout] 
[INFO] [stdout] error[E0432]: unresolved import `warp`
[INFO] [stdout]  --> src/ui.rs:2:5
[INFO] [stdout]   |
[INFO] [stdout] 2 | use warp::Filter;
[INFO] [stdout]   |     ^^^^ use of unresolved module or unlinked crate `warp`
[INFO] [stdout]   |
[INFO] [stdout]   = help: if you wanted to use a crate named `warp`, use `cargo add warp` to add it to your `Cargo.toml`
[INFO] [stdout] 
[INFO] [stdout] 
[INFO] [stdout] error[E0433]: cannot find module or crate `chrono` in this scope
[INFO] [stdout]   --> src/git.rs:20:43
[INFO] [stdout]    |
[INFO] [stdout] 20 |         format!("Update repository - {}", chrono::Utc::now().format("%Y-%m-%d %H:%M:%S"))
[INFO] [stdout]    |                                           ^^^^^^ use of unresolved module or unlinked crate `chrono`
[INFO] [stdout]    |
[INFO] [stdout]    = help: if you wanted to use a crate named `chrono`, use `cargo add chrono` to add it to your `Cargo.toml`
[INFO] [stdout] 
[INFO] [stdout] 
[INFO] [stdout] error[E0433]: cannot find module or crate `chrono` in this scope
[INFO] [stdout]    --> src/git.rs:105:15
[INFO] [stdout]     |
[INFO] [stdout] 105 |     let now = chrono::Utc::now();
[INFO] [stdout]     |               ^^^^^^ use of unresolved module or unlinked crate `chrono`
[INFO] [stdout]     |
[INFO] [stdout]     = help: if you wanted to use a crate named `chrono`, use `cargo add chrono` to add it to your `Cargo.toml`
[INFO] [stdout] 
[INFO] [stdout] 
[INFO] [stdout] error[E0433]: cannot find module or crate `chrono` in this scope
[INFO] [stdout]    --> src/git.rs:107:9
[INFO] [stdout]     |
[INFO] [stdout] 107 |         chrono::DateTime::parse_from_rfc3339(date_str)?.with_timezone(&chrono::Utc)
[INFO] [stdout]     |         ^^^^^^ use of unresolved module or unlinked crate `chrono`
[INFO] [stdout]     |
[INFO] [stdout]     = help: if you wanted to use a crate named `chrono`, use `cargo add chrono` to add it to your `Cargo.toml`
[INFO] [stdout] 
[INFO] [stdout] 
[INFO] [stdout] error[E0433]: cannot find module or crate `warp` in this scope
[INFO] [stdout]   --> src/ui.rs:19:24
[INFO] [stdout]    |
[INFO] [stdout] 19 |     let static_files = warp::fs::dir("ui/dist");
[INFO] [stdout]    |                        ^^^^ use of unresolved module or unlinked crate `warp`
[INFO] [stdout]    |
[INFO] [stdout]    = help: if you wanted to use a crate named `warp`, use `cargo add warp` to add it to your `Cargo.toml`
[INFO] [stdout] 
[INFO] [stdout] 
[INFO] [stdout] error[E0433]: cannot find module or crate `warp` in this scope
[INFO] [stdout]   --> src/ui.rs:32:26
[INFO] [stdout]    |
[INFO] [stdout] 32 |                     .and(warp::body::json())
[INFO] [stdout]    |                          ^^^^ use of unresolved module or unlinked crate `warp`
[INFO] [stdout]    |
[INFO] [stdout]    = help: if you wanted to use a crate named `warp`, use `cargo add warp` to add it to your `Cargo.toml`
[INFO] [stdout] 
[INFO] [stdout] 
[INFO] [stdout] error[E0433]: cannot find module or crate `warp` in this scope
[INFO] [stdout]   --> src/ui.rs:36:26
[INFO] [stdout]    |
[INFO] [stdout] 36 |                     .and(warp::body::json())
[INFO] [stdout]    |                          ^^^^ use of unresolved module or unlinked crate `warp`
[INFO] [stdout]    |
[INFO] [stdout]    = help: if you wanted to use a crate named `warp`, use `cargo add warp` to add it to your `Cargo.toml`
[INFO] [stdout] 
[INFO] [stdout] 
[INFO] [stdout] error[E0433]: cannot find module or crate `warp` in this scope
[INFO] [stdout]   --> src/ui.rs:40:26
[INFO] [stdout]    |
[INFO] [stdout] 40 |                     .and(warp::body::json())
[INFO] [stdout]    |                          ^^^^ use of unresolved module or unlinked crate `warp`
[INFO] [stdout]    |
[INFO] [stdout]    = help: if you wanted to use a crate named `warp`, use `cargo add warp` to add it to your `Cargo.toml`
[INFO] [stdout] 
[INFO] [stdout] 
[INFO] [stdout] error[E0433]: cannot find module or crate `warp` in this scope
[INFO] [stdout]   --> src/ui.rs:44:26
[INFO] [stdout]    |
[INFO] [stdout] 44 |                     .and(warp::body::json())
[INFO] [stdout]    |                          ^^^^ use of unresolved module or unlinked crate `warp`
[INFO] [stdout]    |
[INFO] [stdout]    = help: if you wanted to use a crate named `warp`, use `cargo add warp` to add it to your `Cargo.toml`
[INFO] [stdout] 
[INFO] [stdout] 
[INFO] [stdout] error[E0433]: cannot find module or crate `warp` in this scope
[INFO] [stdout]   --> src/ui.rs:50:14
[INFO] [stdout]    |
[INFO] [stdout] 50 |         .and(warp::fs::file("ui/dist/index.html"));
[INFO] [stdout]    |              ^^^^ use of unresolved module or unlinked crate `warp`
[INFO] [stdout]    |
[INFO] [stdout]    = help: if you wanted to use a crate named `warp`, use `cargo add warp` to add it to your `Cargo.toml`
[INFO] [stdout] 
[INFO] [stdout] 
[INFO] [stdout] error[E0433]: cannot find module or crate `warp` in this scope
[INFO] [stdout]   --> src/ui.rs:62:41
[INFO] [stdout]    |
[INFO] [stdout] 62 | async fn handle_status() -> Result<impl warp::Reply, warp::Rejection> {
[INFO] [stdout]    |                                         ^^^^ use of unresolved module or unlinked crate `warp`
[INFO] [stdout]    |
[INFO] [stdout]    = help: if you wanted to use a crate named `warp`, use `cargo add warp` to add it to your `Cargo.toml`
[INFO] [stdout] 
[INFO] [stdout] 
[INFO] [stdout] error[E0433]: cannot find module or crate `warp` in this scope
[INFO] [stdout]   --> src/ui.rs:62:54
[INFO] [stdout]    |
[INFO] [stdout] 62 | async fn handle_status() -> Result<impl warp::Reply, warp::Rejection> {
[INFO] [stdout]    |                                                      ^^^^ use of unresolved module or unlinked crate `warp`
[INFO] [stdout]    |
[INFO] [stdout]    = help: if you wanted to use a crate named `warp`, use `cargo add warp` to add it to your `Cargo.toml`
[INFO] [stdout] 
[INFO] [stdout] 
[INFO] [stdout] error[E0433]: cannot find module or crate `warp` in this scope
[INFO] [stdout]   --> src/ui.rs:73:42
[INFO] [stdout]    |
[INFO] [stdout] 73 | async fn handle_commits() -> Result<impl warp::Reply, warp::Rejection> {
[INFO] [stdout]    |                                          ^^^^ use of unresolved module or unlinked crate `warp`
[INFO] [stdout]    |
[INFO] [stdout]    = help: if you wanted to use a crate named `warp`, use `cargo add warp` to add it to your `Cargo.toml`
[INFO] [stdout] 
[INFO] [stdout] 
[INFO] [stdout] error[E0433]: cannot find module or crate `warp` in this scope
[INFO] [stdout]   --> src/ui.rs:73:55
[INFO] [stdout]    |
[INFO] [stdout] 73 | async fn handle_commits() -> Result<impl warp::Reply, warp::Rejection> {
[INFO] [stdout]    |                                                       ^^^^ use of unresolved module or unlinked crate `warp`
[INFO] [stdout]    |
[INFO] [stdout]    = help: if you wanted to use a crate named `warp`, use `cargo add warp` to add it to your `Cargo.toml`
[INFO] [stdout] 
[INFO] [stdout] 
[INFO] [stdout] error[E0433]: cannot find module or crate `warp` in this scope
[INFO] [stdout]   --> src/ui.rs:81:70
[INFO] [stdout]    |
[INFO] [stdout] 81 | async fn handle_create_repo(_body: serde_json::Value) -> Result<impl warp::Reply, warp::Rejection> {
[INFO] [stdout]    |                                                                      ^^^^ use of unresolved module or unlinked crate `warp`
[INFO] [stdout]    |
[INFO] [stdout]    = help: if you wanted to use a crate named `warp`, use `cargo add warp` to add it to your `Cargo.toml`
[INFO] [stdout] 
[INFO] [stdout] 
[INFO] [stdout] error[E0433]: cannot find module or crate `warp` in this scope
[INFO] [stdout]   --> src/ui.rs:81:83
[INFO] [stdout]    |
[INFO] [stdout] 81 | async fn handle_create_repo(_body: serde_json::Value) -> Result<impl warp::Reply, warp::Rejection> {
[INFO] [stdout]    |                                                                                   ^^^^ use of unresolved module or unlinked crate `warp`
[INFO] [stdout]    |
[INFO] [stdout]    = help: if you wanted to use a crate named `warp`, use `cargo add warp` to add it to your `Cargo.toml`
[INFO] [stdout] 
[INFO] [stdout] 
[INFO] [stdout] error[E0433]: cannot find module or crate `warp` in this scope
[INFO] [stdout]   --> src/ui.rs:89:65
[INFO] [stdout]    |
[INFO] [stdout] 89 | async fn handle_commit(_body: serde_json::Value) -> Result<impl warp::Reply, warp::Rejection> {
[INFO] [stdout]    |                                                                 ^^^^ use of unresolved module or unlinked crate `warp`
[INFO] [stdout]    |
[INFO] [stdout]    = help: if you wanted to use a crate named `warp`, use `cargo add warp` to add it to your `Cargo.toml`
[INFO] [stdout] 
[INFO] [stdout] 
[INFO] [stdout] error[E0433]: cannot find module or crate `warp` in this scope
[INFO] [stdout]   --> src/ui.rs:89:78
[INFO] [stdout]    |
[INFO] [stdout] 89 | async fn handle_commit(_body: serde_json::Value) -> Result<impl warp::Reply, warp::Rejection> {
[INFO] [stdout]    |                                                                              ^^^^ use of unresolved module or unlinked crate `warp`
[INFO] [stdout]    |
[INFO] [stdout]    = help: if you wanted to use a crate named `warp`, use `cargo add warp` to add it to your `Cargo.toml`
[INFO] [stdout] 
[INFO] [stdout] 
[INFO] [stdout] error[E0433]: cannot find module or crate `warp` in this scope
[INFO] [stdout]   --> src/ui.rs:97:63
[INFO] [stdout]    |
[INFO] [stdout] 97 | async fn handle_push(_body: serde_json::Value) -> Result<impl warp::Reply, warp::Rejection> {
[INFO] [stdout]    |                                                               ^^^^ use of unresolved module or unlinked crate `warp`
[INFO] [stdout]    |
[INFO] [stdout]    = help: if you wanted to use a crate named `warp`, use `cargo add warp` to add it to your `Cargo.toml`
[INFO] [stdout] 
[INFO] [stdout] 
[INFO] [stdout] error[E0433]: cannot find module or crate `warp` in this scope
[INFO] [stdout]   --> src/ui.rs:97:76
[INFO] [stdout]    |
[INFO] [stdout] 97 | async fn handle_push(_body: serde_json::Value) -> Result<impl warp::Reply, warp::Rejection> {
[INFO] [stdout]    |                                                                            ^^^^ use of unresolved module or unlinked crate `warp`
[INFO] [stdout]    |
[INFO] [stdout]    = help: if you wanted to use a crate named `warp`, use `cargo add warp` to add it to your `Cargo.toml`
[INFO] [stdout] 
[INFO] [stdout] 
[INFO] [stdout] error[E0433]: cannot find module or crate `warp` in this scope
[INFO] [stdout]    --> src/ui.rs:105:73
[INFO] [stdout]     |
[INFO] [stdout] 105 | async fn handle_validate_token(_body: serde_json::Value) -> Result<impl warp::Reply, warp::Rejection> {
[INFO] [stdout]     |                                                                         ^^^^ use of unresolved module or unlinked crate `warp`
[INFO] [stdout]     |
[INFO] [stdout]     = help: if you wanted to use a crate named `warp`, use `cargo add warp` to add it to your `Cargo.toml`
[INFO] [stdout] 
[INFO] [stdout] 
[INFO] [stdout] error[E0433]: cannot find module or crate `warp` in this scope
[INFO] [stdout]    --> src/ui.rs:105:86
[INFO] [stdout]     |
[INFO] [stdout] 105 | async fn handle_validate_token(_body: serde_json::Value) -> Result<impl warp::Reply, warp::Rejection> {
[INFO] [stdout]     |                                                                                      ^^^^ use of unresolved module or unlinked crate `warp`
[INFO] [stdout]     |
[INFO] [stdout]     = help: if you wanted to use a crate named `warp`, use `cargo add warp` to add it to your `Cargo.toml`
[INFO] [stdout] 
[INFO] [stdout] 
[INFO] [stdout] Some errors have detailed explanations: E0432, E0433.
[INFO] [stdout] 
[INFO] [stdout] For more information about an error, try `rustc --explain E0432`.
[INFO] [stdout] 
[INFO] [stdout] error[E0433]: cannot find module or crate `warp` in this scope
[INFO] [stdout]   --> src/ui.rs:64:8
[INFO] [stdout]    |
[INFO] [stdout] 64 |     Ok(warp::reply::json(&serde_json::json!({
[INFO] [stdout]    |        ^^^^ use of unresolved module or unlinked crate `warp`
[INFO] [stdout]    |
[INFO] [stdout]    = help: if you wanted to use a crate named `warp`, use `cargo add warp` to add it to your `Cargo.toml`
[INFO] [stdout] 
[INFO] [stdout] 
[INFO] [stderr] error: could not document `repoflow`
[INFO] [stderr] warning: build failed, waiting for other jobs to finish...
[INFO] [stdout] error[E0433]: cannot find module or crate `warp` in this scope
[INFO] [stdout]   --> src/ui.rs:75:8
[INFO] [stdout]    |
[INFO] [stdout] 75 |     Ok(warp::reply::json(&serde_json::json!({
[INFO] [stdout]    |        ^^^^ use of unresolved module or unlinked crate `warp`
[INFO] [stdout]    |
[INFO] [stdout]    = help: if you wanted to use a crate named `warp`, use `cargo add warp` to add it to your `Cargo.toml`
[INFO] [stdout] 
[INFO] [stdout] 
[INFO] [stdout] error[E0433]: cannot find module or crate `warp` in this scope
[INFO] [stdout]   --> src/ui.rs:83:8
[INFO] [stdout]    |
[INFO] [stdout] 83 |     Ok(warp::reply::json(&serde_json::json!({
[INFO] [stdout]    |        ^^^^ use of unresolved module or unlinked crate `warp`
[INFO] [stdout]    |
[INFO] [stdout]    = help: if you wanted to use a crate named `warp`, use `cargo add warp` to add it to your `Cargo.toml`
[INFO] [stdout] 
[INFO] [stdout] 
[INFO] [stdout] error[E0433]: cannot find module or crate `warp` in this scope
[INFO] [stdout]   --> src/ui.rs:91:8
[INFO] [stdout]    |
[INFO] [stdout] 91 |     Ok(warp::reply::json(&serde_json::json!({
[INFO] [stdout]    |        ^^^^ use of unresolved module or unlinked crate `warp`
[INFO] [stdout]    |
[INFO] [stdout]    = help: if you wanted to use a crate named `warp`, use `cargo add warp` to add it to your `Cargo.toml`
[INFO] [stdout] 
[INFO] [stdout] 
[INFO] [stdout] error[E0433]: cannot find module or crate `warp` in this scope
[INFO] [stdout]   --> src/ui.rs:99:8
[INFO] [stdout]    |
[INFO] [stdout] 99 |     Ok(warp::reply::json(&serde_json::json!({
[INFO] [stdout]    |        ^^^^ use of unresolved module or unlinked crate `warp`
[INFO] [stdout]    |
[INFO] [stdout]    = help: if you wanted to use a crate named `warp`, use `cargo add warp` to add it to your `Cargo.toml`
[INFO] [stdout] 
[INFO] [stdout] 
[INFO] [stdout] error[E0433]: cannot find module or crate `warp` in this scope
[INFO] [stdout]    --> src/ui.rs:107:8
[INFO] [stdout]     |
[INFO] [stdout] 107 |     Ok(warp::reply::json(&serde_json::json!({
[INFO] [stdout]     |        ^^^^ use of unresolved module or unlinked crate `warp`
[INFO] [stdout]     |
[INFO] [stdout]     = help: if you wanted to use a crate named `warp`, use `cargo add warp` to add it to your `Cargo.toml`
[INFO] [stdout] 
[INFO] [stdout] 
[INFO] [stdout] error[E0433]: cannot find module or crate `chrono` in this scope
[INFO] [stdout]    --> src/git.rs:109:15
[INFO] [stdout]     |
[INFO] [stdout] 109 |         now - chrono::Duration::hours(spread_hours.unwrap_or(24) as i64)
[INFO] [stdout]     |               ^^^^^^ use of unresolved module or unlinked crate `chrono`
[INFO] [stdout]     |
[INFO] [stdout]     = help: if you wanted to use a crate named `chrono`, use `cargo add chrono` to add it to your `Cargo.toml`
[INFO] [stdout] help: consider importing this struct
[INFO] [stdout]     |
[INFO] [stdout]   1 + use std::time::Duration;
[INFO] [stdout]     |
[INFO] [stdout] help: if you import `Duration`, refer to it directly
[INFO] [stdout]     |
[INFO] [stdout] 109 -         now - chrono::Duration::hours(spread_hours.unwrap_or(24) as i64)
[INFO] [stdout] 109 +         now - Duration::hours(spread_hours.unwrap_or(24) as i64)
[INFO] [stdout]     |
[INFO] [stdout] 
[INFO] [stdout] 
[INFO] [stdout] error[E0433]: cannot find module or crate `chrono` in this scope
[INFO] [stdout]    --> src/git.rs:113:9
[INFO] [stdout]     |
[INFO] [stdout] 113 |         chrono::Duration::hours(hours as i64) / count as i32
[INFO] [stdout]     |         ^^^^^^ use of unresolved module or unlinked crate `chrono`
[INFO] [stdout]     |
[INFO] [stdout]     = help: if you wanted to use a crate named `chrono`, use `cargo add chrono` to add it to your `Cargo.toml`
[INFO] [stdout] help: consider importing this struct
[INFO] [stdout]     |
[INFO] [stdout]   1 + use std::time::Duration;
[INFO] [stdout]     |
[INFO] [stdout] help: if you import `Duration`, refer to it directly
[INFO] [stdout]     |
[INFO] [stdout] 113 -         chrono::Duration::hours(hours as i64) / count as i32
[INFO] [stdout] 113 +         Duration::hours(hours as i64) / count as i32
[INFO] [stdout]     |
[INFO] [stdout] 
[INFO] [stdout] 
[INFO] [stdout] error[E0433]: cannot find module or crate `chrono` in this scope
[INFO] [stdout]    --> src/git.rs:115:9
[INFO] [stdout]     |
[INFO] [stdout] 115 |         chrono::Duration::hours(1)
[INFO] [stdout]     |         ^^^^^^ use of unresolved module or unlinked crate `chrono`
[INFO] [stdout]     |
[INFO] [stdout]     = help: if you wanted to use a crate named `chrono`, use `cargo add chrono` to add it to your `Cargo.toml`
[INFO] [stdout] help: consider importing this struct
[INFO] [stdout]     |
[INFO] [stdout]   1 + use std::time::Duration;
[INFO] [stdout]     |
[INFO] [stdout] help: if you import `Duration`, refer to it directly
[INFO] [stdout]     |
[INFO] [stdout] 115 -         chrono::Duration::hours(1)
[INFO] [stdout] 115 +         Duration::hours(1)
[INFO] [stdout]     |
[INFO] [stdout] 
[INFO] [stdout] 
[INFO] [stdout] error[E0433]: cannot find module or crate `dirs` in this scope
[INFO] [stdout]   --> src/github.rs:18:31
[INFO] [stdout]    |
[INFO] [stdout] 18 |             let config_path = dirs::home_dir()
[INFO] [stdout]    |                               ^^^^ use of unresolved module or unlinked crate `dirs`
[INFO] [stdout]    |
[INFO] [stdout]    = help: if you wanted to use a crate named `dirs`, use `cargo add dirs` to add it to your `Cargo.toml`
[INFO] [stdout] 
[INFO] [stdout] 
[INFO] [stdout] error[E0433]: cannot find module or crate `chrono` in this scope
[INFO] [stdout]    --> src/git.rs:107:72
[INFO] [stdout]     |
[INFO] [stdout] 107 |         chrono::DateTime::parse_from_rfc3339(date_str)?.with_timezone(&chrono::Utc)
[INFO] [stdout]     |                                                                        ^^^^^^ use of unresolved module or unlinked crate `chrono`
[INFO] [stdout]     |
[INFO] [stdout]     = help: if you wanted to use a crate named `chrono`, use `cargo add chrono` to add it to your `Cargo.toml`
[INFO] [stdout] 
[INFO] [stdout] 
[INFO] [stdout] error[E0433]: cannot find module or crate `dirs` in this scope
[INFO] [stdout]   --> src/config.rs:11:22
[INFO] [stdout]    |
[INFO] [stdout] 11 |     let config_dir = dirs::home_dir()
[INFO] [stdout]    |                      ^^^^ use of unresolved module or unlinked crate `dirs`
[INFO] [stdout]    |
[INFO] [stdout]    = help: if you wanted to use a crate named `dirs`, use `cargo add dirs` to add it to your `Cargo.toml`
[INFO] [stdout] 
[INFO] [stdout] 
[INFO] [stdout] error[E0433]: cannot find module or crate `open` in this scope
[INFO] [stdout]   --> src/ui.rs:13:25
[INFO] [stdout]    |
[INFO] [stdout] 13 |         if let Err(e) = open::that(&url) {
[INFO] [stdout]    |                         ^^^^ use of unresolved module or unlinked crate `open`
[INFO] [stdout]    |
[INFO] [stdout]    = help: if you wanted to use a crate named `open`, use `cargo add open` to add it to your `Cargo.toml`
[INFO] [stdout] 
[INFO] [stdout] 
[INFO] [stdout] error[E0433]: cannot find module or crate `warp` in this scope
[INFO] [stdout]   --> src/ui.rs:22:22
[INFO] [stdout]    |
[INFO] [stdout] 22 |     let api_routes = warp::path("api")
[INFO] [stdout]    |                      ^^^^ use of unresolved module or unlinked crate `warp`
[INFO] [stdout]    |
[INFO] [stdout]    = help: if you wanted to use a crate named `warp`, use `cargo add warp` to add it to your `Cargo.toml`
[INFO] [stdout] 
[INFO] [stdout] 
[INFO] [stdout] error[E0433]: cannot find module or crate `warp` in this scope
[INFO] [stdout]   --> src/ui.rs:24:13
[INFO] [stdout]    |
[INFO] [stdout] 24 |             warp::path("status")
[INFO] [stdout]    |             ^^^^ use of unresolved module or unlinked crate `warp`
[INFO] [stdout]    |
[INFO] [stdout]    = help: if you wanted to use a crate named `warp`, use `cargo add warp` to add it to your `Cargo.toml`
[INFO] [stdout] 
[INFO] [stdout] 
[INFO] [stdout] error[E0433]: cannot find module or crate `warp` in this scope
[INFO] [stdout]   --> src/ui.rs:25:22
[INFO] [stdout]    |
[INFO] [stdout] 25 |                 .and(warp::get())
[INFO] [stdout]    |                      ^^^^ use of unresolved module or unlinked crate `warp`
[INFO] [stdout]    |
[INFO] [stdout]    = help: if you wanted to use a crate named `warp`, use `cargo add warp` to add it to your `Cargo.toml`
[INFO] [stdout] 
[INFO] [stdout] 
[INFO] [stdout] error[E0433]: cannot find module or crate `warp` in this scope
[INFO] [stdout]   --> src/ui.rs:27:21
[INFO] [stdout]    |
[INFO] [stdout] 27 |                 .or(warp::path("commits")
[INFO] [stdout]    |                     ^^^^ use of unresolved module or unlinked crate `warp`
[INFO] [stdout]    |
[INFO] [stdout]    = help: if you wanted to use a crate named `warp`, use `cargo add warp` to add it to your `Cargo.toml`
[INFO] [stdout] 
[INFO] [stdout] 
[INFO] [stdout] error[E0433]: cannot find module or crate `warp` in this scope
[INFO] [stdout]   --> src/ui.rs:28:26
[INFO] [stdout]    |
[INFO] [stdout] 28 |                     .and(warp::get())
[INFO] [stdout]    |                          ^^^^ use of unresolved module or unlinked crate `warp`
[INFO] [stdout]    |
[INFO] [stdout]    = help: if you wanted to use a crate named `warp`, use `cargo add warp` to add it to your `Cargo.toml`
[INFO] [stdout] 
[INFO] [stdout] 
[INFO] [stdout] error[E0433]: cannot find module or crate `warp` in this scope
[INFO] [stdout]   --> src/ui.rs:30:21
[INFO] [stdout]    |
[INFO] [stdout] 30 |                 .or(warp::path("create-repo")
[INFO] [stdout]    |                     ^^^^ use of unresolved module or unlinked crate `warp`
[INFO] [stdout]    |
[INFO] [stdout]    = help: if you wanted to use a crate named `warp`, use `cargo add warp` to add it to your `Cargo.toml`
[INFO] [stdout] 
[INFO] [stdout] 
[INFO] [stdout] error[E0433]: cannot find module or crate `warp` in this scope
[INFO] [stdout]   --> src/ui.rs:31:26
[INFO] [stdout]    |
[INFO] [stdout] 31 |                     .and(warp::post())
[INFO] [stdout]    |                          ^^^^ use of unresolved module or unlinked crate `warp`
[INFO] [stdout]    |
[INFO] [stdout]    = help: if you wanted to use a crate named `warp`, use `cargo add warp` to add it to your `Cargo.toml`
[INFO] [stdout] 
[INFO] [stdout] 
[INFO] [stdout] error[E0433]: cannot find module or crate `warp` in this scope
[INFO] [stdout]   --> src/ui.rs:34:21
[INFO] [stdout]    |
[INFO] [stdout] 34 |                 .or(warp::path("commit")
[INFO] [stdout]    |                     ^^^^ use of unresolved module or unlinked crate `warp`
[INFO] [stdout]    |
[INFO] [stdout]    = help: if you wanted to use a crate named `warp`, use `cargo add warp` to add it to your `Cargo.toml`
[INFO] [stdout] 
[INFO] [stdout] 
[INFO] [stdout] error[E0433]: cannot find module or crate `warp` in this scope
[INFO] [stdout]   --> src/ui.rs:35:26
[INFO] [stdout]    |
[INFO] [stdout] 35 |                     .and(warp::post())
[INFO] [stdout]    |                          ^^^^ use of unresolved module or unlinked crate `warp`
[INFO] [stdout]    |
[INFO] [stdout]    = help: if you wanted to use a crate named `warp`, use `cargo add warp` to add it to your `Cargo.toml`
[INFO] [stdout] 
[INFO] [stdout] 
[INFO] [stdout] error[E0433]: cannot find module or crate `warp` in this scope
[INFO] [stdout]   --> src/ui.rs:38:21
[INFO] [stdout]    |
[INFO] [stdout] 38 |                 .or(warp::path("push")
[INFO] [stdout]    |                     ^^^^ use of unresolved module or unlinked crate `warp`
[INFO] [stdout]    |
[INFO] [stdout]    = help: if you wanted to use a crate named `warp`, use `cargo add warp` to add it to your `Cargo.toml`
[INFO] [stdout] 
[INFO] [stdout] 
[INFO] [stdout] error[E0433]: cannot find module or crate `warp` in this scope
[INFO] [stdout]   --> src/ui.rs:39:26
[INFO] [stdout]    |
[INFO] [stdout] 39 |                     .and(warp::post())
[INFO] [stdout]    |                          ^^^^ use of unresolved module or unlinked crate `warp`
[INFO] [stdout]    |
[INFO] [stdout]    = help: if you wanted to use a crate named `warp`, use `cargo add warp` to add it to your `Cargo.toml`
[INFO] [stdout] 
[INFO] [stdout] 
[INFO] [stdout] error[E0433]: cannot find module or crate `warp` in this scope
[INFO] [stdout]   --> src/ui.rs:42:21
[INFO] [stdout]    |
[INFO] [stdout] 42 |                 .or(warp::path("validate-token")
[INFO] [stdout]    |                     ^^^^ use of unresolved module or unlinked crate `warp`
[INFO] [stdout]    |
[INFO] [stdout]    = help: if you wanted to use a crate named `warp`, use `cargo add warp` to add it to your `Cargo.toml`
[INFO] [stdout] 
[INFO] [stdout] 
[INFO] [stdout] error[E0433]: cannot find module or crate `warp` in this scope
[INFO] [stdout]   --> src/ui.rs:43:26
[INFO] [stdout]    |
[INFO] [stdout] 43 |                     .and(warp::post())
[INFO] [stdout]    |                          ^^^^ use of unresolved module or unlinked crate `warp`
[INFO] [stdout]    |
[INFO] [stdout]    = help: if you wanted to use a crate named `warp`, use `cargo add warp` to add it to your `Cargo.toml`
[INFO] [stdout] 
[INFO] [stdout] 
[INFO] [stdout] error[E0433]: cannot find module or crate `warp` in this scope
[INFO] [stdout]   --> src/ui.rs:49:21
[INFO] [stdout]    |
[INFO] [stdout] 49 |     let ui_routes = warp::any()
[INFO] [stdout]    |                     ^^^^ use of unresolved module or unlinked crate `warp`
[INFO] [stdout]    |
[INFO] [stdout]    = help: if you wanted to use a crate named `warp`, use `cargo add warp` to add it to your `Cargo.toml`
[INFO] [stdout] 
[INFO] [stdout] 
[INFO] [stdout] error[E0433]: cannot find module or crate `warp` in this scope
[INFO] [stdout]   --> src/ui.rs:55:15
[INFO] [stdout]    |
[INFO] [stdout] 55 |         .with(warp::cors().allow_any_origin().allow_headers(vec!["content-type"]).allow_methods(vec!["GET", "POST", "PUT", "DELETE"]));
[INFO] [stdout]    |               ^^^^ use of unresolved module or unlinked crate `warp`
[INFO] [stdout]    |
[INFO] [stdout]    = help: if you wanted to use a crate named `warp`, use `cargo add warp` to add it to your `Cargo.toml`
[INFO] [stdout] 
[INFO] [stdout] 
[INFO] [stdout] error[E0433]: cannot find module or crate `warp` in this scope
[INFO] [stdout]   --> src/ui.rs:57:5
[INFO] [stdout]    |
[INFO] [stdout] 57 |     warp::serve(routes).run(addr).await;
[INFO] [stdout]    |     ^^^^ use of unresolved module or unlinked crate `warp`
[INFO] [stdout]    |
[INFO] [stdout]    = help: if you wanted to use a crate named `warp`, use `cargo add warp` to add it to your `Cargo.toml`
[INFO] [stdout] 
[INFO] [stdout] 
[INFO] [stdout] error[E0433]: cannot find module or crate `warp` in this scope
[INFO] [stdout]    --> src/ui.rs:105:86
[INFO] [stdout]     |
[INFO] [stdout] 105 | async fn handle_validate_token(_body: serde_json::Value) -> Result<impl warp::Reply, warp::Rejection> {
[INFO] [stdout]     |                                                                                      ^^^^ use of unresolved module or unlinked crate `warp`
[INFO] [stdout]     |
[INFO] [stdout]     = help: if you wanted to use a crate named `warp`, use `cargo add warp` to add it to your `Cargo.toml`
[INFO] [stdout] 
[INFO] [stdout] 
[INFO] [stdout] error[E0433]: cannot find module or crate `warp` in this scope
[INFO] [stdout]    --> src/ui.rs:105:73
[INFO] [stdout]     |
[INFO] [stdout] 105 | async fn handle_validate_token(_body: serde_json::Value) -> Result<impl warp::Reply, warp::Rejection> {
[INFO] [stdout]     |                                                                         ^^^^ use of unresolved module or unlinked crate `warp`
[INFO] [stdout]     |
[INFO] [stdout]     = help: if you wanted to use a crate named `warp`, use `cargo add warp` to add it to your `Cargo.toml`
[INFO] [stdout] 
[INFO] [stdout] 
[INFO] [stdout] error[E0433]: cannot find module or crate `warp` in this scope
[INFO] [stdout]   --> src/ui.rs:97:76
[INFO] [stdout]    |
[INFO] [stdout] 97 | async fn handle_push(_body: serde_json::Value) -> Result<impl warp::Reply, warp::Rejection> {
[INFO] [stdout]    |                                                                            ^^^^ use of unresolved module or unlinked crate `warp`
[INFO] [stdout]    |
[INFO] [stdout]    = help: if you wanted to use a crate named `warp`, use `cargo add warp` to add it to your `Cargo.toml`
[INFO] [stdout] 
[INFO] [stdout] 
[INFO] [stdout] error[E0433]: cannot find module or crate `warp` in this scope
[INFO] [stdout]   --> src/ui.rs:97:63
[INFO] [stdout]    |
[INFO] [stdout] 97 | async fn handle_push(_body: serde_json::Value) -> Result<impl warp::Reply, warp::Rejection> {
[INFO] [stdout]    |                                                               ^^^^ use of unresolved module or unlinked crate `warp`
[INFO] [stdout]    |
[INFO] [stdout]    = help: if you wanted to use a crate named `warp`, use `cargo add warp` to add it to your `Cargo.toml`
[INFO] [stdout] 
[INFO] [stdout] 
[INFO] [stdout] error[E0433]: cannot find module or crate `warp` in this scope
[INFO] [stdout]   --> src/ui.rs:89:78
[INFO] [stdout]    |
[INFO] [stdout] 89 | async fn handle_commit(_body: serde_json::Value) -> Result<impl warp::Reply, warp::Rejection> {
[INFO] [stdout]    |                                                                              ^^^^ use of unresolved module or unlinked crate `warp`
[INFO] [stdout]    |
[INFO] [stdout]    = help: if you wanted to use a crate named `warp`, use `cargo add warp` to add it to your `Cargo.toml`
[INFO] [stdout] 
[INFO] [stdout] 
[INFO] [stdout] error[E0433]: cannot find module or crate `warp` in this scope
[INFO] [stdout]   --> src/ui.rs:89:65
[INFO] [stdout]    |
[INFO] [stdout] 89 | async fn handle_commit(_body: serde_json::Value) -> Result<impl warp::Reply, warp::Rejection> {
[INFO] [stdout]    |                                                                 ^^^^ use of unresolved module or unlinked crate `warp`
[INFO] [stdout]    |
[INFO] [stdout]    = help: if you wanted to use a crate named `warp`, use `cargo add warp` to add it to your `Cargo.toml`
[INFO] [stdout] 
[INFO] [stdout] 
[INFO] [stdout] error[E0433]: cannot find module or crate `warp` in this scope
[INFO] [stdout]   --> src/ui.rs:81:83
[INFO] [stdout]    |
[INFO] [stdout] 81 | async fn handle_create_repo(_body: serde_json::Value) -> Result<impl warp::Reply, warp::Rejection> {
[INFO] [stdout]    |                                                                                   ^^^^ use of unresolved module or unlinked crate `warp`
[INFO] [stdout]    |
[INFO] [stdout]    = help: if you wanted to use a crate named `warp`, use `cargo add warp` to add it to your `Cargo.toml`
[INFO] [stdout] 
[INFO] [stdout] 
[INFO] [stdout] error[E0433]: cannot find module or crate `warp` in this scope
[INFO] [stdout]   --> src/ui.rs:81:70
[INFO] [stdout]    |
[INFO] [stdout] 81 | async fn handle_create_repo(_body: serde_json::Value) -> Result<impl warp::Reply, warp::Rejection> {
[INFO] [stdout]    |                                                                      ^^^^ use of unresolved module or unlinked crate `warp`
[INFO] [stdout]    |
[INFO] [stdout]    = help: if you wanted to use a crate named `warp`, use `cargo add warp` to add it to your `Cargo.toml`
[INFO] [stdout] 
[INFO] [stdout] 
[INFO] [stdout] error[E0433]: cannot find module or crate `warp` in this scope
[INFO] [stdout]   --> src/ui.rs:73:55
[INFO] [stdout]    |
[INFO] [stdout] 73 | async fn handle_commits() -> Result<impl warp::Reply, warp::Rejection> {
[INFO] [stdout]    |                                                       ^^^^ use of unresolved module or unlinked crate `warp`
[INFO] [stdout]    |
[INFO] [stdout]    = help: if you wanted to use a crate named `warp`, use `cargo add warp` to add it to your `Cargo.toml`
[INFO] [stdout] 
[INFO] [stdout] 
[INFO] [stdout] error[E0433]: cannot find module or crate `warp` in this scope
[INFO] [stdout]   --> src/ui.rs:73:42
[INFO] [stdout]    |
[INFO] [stdout] 73 | async fn handle_commits() -> Result<impl warp::Reply, warp::Rejection> {
[INFO] [stdout]    |                                          ^^^^ use of unresolved module or unlinked crate `warp`
[INFO] [stdout]    |
[INFO] [stdout]    = help: if you wanted to use a crate named `warp`, use `cargo add warp` to add it to your `Cargo.toml`
[INFO] [stdout] 
[INFO] [stdout] 
[INFO] [stdout] error[E0433]: cannot find module or crate `warp` in this scope
[INFO] [stdout]   --> src/ui.rs:62:54
[INFO] [stdout]    |
[INFO] [stdout] 62 | async fn handle_status() -> Result<impl warp::Reply, warp::Rejection> {
[INFO] [stdout]    |                                                      ^^^^ use of unresolved module or unlinked crate `warp`
[INFO] [stdout]    |
[INFO] [stdout]    = help: if you wanted to use a crate named `warp`, use `cargo add warp` to add it to your `Cargo.toml`
[INFO] [stdout] 
[INFO] [stdout] 
[INFO] [stdout] error[E0433]: cannot find module or crate `warp` in this scope
[INFO] [stdout]   --> src/ui.rs:62:41
[INFO] [stdout]    |
[INFO] [stdout] 62 | async fn handle_status() -> Result<impl warp::Reply, warp::Rejection> {
[INFO] [stdout]    |                                         ^^^^ use of unresolved module or unlinked crate `warp`
[INFO] [stdout]    |
[INFO] [stdout]    = help: if you wanted to use a crate named `warp`, use `cargo add warp` to add it to your `Cargo.toml`
[INFO] [stdout] 
[INFO] [stdout] 
[INFO] [stdout] Some errors have detailed explanations: E0432, E0433.
[INFO] [stdout] 
[INFO] [stdout] For more information about an error, try `rustc --explain E0432`.
[INFO] [stdout] 
[INFO] [stderr] error: could not compile `repoflow` (lib) due to 51 previous errors
[INFO] running `Command { std: "docker" "inspect" "335a8f7e2191e95898e2f1854c9d9901ec0fb0fe12033e522b3fcb3206a00c7a", kill_on_drop: false }`
[INFO] running `Command { std: "docker" "rm" "-f" "335a8f7e2191e95898e2f1854c9d9901ec0fb0fe12033e522b3fcb3206a00c7a", kill_on_drop: false }`
[INFO] [stdout] 335a8f7e2191e95898e2f1854c9d9901ec0fb0fe12033e522b3fcb3206a00c7a
