[INFO] cloning repository https://github.com/alexfertel/stylus-gas-benchmarks
[INFO] running `Command { std: "git" "-c" "credential.helper=" "-c" "credential.helper=/workspace/cargo-home/bin/git-credential-null" "clone" "--bare" "https://github.com/alexfertel/stylus-gas-benchmarks" "/workspace/cache/git-repos/https%3A%2F%2Fgithub.com%2Falexfertel%2Fstylus-gas-benchmarks", kill_on_drop: false }`
[INFO] [stderr] Cloning into bare repository '/workspace/cache/git-repos/https%3A%2F%2Fgithub.com%2Falexfertel%2Fstylus-gas-benchmarks'...
[INFO] running `Command { std: "git" "rev-parse" "HEAD", kill_on_drop: false }`
[INFO] [stdout] e7ab2c8ecf1c6e931173e99c5c7f9aa8097b1d93
[INFO] documenting alexfertel/stylus-gas-benchmarks against 1.99.0-beta.8 for beta-rustdoc-1.100-2
[INFO] running `Command { std: "git" "clone" "/workspace/cache/git-repos/https%3A%2F%2Fgithub.com%2Falexfertel%2Fstylus-gas-benchmarks" "/workspace/builds/worker-1-tc1/source", kill_on_drop: false }`
[INFO] [stderr] Cloning into '/workspace/builds/worker-1-tc1/source'...
[INFO] [stderr] done.
[INFO] started tweaking git repo https://github.com/alexfertel/stylus-gas-benchmarks
[INFO] finished tweaking git repo https://github.com/alexfertel/stylus-gas-benchmarks
[INFO] tweaked toml for git repo https://github.com/alexfertel/stylus-gas-benchmarks written to /workspace/builds/worker-1-tc1/source/Cargo.toml
[INFO] validating manifest of git repo https://github.com/alexfertel/stylus-gas-benchmarks on toolchain 1.99.0-beta.8
[INFO] running `Command { std: CARGO_HOME="/workspace/cargo-home" RUSTUP_HOME="/workspace/rustup-home" "/workspace/cargo-home/bin/cargo" "+1.99.0-beta.8" "metadata" "--manifest-path" "Cargo.toml" "--no-deps", kill_on_drop: false }`
[INFO] crate git repo https://github.com/alexfertel/stylus-gas-benchmarks already has a lockfile, it will not be regenerated
[INFO] running `Command { std: CARGO_HOME="/workspace/cargo-home" RUSTUP_HOME="/workspace/rustup-home" "/workspace/cargo-home/bin/cargo" "+1.99.0-beta.8" "fetch" "--manifest-path" "Cargo.toml", kill_on_drop: false }`
[INFO] [stderr]     Blocking waiting for file lock on package cache
[INFO] [stderr]     Updating crates.io index
[INFO] [stderr]     Blocking waiting for file lock on package cache
[INFO] [stderr]  Downloading crates ...
[INFO] [stderr]   Downloaded alloy-transport-http v0.1.3
[INFO] [stderr]   Downloaded alloy-json-rpc v0.1.3
[INFO] [stderr]   Downloaded alloy-transport v0.1.3
[INFO] [stderr]   Downloaded alloy-primitives v0.7.6
[INFO] [stderr]   Downloaded alloy v0.1.3
[INFO] [stderr]   Downloaded wait-timeout v0.2.0
[INFO] [stderr]   Downloaded ruint v1.12.3
[INFO] [stderr]   Downloaded alloy-rlp-derive v0.3.5
[INFO] [stderr]   Downloaded alloy-rlp v0.3.5
[INFO] [stderr]   Downloaded keccak-asm v0.1.1
[INFO] [stderr]   Downloaded sha3-asm v0.1.1
[INFO] [stderr]   Downloaded alloy-signer-local v0.1.3
[INFO] [stderr]   Downloaded alloy-network v0.1.3
[INFO] [stderr]   Downloaded alloy-sol-macro-input v0.7.6
[INFO] [stderr]   Downloaded alloy-signer v0.1.3
[INFO] [stderr]   Downloaded alloy-sol-macro v0.7.6
[INFO] [stderr]   Downloaded alloy-rpc-types-eth v0.1.3
[INFO] [stderr]   Downloaded alloy-serde v0.1.3
[INFO] [stderr]   Downloaded alloy-rpc-types v0.1.3
[INFO] [stderr]   Downloaded alloy-rpc-client v0.1.3
[INFO] [stderr]   Downloaded alloy-sol-types v0.7.6
[INFO] [stderr]   Downloaded alloy-sol-macro-expander v0.7.6
[INFO] [stderr]   Downloaded alloy-sol-type-parser v0.7.6
[INFO] [stderr]   Downloaded blst v0.3.12
[INFO] [stderr]   Downloaded alloy-provider v0.1.3
[INFO] [stderr]   Downloaded alloy-chains v0.1.23
[INFO] [stderr]   Downloaded alloy-json-abi v0.7.6
[INFO] [stderr]   Downloaded alloy-consensus v0.1.3
[INFO] [stderr]   Downloaded syn-solidity v0.7.6
[INFO] [stderr]   Downloaded alloy-core v0.7.6
[INFO] [stderr]   Downloaded alloy-contract v0.1.3
[INFO] [stderr]   Downloaded alloy-dyn-abi v0.7.6
[INFO] [stderr]   Downloaded alloy-genesis v0.1.3
[INFO] [stderr]   Downloaded alloy-eips v0.1.3
[INFO] [stderr]   Downloaded c-kzg v1.0.2
[INFO] running `Command { std: "docker" "create" "-v" "/var/lib/crater-agent-workspace/builds/worker-1-tc1/source:/opt/rustwide/workdir:ro,Z" "-v" "/var/lib/crater-agent-workspace/builds/worker-1-tc1/target:/opt/rustwide/target:rw,Z" "-v" "/var/lib/crater-agent-workspace/cargo-home:/opt/rustwide/cargo-home:ro,Z" "-v" "/var/lib/crater-agent-workspace/rustup-home:/opt/rustwide/rustup-home:ro,Z" "-m" "1610612736" "--network" "none" "ghcr.io/rust-lang/crates-build-env/linux@sha256:77db811e55d90add9212f6832c23229e3de5f1c1f9905e8cb07319ea15df73ac" "sleep" "infinity", kill_on_drop: false }`
[INFO] [stdout] 3689a63da81a819a91df3710de53ee8948283eade0ce993be6a773c1f0856b96
[INFO] running `Command { std: "docker" "start" "3689a63da81a819a91df3710de53ee8948283eade0ce993be6a773c1f0856b96", kill_on_drop: false }`
[INFO] running `Command { std: "docker" "inspect" "3689a63da81a819a91df3710de53ee8948283eade0ce993be6a773c1f0856b96", kill_on_drop: false }`
[INFO] running `Command { std: "docker" "exec" "-e" "SOURCE_DIR=/opt/rustwide/workdir" "-e" "CARGO_HOME=/opt/rustwide/cargo-home" "-e" "RUSTUP_HOME=/opt/rustwide/rustup-home" "-e" "CARGO_TARGET_DIR=/opt/rustwide/target" "-w" "/opt/rustwide/workdir" "--user" "0:0" "3689a63da81a819a91df3710de53ee8948283eade0ce993be6a773c1f0856b96" "/opt/rustwide/cargo-home/bin/cargo" "+1.99.0-beta.8" "metadata" "--no-deps" "--format-version=1", kill_on_drop: false }`
[INFO] running `Command { std: "docker" "inspect" "3689a63da81a819a91df3710de53ee8948283eade0ce993be6a773c1f0856b96", kill_on_drop: false }`
[INFO] running `Command { std: "docker" "exec" "-e" "SOURCE_DIR=/opt/rustwide/workdir" "-e" "CARGO_HOME=/opt/rustwide/cargo-home" "-e" "RUSTUP_HOME=/opt/rustwide/rustup-home" "-e" "CARGO_TARGET_DIR=/opt/rustwide/target" "-e" "CARGO_INCREMENTAL=0" "-e" "RUST_BACKTRACE=full" "-e" "RUSTFLAGS=--cap-lints=warn" "-e" "RUSTDOCFLAGS=--cap-lints=warn" "-w" "/opt/rustwide/workdir" "--user" "0:0" "3689a63da81a819a91df3710de53ee8948283eade0ce993be6a773c1f0856b96" "/opt/rustwide/cargo-home/bin/cargo" "+1.99.0-beta.8" "doc" "--frozen" "--no-deps" "--document-private-items" "--message-format=json", kill_on_drop: false }`
[INFO] [stderr]    Compiling syn v2.0.68
[INFO] [stderr]    Compiling serde v1.0.203
[INFO] [stderr]     Checking zeroize v1.8.1
[INFO] [stderr]     Checking subtle v2.6.1
[INFO] [stderr]    Compiling crunchy v0.2.2
[INFO] [stderr]    Compiling tiny-keccak v2.0.2
[INFO] [stderr]    Compiling ruint-macro v1.2.1
[INFO] [stderr]    Compiling generic-array v0.14.7
[INFO] [stderr]     Checking arrayvec v0.7.4
[INFO] [stderr]     Checking hex-literal v0.4.1
[INFO] [stderr]     Checking parking_lot_core v0.9.10
[INFO] [stderr]    Compiling serde_json v1.0.118
[INFO] [stderr]     Checking log v0.4.21
[INFO] [stderr]    Compiling winnow v0.6.13
[INFO] [stderr]     Checking ff v0.13.0
[INFO] [stderr]    Compiling cc v1.0.101
[INFO] [stderr]    Compiling syn v1.0.109
[INFO] [stderr]    Compiling hashbrown v0.14.5
[INFO] [stderr]    Compiling dunce v1.0.4
[INFO] [stderr]     Checking der v0.7.9
[INFO] [stderr]     Checking group v0.13.0
[INFO] [stderr]     Checking tinyvec v1.6.1
[INFO] [stderr]     Checking unicode-bidi v0.3.15
[INFO] [stderr]     Checking either v1.13.0
[INFO] [stderr]     Checking futures-utils-wasm v0.1.0
[INFO] [stderr]     Checking parking_lot v0.12.3
[INFO] [stderr]     Checking rustls-pki-types v1.7.0
[INFO] [stderr]     Checking ahash v0.8.11
[INFO] [stderr]     Checking itertools v0.13.0
[INFO] [stderr]    Compiling eyre v0.6.12
[INFO] [stderr]     Checking block-buffer v0.10.4
[INFO] [stderr]     Checking crypto-common v0.1.6
[INFO] [stderr]     Checking crypto-bigint v0.5.5
[INFO] [stderr]     Checking indenter v0.3.3
[INFO] [stderr]     Checking rustls-pemfile v2.1.2
[INFO] [stderr]    Compiling indexmap v2.2.6
[INFO] [stderr]    Compiling proc-macro-error v1.0.4
[INFO] [stderr]     Checking digest v0.10.7
[INFO] [stderr]     Checking hmac v0.12.1
[INFO] [stderr]     Checking signature v2.2.0
[INFO] [stderr]     Checking sha2 v0.10.8
[INFO] [stderr]     Checking rfc6979 v0.4.0
[INFO] [stderr]     Checking sec1 v0.7.3
[INFO] [stderr]     Checking spki v0.7.3
[INFO] [stderr]     Checking lru v0.12.3
[INFO] [stderr]     Checking dashmap v5.5.3
[INFO] [stderr]     Checking unicode-normalization v0.1.23
[INFO] [stderr]    Compiling openssl-sys v0.9.102
[INFO] [stderr]     Checking alloy-sol-type-parser v0.7.6
[INFO] [stderr]     Checking idna v0.5.0
[INFO] [stderr]    Compiling openssl v0.10.64
[INFO] [stderr]    Compiling native-tls v0.2.12
[INFO] [stderr]     Checking elliptic-curve v0.13.8
[INFO] [stderr]     Checking url v2.5.2
[INFO] [stderr]     Checking ecdsa v0.16.9
[INFO] [stderr]     Checking k256 v0.13.3
[INFO] [stderr]    Compiling syn-solidity v0.7.6
[INFO] [stderr]    Compiling serde_derive v1.0.203
[INFO] [stderr]    Compiling derive_more v0.99.18
[INFO] [stderr]    Compiling alloy-rlp-derive v0.3.5
[INFO] [stderr]    Compiling tokio-macros v2.3.0
[INFO] [stderr]    Compiling futures-macro v0.3.30
[INFO] [stderr]    Compiling tracing-attributes v0.1.27
[INFO] [stderr]    Compiling thiserror-impl v1.0.61
[INFO] [stderr]    Compiling pin-project-internal v1.1.5
[INFO] [stderr]    Compiling openssl-macros v0.1.1
[INFO] [stderr]    Compiling async-trait v0.1.80
[INFO] [stderr]    Compiling auto_impl v1.2.0
[INFO] [stderr]    Compiling num_enum_derive v0.7.2
[INFO] [stderr]    Compiling strum_macros v0.26.4
[INFO] [stderr]    Compiling async-stream-impl v0.3.5
[INFO] [stderr]     Checking async-stream v0.3.5
[INFO] [stderr]     Checking futures-util v0.3.30
[INFO] [stderr]     Checking num_enum v0.7.2
[INFO] [stderr]     Checking thiserror v1.0.61
[INFO] [stderr]     Checking pin-project v1.1.5
[INFO] [stderr]     Checking tracing v0.1.40
[INFO] [stderr]     Checking strum v0.26.3
[INFO] [stderr]     Checking alloy-chains v0.1.23
[INFO] [stderr]     Checking futures-executor v0.3.30
[INFO] [stderr]     Checking futures v0.3.30
[INFO] [stderr]     Checking bytes v1.6.0
[INFO] [stderr]     Checking const-hex v1.12.0
[INFO] [stderr]     Checking serde_urlencoded v0.7.1
[INFO] [stderr]    Compiling ruint v1.12.3
[INFO] [stderr]     Checking alloy-rlp v0.3.5
[INFO] [stderr]     Checking tokio v1.38.0
[INFO] [stderr]     Checking http v1.1.0
[INFO] [stderr]    Compiling alloy-primitives v0.7.6
[INFO] [stderr]     Checking http-body v1.0.0
[INFO] [stderr]     Checking http-body-util v0.1.2
[INFO] [stderr]     Checking alloy-json-abi v0.7.6
[INFO] [stderr]     Checking alloy-serde v0.1.3
[INFO] [stderr]     Checking alloy-json-rpc v0.1.3
[INFO] [stderr]     Checking alloy-signer v0.1.3
[INFO] [stderr]     Checking alloy-eips v0.1.3
[INFO] [stderr]     Checking alloy-consensus v0.1.3
[INFO] [stderr]    Compiling alloy-sol-macro-input v0.7.6
[INFO] [stderr]    Compiling alloy-sol-macro-expander v0.7.6
[INFO] [stderr]    Compiling alloy-sol-macro v0.7.6
[INFO] [stderr]     Checking tower v0.4.13
[INFO] [stderr]     Checking alloy-sol-types v0.7.6
[INFO] [stderr]     Checking hyper v1.3.1
[INFO] [stderr]     Checking tokio-native-tls v0.3.1
[INFO] [stderr]     Checking tokio-util v0.7.11
[INFO] [stderr]     Checking tokio-stream v0.1.15
[INFO] [stderr]     Checking alloy-transport v0.1.3
[INFO] [stderr]     Checking hyper-util v0.1.5
[INFO] [stderr]     Checking hyper-tls v0.6.0
[INFO] [stderr]     Checking reqwest v0.12.5
[INFO] [stderr]     Checking alloy-rpc-types-eth v0.1.3
[INFO] [stderr]     Checking alloy-dyn-abi v0.7.6
[INFO] [stderr]     Checking alloy-core v0.7.6
[INFO] [stderr]     Checking alloy-transport-http v0.1.3
[INFO] [stderr]     Checking alloy-rpc-client v0.1.3
[INFO] [stderr]     Checking alloy-network v0.1.3
[INFO] [stderr]     Checking alloy-rpc-types v0.1.3
[INFO] [stderr]     Checking alloy-provider v0.1.3
[INFO] [stderr]     Checking alloy-signer-local v0.1.3
[INFO] [stderr]     Checking alloy-contract v0.1.3
[INFO] [stderr]     Checking alloy v0.1.3
[INFO] [stderr]  Documenting benches v0.0.0 (/opt/rustwide/workdir)
[INFO] [stderr]     Finished `dev` profile [unoptimized + debuginfo] target(s) in 37.38s
[INFO] [stderr]    Generated /opt/rustwide/target/doc/benches/index.html
[INFO] running `Command { std: "docker" "inspect" "3689a63da81a819a91df3710de53ee8948283eade0ce993be6a773c1f0856b96", kill_on_drop: false }`
[INFO] running `Command { std: "docker" "exec" "-e" "SOURCE_DIR=/opt/rustwide/workdir" "-e" "CARGO_HOME=/opt/rustwide/cargo-home" "-e" "RUSTUP_HOME=/opt/rustwide/rustup-home" "-e" "CARGO_TARGET_DIR=/opt/rustwide/target" "-e" "CARGO_INCREMENTAL=0" "-e" "RUST_BACKTRACE=full" "-e" "RUSTFLAGS=--cap-lints=warn" "-e" "RUSTDOCFLAGS=--cap-lints=warn" "-e" "DOCS_RS=1" "-e" "RUSTC_BOOTSTRAP=1" "-w" "/opt/rustwide/workdir" "--user" "0:0" "3689a63da81a819a91df3710de53ee8948283eade0ce993be6a773c1f0856b96" "/opt/rustwide/cargo-home/bin/cargo" "+1.99.0-beta.8" "rustdoc" "--lib" "-Zrustdoc-map" "--config" "build.rustdocflags=[\"--cfg\", \"docsrs\", \"-Z\", \"unstable-options\", \"--document-private-items\"]" "--frozen" "--message-format=json", kill_on_drop: false }`
[INFO] [stderr]    Compiling proc-macro2 v1.0.86
[INFO] [stderr]    Compiling thiserror v1.0.61
[INFO] [stdout] error[E0425]: cannot find type `SourceFile` in crate `proc_macro`
[INFO] [stdout]    --> /opt/rustwide/cargo-home/registry/src/index.crates.io-1949cf8c6b5b557f/proc-macro2-1.0.86/src/wrapper.rs:365:26
[INFO] [stdout]     |
[INFO] [stdout] 365 |     Compiler(proc_macro::SourceFile),
[INFO] [stdout]     |                          ^^^^^^^^^^ not found in `proc_macro`
[INFO] [stdout]     |
[INFO] [stdout] help: consider importing one of these structs
[INFO] [stdout]     |
[INFO] [stdout]   1 + use crate::SourceFile;
[INFO] [stdout]     |
[INFO] [stdout]   1 + use crate::fallback::SourceFile;
[INFO] [stdout]     |
[INFO] [stdout] help: if you import `SourceFile`, refer to it directly
[INFO] [stdout]     |
[INFO] [stdout] 365 -     Compiler(proc_macro::SourceFile),
[INFO] [stdout] 365 +     Compiler(SourceFile),
[INFO] [stdout]     |
[INFO] [stdout] 
[INFO] [stdout] 
[INFO] [stdout] error[E0425]: cannot find type `SourceFile` in crate `proc_macro`
[INFO] [stdout]    --> /opt/rustwide/cargo-home/registry/src/index.crates.io-1949cf8c6b5b557f/proc-macro2-1.0.86/src/wrapper.rs:371:32
[INFO] [stdout]     |
[INFO] [stdout] 371 |     fn nightly(sf: proc_macro::SourceFile) -> Self {
[INFO] [stdout]     |                                ^^^^^^^^^^ not found in `proc_macro`
[INFO] [stdout]     |
[INFO] [stdout] help: consider importing one of these structs
[INFO] [stdout]     |
[INFO] [stdout]   1 + use crate::SourceFile;
[INFO] [stdout]     |
[INFO] [stdout]   1 + use crate::fallback::SourceFile;
[INFO] [stdout]     |
[INFO] [stdout] help: if you import `SourceFile`, refer to it directly
[INFO] [stdout]     |
[INFO] [stdout] 371 -     fn nightly(sf: proc_macro::SourceFile) -> Self {
[INFO] [stdout] 371 +     fn nightly(sf: SourceFile) -> Self {
[INFO] [stdout]     |
[INFO] [stdout] 
[INFO] [stdout] 
[INFO] [stdout] error[E0599]: no method named `source_file` found for reference `&proc_macro::Span` in the current scope
[INFO] [stdout]    --> /opt/rustwide/cargo-home/registry/src/index.crates.io-1949cf8c6b5b557f/proc-macro2-1.0.86/src/wrapper.rs:461:56
[INFO] [stdout]     |
[INFO] [stdout] 461 |             Span::Compiler(s) => SourceFile::nightly(s.source_file()),
[INFO] [stdout]     |                                                        ^^^^^^^^^^^
[INFO] [stdout]     |
[INFO] [stdout] help: there is a method `source` with a similar name
[INFO] [stdout]     |
[INFO] [stdout] 461 -             Span::Compiler(s) => SourceFile::nightly(s.source_file()),
[INFO] [stdout] 461 +             Span::Compiler(s) => SourceFile::nightly(s.source()),
[INFO] [stdout]     |
[INFO] [stdout] 
[INFO] [stdout] 
[INFO] [stdout] Some errors have detailed explanations: E0425, E0599.
[INFO] [stdout] 
[INFO] [stdout] For more information about an error, try `rustc --explain E0425`.
[INFO] [stdout] 
[INFO] [stderr] error: could not compile `proc-macro2` (lib) due to 3 previous errors
[INFO] running `Command { std: "docker" "inspect" "3689a63da81a819a91df3710de53ee8948283eade0ce993be6a773c1f0856b96", kill_on_drop: false }`
[INFO] running `Command { std: "docker" "rm" "-f" "3689a63da81a819a91df3710de53ee8948283eade0ce993be6a773c1f0856b96", kill_on_drop: false }`
[INFO] [stdout] 3689a63da81a819a91df3710de53ee8948283eade0ce993be6a773c1f0856b96
