[INFO] cloning repository https://github.com/VCCICCV/RexioSDK
[INFO] running `Command { std: "git" "-c" "credential.helper=" "-c" "credential.helper=/workspace/cargo-home/bin/git-credential-null" "clone" "--bare" "https://github.com/VCCICCV/RexioSDK" "/workspace/cache/git-repos/https%3A%2F%2Fgithub.com%2FVCCICCV%2FRexioSDK", kill_on_drop: false }`
[INFO] [stderr] Cloning into bare repository '/workspace/cache/git-repos/https%3A%2F%2Fgithub.com%2FVCCICCV%2FRexioSDK'...
[INFO] running `Command { std: "git" "rev-parse" "HEAD", kill_on_drop: false }`
[INFO] [stdout] b81ef6aedccc53262994cec60d514511f5be93e4
[INFO] documenting VCCICCV/RexioSDK against 1.99.0-beta.8 for beta-rustdoc-1.100-2
[INFO] running `Command { std: "git" "clone" "/workspace/cache/git-repos/https%3A%2F%2Fgithub.com%2FVCCICCV%2FRexioSDK" "/workspace/builds/worker-7-tc1/source", kill_on_drop: false }`
[INFO] [stderr] Cloning into '/workspace/builds/worker-7-tc1/source'...
[INFO] [stderr] done.
[INFO] started tweaking git repo https://github.com/VCCICCV/RexioSDK
[INFO] finished tweaking git repo https://github.com/VCCICCV/RexioSDK
[INFO] tweaked toml for git repo https://github.com/VCCICCV/RexioSDK written to /workspace/builds/worker-7-tc1/source/Cargo.toml
[INFO] validating manifest of git repo https://github.com/VCCICCV/RexioSDK on toolchain 1.99.0-beta.8
[INFO] running `Command { std: CARGO_HOME="/workspace/cargo-home" RUSTUP_HOME="/workspace/rustup-home" "/workspace/cargo-home/bin/cargo" "+1.99.0-beta.8" "metadata" "--manifest-path" "Cargo.toml" "--no-deps", kill_on_drop: false }`
[INFO] crate git repo https://github.com/VCCICCV/RexioSDK already has a lockfile, it will not be regenerated
[INFO] running `Command { std: CARGO_HOME="/workspace/cargo-home" RUSTUP_HOME="/workspace/rustup-home" "/workspace/cargo-home/bin/cargo" "+1.99.0-beta.8" "fetch" "--manifest-path" "Cargo.toml", kill_on_drop: false }`
[INFO] [stderr]     Updating crates.io index
[INFO] [stderr]  Downloading crates ...
[INFO] [stderr]   Downloaded which v4.4.2
[INFO] [stderr]   Downloaded v4l2-sys-mit v0.3.0
[INFO] [stderr]   Downloaded v4l v0.14.0
[INFO] [stderr]   Downloaded neli-proc-macros v0.1.4
[INFO] [stderr]   Downloaded muldiv v1.0.1
[INFO] [stderr]   Downloaded proc-macro-crate v2.0.2
[INFO] [stderr]   Downloaded version-compare v0.2.1
[INFO] [stderr]   Downloaded embedded-can v0.4.1
[INFO] [stderr]   Downloaded libudev-sys v0.1.4
[INFO] [stderr]   Downloaded toml_datetime v0.6.3
[INFO] [stderr]   Downloaded peeking_take_while v0.1.2
[INFO] [stderr]   Downloaded pretty-hex v0.4.1
[INFO] [stderr]   Downloaded atomic_refcell v0.1.13
[INFO] [stderr]   Downloaded nb v1.1.0
[INFO] [stderr]   Downloaded libudev v0.3.0
[INFO] [stderr]   Downloaded cexpr v0.6.0
[INFO] [stderr]   Downloaded unescaper v0.1.6
[INFO] [stderr]   Downloaded mach2 v0.4.3
[INFO] [stderr]   Downloaded core-foundation v0.10.0
[INFO] [stderr]   Downloaded target-lexicon v0.12.16
[INFO] [stderr]   Downloaded io-kit-sys v0.4.1
[INFO] [stderr]   Downloaded gobject-sys v0.18.0
[INFO] [stderr]   Downloaded option-operations v0.5.0
[INFO] [stderr]   Downloaded clang-sys v1.8.1
[INFO] [stderr]   Downloaded libloading v0.8.9
[INFO] [stderr]   Downloaded realsense-sys v2.56.5
[INFO] [stderr]   Downloaded gstreamer-app v0.21.2
[INFO] [stderr]   Downloaded gstreamer-base-sys v0.21.1
[INFO] [stderr]   Downloaded glib-macros v0.18.5
[INFO] [stderr]   Downloaded gstreamer-app-sys v0.21.1
[INFO] [stderr]   Downloaded alsa-sys v0.3.1
[INFO] [stderr]   Downloaded toml v0.8.2
[INFO] [stderr]   Downloaded neli v0.6.5
[INFO] [stderr]   Downloaded gstreamer-base v0.21.2
[INFO] [stderr]   Downloaded glib-sys v0.18.1
[INFO] [stderr]   Downloaded gio-sys v0.18.1
[INFO] [stderr]   Downloaded alsa v0.8.1
[INFO] [stderr]   Downloaded socketcan v3.5.0
[INFO] [stderr]   Downloaded serialport v4.8.1
[INFO] [stderr]   Downloaded gstreamer-sys v0.21.2
[INFO] [stderr]   Downloaded toml_edit v0.20.2
[INFO] [stderr]   Downloaded realsense-rust v1.3.0
[INFO] [stderr]   Downloaded bindgen v0.65.1
[INFO] [stderr]   Downloaded rustix v0.38.44
[INFO] [stderr]   Downloaded glib v0.18.5
[INFO] [stderr]   Downloaded gstreamer v0.21.3
[INFO] [stderr]   Downloaded libc v0.2.178
[INFO] [stderr]   Downloaded linux-raw-sys v0.4.15
[INFO] running `Command { std: "docker" "create" "-v" "/var/lib/crater-agent-workspace/builds/worker-7-tc1/source:/opt/rustwide/workdir:ro,Z" "-v" "/var/lib/crater-agent-workspace/builds/worker-7-tc1/target:/opt/rustwide/target:rw,Z" "-v" "/var/lib/crater-agent-workspace/cargo-home:/opt/rustwide/cargo-home:ro,Z" "-v" "/var/lib/crater-agent-workspace/rustup-home:/opt/rustwide/rustup-home:ro,Z" "-m" "1610612736" "--network" "none" "ghcr.io/rust-lang/crates-build-env/linux@sha256:77db811e55d90add9212f6832c23229e3de5f1c1f9905e8cb07319ea15df73ac" "sleep" "infinity", kill_on_drop: false }`
[INFO] [stdout] a6784b392cacd85a432ffbbce2d9047f40046ef7a109f2ad7c2c03ed65ed6a36
[INFO] running `Command { std: "docker" "start" "a6784b392cacd85a432ffbbce2d9047f40046ef7a109f2ad7c2c03ed65ed6a36", kill_on_drop: false }`
[INFO] running `Command { std: "docker" "inspect" "a6784b392cacd85a432ffbbce2d9047f40046ef7a109f2ad7c2c03ed65ed6a36", kill_on_drop: false }`
[INFO] running `Command { std: "docker" "exec" "-e" "SOURCE_DIR=/opt/rustwide/workdir" "-e" "CARGO_HOME=/opt/rustwide/cargo-home" "-e" "RUSTUP_HOME=/opt/rustwide/rustup-home" "-e" "CARGO_TARGET_DIR=/opt/rustwide/target" "-w" "/opt/rustwide/workdir" "--user" "0:0" "a6784b392cacd85a432ffbbce2d9047f40046ef7a109f2ad7c2c03ed65ed6a36" "/opt/rustwide/cargo-home/bin/cargo" "+1.99.0-beta.8" "metadata" "--no-deps" "--format-version=1", kill_on_drop: false }`
[INFO] running `Command { std: "docker" "inspect" "a6784b392cacd85a432ffbbce2d9047f40046ef7a109f2ad7c2c03ed65ed6a36", kill_on_drop: false }`
[INFO] running `Command { std: "docker" "exec" "-e" "SOURCE_DIR=/opt/rustwide/workdir" "-e" "CARGO_HOME=/opt/rustwide/cargo-home" "-e" "RUSTUP_HOME=/opt/rustwide/rustup-home" "-e" "CARGO_TARGET_DIR=/opt/rustwide/target" "-e" "CARGO_INCREMENTAL=0" "-e" "RUST_BACKTRACE=full" "-e" "RUSTFLAGS=--cap-lints=warn" "-e" "RUSTDOCFLAGS=--cap-lints=warn" "-w" "/opt/rustwide/workdir" "--user" "0:0" "a6784b392cacd85a432ffbbce2d9047f40046ef7a109f2ad7c2c03ed65ed6a36" "/opt/rustwide/cargo-home/bin/cargo" "+1.99.0-beta.8" "doc" "--frozen" "--no-deps" "--document-private-items" "--message-format=json", kill_on_drop: false }`
[INFO] [stderr]    Compiling proc-macro2 v1.0.103
[INFO] [stderr]    Compiling unicode-ident v1.0.22
[INFO] [stderr]    Compiling serde_core v1.0.228
[INFO] [stderr]    Compiling serde v1.0.228
[INFO] [stderr]    Compiling pkg-config v0.3.32
[INFO] [stderr]    Compiling hashbrown v0.16.1
[INFO] [stderr]    Compiling winnow v0.5.40
[INFO] [stderr]    Compiling target-lexicon v0.12.16
[INFO] [stderr]    Compiling libc v0.2.178
[INFO] [stderr]    Compiling smallvec v1.15.1
[INFO] [stderr]    Compiling heck v0.5.0
[INFO] [stderr]    Compiling version-compare v0.2.1
[INFO] [stderr]    Compiling autocfg v1.5.0
[INFO] [stderr]    Compiling cfg-expr v0.15.8
[INFO] [stderr]    Compiling syn v1.0.109
[INFO] [stderr]    Compiling quote v1.0.40
[INFO] [stderr]    Compiling indexmap v2.12.1
[INFO] [stderr]     Checking cfg-if v1.0.4
[INFO] [stderr]    Compiling glob v0.3.3
[INFO] [stderr]    Compiling syn v2.0.111
[INFO] [stderr]    Compiling either v1.15.0
[INFO] [stderr]    Compiling proc-macro-error-attr v1.0.4
[INFO] [stderr]    Compiling clang-sys v1.8.1
[INFO] [stderr]    Compiling rustix v0.38.44
[INFO] [stderr]     Checking bitflags v2.10.0
[INFO] [stderr]    Compiling prettyplease v0.2.37
[INFO] [stderr]    Compiling proc-macro-error v1.0.4
[INFO] [stderr]    Compiling num-traits v0.2.19
[INFO] [stderr]     Checking pin-project-lite v0.2.16
[INFO] [stderr]    Compiling regex-syntax v0.8.8
[INFO] [stderr]    Compiling linux-raw-sys v0.4.15
[INFO] [stderr]    Compiling memchr v2.7.6
[INFO] [stderr]     Checking futures-core v0.3.31
[INFO] [stderr]    Compiling libloading v0.8.9
[INFO] [stderr]    Compiling nom v7.1.3
[INFO] [stderr]    Compiling bindgen v0.65.1
[INFO] [stderr]     Checking slab v0.4.11
[INFO] [stderr]     Checking once_cell v1.21.3
[INFO] [stderr]     Checking futures-task v0.3.31
[INFO] [stderr]    Compiling thiserror v1.0.69
[INFO] [stderr]    Compiling peeking_take_while v0.1.2
[INFO] [stderr]    Compiling shlex v1.3.0
[INFO] [stderr]    Compiling cexpr v0.6.0
[INFO] [stderr]    Compiling regex-automata v0.4.13
[INFO] [stderr]    Compiling which v4.4.2
[INFO] [stderr]    Compiling lazycell v1.3.0
[INFO] [stderr]    Compiling rustc-hash v1.1.0
[INFO] [stderr]    Compiling thiserror v2.0.17
[INFO] [stderr]    Compiling log v0.4.29
[INFO] [stderr]    Compiling lazy_static v1.5.0
[INFO] [stderr]     Checking num-integer v0.1.46
[INFO] [stderr]     Checking futures-channel v0.3.31
[INFO] [stderr]    Compiling memoffset v0.9.1
[INFO] [stderr]    Compiling libudev-sys v0.1.4
[INFO] [stderr]    Compiling cfg_aliases v0.2.1
[INFO] [stderr]    Compiling nix v0.29.0
[INFO] [stderr]     Checking num-rational v0.4.2
[INFO] [stderr]     Checking option-operations v0.5.0
[INFO] [stderr]     Checking itertools v0.12.1
[INFO] [stderr]    Compiling regex v1.12.2
[INFO] [stderr]    Compiling alsa-sys v0.3.1
[INFO] [stderr]     Checking scopeguard v1.2.0
[INFO] [stderr]     Checking pretty-hex v0.4.1
[INFO] [stderr]     Checking muldiv v1.0.1
[INFO] [stderr]    Compiling crossbeam-utils v0.8.21
[INFO] [stderr]     Checking nix v0.26.4
[INFO] [stderr]    Compiling socketcan v3.5.0
[INFO] [stderr]     Checking atomic_refcell v0.1.13
[INFO] [stderr]    Compiling serde_derive v1.0.228
[INFO] [stderr]    Compiling futures-macro v0.3.31
[INFO] [stderr]    Compiling thiserror-impl v1.0.69
[INFO] [stderr]    Compiling thiserror-impl v2.0.17
[INFO] [stderr]     Checking futures-util v0.3.31
[INFO] [stderr]     Checking nb v1.1.0
[INFO] [stderr]     Checking byteorder v1.5.0
[INFO] [stderr]    Compiling anyhow v1.0.100
[INFO] [stderr]     Checking embedded-can v0.4.1
[INFO] [stderr]    Compiling tracing-attributes v0.1.31
[INFO] [stderr]     Checking libudev v0.3.0
[INFO] [stderr]     Checking parking_lot_core v0.9.12
[INFO] [stderr]     Checking lock_api v0.4.14
[INFO] [stderr]     Checking tracing-core v0.1.35
[INFO] [stderr]     Checking unescaper v0.1.6
[INFO] [stderr]     Checking itertools v0.13.0
[INFO] [stderr]     Checking socket2 v0.5.10
[INFO] [stderr]     Checking futures-sink v0.3.31
[INFO] [stderr]     Checking crossbeam-channel v0.5.15
[INFO] [stderr]     Checking tracing v0.1.43
[INFO] [stderr]     Checking serialport v4.8.1
[INFO] [stderr]     Checking futures-executor v0.3.31
[INFO] [stderr]     Checking parking_lot v0.12.5
[INFO] [stderr]     Checking alsa v0.8.1
[INFO] [stderr]     Checking bytes v1.11.0
[INFO] [stderr]    Compiling toml_datetime v0.6.3
[INFO] [stderr]    Compiling serde_spanned v0.6.9
[INFO] [stderr]    Compiling neli-proc-macros v0.1.4
[INFO] [stderr]    Compiling toml_edit v0.20.2
[INFO] [stderr]     Checking neli v0.6.5
[INFO] [stderr]    Compiling v4l2-sys-mit v0.3.0
[INFO] [stderr]     Checking toml v0.8.2
[INFO] [stderr]    Compiling proc-macro-crate v2.0.2
[INFO] [stderr]    Compiling system-deps v6.2.2
[INFO] [stderr]    Compiling glib-macros v0.18.5
[INFO] [stderr]    Compiling glib-sys v0.18.1
[INFO] [stderr]    Compiling gobject-sys v0.18.0
[INFO] [stderr]    Compiling gstreamer-sys v0.21.2
[INFO] [stderr]    Compiling gio-sys v0.18.1
[INFO] [stderr]    Compiling gstreamer-base-sys v0.21.1
[INFO] [stderr]    Compiling gstreamer-app-sys v0.21.1
[INFO] [stderr]     Checking v4l v0.14.0
[INFO] [stderr]     Checking glib v0.18.5
[INFO] [stderr]     Checking gstreamer v0.21.3
[INFO] [stderr]     Checking gstreamer-base v0.21.2
[INFO] [stderr]     Checking gstreamer-app v0.21.2
[INFO] [stderr]     Checking RexioSDK v0.1.0 (/opt/rustwide/workdir)
[INFO] [stderr]  Documenting RexioSDK v0.1.0 (/opt/rustwide/workdir)
[INFO] [stdout] warning: unused import: `debug`
[INFO] [stdout]   --> src/audio/drivers/gst_mic.rs:14:15
[INFO] [stdout]    |
[INFO] [stdout] 14 | use tracing::{debug, error, info};
[INFO] [stdout]    |               ^^^^^
[INFO] [stdout]    |
[INFO] [stdout]    = note: `#[warn(unused_imports)]` (part of `#[warn(unused)]`) on by default
[INFO] [stdout] 
[INFO] [stdout] 
[INFO] [stdout] warning: unused import: `debug`
[INFO] [stdout]   --> src/audio/drivers/gst_speaker.rs:13:15
[INFO] [stdout]    |
[INFO] [stdout] 13 | use tracing::{debug, error, info};
[INFO] [stdout]    |               ^^^^^
[INFO] [stdout] 
[INFO] [stdout] 
[INFO] [stdout] warning: unused import: `debug`
[INFO] [stdout]   --> src/camera/drivers/gst.rs:14:15
[INFO] [stdout]    |
[INFO] [stdout] 14 | use tracing::{debug, error, info};
[INFO] [stdout]    |               ^^^^^
[INFO] [stdout] 
[INFO] [stdout] 
[INFO] [stdout] warning: unused import: `CanFrame`
[INFO] [stdout]  --> src/motor/drivers/dm.rs:7:17
[INFO] [stdout]   |
[INFO] [stdout] 7 | use socketcan::{CanFrame, CanSocket, EmbeddedFrame, Frame, StandardId, Socket};
[INFO] [stdout]   |                 ^^^^^^^^
[INFO] [stdout] 
[INFO] [stdout] 
[INFO] [stdout] warning: unused import: `error`
[INFO] [stdout]   --> src/motor/drivers/dm.rs:13:22
[INFO] [stdout]    |
[INFO] [stdout] 13 | use tracing::{debug, error, info, warn};
[INFO] [stdout]    |                      ^^^^^
[INFO] [stdout] 
[INFO] [stdout] 
[INFO] [stdout] error[E0277]: the `?` operator can only be applied to values that implement `Try`
[INFO] [stdout]    --> src/audio/drivers/gst_mic.rs:200:5
[INFO] [stdout]     |
[INFO] [stdout] 200 |     sink.set_property("emit-signals", &false)?;
[INFO] [stdout]     |     ^^^^^^^^^^^^^^^^^^^^^^^^^^^^^^^^^^^^^^^^^^ the `?` operator cannot be applied to type `()`
[INFO] [stdout]     |
[INFO] [stdout]     = help: the nightly-only, unstable trait `Try` is not implemented for `()`
[INFO] [stdout] 
[INFO] [stdout] 
[INFO] [stdout] error[E0277]: the `?` operator can only be applied to values that implement `Try`
[INFO] [stdout]    --> src/audio/drivers/gst_mic.rs:201:5
[INFO] [stdout]     |
[INFO] [stdout] 201 |     sink.set_property("sync", &false)?;
[INFO] [stdout]     |     ^^^^^^^^^^^^^^^^^^^^^^^^^^^^^^^^^^ the `?` operator cannot be applied to type `()`
[INFO] [stdout]     |
[INFO] [stdout]     = help: the nightly-only, unstable trait `Try` is not implemented for `()`
[INFO] [stdout] 
[INFO] [stdout] 
[INFO] [stdout] error[E0277]: the trait bound `std::option::Option<ClockTime>: From<std::time::Duration>` is not satisfied
[INFO] [stdout]    --> src/audio/drivers/gst_mic.rs:209:36
[INFO] [stdout]     |
[INFO] [stdout] 209 |         match sink.try_pull_sample(pull_timeout) {
[INFO] [stdout]     |                    --------------- ^^^^^^^^^^^^ the trait `From<std::time::Duration>` is not implemented for `std::option::Option<ClockTime>`
[INFO] [stdout]     |                    |
[INFO] [stdout]     |                    required by a bound introduced by this call
[INFO] [stdout]     |
[INFO] [stdout]     = help: the following other types implement trait `From<T>`:
[INFO] [stdout]               `std::option::Option<&T>` implements `From<&std::option::Option<T>>`
[INFO] [stdout]               `std::option::Option<&mut T>` implements `From<&mut std::option::Option<T>>`
[INFO] [stdout]               `std::option::Option<&tracing::Metadata<'_>>` implements `From<&tracing_core::span::Current>`
[INFO] [stdout]               `std::option::Option<&tracing::span::Id>` implements `From<&EnteredSpan>`
[INFO] [stdout]               `std::option::Option<&tracing::span::Id>` implements `From<&Span>`
[INFO] [stdout]               `std::option::Option<&tracing::span::Id>` implements `From<&tracing_core::span::Current>`
[INFO] [stdout]               `std::option::Option<Level>` implements `From<LevelFilter>`
[INFO] [stdout]               `std::option::Option<T>` implements `From<T>`
[INFO] [stdout]             and 8 others
[INFO] [stdout]     = note: required for `std::time::Duration` to implement `Into<std::option::Option<ClockTime>>`
[INFO] [stdout] note: required by a bound in `AppSink::try_pull_sample`
[INFO] [stdout]    --> /opt/rustwide/cargo-home/registry/src/index.crates.io-1949cf8c6b5b557f/gstreamer-app-0.21.2/src/auto/app_sink.rs:196:23
[INFO] [stdout]     |
[INFO] [stdout] 194 |     pub fn try_pull_sample(
[INFO] [stdout]     |            --------------- required by a bound in this associated function
[INFO] [stdout] 195 |         &self,
[INFO] [stdout] 196 |         timeout: impl Into<Option<gst::ClockTime>>,
[INFO] [stdout]     |                       ^^^^^^^^^^^^^^^^^^^^^^^^^^^^ required by this bound in `AppSink::try_pull_sample`
[INFO] [stdout] 
[INFO] [stdout] 
[INFO] [stdout] error[E0277]: the `?` operator can only be applied to values that implement `Try`
[INFO] [stdout]    --> src/audio/drivers/gst_speaker.rs:154:5
[INFO] [stdout]     |
[INFO] [stdout] 154 |     src.set_property("is-live", &true)?;
[INFO] [stdout]     |     ^^^^^^^^^^^^^^^^^^^^^^^^^^^^^^^^^^^ the `?` operator cannot be applied to type `()`
[INFO] [stdout]     |
[INFO] [stdout]     = help: the nightly-only, unstable trait `Try` is not implemented for `()`
[INFO] [stdout] 
[INFO] [stdout] 
[INFO] [stdout] error[E0277]: the `?` operator can only be applied to values that implement `Try`
[INFO] [stdout]    --> src/audio/drivers/gst_speaker.rs:155:5
[INFO] [stdout]     |
[INFO] [stdout] 155 |     src.set_property("format", &gst::Format::Time)?;
[INFO] [stdout]     |     ^^^^^^^^^^^^^^^^^^^^^^^^^^^^^^^^^^^^^^^^^^^^^^^ the `?` operator cannot be applied to type `()`
[INFO] [stdout]     |
[INFO] [stdout]     = help: the nightly-only, unstable trait `Try` is not implemented for `()`
[INFO] [stdout] 
[INFO] [stdout] 
[INFO] [stdout] error[E0308]: mismatched types
[INFO] [stdout]   --> src/audio/drivers/mod.rs:22:5
[INFO] [stdout]    |
[INFO] [stdout] 20 |   pub fn init_gst_once() -> Result<(), anyhow::Error> {
[INFO] [stdout]    |                             ------------------------- expected `std::result::Result<(), anyhow::Error>` because of return type
[INFO] [stdout] 21 |       static ONCE: OnceCell<Result<(), anyhow::Error>> = OnceCell::new();
[INFO] [stdout] 22 | /     ONCE
[INFO] [stdout] 23 | |         .get_or_init(|| gstreamer::init().map_err(anyhow::Error::new))
[INFO] [stdout] 24 | |         .clone()
[INFO] [stdout]    | |________________^ expected `Result<(), Error>`, found `&Result<(), Error>`
[INFO] [stdout]    |
[INFO] [stdout]    = note:   expected enum `Result<_, _>`
[INFO] [stdout]            found reference `&Result<_, _>`
[INFO] [stdout] note: `std::result::Result<(), anyhow::Error>` does not implement `Clone`, so `&std::result::Result<(), anyhow::Error>` was cloned instead
[INFO] [stdout]   --> src/audio/drivers/mod.rs:22:5
[INFO] [stdout]    |
[INFO] [stdout] 22 | /     ONCE
[INFO] [stdout] 23 | |         .get_or_init(|| gstreamer::init().map_err(anyhow::Error::new))
[INFO] [stdout]    | |______________________________________________________________________^
[INFO] [stdout] help: `Clone` is not implemented because a trait bound is not satisfied
[INFO] [stdout]   --> /rustc/dfb0accb7f508ae8be965d8629557221c889dd98/library/core/src/result.rs:1894:7
[INFO] [stdout] 
[INFO] [stdout] 
[INFO] [stdout] error[E0277]: the `?` operator can only be applied to values that implement `Try`
[INFO] [stdout]    --> src/camera/drivers/gst.rs:164:5
[INFO] [stdout]     |
[INFO] [stdout] 164 |     sink.set_property("emit-signals", &false)?;
[INFO] [stdout]     |     ^^^^^^^^^^^^^^^^^^^^^^^^^^^^^^^^^^^^^^^^^^ the `?` operator cannot be applied to type `()`
[INFO] [stdout]     |
[INFO] [stdout]     = help: the nightly-only, unstable trait `Try` is not implemented for `()`
[INFO] [stdout] 
[INFO] [stdout] 
[INFO] [stdout] error[E0277]: the `?` operator can only be applied to values that implement `Try`
[INFO] [stdout]    --> src/camera/drivers/gst.rs:165:5
[INFO] [stdout]     |
[INFO] [stdout] 165 |     sink.set_property("sync", &false)?;
[INFO] [stdout]     |     ^^^^^^^^^^^^^^^^^^^^^^^^^^^^^^^^^^ the `?` operator cannot be applied to type `()`
[INFO] [stdout]     |
[INFO] [stdout]     = help: the nightly-only, unstable trait `Try` is not implemented for `()`
[INFO] [stdout] 
[INFO] [stdout] 
[INFO] [stdout] error[E0277]: the trait bound `std::option::Option<ClockTime>: From<std::time::Duration>` is not satisfied
[INFO] [stdout]    --> src/camera/drivers/gst.rs:173:36
[INFO] [stdout]     |
[INFO] [stdout] 173 |         match sink.try_pull_sample(pull_timeout) {
[INFO] [stdout]     |                    --------------- ^^^^^^^^^^^^ the trait `From<std::time::Duration>` is not implemented for `std::option::Option<ClockTime>`
[INFO] [stdout]     |                    |
[INFO] [stdout]     |                    required by a bound introduced by this call
[INFO] [stdout]     |
[INFO] [stdout]     = help: the following other types implement trait `From<T>`:
[INFO] [stdout]               `std::option::Option<&T>` implements `From<&std::option::Option<T>>`
[INFO] [stdout]               `std::option::Option<&mut T>` implements `From<&mut std::option::Option<T>>`
[INFO] [stdout]               `std::option::Option<&tracing::Metadata<'_>>` implements `From<&tracing_core::span::Current>`
[INFO] [stdout]               `std::option::Option<&tracing::span::Id>` implements `From<&EnteredSpan>`
[INFO] [stdout]               `std::option::Option<&tracing::span::Id>` implements `From<&Span>`
[INFO] [stdout]               `std::option::Option<&tracing::span::Id>` implements `From<&tracing_core::span::Current>`
[INFO] [stdout]               `std::option::Option<Level>` implements `From<LevelFilter>`
[INFO] [stdout]               `std::option::Option<T>` implements `From<T>`
[INFO] [stdout]             and 8 others
[INFO] [stdout]     = note: required for `std::time::Duration` to implement `Into<std::option::Option<ClockTime>>`
[INFO] [stdout] note: required by a bound in `AppSink::try_pull_sample`
[INFO] [stdout]    --> /opt/rustwide/cargo-home/registry/src/index.crates.io-1949cf8c6b5b557f/gstreamer-app-0.21.2/src/auto/app_sink.rs:196:23
[INFO] [stdout]     |
[INFO] [stdout] 194 |     pub fn try_pull_sample(
[INFO] [stdout]     |            --------------- required by a bound in this associated function
[INFO] [stdout] 195 |         &self,
[INFO] [stdout] 196 |         timeout: impl Into<Option<gst::ClockTime>>,
[INFO] [stdout]     |                       ^^^^^^^^^^^^^^^^^^^^^^^^^^^^ required by this bound in `AppSink::try_pull_sample`
[INFO] [stdout] 
[INFO] [stdout] 
[INFO] [stdout] error[E0560]: struct `EuMotorDriver` has no field named `mode`
[INFO] [stdout]    --> src/motor/drivers/eu.rs:112:13
[INFO] [stdout]     |
[INFO] [stdout] 112 |             mode: Mutex::new(ControlMode::Idle),
[INFO] [stdout]     |             ^^^^ `EuMotorDriver` does not have this field
[INFO] [stdout]     |
[INFO] [stdout]     = note: available fields are: `contexts`
[INFO] [stdout] 
[INFO] [stdout] 
[INFO] [stdout] error[E0609]: no field `mode` on type `&EuMotorDriver`
[INFO] [stdout]    --> src/motor/drivers/eu.rs:192:15
[INFO] [stdout]     |
[INFO] [stdout] 192 |         *self.mode.lock() = mode;
[INFO] [stdout]     |               ^^^^ unknown field
[INFO] [stdout]     |
[INFO] [stdout]     = note: available fields are: `settings`, `socket`, `contexts`, `position`, `velocity` ... and 2 others
[INFO] [stdout] 
[INFO] [stdout] 
[INFO] [stdout] error[E0609]: no field `mode` on type `&EuMotorDriver`
[INFO] [stdout]    --> src/motor/drivers/eu.rs:236:25
[INFO] [stdout]     |
[INFO] [stdout] 236 |             mode: *self.mode.lock(),
[INFO] [stdout]     |                         ^^^^ unknown field
[INFO] [stdout]     |
[INFO] [stdout]     = note: available fields are: `settings`, `socket`, `contexts`, `position`, `velocity` ... and 2 others
[INFO] [stdout] 
[INFO] [stdout] 
[INFO] [stdout] warning: unused import: `Frame`
[INFO] [stdout]  --> src/motor/drivers/dm.rs:7:53
[INFO] [stdout]   |
[INFO] [stdout] 7 | use socketcan::{CanFrame, CanSocket, EmbeddedFrame, Frame, StandardId, Socket};
[INFO] [stdout]   |                                                     ^^^^^
[INFO] [stdout] 
[INFO] [stdout] 
[INFO] [stdout] warning: unused variable: `mode`
[INFO] [stdout]    --> src/motor/drivers/dm.rs:314:13
[INFO] [stdout]     |
[INFO] [stdout] 314 |         let mode = self.get_dm_mode(node_id);
[INFO] [stdout]     |             ^^^^ help: if this is intentional, prefix it with an underscore: `_mode`
[INFO] [stdout]     |
[INFO] [stdout]     = note: `#[warn(unused_variables)]` (part of `#[warn(unused)]`) on by default
[INFO] [stdout] 
[INFO] [stdout] 
[INFO] [stdout] Some errors have detailed explanations: E0277, E0308, E0560, E0609.
[INFO] [stdout] 
[INFO] [stdout] For more information about an error, try `rustc --explain E0277`.
[INFO] [stdout] 
[INFO] [stderr] error: could not compile `RexioSDK` (lib) due to 12 previous errors; 7 warnings emitted
[INFO] [stderr] warning: build failed, waiting for other jobs to finish...
[INFO] running `Command { std: "docker" "inspect" "a6784b392cacd85a432ffbbce2d9047f40046ef7a109f2ad7c2c03ed65ed6a36", kill_on_drop: false }`
[INFO] running `Command { std: "docker" "rm" "-f" "a6784b392cacd85a432ffbbce2d9047f40046ef7a109f2ad7c2c03ed65ed6a36", kill_on_drop: false }`
[INFO] [stdout] a6784b392cacd85a432ffbbce2d9047f40046ef7a109f2ad7c2c03ed65ed6a36
