[INFO] cloning repository https://github.com/mfontanini/brainrust
[INFO] running `Command { std: "git" "-c" "credential.helper=" "-c" "credential.helper=/workspace/cargo-home/bin/git-credential-null" "clone" "--bare" "https://github.com/mfontanini/brainrust" "/workspace/cache/git-repos/https%3A%2F%2Fgithub.com%2Fmfontanini%2Fbrainrust", kill_on_drop: false }`
[INFO] [stderr] Cloning into bare repository '/workspace/cache/git-repos/https%3A%2F%2Fgithub.com%2Fmfontanini%2Fbrainrust'...
[INFO] running `Command { std: "git" "rev-parse" "HEAD", kill_on_drop: false }`
[INFO] [stdout] 53c2599c2b3f35d1aefeea5ed7b20b3df3b6f068
[INFO] testing mfontanini/brainrust against 1.99.0-beta.1+cargoflags=--release for beta-release-1.99-2
[INFO] running `Command { std: "git" "clone" "/workspace/cache/git-repos/https%3A%2F%2Fgithub.com%2Fmfontanini%2Fbrainrust" "/workspace/builds/worker-4-tc2/source", kill_on_drop: false }`
[INFO] [stderr] Cloning into '/workspace/builds/worker-4-tc2/source'...
[INFO] [stderr] done.
[INFO] started tweaking git repo https://github.com/mfontanini/brainrust
[INFO] finished tweaking git repo https://github.com/mfontanini/brainrust
[INFO] tweaked toml for git repo https://github.com/mfontanini/brainrust written to /workspace/builds/worker-4-tc2/source/Cargo.toml
[INFO] validating manifest of git repo https://github.com/mfontanini/brainrust on toolchain 1.99.0-beta.1
[INFO] running `Command { std: CARGO_HOME="/workspace/cargo-home" RUSTUP_HOME="/workspace/rustup-home" "/workspace/cargo-home/bin/cargo" "+1.99.0-beta.1" "metadata" "--manifest-path" "Cargo.toml" "--no-deps", kill_on_drop: false }`
[INFO] crate git repo https://github.com/mfontanini/brainrust already has a lockfile, it will not be regenerated
[INFO] running `Command { std: CARGO_HOME="/workspace/cargo-home" RUSTUP_HOME="/workspace/rustup-home" "/workspace/cargo-home/bin/cargo" "+1.99.0-beta.1" "fetch" "--manifest-path" "Cargo.toml", kill_on_drop: false }`
[INFO] [stderr]     Blocking waiting for file lock on package cache
[ERROR] error running command: no output for 300 seconds
[INFO] testing mfontanini/brainrust against 1.99.0-beta.1+cargoflags=--release for beta-release-1.99-2
[INFO] running `Command { std: "git" "clone" "/workspace/cache/git-repos/https%3A%2F%2Fgithub.com%2Fmfontanini%2Fbrainrust" "/workspace/builds/worker-4-tc2/source", kill_on_drop: false }`
[INFO] [stderr] Cloning into '/workspace/builds/worker-4-tc2/source'...
[INFO] [stderr] done.
[INFO] started tweaking git repo https://github.com/mfontanini/brainrust
[INFO] finished tweaking git repo https://github.com/mfontanini/brainrust
[INFO] tweaked toml for git repo https://github.com/mfontanini/brainrust written to /workspace/builds/worker-4-tc2/source/Cargo.toml
[INFO] validating manifest of git repo https://github.com/mfontanini/brainrust on toolchain 1.99.0-beta.1
[INFO] running `Command { std: CARGO_HOME="/workspace/cargo-home" RUSTUP_HOME="/workspace/rustup-home" "/workspace/cargo-home/bin/cargo" "+1.99.0-beta.1" "metadata" "--manifest-path" "Cargo.toml" "--no-deps", kill_on_drop: false }`
[INFO] crate git repo https://github.com/mfontanini/brainrust already has a lockfile, it will not be regenerated
[INFO] running `Command { std: CARGO_HOME="/workspace/cargo-home" RUSTUP_HOME="/workspace/rustup-home" "/workspace/cargo-home/bin/cargo" "+1.99.0-beta.1" "fetch" "--manifest-path" "Cargo.toml", kill_on_drop: false }`
[INFO] [stderr]     Blocking waiting for file lock on package cache
[INFO] [stderr]     Updating crates.io index
[INFO] [stderr]     Blocking waiting for file lock on package cache
[ERROR] error running command: no output for 300 seconds
[INFO] testing mfontanini/brainrust against 1.99.0-beta.1+cargoflags=--release for beta-release-1.99-2
[INFO] running `Command { std: "git" "clone" "/workspace/cache/git-repos/https%3A%2F%2Fgithub.com%2Fmfontanini%2Fbrainrust" "/workspace/builds/worker-4-tc2/source", kill_on_drop: false }`
[INFO] [stderr] Cloning into '/workspace/builds/worker-4-tc2/source'...
[INFO] [stderr] done.
[INFO] started tweaking git repo https://github.com/mfontanini/brainrust
[INFO] finished tweaking git repo https://github.com/mfontanini/brainrust
[INFO] tweaked toml for git repo https://github.com/mfontanini/brainrust written to /workspace/builds/worker-4-tc2/source/Cargo.toml
[INFO] validating manifest of git repo https://github.com/mfontanini/brainrust on toolchain 1.99.0-beta.1
[INFO] running `Command { std: CARGO_HOME="/workspace/cargo-home" RUSTUP_HOME="/workspace/rustup-home" "/workspace/cargo-home/bin/cargo" "+1.99.0-beta.1" "metadata" "--manifest-path" "Cargo.toml" "--no-deps", kill_on_drop: false }`
[INFO] crate git repo https://github.com/mfontanini/brainrust already has a lockfile, it will not be regenerated
[INFO] running `Command { std: CARGO_HOME="/workspace/cargo-home" RUSTUP_HOME="/workspace/rustup-home" "/workspace/cargo-home/bin/cargo" "+1.99.0-beta.1" "fetch" "--manifest-path" "Cargo.toml", kill_on_drop: false }`
[INFO] [stderr]     Blocking waiting for file lock on package cache
[ERROR] error running command: no output for 300 seconds
[INFO] testing mfontanini/brainrust against 1.99.0-beta.1+cargoflags=--release for beta-release-1.99-2
[INFO] running `Command { std: "git" "clone" "/workspace/cache/git-repos/https%3A%2F%2Fgithub.com%2Fmfontanini%2Fbrainrust" "/workspace/builds/worker-4-tc2/source", kill_on_drop: false }`
[INFO] [stderr] Cloning into '/workspace/builds/worker-4-tc2/source'...
[INFO] [stderr] done.
[INFO] started tweaking git repo https://github.com/mfontanini/brainrust
[INFO] finished tweaking git repo https://github.com/mfontanini/brainrust
[INFO] tweaked toml for git repo https://github.com/mfontanini/brainrust written to /workspace/builds/worker-4-tc2/source/Cargo.toml
[INFO] validating manifest of git repo https://github.com/mfontanini/brainrust on toolchain 1.99.0-beta.1
[INFO] running `Command { std: CARGO_HOME="/workspace/cargo-home" RUSTUP_HOME="/workspace/rustup-home" "/workspace/cargo-home/bin/cargo" "+1.99.0-beta.1" "metadata" "--manifest-path" "Cargo.toml" "--no-deps", kill_on_drop: false }`
[INFO] crate git repo https://github.com/mfontanini/brainrust already has a lockfile, it will not be regenerated
[INFO] running `Command { std: CARGO_HOME="/workspace/cargo-home" RUSTUP_HOME="/workspace/rustup-home" "/workspace/cargo-home/bin/cargo" "+1.99.0-beta.1" "fetch" "--manifest-path" "Cargo.toml", kill_on_drop: false }`
[INFO] [stderr]     Blocking waiting for file lock on package cache
[INFO] [stderr]     Blocking waiting for file lock on package cache
[INFO] [stderr]  Downloading crates ...
[INFO] [stderr]   Downloaded fragile v1.0.0
[INFO] [stderr]   Downloaded downcast v0.10.0
[INFO] [stderr]   Downloaded thiserror-impl v1.0.26
[INFO] [stderr]   Downloaded predicates-tree v1.0.2
[INFO] [stderr]   Downloaded treeline v0.1.0
[INFO] [stderr]   Downloaded predicates-core v1.0.2
[INFO] [stderr]   Downloaded float-cmp v0.8.0
[INFO] [stderr]   Downloaded mockall v0.10.2
[INFO] [stderr]   Downloaded thiserror v1.0.26
[INFO] [stderr]   Downloaded predicates v1.0.8
[INFO] [stderr]   Downloaded mockall_derive v0.10.2
[INFO] [stderr]   Downloaded memchr v2.4.0
[INFO] [stderr]   Downloaded syn v1.0.74
[INFO] [stderr]   Downloaded difference v2.0.0
[INFO] running `Command { std: "docker" "create" "-v" "/var/lib/crater-agent-workspace/builds/worker-4-tc2/source:/opt/rustwide/workdir:ro,Z" "-v" "/var/lib/crater-agent-workspace/builds/worker-4-tc2/target:/opt/rustwide/target:rw,Z" "-v" "/var/lib/crater-agent-workspace/cargo-home:/opt/rustwide/cargo-home:ro,Z" "-v" "/var/lib/crater-agent-workspace/rustup-home:/opt/rustwide/rustup-home:ro,Z" "-m" "1610612736" "--network" "none" "ghcr.io/rust-lang/crates-build-env/linux@sha256:8683fc1fc2eb5c9ac98e0d076ab094b2ffac7f99da555d2b6a2e27f346de2ec7" "sleep" "infinity", kill_on_drop: false }`
[INFO] [stdout] a43b418d845e5f95938308c8955db0ae8d3990e489cd7829f2f9560ce3df1a44
[INFO] running `Command { std: "docker" "start" "a43b418d845e5f95938308c8955db0ae8d3990e489cd7829f2f9560ce3df1a44", kill_on_drop: false }`
[INFO] running `Command { std: "docker" "inspect" "a43b418d845e5f95938308c8955db0ae8d3990e489cd7829f2f9560ce3df1a44", kill_on_drop: false }`
[INFO] running `Command { std: "docker" "exec" "-e" "SOURCE_DIR=/opt/rustwide/workdir" "-e" "CARGO_HOME=/opt/rustwide/cargo-home" "-e" "RUSTUP_HOME=/opt/rustwide/rustup-home" "-e" "CARGO_TARGET_DIR=/opt/rustwide/target" "-w" "/opt/rustwide/workdir" "--user" "0:0" "a43b418d845e5f95938308c8955db0ae8d3990e489cd7829f2f9560ce3df1a44" "/opt/rustwide/cargo-home/bin/cargo" "+1.99.0-beta.1" "metadata" "--no-deps" "--format-version=1", kill_on_drop: false }`
[INFO] running `Command { std: "docker" "inspect" "a43b418d845e5f95938308c8955db0ae8d3990e489cd7829f2f9560ce3df1a44", kill_on_drop: false }`
[INFO] running `Command { std: "docker" "exec" "-e" "SOURCE_DIR=/opt/rustwide/workdir" "-e" "CARGO_HOME=/opt/rustwide/cargo-home" "-e" "RUSTUP_HOME=/opt/rustwide/rustup-home" "-e" "CARGO_TARGET_DIR=/opt/rustwide/target" "-e" "CARGO_INCREMENTAL=0" "-e" "RUST_BACKTRACE=full" "-e" "RUSTFLAGS=--cap-lints=warn" "-e" "RUSTDOCFLAGS=--cap-lints=warn" "-w" "/opt/rustwide/workdir" "--user" "0:0" "a43b418d845e5f95938308c8955db0ae8d3990e489cd7829f2f9560ce3df1a44" "/opt/rustwide/cargo-home/bin/cargo" "+1.99.0-beta.1" "build" "--frozen" "--message-format=json" "--release", kill_on_drop: false }`
[INFO] [stderr]    Compiling proc-macro2 v1.0.27
[INFO] [stderr]    Compiling syn v1.0.74
[INFO] [stderr]    Compiling quote v1.0.9
[INFO] [stderr]    Compiling thiserror-impl v1.0.26
[INFO] [stderr]    Compiling thiserror v1.0.26
[INFO] [stderr]    Compiling brainrust v0.1.0 (/opt/rustwide/workdir)
[INFO] [stderr]     Finished `release` profile [optimized] target(s) in 7.16s
[INFO] running `Command { std: "docker" "inspect" "a43b418d845e5f95938308c8955db0ae8d3990e489cd7829f2f9560ce3df1a44", kill_on_drop: false }`
[INFO] running `Command { std: "docker" "exec" "-e" "SOURCE_DIR=/opt/rustwide/workdir" "-e" "CARGO_HOME=/opt/rustwide/cargo-home" "-e" "RUSTUP_HOME=/opt/rustwide/rustup-home" "-e" "CARGO_TARGET_DIR=/opt/rustwide/target" "-e" "CARGO_INCREMENTAL=0" "-e" "RUST_BACKTRACE=full" "-e" "RUSTFLAGS=--cap-lints=warn" "-e" "RUSTDOCFLAGS=--cap-lints=warn" "-w" "/opt/rustwide/workdir" "--user" "0:0" "a43b418d845e5f95938308c8955db0ae8d3990e489cd7829f2f9560ce3df1a44" "/opt/rustwide/cargo-home/bin/cargo" "+1.99.0-beta.1" "test" "--frozen" "--no-run" "--message-format=json" "--release", kill_on_drop: false }`
[INFO] [stderr]    Compiling memchr v2.4.0
[INFO] [stderr]    Compiling predicates-core v1.0.2
[INFO] [stderr]    Compiling treeline v0.1.0
[INFO] [stderr]    Compiling num-traits v0.2.14
[INFO] [stderr]    Compiling difference v2.0.0
[INFO] [stderr]    Compiling normalize-line-endings v0.3.0
[INFO] [stderr]    Compiling mockall_derive v0.10.2
[INFO] [stderr]    Compiling fragile v1.0.0
[INFO] [stderr]    Compiling downcast v0.10.0
[INFO] [stderr]    Compiling predicates-tree v1.0.2
[INFO] [stderr]    Compiling aho-corasick v0.7.18
[INFO] [stderr]    Compiling float-cmp v0.8.0
[INFO] [stderr]    Compiling regex v1.5.4
[INFO] [stderr]    Compiling predicates v1.0.8
[INFO] [stderr]    Compiling mockall v0.10.2
[INFO] [stderr]    Compiling brainrust v0.1.0 (/opt/rustwide/workdir)
[INFO] [stderr]     Finished `release` profile [optimized] target(s) in 21.11s
[INFO] running `Command { std: "docker" "inspect" "a43b418d845e5f95938308c8955db0ae8d3990e489cd7829f2f9560ce3df1a44", kill_on_drop: false }`
[INFO] running `Command { std: "docker" "exec" "-e" "SOURCE_DIR=/opt/rustwide/workdir" "-e" "CARGO_HOME=/opt/rustwide/cargo-home" "-e" "RUSTUP_HOME=/opt/rustwide/rustup-home" "-e" "CARGO_TARGET_DIR=/opt/rustwide/target" "-e" "CARGO_INCREMENTAL=0" "-e" "RUST_BACKTRACE=full" "-e" "RUSTFLAGS=--cap-lints=warn" "-e" "RUSTDOCFLAGS=--cap-lints=warn" "-w" "/opt/rustwide/workdir" "--user" "0:0" "a43b418d845e5f95938308c8955db0ae8d3990e489cd7829f2f9560ce3df1a44" "/opt/rustwide/cargo-home/bin/cargo" "+1.99.0-beta.1" "test" "--frozen" "--release", kill_on_drop: false }`
[INFO] [stderr]     Finished `release` profile [optimized] target(s) in 0.05s
[INFO] [stderr]      Running unittests src/lib.rs (/opt/rustwide/target/release/deps/brainrust-7ef0d0428f2e241a)
[INFO] [stdout] 
[INFO] [stdout] running 22 tests
[INFO] [stdout] test interpret::tests::input ... ok
[INFO] [stdout] test interpret::tests::loop_executes_if_non_zero ... ok
[INFO] [stdout] test interpret::tests::loop_skips_if_zero ... ok
[INFO] [stdout] test interpret::tests::modify_data ... ok
[INFO] [stdout] test interpret::tests::modify_data_loop_around ... ok
[INFO] [stdout] test interpret::tests::modify_data_loop_around_negative ... ok
[INFO] [stdout] test interpret::tests::move_before_tape_beginning ... ok
[INFO] [stdout] test interpret::tests::move_past_tape_end ... ok
[INFO] [stdout] test interpret::tests::move_pointer ... ok
[INFO] [stdout] test interpret::tests::output ... ok
[INFO] [stdout] test preprocess::tests::broken_loops ... ok
[INFO] [stdout] test preprocess::tests::empty_loop ... ok
[INFO] [stdout] test preprocess::tests::empty_nested_loops ... ok
[INFO] [stdout] test preprocess::tests::modify_data_negative ... ok
[INFO] [stdout] test preprocess::tests::non_empty_loop ... ok
[INFO] [stdout] test preprocess::tests::non_empty_nested_loops ... ok
[INFO] [stdout] test preprocess::tests::pointer_moves ... ok
[INFO] [stdout] test preprocess::tests::noops_are_ignored ... ok
[INFO] [stdout] test preprocess::tests::pointer_moves_negative_offset ... ok
[INFO] [stdout] test preprocess::tests::pointer_moves_backwards_first ... ok
[INFO] [stdout] test preprocess::tests::modify_data ... ok
[INFO] [stdout] test preprocess::tests::io ... ok
[INFO] [stdout] 
[INFO] [stdout] test result: ok. 22 passed; 0 failed; 0 ignored; 0 measured; 0 filtered out; finished in 0.00s
[INFO] [stdout] 
[INFO] [stdout] 
[INFO] [stdout] running 0 tests
[INFO] [stdout] 
[INFO] [stdout] test result: ok. 0 passed; 0 failed; 0 ignored; 0 measured; 0 filtered out; finished in 0.00s
[INFO] [stdout] 
[INFO] [stderr]      Running unittests src/main.rs (/opt/rustwide/target/release/deps/brainrust-c6cd16f880ccc4ae)
[INFO] [stderr]    Doc-tests brainrust
[INFO] [stdout] 
[INFO] [stdout] running 0 tests
[INFO] [stdout] 
[INFO] [stdout] test result: ok. 0 passed; 0 failed; 0 ignored; 0 measured; 0 filtered out; finished in 0.00s
[INFO] [stdout] 
[INFO] running `Command { std: "docker" "inspect" "a43b418d845e5f95938308c8955db0ae8d3990e489cd7829f2f9560ce3df1a44", kill_on_drop: false }`
[INFO] running `Command { std: "docker" "rm" "-f" "a43b418d845e5f95938308c8955db0ae8d3990e489cd7829f2f9560ce3df1a44", kill_on_drop: false }`
[INFO] [stdout] a43b418d845e5f95938308c8955db0ae8d3990e489cd7829f2f9560ce3df1a44
