[INFO] cloning repository https://github.com/majksa-dev/static-server
[INFO] running `Command { std: "git" "-c" "credential.helper=" "-c" "credential.helper=/workspace/cargo-home/bin/git-credential-null" "clone" "--bare" "https://github.com/majksa-dev/static-server" "/workspace/cache/git-repos/https%3A%2F%2Fgithub.com%2Fmajksa-dev%2Fstatic-server", kill_on_drop: false }`
[INFO] [stderr] Cloning into bare repository '/workspace/cache/git-repos/https%3A%2F%2Fgithub.com%2Fmajksa-dev%2Fstatic-server'...
[INFO] running `Command { std: "git" "rev-parse" "HEAD", kill_on_drop: false }`
[INFO] [stdout] 81386713a67517718324c2246015d04d25c3e75f
[INFO] testing majksa-dev/static-server against 1.99.0-beta.1+cargoflags=--release for beta-release-1.99-2
[INFO] running `Command { std: "git" "clone" "/workspace/cache/git-repos/https%3A%2F%2Fgithub.com%2Fmajksa-dev%2Fstatic-server" "/workspace/builds/worker-4-tc2/source", kill_on_drop: false }`
[INFO] [stderr] Cloning into '/workspace/builds/worker-4-tc2/source'...
[INFO] [stderr] done.
[INFO] started tweaking git repo https://github.com/majksa-dev/static-server
[INFO] finished tweaking git repo https://github.com/majksa-dev/static-server
[INFO] tweaked toml for git repo https://github.com/majksa-dev/static-server written to /workspace/builds/worker-4-tc2/source/Cargo.toml
[INFO] validating manifest of git repo https://github.com/majksa-dev/static-server on toolchain 1.99.0-beta.1
[INFO] running `Command { std: CARGO_HOME="/workspace/cargo-home" RUSTUP_HOME="/workspace/rustup-home" "/workspace/cargo-home/bin/cargo" "+1.99.0-beta.1" "metadata" "--manifest-path" "Cargo.toml" "--no-deps", kill_on_drop: false }`
[INFO] crate git repo https://github.com/majksa-dev/static-server already has a lockfile, it will not be regenerated
[INFO] running `Command { std: CARGO_HOME="/workspace/cargo-home" RUSTUP_HOME="/workspace/rustup-home" "/workspace/cargo-home/bin/cargo" "+1.99.0-beta.1" "fetch" "--manifest-path" "Cargo.toml", kill_on_drop: false }`
[INFO] [stderr]     Blocking waiting for file lock on package cache
[ERROR] error running command: no output for 300 seconds
[INFO] testing majksa-dev/static-server against 1.99.0-beta.1+cargoflags=--release for beta-release-1.99-2
[INFO] running `Command { std: "git" "clone" "/workspace/cache/git-repos/https%3A%2F%2Fgithub.com%2Fmajksa-dev%2Fstatic-server" "/workspace/builds/worker-4-tc2/source", kill_on_drop: false }`
[INFO] [stderr] Cloning into '/workspace/builds/worker-4-tc2/source'...
[INFO] [stderr] done.
[INFO] started tweaking git repo https://github.com/majksa-dev/static-server
[INFO] finished tweaking git repo https://github.com/majksa-dev/static-server
[INFO] tweaked toml for git repo https://github.com/majksa-dev/static-server written to /workspace/builds/worker-4-tc2/source/Cargo.toml
[INFO] validating manifest of git repo https://github.com/majksa-dev/static-server on toolchain 1.99.0-beta.1
[INFO] running `Command { std: CARGO_HOME="/workspace/cargo-home" RUSTUP_HOME="/workspace/rustup-home" "/workspace/cargo-home/bin/cargo" "+1.99.0-beta.1" "metadata" "--manifest-path" "Cargo.toml" "--no-deps", kill_on_drop: false }`
[INFO] crate git repo https://github.com/majksa-dev/static-server already has a lockfile, it will not be regenerated
[INFO] running `Command { std: CARGO_HOME="/workspace/cargo-home" RUSTUP_HOME="/workspace/rustup-home" "/workspace/cargo-home/bin/cargo" "+1.99.0-beta.1" "fetch" "--manifest-path" "Cargo.toml", kill_on_drop: false }`
[INFO] [stderr]     Blocking waiting for file lock on package cache
[INFO] [stderr]     Blocking waiting for file lock on package cache
[ERROR] error running command: no output for 300 seconds
[INFO] testing majksa-dev/static-server against 1.99.0-beta.1+cargoflags=--release for beta-release-1.99-2
[INFO] running `Command { std: "git" "clone" "/workspace/cache/git-repos/https%3A%2F%2Fgithub.com%2Fmajksa-dev%2Fstatic-server" "/workspace/builds/worker-4-tc2/source", kill_on_drop: false }`
[INFO] [stderr] Cloning into '/workspace/builds/worker-4-tc2/source'...
[INFO] [stderr] done.
[INFO] started tweaking git repo https://github.com/majksa-dev/static-server
[INFO] finished tweaking git repo https://github.com/majksa-dev/static-server
[INFO] tweaked toml for git repo https://github.com/majksa-dev/static-server written to /workspace/builds/worker-4-tc2/source/Cargo.toml
[INFO] validating manifest of git repo https://github.com/majksa-dev/static-server on toolchain 1.99.0-beta.1
[INFO] running `Command { std: CARGO_HOME="/workspace/cargo-home" RUSTUP_HOME="/workspace/rustup-home" "/workspace/cargo-home/bin/cargo" "+1.99.0-beta.1" "metadata" "--manifest-path" "Cargo.toml" "--no-deps", kill_on_drop: false }`
[INFO] crate git repo https://github.com/majksa-dev/static-server already has a lockfile, it will not be regenerated
[INFO] running `Command { std: CARGO_HOME="/workspace/cargo-home" RUSTUP_HOME="/workspace/rustup-home" "/workspace/cargo-home/bin/cargo" "+1.99.0-beta.1" "fetch" "--manifest-path" "Cargo.toml", kill_on_drop: false }`
[INFO] [stderr]     Blocking waiting for file lock on package cache
[ERROR] error running command: no output for 300 seconds
[INFO] testing majksa-dev/static-server against 1.99.0-beta.1+cargoflags=--release for beta-release-1.99-2
[INFO] running `Command { std: "git" "clone" "/workspace/cache/git-repos/https%3A%2F%2Fgithub.com%2Fmajksa-dev%2Fstatic-server" "/workspace/builds/worker-4-tc2/source", kill_on_drop: false }`
[INFO] [stderr] Cloning into '/workspace/builds/worker-4-tc2/source'...
[INFO] [stderr] done.
[INFO] started tweaking git repo https://github.com/majksa-dev/static-server
[INFO] finished tweaking git repo https://github.com/majksa-dev/static-server
[INFO] tweaked toml for git repo https://github.com/majksa-dev/static-server written to /workspace/builds/worker-4-tc2/source/Cargo.toml
[INFO] validating manifest of git repo https://github.com/majksa-dev/static-server on toolchain 1.99.0-beta.1
[INFO] running `Command { std: CARGO_HOME="/workspace/cargo-home" RUSTUP_HOME="/workspace/rustup-home" "/workspace/cargo-home/bin/cargo" "+1.99.0-beta.1" "metadata" "--manifest-path" "Cargo.toml" "--no-deps", kill_on_drop: false }`
[INFO] crate git repo https://github.com/majksa-dev/static-server already has a lockfile, it will not be regenerated
[INFO] running `Command { std: CARGO_HOME="/workspace/cargo-home" RUSTUP_HOME="/workspace/rustup-home" "/workspace/cargo-home/bin/cargo" "+1.99.0-beta.1" "fetch" "--manifest-path" "Cargo.toml", kill_on_drop: false }`
[INFO] [stderr]     Blocking waiting for file lock on package cache
[INFO] [stderr]     Blocking waiting for file lock on package cache
[INFO] [stderr]  Downloading crates ...
[INFO] [stderr]   Downloaded cc v1.0.101
[INFO] [stderr]   Downloaded serde-env v0.2.0
[INFO] [stderr]   Downloaded assert_fs v1.1.2
[INFO] [stderr]   Downloaded regex v1.10.6
[INFO] running `Command { std: "docker" "create" "-v" "/var/lib/crater-agent-workspace/builds/worker-4-tc2/source:/opt/rustwide/workdir:ro,Z" "-v" "/var/lib/crater-agent-workspace/builds/worker-4-tc2/target:/opt/rustwide/target:rw,Z" "-v" "/var/lib/crater-agent-workspace/cargo-home:/opt/rustwide/cargo-home:ro,Z" "-v" "/var/lib/crater-agent-workspace/rustup-home:/opt/rustwide/rustup-home:ro,Z" "-m" "1610612736" "--network" "none" "ghcr.io/rust-lang/crates-build-env/linux@sha256:8683fc1fc2eb5c9ac98e0d076ab094b2ffac7f99da555d2b6a2e27f346de2ec7" "sleep" "infinity", kill_on_drop: false }`
[INFO] [stdout] 4ba632ecb39e07a8e84b622b9631b9e0709ec0a884b7e023172523c9314ee91b
[INFO] running `Command { std: "docker" "start" "4ba632ecb39e07a8e84b622b9631b9e0709ec0a884b7e023172523c9314ee91b", kill_on_drop: false }`
[INFO] running `Command { std: "docker" "inspect" "4ba632ecb39e07a8e84b622b9631b9e0709ec0a884b7e023172523c9314ee91b", kill_on_drop: false }`
[INFO] running `Command { std: "docker" "exec" "-e" "SOURCE_DIR=/opt/rustwide/workdir" "-e" "CARGO_HOME=/opt/rustwide/cargo-home" "-e" "RUSTUP_HOME=/opt/rustwide/rustup-home" "-e" "CARGO_TARGET_DIR=/opt/rustwide/target" "-w" "/opt/rustwide/workdir" "--user" "0:0" "4ba632ecb39e07a8e84b622b9631b9e0709ec0a884b7e023172523c9314ee91b" "/opt/rustwide/cargo-home/bin/cargo" "+1.99.0-beta.1" "metadata" "--no-deps" "--format-version=1", kill_on_drop: false }`
[INFO] running `Command { std: "docker" "inspect" "4ba632ecb39e07a8e84b622b9631b9e0709ec0a884b7e023172523c9314ee91b", kill_on_drop: false }`
[INFO] running `Command { std: "docker" "exec" "-e" "SOURCE_DIR=/opt/rustwide/workdir" "-e" "CARGO_HOME=/opt/rustwide/cargo-home" "-e" "RUSTUP_HOME=/opt/rustwide/rustup-home" "-e" "CARGO_TARGET_DIR=/opt/rustwide/target" "-e" "CARGO_INCREMENTAL=0" "-e" "RUST_BACKTRACE=full" "-e" "RUSTFLAGS=--cap-lints=warn" "-e" "RUSTDOCFLAGS=--cap-lints=warn" "-w" "/opt/rustwide/workdir" "--user" "0:0" "4ba632ecb39e07a8e84b622b9631b9e0709ec0a884b7e023172523c9314ee91b" "/opt/rustwide/cargo-home/bin/cargo" "+1.99.0-beta.1" "build" "--frozen" "--message-format=json" "--release", kill_on_drop: false }`
[INFO] [stderr]    Compiling proc-macro2 v1.0.86
[INFO] [stderr]    Compiling memchr v2.7.4
[INFO] [stderr]    Compiling serde v1.0.205
[INFO] [stderr]    Compiling smallvec v1.13.2
[INFO] [stderr]    Compiling serde_json v1.0.122
[INFO] [stderr]    Compiling itoa v1.0.11
[INFO] [stderr]    Compiling ryu v1.0.18
[INFO] [stderr]    Compiling anyhow v1.0.86
[INFO] [stderr]    Compiling cc v1.0.101
[INFO] [stderr]    Compiling tracing-log v0.2.0
[INFO] [stderr]    Compiling gimli v0.28.1
[INFO] [stderr]    Compiling adler v1.0.2
[INFO] [stderr]    Compiling eyre v0.6.12
[INFO] [stderr]    Compiling lock_api v0.4.12
[INFO] [stderr]    Compiling futures-core v0.3.30
[INFO] [stderr]    Compiling rustc-demangle v0.1.24
[INFO] [stderr]    Compiling miniz_oxide v0.7.4
[INFO] [stderr]    Compiling futures-sink v0.3.30
[INFO] [stderr]    Compiling indenter v0.3.3
[INFO] [stderr]    Compiling owo-colors v3.5.0
[INFO] [stderr]    Compiling futures-channel v0.3.30
[INFO] [stderr]    Compiling getrandom v0.2.15
[INFO] [stderr]    Compiling proc-macro-error v1.0.4
[INFO] [stderr]    Compiling num-traits v0.2.19
[INFO] [stderr]    Compiling parking_lot_core v0.9.10
[INFO] [stderr]    Compiling rand_core v0.6.4
[INFO] [stderr]    Compiling bytes v1.6.0
[INFO] [stderr]    Compiling ppv-lite86 v0.2.17
[INFO] [stderr]    Compiling unicode-segmentation v1.11.0
[INFO] [stderr]    Compiling dotenv v0.15.0
[INFO] [stderr]    Compiling textwrap v0.11.0
[INFO] [stderr]    Compiling quote v1.0.36
[INFO] [stderr]    Compiling aho-corasick v1.1.3
[INFO] [stderr]    Compiling object v0.32.2
[INFO] [stderr]    Compiling rand_chacha v0.3.1
[INFO] [stderr]    Compiling syn v2.0.68
[INFO] [stderr]    Compiling syn v1.0.109
[INFO] [stderr]    Compiling heck v0.3.3
[INFO] [stderr]    Compiling parking_lot v0.12.3
[INFO] [stderr]    Compiling proc-macro-error-attr v1.0.4
[INFO] [stderr]    Compiling mio v1.0.1
[INFO] [stderr]    Compiling signal-hook-registry v1.4.2
[INFO] [stderr]    Compiling socket2 v0.5.7
[INFO] [stderr]    Compiling atty v0.2.14
[INFO] [stderr]    Compiling backtrace v0.3.71
[INFO] [stderr]    Compiling vec_map v0.8.2
[INFO] [stderr]    Compiling strsim v0.8.0
[INFO] [stderr]    Compiling iana-time-zone v0.1.60
[INFO] [stderr]    Compiling ansi_term v0.12.1
[INFO] [stderr]    Compiling convert_case v0.4.0
[INFO] [stderr]    Compiling rand v0.8.5
[INFO] [stderr]    Compiling sendfile v0.3.0
[INFO] [stderr]    Compiling http v1.1.0
[INFO] [stderr]    Compiling clap v2.34.0
[INFO] [stderr]    Compiling regex-automata v0.4.7
[INFO] [stderr]    Compiling addr2line v0.21.0
[INFO] [stderr]    Compiling structopt-derive v0.4.18
[INFO] [stderr]    Compiling regex v1.10.6
[INFO] [stderr]    Compiling structopt v0.3.26
[INFO] [stderr]    Compiling serde_derive v1.0.205
[INFO] [stderr]    Compiling tracing-attributes v0.1.27
[INFO] [stderr]    Compiling futures-macro v0.3.30
[INFO] [stderr]    Compiling tokio-macros v2.4.0
[INFO] [stderr]    Compiling derive_more v0.99.18
[INFO] [stderr]    Compiling async-trait v0.1.81
[INFO] [stderr]    Compiling tokio v1.39.2
[INFO] [stderr]    Compiling futures-util v0.3.30
[INFO] [stderr]    Compiling tracing v0.1.40
[INFO] [stderr]    Compiling futures-executor v0.3.30
[INFO] [stderr]    Compiling futures v0.3.30
[INFO] [stderr]    Compiling tracing-serde v0.1.3
[INFO] [stderr]    Compiling serde-env v0.1.1
[INFO] [stderr]    Compiling chrono v0.4.38
[INFO] [stderr]    Compiling serde-env v0.2.0
[INFO] [stderr]    Compiling envy v0.4.2
[INFO] [stderr]    Compiling tracing-subscriber v0.3.18
[INFO] [stderr]    Compiling tracing-error v0.2.0
[INFO] [stderr]    Compiling tracing-panic v0.1.2
[INFO] [stderr]    Compiling color-spantrace v0.2.1
[INFO] [stderr]    Compiling color-eyre v0.6.3
[INFO] [stderr]    Compiling essentials v0.3.6 (https://github.com/majksa-dev/rust-essentials?tag=0.3.6#c1a0e2f6)
[INFO] [stderr]    Compiling essentials v0.3.7 (https://github.com/majksa-dev/rust-essentials?tag=0.3.7#b600fabb)
[INFO] [stderr]    Compiling io v0.3.0 (https://github.com/majksa-dev/rust-io?tag=0.3.0#9d3222b2)
[INFO] [stderr]    Compiling gateway v0.8.8 (https://github.com/majksa-dev/rust-gateway?tag=0.8.8#4e111302)
[INFO] [stderr]    Compiling static-server v0.2.8 (/opt/rustwide/workdir)
[INFO] [stderr]     Finished `release` profile [optimized] target(s) in 38.36s
[INFO] running `Command { std: "docker" "inspect" "4ba632ecb39e07a8e84b622b9631b9e0709ec0a884b7e023172523c9314ee91b", kill_on_drop: false }`
[INFO] running `Command { std: "docker" "exec" "-e" "SOURCE_DIR=/opt/rustwide/workdir" "-e" "CARGO_HOME=/opt/rustwide/cargo-home" "-e" "RUSTUP_HOME=/opt/rustwide/rustup-home" "-e" "CARGO_TARGET_DIR=/opt/rustwide/target" "-e" "CARGO_INCREMENTAL=0" "-e" "RUST_BACKTRACE=full" "-e" "RUSTFLAGS=--cap-lints=warn" "-e" "RUSTDOCFLAGS=--cap-lints=warn" "-w" "/opt/rustwide/workdir" "--user" "0:0" "4ba632ecb39e07a8e84b622b9631b9e0709ec0a884b7e023172523c9314ee91b" "/opt/rustwide/cargo-home/bin/cargo" "+1.99.0-beta.1" "test" "--frozen" "--no-run" "--message-format=json" "--release", kill_on_drop: false }`
[INFO] [stderr]    Compiling aho-corasick v1.1.3
[INFO] [stderr]    Compiling crossbeam-epoch v0.9.18
[INFO] [stderr]    Compiling bstr v1.9.1
[INFO] [stderr]    Compiling rustix v0.38.34
[INFO] [stderr]    Compiling bitflags v2.6.0
[INFO] [stderr]    Compiling walkdir v2.5.0
[INFO] [stderr]    Compiling linux-raw-sys v0.4.14
[INFO] [stderr]    Compiling predicates-core v1.0.6
[INFO] [stderr]    Compiling doc-comment v0.3.3
[INFO] [stderr]    Compiling difflib v0.4.0
[INFO] [stderr]    Compiling anstyle v1.0.7
[INFO] [stderr]    Compiling termtree v0.4.1
[INFO] [stderr]    Compiling predicates-tree v1.0.9
[INFO] [stderr]    Compiling crossbeam-deque v0.8.5
[INFO] [stderr]    Compiling predicates v3.1.0
[INFO] [stderr]    Compiling regex-automata v0.4.7
[INFO] [stderr]    Compiling tempfile v3.10.1
[INFO] [stderr]    Compiling regex v1.10.6
[INFO] [stderr]    Compiling globset v0.4.14
[INFO] [stderr]    Compiling tracing-subscriber v0.3.18
[INFO] [stderr]    Compiling ignore v0.4.22
[INFO] [stderr]    Compiling globwalk v0.9.1
[INFO] [stderr]    Compiling assert_fs v1.1.2
[INFO] [stderr]    Compiling tracing-error v0.2.0
[INFO] [stderr]    Compiling tracing-panic v0.1.2
[INFO] [stderr]    Compiling color-spantrace v0.2.1
[INFO] [stderr]    Compiling color-eyre v0.6.3
[INFO] [stderr]    Compiling essentials v0.3.6 (https://github.com/majksa-dev/rust-essentials?tag=0.3.6#c1a0e2f6)
[INFO] [stderr]    Compiling essentials v0.3.7 (https://github.com/majksa-dev/rust-essentials?tag=0.3.7#b600fabb)
[INFO] [stderr]    Compiling io v0.3.0 (https://github.com/majksa-dev/rust-io?tag=0.3.0#9d3222b2)
[INFO] [stderr]    Compiling gateway v0.8.8 (https://github.com/majksa-dev/rust-gateway?tag=0.8.8#4e111302)
[INFO] [stderr]    Compiling static-server v0.2.8 (/opt/rustwide/workdir)
[INFO] [stderr]     Finished `release` profile [optimized] target(s) in 15.60s
[INFO] running `Command { std: "docker" "inspect" "4ba632ecb39e07a8e84b622b9631b9e0709ec0a884b7e023172523c9314ee91b", kill_on_drop: false }`
[INFO] running `Command { std: "docker" "exec" "-e" "SOURCE_DIR=/opt/rustwide/workdir" "-e" "CARGO_HOME=/opt/rustwide/cargo-home" "-e" "RUSTUP_HOME=/opt/rustwide/rustup-home" "-e" "CARGO_TARGET_DIR=/opt/rustwide/target" "-e" "CARGO_INCREMENTAL=0" "-e" "RUST_BACKTRACE=full" "-e" "RUSTFLAGS=--cap-lints=warn" "-e" "RUSTDOCFLAGS=--cap-lints=warn" "-w" "/opt/rustwide/workdir" "--user" "0:0" "4ba632ecb39e07a8e84b622b9631b9e0709ec0a884b7e023172523c9314ee91b" "/opt/rustwide/cargo-home/bin/cargo" "+1.99.0-beta.1" "test" "--frozen" "--release", kill_on_drop: false }`
[INFO] [stderr]     Finished `release` profile [optimized] target(s) in 0.14s
[INFO] [stderr]      Running unittests src/lib.rs (/opt/rustwide/target/release/deps/static_server-4c4807b2ce003b1b)
[INFO] [stdout] 
[INFO] [stdout] running 1 test
[INFO] [stdout] test utils::etag::tests::test_create_etag ... ok
[INFO] [stdout] 
[INFO] [stdout] test result: ok. 1 passed; 0 failed; 0 ignored; 0 measured; 0 filtered out; finished in 0.00s
[INFO] [stdout] 
[INFO] [stderr]      Running unittests src/bin/server.rs (/opt/rustwide/target/release/deps/server-70535364966c4951)
[INFO] [stdout] 
[INFO] [stdout] running 0 tests
[INFO] [stderr]    Doc-tests static_server
[INFO] [stdout] 
[INFO] [stdout] test result: ok. 0 passed; 0 failed; 0 ignored; 0 measured; 0 filtered out; finished in 0.00s
[INFO] [stdout] 
[INFO] [stdout] 
[INFO] [stdout] running 0 tests
[INFO] [stdout] 
[INFO] [stdout] test result: ok. 0 passed; 0 failed; 0 ignored; 0 measured; 0 filtered out; finished in 0.00s
[INFO] [stdout] 
[INFO] running `Command { std: "docker" "inspect" "4ba632ecb39e07a8e84b622b9631b9e0709ec0a884b7e023172523c9314ee91b", kill_on_drop: false }`
[INFO] running `Command { std: "docker" "rm" "-f" "4ba632ecb39e07a8e84b622b9631b9e0709ec0a884b7e023172523c9314ee91b", kill_on_drop: false }`
[INFO] [stdout] 4ba632ecb39e07a8e84b622b9631b9e0709ec0a884b7e023172523c9314ee91b
