[INFO] cloning repository https://github.com/ldclabs/ic-one-bridge
[INFO] running `Command { std: "git" "-c" "credential.helper=" "-c" "credential.helper=/workspace/cargo-home/bin/git-credential-null" "clone" "--bare" "https://github.com/ldclabs/ic-one-bridge" "/workspace/cache/git-repos/https%3A%2F%2Fgithub.com%2Fldclabs%2Fic-one-bridge", kill_on_drop: false }`
[INFO] [stderr] Cloning into bare repository '/workspace/cache/git-repos/https%3A%2F%2Fgithub.com%2Fldclabs%2Fic-one-bridge'...
[INFO] running `Command { std: "git" "rev-parse" "HEAD", kill_on_drop: false }`
[INFO] [stdout] ddeaf927d8ee4184e419b168b326001421958ac7
[INFO] testing ldclabs/ic-one-bridge against 1.99.0-beta.1+cargoflags=--release for beta-release-1.99-2
[INFO] running `Command { std: "git" "clone" "/workspace/cache/git-repos/https%3A%2F%2Fgithub.com%2Fldclabs%2Fic-one-bridge" "/workspace/builds/worker-1-tc2/source", kill_on_drop: false }`
[INFO] [stderr] Cloning into '/workspace/builds/worker-1-tc2/source'...
[INFO] [stderr] done.
[INFO] removed /workspace/builds/worker-1-tc2/source/.cargo/config.toml
[INFO] started tweaking git repo https://github.com/ldclabs/ic-one-bridge
[INFO] finished tweaking git repo https://github.com/ldclabs/ic-one-bridge
[INFO] tweaked toml for git repo https://github.com/ldclabs/ic-one-bridge written to /workspace/builds/worker-1-tc2/source/Cargo.toml
[INFO] validating manifest of git repo https://github.com/ldclabs/ic-one-bridge on toolchain 1.99.0-beta.1
[INFO] running `Command { std: CARGO_HOME="/workspace/cargo-home" RUSTUP_HOME="/workspace/rustup-home" "/workspace/cargo-home/bin/cargo" "+1.99.0-beta.1" "metadata" "--manifest-path" "Cargo.toml" "--no-deps", kill_on_drop: false }`
[INFO] crate git repo https://github.com/ldclabs/ic-one-bridge already has a lockfile, it will not be regenerated
[INFO] running `Command { std: CARGO_HOME="/workspace/cargo-home" RUSTUP_HOME="/workspace/rustup-home" "/workspace/cargo-home/bin/cargo" "+1.99.0-beta.1" "fetch" "--manifest-path" "Cargo.toml", kill_on_drop: false }`
[INFO] [stderr]     Blocking waiting for file lock on package cache
[INFO] [stderr]     Blocking waiting for file lock on package cache
[ERROR] error running command: no output for 300 seconds
[INFO] testing ldclabs/ic-one-bridge against 1.99.0-beta.1+cargoflags=--release for beta-release-1.99-2
[INFO] running `Command { std: "git" "clone" "/workspace/cache/git-repos/https%3A%2F%2Fgithub.com%2Fldclabs%2Fic-one-bridge" "/workspace/builds/worker-1-tc2/source", kill_on_drop: false }`
[INFO] [stderr] Cloning into '/workspace/builds/worker-1-tc2/source'...
[INFO] [stderr] done.
[INFO] removed /workspace/builds/worker-1-tc2/source/.cargo/config.toml
[INFO] started tweaking git repo https://github.com/ldclabs/ic-one-bridge
[INFO] finished tweaking git repo https://github.com/ldclabs/ic-one-bridge
[INFO] tweaked toml for git repo https://github.com/ldclabs/ic-one-bridge written to /workspace/builds/worker-1-tc2/source/Cargo.toml
[INFO] validating manifest of git repo https://github.com/ldclabs/ic-one-bridge on toolchain 1.99.0-beta.1
[INFO] running `Command { std: CARGO_HOME="/workspace/cargo-home" RUSTUP_HOME="/workspace/rustup-home" "/workspace/cargo-home/bin/cargo" "+1.99.0-beta.1" "metadata" "--manifest-path" "Cargo.toml" "--no-deps", kill_on_drop: false }`
[INFO] crate git repo https://github.com/ldclabs/ic-one-bridge already has a lockfile, it will not be regenerated
[INFO] running `Command { std: CARGO_HOME="/workspace/cargo-home" RUSTUP_HOME="/workspace/rustup-home" "/workspace/cargo-home/bin/cargo" "+1.99.0-beta.1" "fetch" "--manifest-path" "Cargo.toml", kill_on_drop: false }`
[INFO] [stderr]     Blocking waiting for file lock on package cache
[INFO] [stderr]     Blocking waiting for file lock on package cache
[ERROR] error running command: no output for 300 seconds
[INFO] testing ldclabs/ic-one-bridge against 1.99.0-beta.1+cargoflags=--release for beta-release-1.99-2
[INFO] running `Command { std: "git" "clone" "/workspace/cache/git-repos/https%3A%2F%2Fgithub.com%2Fldclabs%2Fic-one-bridge" "/workspace/builds/worker-1-tc2/source", kill_on_drop: false }`
[INFO] [stderr] Cloning into '/workspace/builds/worker-1-tc2/source'...
[INFO] [stderr] done.
[INFO] removed /workspace/builds/worker-1-tc2/source/.cargo/config.toml
[INFO] started tweaking git repo https://github.com/ldclabs/ic-one-bridge
[INFO] finished tweaking git repo https://github.com/ldclabs/ic-one-bridge
[INFO] tweaked toml for git repo https://github.com/ldclabs/ic-one-bridge written to /workspace/builds/worker-1-tc2/source/Cargo.toml
[INFO] validating manifest of git repo https://github.com/ldclabs/ic-one-bridge on toolchain 1.99.0-beta.1
[INFO] running `Command { std: CARGO_HOME="/workspace/cargo-home" RUSTUP_HOME="/workspace/rustup-home" "/workspace/cargo-home/bin/cargo" "+1.99.0-beta.1" "metadata" "--manifest-path" "Cargo.toml" "--no-deps", kill_on_drop: false }`
[INFO] crate git repo https://github.com/ldclabs/ic-one-bridge already has a lockfile, it will not be regenerated
[INFO] running `Command { std: CARGO_HOME="/workspace/cargo-home" RUSTUP_HOME="/workspace/rustup-home" "/workspace/cargo-home/bin/cargo" "+1.99.0-beta.1" "fetch" "--manifest-path" "Cargo.toml", kill_on_drop: false }`
[INFO] [stderr]     Blocking waiting for file lock on package cache
[INFO] [stderr]     Blocking waiting for file lock on package cache
[ERROR] error running command: no output for 300 seconds
[INFO] testing ldclabs/ic-one-bridge against 1.99.0-beta.1+cargoflags=--release for beta-release-1.99-2
[INFO] running `Command { std: "git" "clone" "/workspace/cache/git-repos/https%3A%2F%2Fgithub.com%2Fldclabs%2Fic-one-bridge" "/workspace/builds/worker-1-tc2/source", kill_on_drop: false }`
[INFO] [stderr] Cloning into '/workspace/builds/worker-1-tc2/source'...
[INFO] [stderr] done.
[INFO] removed /workspace/builds/worker-1-tc2/source/.cargo/config.toml
[INFO] started tweaking git repo https://github.com/ldclabs/ic-one-bridge
[INFO] finished tweaking git repo https://github.com/ldclabs/ic-one-bridge
[INFO] tweaked toml for git repo https://github.com/ldclabs/ic-one-bridge written to /workspace/builds/worker-1-tc2/source/Cargo.toml
[INFO] validating manifest of git repo https://github.com/ldclabs/ic-one-bridge on toolchain 1.99.0-beta.1
[INFO] running `Command { std: CARGO_HOME="/workspace/cargo-home" RUSTUP_HOME="/workspace/rustup-home" "/workspace/cargo-home/bin/cargo" "+1.99.0-beta.1" "metadata" "--manifest-path" "Cargo.toml" "--no-deps", kill_on_drop: false }`
[INFO] crate git repo https://github.com/ldclabs/ic-one-bridge already has a lockfile, it will not be regenerated
[INFO] running `Command { std: CARGO_HOME="/workspace/cargo-home" RUSTUP_HOME="/workspace/rustup-home" "/workspace/cargo-home/bin/cargo" "+1.99.0-beta.1" "fetch" "--manifest-path" "Cargo.toml", kill_on_drop: false }`
[INFO] [stderr]     Blocking waiting for file lock on package cache
[INFO] [stderr]     Blocking waiting for file lock on package cache
[ERROR] error running command: no output for 300 seconds
[INFO] testing ldclabs/ic-one-bridge against 1.99.0-beta.1+cargoflags=--release for beta-release-1.99-2
[INFO] running `Command { std: "git" "clone" "/workspace/cache/git-repos/https%3A%2F%2Fgithub.com%2Fldclabs%2Fic-one-bridge" "/workspace/builds/worker-1-tc2/source", kill_on_drop: false }`
[INFO] [stderr] Cloning into '/workspace/builds/worker-1-tc2/source'...
[INFO] [stderr] done.
[INFO] removed /workspace/builds/worker-1-tc2/source/.cargo/config.toml
[INFO] started tweaking git repo https://github.com/ldclabs/ic-one-bridge
[INFO] finished tweaking git repo https://github.com/ldclabs/ic-one-bridge
[INFO] tweaked toml for git repo https://github.com/ldclabs/ic-one-bridge written to /workspace/builds/worker-1-tc2/source/Cargo.toml
[INFO] validating manifest of git repo https://github.com/ldclabs/ic-one-bridge on toolchain 1.99.0-beta.1
[INFO] running `Command { std: CARGO_HOME="/workspace/cargo-home" RUSTUP_HOME="/workspace/rustup-home" "/workspace/cargo-home/bin/cargo" "+1.99.0-beta.1" "metadata" "--manifest-path" "Cargo.toml" "--no-deps", kill_on_drop: false }`
[INFO] crate git repo https://github.com/ldclabs/ic-one-bridge already has a lockfile, it will not be regenerated
[INFO] running `Command { std: CARGO_HOME="/workspace/cargo-home" RUSTUP_HOME="/workspace/rustup-home" "/workspace/cargo-home/bin/cargo" "+1.99.0-beta.1" "fetch" "--manifest-path" "Cargo.toml", kill_on_drop: false }`
[INFO] [stderr]     Blocking waiting for file lock on package cache
[INFO] [stderr]     Blocking waiting for file lock on package cache
[INFO] [stderr]  Downloading crates ...
[INFO] [stderr]   Downloaded solana-transaction-error v3.4.0
[INFO] [stderr]   Downloaded solana-sanitize v3.0.1
[INFO] [stderr]   Downloaded solana-instruction-error v2.5.0
[INFO] [stderr]   Downloaded solana-transaction v4.3.0
[INFO] [stderr]   Downloaded solana-program-error v3.0.0
[INFO] [stderr]   Downloaded leb128 v0.2.5
[INFO] [stderr]   Downloaded rapidhash v4.5.1
[INFO] [stderr]   Downloaded solana-define-syscall v4.0.1
[INFO] [stderr]   Downloaded solana-instruction v3.5.0
[INFO] [stderr]   Downloaded solana-address v1.1.0
[INFO] [stderr]   Downloaded five8 v1.0.0
[INFO] [stderr]   Downloaded solana-atomic-u64 v3.0.0
[INFO] [stderr]   Downloaded solana-pubkey v4.3.0
[INFO] [stderr]   Downloaded ic-management-canister-types v0.7.1
[INFO] [stderr]   Downloaded fixed-cache v0.1.10
[INFO] [stderr]   Downloaded alloy-eip2930 v0.2.3
[INFO] [stderr]   Downloaded minicbor v0.19.1
[INFO] [stderr]   Downloaded ic-error-types v0.2.0
[INFO] [stderr]   Downloaded byte-slice-cast v1.2.3
[INFO] [stderr]   Downloaded serde-big-array v0.5.1
[INFO] [stderr]   Downloaded solana-hash v4.6.0
[INFO] [stderr]   Downloaded ic0 v1.0.1
[INFO] [stderr]   Downloaded alloy-rlp v0.3.16
[INFO] [stderr]   Downloaded array-init v2.1.0
[INFO] [stderr]   Downloaded ic-representation-independent-hash v3.0.3
[INFO] [stderr]   Downloaded ic-cdk-macros v0.20.0
[INFO] [stderr]   Downloaded ic-cdk-executor v2.0.0
[INFO] [stderr]   Downloaded ic-secp256k1 v0.3.0
[INFO] [stderr]   Downloaded solana-pubkey v3.0.0
[INFO] [stderr]   Downloaded solana-sha256-hasher v3.1.0
[INFO] [stderr]   Downloaded ic_principal v0.1.1
[INFO] [stderr]   Downloaded keccak-asm v0.1.8
[INFO] [stderr]   Downloaded solana-sdk-ids v3.0.0
[INFO] [stderr]   Downloaded icrc-cbor v0.1.0
[INFO] [stderr]   Downloaded five8_core v1.0.0
[INFO] [stderr]   Downloaded ic-dummy-getrandom-for-wasm v0.1.0
[INFO] [stderr]   Downloaded solana-define-syscall v5.2.0
[INFO] [stderr]   Downloaded five8_const v1.0.0
[INFO] [stderr]   Downloaded candid_derive v0.10.35
[INFO] [stderr]   Downloaded alloy-rlp-derive v0.3.16
[INFO] [stderr]   Downloaded parity-scale-codec-derive v3.7.5
[INFO] [stderr]   Downloaded alloy-tx-macros v2.4.1
[INFO] [stderr]   Downloaded solana-signature v3.5.2
[INFO] [stderr]   Downloaded fastrlp v0.4.0
[INFO] [stderr]   Downloaded semver-parser v0.10.3
[INFO] [stderr]   Downloaded alloy-eip7702 v0.6.3
[INFO] [stderr]   Downloaded wincode-derive v0.5.1
[INFO] [stderr]   Downloaded stacker v0.1.22
[INFO] [stderr]   Downloaded ic-cdk-management-canister v0.1.1
[INFO] [stderr]   Downloaded alloy-eip2124 v0.2.0
[INFO] [stderr]   Downloaded solana-short-vec v3.3.0
[INFO] [stderr]   Downloaded pastey v0.2.3
[INFO] [stderr]   Downloaded ic-http-certification v3.0.3
[INFO] [stderr]   Downloaded ic-certification v3.0.3
[INFO] [stderr]   Downloaded keccak v0.2.2
[INFO] [stderr]   Downloaded impl-trait-for-tuples v0.2.3
[INFO] [stderr]   Downloaded const-hex v1.17.0
[INFO] [stderr]   Downloaded solana-address v2.7.0
[INFO] [stderr]   Downloaded minicbor-derive v0.13.0
[INFO] [stderr]   Downloaded ic_auth_types v0.10.1
[INFO] [stderr]   Downloaded simple_asn1 v0.6.3
[INFO] [stderr]   Downloaded ar_archive_writer v0.2.0
[INFO] [stderr]   Downloaded pretty v0.12.5
[INFO] [stderr]   Downloaded ic-cdk-timers v1.0.0
[INFO] [stderr]   Downloaded ic-ed25519 v0.6.0
[INFO] [stderr]   Downloaded psm v0.1.28
[INFO] [stderr]   Downloaded alloy-serde v2.4.1
[INFO] [stderr]   Downloaded icrc-ledger-types v0.2.0
[INFO] [stderr]   Downloaded nybbles v0.4.6
[INFO] [stderr]   Downloaded ic-cdk v0.20.0
[INFO] [stderr]   Downloaded parity-scale-codec v3.7.5
[INFO] [stderr]   Downloaded alloy-eip7928 v0.4.8
[INFO] [stderr]   Downloaded solana-message v4.5.0
[INFO] [stderr]   Downloaded binrw_derive v0.15.2
[INFO] [stderr]   Downloaded alloy-trie v0.9.5
[INFO] [stderr]   Downloaded serde_with_macros v3.15.1
[INFO] [stderr]   Downloaded toml_edit v0.23.7
[INFO] [stderr]   Downloaded candid v0.10.35
[INFO] [stderr]   Downloaded cc v1.2.45
[INFO] [stderr]   Downloaded alloy-primitives v1.6.1
[INFO] [stderr]   Downloaded const_format v0.2.35
[INFO] [stderr]   Downloaded binrw v0.15.2
[INFO] [stderr]   Downloaded secp256k1 v0.31.1
[INFO] [stderr]   Downloaded secp256k1 v0.30.0
[INFO] [stderr]   Downloaded wincode v0.6.1
[INFO] [stderr]   Downloaded ic-stable-structures v0.7.2
[INFO] [stderr]   Downloaded pest v2.8.3
[INFO] [stderr]   Downloaded ruint v1.17.0
[INFO] [stderr]   Downloaded alloy-consensus v2.4.1
[INFO] [stderr]   Downloaded serde_with v3.15.1
[INFO] [stderr]   Downloaded proptest v1.9.0
[INFO] [stderr]   Downloaded cbor2 v1.1.4
[INFO] [stderr]   Downloaded alloy-eips v2.4.1
[INFO] [stderr]   Downloaded blst v0.3.16
[INFO] [stderr]   Downloaded sha3-asm v0.1.8
[INFO] [stderr]   Downloaded c-kzg v2.1.5
[INFO] [stderr]   Downloaded secp256k1-sys v0.11.0
[INFO] [stderr]   Downloaded sha2-const-stable v0.1.0
[INFO] running `Command { std: "docker" "create" "-v" "/var/lib/crater-agent-workspace/builds/worker-1-tc2/source:/opt/rustwide/workdir:ro,Z" "-v" "/var/lib/crater-agent-workspace/builds/worker-1-tc2/target:/opt/rustwide/target:rw,Z" "-v" "/var/lib/crater-agent-workspace/cargo-home:/opt/rustwide/cargo-home:ro,Z" "-v" "/var/lib/crater-agent-workspace/rustup-home:/opt/rustwide/rustup-home:ro,Z" "-m" "1610612736" "--network" "none" "ghcr.io/rust-lang/crates-build-env/linux@sha256:8683fc1fc2eb5c9ac98e0d076ab094b2ffac7f99da555d2b6a2e27f346de2ec7" "sleep" "infinity", kill_on_drop: false }`
[INFO] [stdout] f2b35ba2410d3e4e5eb3d3d77646d2e094a1fd8dfd790d7997459509dc536c0e
[INFO] running `Command { std: "docker" "start" "f2b35ba2410d3e4e5eb3d3d77646d2e094a1fd8dfd790d7997459509dc536c0e", kill_on_drop: false }`
[INFO] running `Command { std: "docker" "inspect" "f2b35ba2410d3e4e5eb3d3d77646d2e094a1fd8dfd790d7997459509dc536c0e", kill_on_drop: false }`
[INFO] running `Command { std: "docker" "exec" "-e" "SOURCE_DIR=/opt/rustwide/workdir" "-e" "CARGO_HOME=/opt/rustwide/cargo-home" "-e" "RUSTUP_HOME=/opt/rustwide/rustup-home" "-e" "CARGO_TARGET_DIR=/opt/rustwide/target" "-w" "/opt/rustwide/workdir" "--user" "0:0" "f2b35ba2410d3e4e5eb3d3d77646d2e094a1fd8dfd790d7997459509dc536c0e" "/opt/rustwide/cargo-home/bin/cargo" "+1.99.0-beta.1" "metadata" "--no-deps" "--format-version=1", kill_on_drop: false }`
[INFO] running `Command { std: "docker" "inspect" "f2b35ba2410d3e4e5eb3d3d77646d2e094a1fd8dfd790d7997459509dc536c0e", kill_on_drop: false }`
[INFO] running `Command { std: "docker" "exec" "-e" "SOURCE_DIR=/opt/rustwide/workdir" "-e" "CARGO_HOME=/opt/rustwide/cargo-home" "-e" "RUSTUP_HOME=/opt/rustwide/rustup-home" "-e" "CARGO_TARGET_DIR=/opt/rustwide/target" "-e" "CARGO_INCREMENTAL=0" "-e" "RUST_BACKTRACE=full" "-e" "RUSTFLAGS=--cap-lints=warn" "-e" "RUSTDOCFLAGS=--cap-lints=warn" "-w" "/opt/rustwide/workdir" "--user" "0:0" "f2b35ba2410d3e4e5eb3d3d77646d2e094a1fd8dfd790d7997459509dc536c0e" "/opt/rustwide/cargo-home/bin/cargo" "+1.99.0-beta.1" "build" "--frozen" "--message-format=json" "--release", kill_on_drop: false }`
[INFO] [stderr]    Compiling proc-macro2 v1.0.107
[INFO] [stderr]    Compiling quote v1.0.47
[INFO] [stderr]    Compiling unicode-ident v1.0.22
[INFO] [stderr]    Compiling serde_core v1.0.229
[INFO] [stderr]    Compiling cfg-if v1.0.4
[INFO] [stderr]    Compiling typenum v1.20.1
[INFO] [stderr]    Compiling serde v1.0.229
[INFO] [stderr]    Compiling libc v0.2.177
[INFO] [stderr]    Compiling subtle v2.6.1
[INFO] [stderr]    Compiling const-oid v0.9.6
[INFO] [stderr]    Compiling cpufeatures v0.2.17
[INFO] [stderr]    Compiling autocfg v1.5.0
[INFO] [stderr]    Compiling find-msvc-tools v0.1.4
[INFO] [stderr]    Compiling paste v1.0.15
[INFO] [stderr]    Compiling generic-array v0.14.9
[INFO] [stderr]    Compiling libm v0.2.15
[INFO] [stderr]    Compiling crc32fast v1.5.0
[INFO] [stderr]    Compiling memchr v2.7.6
[INFO] [stderr]    Compiling cc v1.2.45
[INFO] [stderr]    Compiling thiserror v1.0.69
[INFO] [stderr]    Compiling itoa v1.0.15
[INFO] [stderr]    Compiling binrw v0.15.2
[INFO] [stderr]    Compiling binrw_derive v0.15.2
[INFO] [stderr]    Compiling semver v1.0.27
[INFO] [stderr]    Compiling anyhow v1.0.100
[INFO] [stderr]    Compiling five8_core v1.0.0
[INFO] [stderr]    Compiling thiserror v2.0.20
[INFO] [stderr]    Compiling either v1.15.0
[INFO] [stderr]    Compiling data-encoding v2.9.0
[INFO] [stderr]    Compiling base64ct v1.8.0
[INFO] [stderr]    Compiling num-traits v0.2.19
[INFO] [stderr]    Compiling solana-sanitize v3.0.1
[INFO] [stderr]    Compiling five8 v1.0.0
[INFO] [stderr]    Compiling lazy_static v1.5.0
[INFO] [stderr]    Compiling object v0.32.2
[INFO] [stderr]    Compiling arrayvec v0.7.6
[INFO] [stderr]    Compiling byteorder v1.5.0
[INFO] [stderr]    Compiling rustc_version v0.4.1
[INFO] [stderr]    Compiling ruint-macro v1.2.1
[INFO] [stderr]    Compiling unicode-xid v0.2.6
[INFO] [stderr]    Compiling pem-rfc7468 v0.7.0
[INFO] [stderr]    Compiling solana-program-error v3.0.0
[INFO] [stderr]    Compiling curve25519-dalek v4.1.3
[INFO] [stderr]    Compiling keccak v0.2.2
[INFO] [stderr]    Compiling typed-arena v2.0.2
[INFO] [stderr]    Compiling bytemuck v1.24.0
[INFO] [stderr]    Compiling foldhash v0.2.0
[INFO] [stderr]    Compiling arrayvec v0.5.2
[INFO] [stderr]    Compiling leb128 v0.2.5
[INFO] [stderr]    Compiling unicode-width v0.2.2
[INFO] [stderr]    Compiling array-init v2.1.0
[INFO] [stderr]    Compiling syn v2.0.119
[INFO] [stderr]    Compiling syn v3.0.3
[INFO] [stderr]    Compiling five8_const v1.0.0
[INFO] [stderr]    Compiling hybrid-array v0.4.14
[INFO] [stderr]    Compiling sha2-const-stable v0.1.0
[INFO] [stderr]    Compiling once_cell v1.21.3
[INFO] [stderr]    Compiling pretty v0.12.5
[INFO] [stderr]    Compiling strsim v0.11.1
[INFO] [stderr]    Compiling stacker v0.1.22
[INFO] [stderr]    Compiling solana-atomic-u64 v3.0.0
[INFO] [stderr]    Compiling getrandom v0.2.16
[INFO] [stderr]    Compiling ident_case v1.0.1
[INFO] [stderr]    Compiling zerocopy v0.8.27
[INFO] [stderr]    Compiling pin-project-lite v0.2.17
[INFO] [stderr]    Compiling smallvec v1.15.1
[INFO] [stderr]    Compiling slotmap v1.0.7
[INFO] [stderr]    Compiling rand_core v0.6.4
[INFO] [stderr]    Compiling syn v1.0.109
[INFO] [stderr]    Compiling ic-cdk-executor v2.0.0
[INFO] [stderr]    Compiling ff v0.13.1
[INFO] [stderr]    Compiling group v0.13.0
[INFO] [stderr]    Compiling crypto-common v0.2.2
[INFO] [stderr]    Compiling block-buffer v0.12.1
[INFO] [stderr]    Compiling base16ct v0.2.0
[INFO] [stderr]    Compiling num-integer v0.1.46
[INFO] [stderr]    Compiling num-conv v0.1.0
[INFO] [stderr]    Compiling crypto-common v0.1.6
[INFO] [stderr]    Compiling block-buffer v0.10.4
[INFO] [stderr]    Compiling powerfmt v0.2.0
[INFO] [stderr]    Compiling digest v0.10.7
[INFO] [stderr]    Compiling time-core v0.1.6
[INFO] [stderr]    Compiling time-macros v0.2.24
[INFO] [stderr]    Compiling sha2 v0.10.9
[INFO] [stderr]    Compiling deranged v0.5.5
[INFO] [stderr]    Compiling minicbor v0.19.1
[INFO] [stderr]    Compiling hex v0.4.3
[INFO] [stderr]    Compiling ic0 v1.0.1
[INFO] [stderr]    Compiling crc-catalog v2.4.0
[INFO] [stderr]    Compiling crc v3.3.0
[INFO] [stderr]    Compiling tracing-core v0.1.34
[INFO] [stderr]    Compiling keccak v0.1.5
[INFO] [stderr]    Compiling futures-sink v0.3.31
[INFO] [stderr]    Compiling futures-core v0.3.31
[INFO] [stderr]    Compiling zmij v1.0.23
[INFO] [stderr]    Compiling base64 v0.22.1
[INFO] [stderr]    Compiling futures-channel v0.3.31
[INFO] [stderr]    Compiling pin-utils v0.1.0
[INFO] [stderr]    Compiling serde_derive v1.0.229
[INFO] [stderr]    Compiling thiserror-impl v2.0.20
[INFO] [stderr]    Compiling digest v0.11.3
[INFO] [stderr]    Compiling serde_bytes v0.11.19
[INFO] [stderr]    Compiling futures-io v0.3.31
[INFO] [stderr]    Compiling sha3 v0.11.0
[INFO] [stderr]    Compiling ic-cdk-timers v1.0.0
[INFO] [stderr]    Compiling tracing v0.1.41
[INFO] [stderr]    Compiling serde_json v1.0.151
[INFO] [stderr]    Compiling base64 v0.13.1
[INFO] [stderr]    Compiling half v1.8.3
[INFO] [stderr]    Compiling fnv v1.0.7
[INFO] [stderr]    Compiling slab v0.4.11
[INFO] [stderr]    Compiling hex-literal v0.4.1
[INFO] [stderr]    Compiling futures-task v0.3.31
[INFO] [stderr]    Compiling pem v3.0.6
[INFO] [stderr]    Compiling pem v1.1.1
[INFO] [stderr]    Compiling base64 v0.23.1
[INFO] [stderr]    Compiling urlencoding v2.1.3
[INFO] [stderr]    Compiling base32 v0.4.0
[INFO] [stderr]    Compiling hashbrown v0.17.1
[INFO] [stderr]    Compiling const-hex v1.17.0
[INFO] [stderr]    Compiling solana-short-vec v3.3.0
[INFO] [stderr]    Compiling ic-dummy-getrandom-for-wasm v0.1.0
[INFO] [stderr]    Compiling time v0.3.44
[INFO] [stderr]    Compiling ar_archive_writer v0.2.0
[INFO] [stderr]    Compiling ppv-lite86 v0.2.21
[INFO] [stderr]    Compiling psm v0.1.28
[INFO] [stderr]    Compiling rand_chacha v0.3.1
[INFO] [stderr]    Compiling rand v0.8.5
[INFO] [stderr]    Compiling minicbor-derive v0.13.0
[INFO] [stderr]    Compiling darling_core v0.23.0
[INFO] [stderr]    Compiling zeroize_derive v1.4.2
[INFO] [stderr]    Compiling thiserror-impl v1.0.69
[INFO] [stderr]    Compiling alloy-rlp-derive v0.3.16
[INFO] [stderr]    Compiling curve25519-dalek-derive v0.1.1
[INFO] [stderr]    Compiling candid_derive v0.10.35
[INFO] [stderr]    Compiling derive_more-impl v2.0.1
[INFO] [stderr]    Compiling strum_macros v0.26.4
[INFO] [stderr]    Compiling futures-macro v0.3.31
[INFO] [stderr]    Compiling auto_impl v1.3.0
[INFO] [stderr]    Compiling num-bigint v0.4.6
[INFO] [stderr]    Compiling bytes v1.10.1
[INFO] [stderr]    Compiling zeroize v1.8.2
[INFO] [stderr]    Compiling der v0.7.10
[INFO] [stderr]    Compiling solana-hash v4.6.0
[INFO] [stderr]    Compiling solana-instruction-error v2.5.0
[INFO] [stderr]    Compiling merlin v3.0.0
[INFO] [stderr]    Compiling serde-big-array v0.5.1
[INFO] [stderr]    Compiling alloy-rlp v0.3.16
[INFO] [stderr]    Compiling solana-transaction-error v3.4.0
[INFO] [stderr]    Compiling http v1.3.1
[INFO] [stderr]    Compiling solana-signature v3.5.2
[INFO] [stderr]    Compiling futures-util v0.3.31
[INFO] [stderr]    Compiling cbor2 v1.1.4
[INFO] [stderr]    Compiling ruint v1.17.0
[INFO] [stderr]    Compiling serde_cbor v0.11.2
[INFO] [stderr]    Compiling ic_principal v0.1.1
[INFO] [stderr]    Compiling signature v2.2.0
[INFO] [stderr]    Compiling hmac v0.12.1
[INFO] [stderr]    Compiling crypto-bigint v0.5.5
[INFO] [stderr]    Compiling solana-sha256-hasher v3.1.0
[INFO] [stderr]    Compiling strum v0.26.3
[INFO] [stderr]    Compiling rfc6979 v0.4.0
[INFO] [stderr]    Compiling ic-error-types v0.2.0
[INFO] [stderr]    Compiling nybbles v0.4.6
[INFO] [stderr]    Compiling simple_asn1 v0.6.3
[INFO] [stderr]    Compiling ic-representation-independent-hash v3.0.3
[INFO] [stderr]    Compiling ic-certification v3.0.3
[INFO] [stderr]    Compiling hkdf v0.12.4
[INFO] [stderr]    Compiling spki v0.7.3
[INFO] [stderr]    Compiling ic-stable-structures v0.7.2
[INFO] [stderr]    Compiling bincode v1.3.3
[INFO] [stderr]    Compiling pkcs8 v0.10.2
[INFO] [stderr]    Compiling sec1 v0.7.3
[INFO] [stderr]    Compiling solana-address v2.7.0
[INFO] [stderr]    Compiling ed25519 v2.2.3
[INFO] [stderr]    Compiling solana-address v1.1.0
[INFO] [stderr]    Compiling solana-pubkey v4.3.0
[INFO] [stderr]    Compiling ed25519-dalek v2.2.0
[INFO] [stderr]    Compiling solana-pubkey v3.0.0
[INFO] [stderr]    Compiling solana-instruction v3.5.0
[INFO] [stderr]    Compiling darling_macro v0.23.0
[INFO] [stderr]    Compiling solana-sdk-ids v3.0.0
[INFO] [stderr]    Compiling elliptic-curve v0.13.8
[INFO] [stderr]    Compiling solana-message v4.5.0
[INFO] [stderr]    Compiling darling v0.23.0
[INFO] [stderr]    Compiling alloy-tx-macros v2.4.1
[INFO] [stderr]    Compiling derive_more v2.0.1
[INFO] [stderr]    Compiling ecdsa v0.16.9
[INFO] [stderr]    Compiling ic-ed25519 v0.6.0
[INFO] [stderr]    Compiling alloy-primitives v1.6.1
[INFO] [stderr]    Compiling k256 v0.13.4
[INFO] [stderr]    Compiling solana-transaction v4.3.0
[INFO] [stderr]    Compiling ic-secp256k1 v0.3.0
[INFO] [stderr]    Compiling alloy-eip7702 v0.6.3
[INFO] [stderr]    Compiling alloy-eip2124 v0.2.0
[INFO] [stderr]    Compiling alloy-eip7928 v0.4.8
[INFO] [stderr]    Compiling alloy-eip2930 v0.2.3
[INFO] [stderr]    Compiling alloy-trie v0.9.5
[INFO] [stderr]    Compiling futures v0.3.31
[INFO] [stderr]    Compiling candid v0.10.35
[INFO] [stderr]    Compiling alloy-eips v2.4.1
[INFO] [stderr]    Compiling alloy-consensus v2.4.1
[INFO] [stderr]    Compiling icrc-cbor v0.1.0
[INFO] [stderr]    Compiling ic-management-canister-types v0.7.1
[INFO] [stderr]    Compiling ic-http-certification v3.0.3
[INFO] [stderr]    Compiling ic_auth_types v0.10.1
[INFO] [stderr]    Compiling ic-cdk-macros v0.20.0
[INFO] [stderr]    Compiling icrc-ledger-types v0.2.0
[INFO] [stderr]    Compiling ic-cdk v0.20.0
[INFO] [stderr]    Compiling ic-cdk-management-canister v0.1.1
[INFO] [stderr]    Compiling one_bridge_canister v0.5.1 (/opt/rustwide/workdir/src/one_bridge_canister)
[INFO] [stderr]     Finished `release` profile [optimized] target(s) in 2m 25s
[INFO] running `Command { std: "docker" "inspect" "f2b35ba2410d3e4e5eb3d3d77646d2e094a1fd8dfd790d7997459509dc536c0e", kill_on_drop: false }`
[INFO] running `Command { std: "docker" "exec" "-e" "SOURCE_DIR=/opt/rustwide/workdir" "-e" "CARGO_HOME=/opt/rustwide/cargo-home" "-e" "RUSTUP_HOME=/opt/rustwide/rustup-home" "-e" "CARGO_TARGET_DIR=/opt/rustwide/target" "-e" "CARGO_INCREMENTAL=0" "-e" "RUST_BACKTRACE=full" "-e" "RUSTFLAGS=--cap-lints=warn" "-e" "RUSTDOCFLAGS=--cap-lints=warn" "-w" "/opt/rustwide/workdir" "--user" "0:0" "f2b35ba2410d3e4e5eb3d3d77646d2e094a1fd8dfd790d7997459509dc536c0e" "/opt/rustwide/cargo-home/bin/cargo" "+1.99.0-beta.1" "test" "--frozen" "--no-run" "--message-format=json" "--release", kill_on_drop: false }`
[INFO] [stderr]    Compiling futures-executor v0.3.31
[INFO] [stderr]    Compiling futures v0.3.31
[INFO] [stderr]    Compiling one_bridge_canister v0.5.1 (/opt/rustwide/workdir/src/one_bridge_canister)
[INFO] [stderr]     Finished `release` profile [optimized] target(s) in 59.87s
[INFO] running `Command { std: "docker" "inspect" "f2b35ba2410d3e4e5eb3d3d77646d2e094a1fd8dfd790d7997459509dc536c0e", kill_on_drop: false }`
[INFO] running `Command { std: "docker" "exec" "-e" "SOURCE_DIR=/opt/rustwide/workdir" "-e" "CARGO_HOME=/opt/rustwide/cargo-home" "-e" "RUSTUP_HOME=/opt/rustwide/rustup-home" "-e" "CARGO_TARGET_DIR=/opt/rustwide/target" "-e" "CARGO_INCREMENTAL=0" "-e" "RUST_BACKTRACE=full" "-e" "RUSTFLAGS=--cap-lints=warn" "-e" "RUSTDOCFLAGS=--cap-lints=warn" "-w" "/opt/rustwide/workdir" "--user" "0:0" "f2b35ba2410d3e4e5eb3d3d77646d2e094a1fd8dfd790d7997459509dc536c0e" "/opt/rustwide/cargo-home/bin/cargo" "+1.99.0-beta.1" "test" "--frozen" "--release", kill_on_drop: false }`
[INFO] [stderr]     Finished `release` profile [optimized] target(s) in 0.33s
[INFO] [stderr]      Running unittests src/lib.rs (/opt/rustwide/target/release/deps/one_bridge_canister-a0ccf5e0c83f0b69)
[INFO] [stdout] 
[INFO] [stdout] running 36 tests
[INFO] [stdout] test api_http::tests::parses_gateway_and_absolute_request_uris ... ok
[INFO] [stdout] test evm::tests::minimal_receipt_preserves_revert_status ... ok
[INFO] [stdout] test evm::tests::test_call_handles_error_payload ... ok
[INFO] [stdout] test evm::tests::test_chain_id_uses_mock_outcall ... ok
[INFO] [stdout] test api_admin::tests::provider_urls_must_be_absolute_https_uris ... ok
[INFO] [stdout] test evm::tests::test_decode_abi_uint ... ok
[INFO] [stdout] test evm::tests::test_encode_erc20_transfer ... ok
[INFO] [stdout] test evm::tests::test_hex_to_u64_and_u128 ... ok
[INFO] [stdout] test evm::tests::test_get_transaction_receipt ... ok
[INFO] [stdout] test evm::tests::test_http_request_fallbacks_between_providers ... ok
[INFO] [stdout] test helper::tests::bridge_amount_after_fee_requires_positive_net_amount ... ok
[INFO] [stdout] test helper::tests::convert_amount_downscales_with_flooring ... ok
[INFO] [stdout] test outcall::tests::every_request_reserves_a_bounded_response ... ok
[INFO] [stdout] test store::tests::finalization_shares_failed_block_outcalls_per_chain ... ok
[INFO] [stdout] test evm::tests::receipt_accepts_numeric_quantities ... ok
[INFO] [stdout] test store::tests::finalize_lock_is_taken_over_only_once_it_looks_abandoned ... ok
[INFO] [stdout] test store::tests::finalize_poll_backs_off_once_nothing_advances ... ok
[INFO] [stdout] test store::tests::superseded_finalize_run_cannot_merge ... ok
[INFO] [stdout] test store::tests::superseded_run_cannot_claim_a_payout ... ok
[INFO] [stdout] test svm::rpc::tests::test_call_handles_error_payload ... ok
[INFO] [stdout] test svm::rpc::tests::test_get_latest_blockhash ... ok
[INFO] [stdout] test svm::rpc::tests::test_get_signature_statuses_rejects_empty_status_array ... ok
[INFO] [stdout] test svm::rpc::tests::test_http_request_fallbacks_between_providers ... ok
[INFO] [stdout] test svm::rpc::tests::test_get_signature_statuses_returns_status ... ok
[INFO] [stdout] test svm::rpc::tests::test_send_transaction_returns_signature ... ok
[INFO] [stdout] test svm::spl::tests::associated_token_address_matches_known_mainnet_vector ... ok
[INFO] [stdout] test svm::spl::tests::system_transfer_uses_the_solana_wire_layout ... ok
[INFO] [stdout] test svm::types::tests::extracts_only_the_mint_fields_from_account_info ... ok
[INFO] [stdout] test svm::types::tests::finalized_but_failed_transaction_is_not_finalized ... ok
[INFO] [stdout] test svm::types::wire_tests::transaction_bincode_layout_matches_solana_wire_format ... ok
[INFO] [stdout] test store::tests::finalization_timer_waits_for_a_running_round_or_uses_the_requested_delay ... ok
[INFO] [stdout] test types::tests::derived_addresses_are_stable ... ok
[INFO] [stdout] test store::tests::finalization_shares_latest_block_outcalls_per_chain ... ok
[INFO] [stdout] test store::tests::only_the_first_overlapping_round_can_claim_a_payout ... ok
[INFO] [stdout] test api_http::tests::supports_cbor_matches_header_names_and_values_case_insensitively ... ok
[INFO] [stdout] test svm::spl::tests::associated_account_creation_is_idempotent ... ok
[INFO] [stdout] 
[INFO] [stdout] test result: ok. 36 passed; 0 failed; 0 ignored; 0 measured; 0 filtered out; finished in 0.08s
[INFO] [stdout] 
[INFO] running `Command { std: "docker" "inspect" "f2b35ba2410d3e4e5eb3d3d77646d2e094a1fd8dfd790d7997459509dc536c0e", kill_on_drop: false }`
[INFO] running `Command { std: "docker" "rm" "-f" "f2b35ba2410d3e4e5eb3d3d77646d2e094a1fd8dfd790d7997459509dc536c0e", kill_on_drop: false }`
[INFO] [stdout] f2b35ba2410d3e4e5eb3d3d77646d2e094a1fd8dfd790d7997459509dc536c0e
