[INFO] cloning repository https://github.com/knutwalker/aoc2020
[INFO] running `Command { std: "git" "-c" "credential.helper=" "-c" "credential.helper=/workspace/cargo-home/bin/git-credential-null" "clone" "--bare" "https://github.com/knutwalker/aoc2020" "/workspace/cache/git-repos/https%3A%2F%2Fgithub.com%2Fknutwalker%2Faoc2020", kill_on_drop: false }`
[INFO] [stderr] Cloning into bare repository '/workspace/cache/git-repos/https%3A%2F%2Fgithub.com%2Fknutwalker%2Faoc2020'...
[INFO] running `Command { std: "git" "rev-parse" "HEAD", kill_on_drop: false }`
[INFO] [stdout] a0c24866c493b28124fca0fc139cb9a3263f7b60
[INFO] testing knutwalker/aoc2020 against 1.99.0-beta.1+cargoflags=--release for beta-release-1.99-2
[INFO] running `Command { std: "git" "clone" "/workspace/cache/git-repos/https%3A%2F%2Fgithub.com%2Fknutwalker%2Faoc2020" "/workspace/builds/worker-4-tc2/source", kill_on_drop: false }`
[INFO] [stderr] Cloning into '/workspace/builds/worker-4-tc2/source'...
[INFO] [stderr] done.
[INFO] started tweaking git repo https://github.com/knutwalker/aoc2020
[INFO] finished tweaking git repo https://github.com/knutwalker/aoc2020
[INFO] tweaked toml for git repo https://github.com/knutwalker/aoc2020 written to /workspace/builds/worker-4-tc2/source/Cargo.toml
[INFO] validating manifest of git repo https://github.com/knutwalker/aoc2020 on toolchain 1.99.0-beta.1
[INFO] running `Command { std: CARGO_HOME="/workspace/cargo-home" RUSTUP_HOME="/workspace/rustup-home" "/workspace/cargo-home/bin/cargo" "+1.99.0-beta.1" "metadata" "--manifest-path" "Cargo.toml" "--no-deps", kill_on_drop: false }`
[INFO] crate git repo https://github.com/knutwalker/aoc2020 already has a lockfile, it will not be regenerated
[INFO] running `Command { std: CARGO_HOME="/workspace/cargo-home" RUSTUP_HOME="/workspace/rustup-home" "/workspace/cargo-home/bin/cargo" "+1.99.0-beta.1" "fetch" "--manifest-path" "Cargo.toml", kill_on_drop: false }`
[INFO] [stderr]     Blocking waiting for file lock on package cache
[ERROR] error running command: no output for 300 seconds
[INFO] testing knutwalker/aoc2020 against 1.99.0-beta.1+cargoflags=--release for beta-release-1.99-2
[INFO] running `Command { std: "git" "clone" "/workspace/cache/git-repos/https%3A%2F%2Fgithub.com%2Fknutwalker%2Faoc2020" "/workspace/builds/worker-4-tc2/source", kill_on_drop: false }`
[INFO] [stderr] Cloning into '/workspace/builds/worker-4-tc2/source'...
[INFO] [stderr] done.
[INFO] started tweaking git repo https://github.com/knutwalker/aoc2020
[INFO] finished tweaking git repo https://github.com/knutwalker/aoc2020
[INFO] tweaked toml for git repo https://github.com/knutwalker/aoc2020 written to /workspace/builds/worker-4-tc2/source/Cargo.toml
[INFO] validating manifest of git repo https://github.com/knutwalker/aoc2020 on toolchain 1.99.0-beta.1
[INFO] running `Command { std: CARGO_HOME="/workspace/cargo-home" RUSTUP_HOME="/workspace/rustup-home" "/workspace/cargo-home/bin/cargo" "+1.99.0-beta.1" "metadata" "--manifest-path" "Cargo.toml" "--no-deps", kill_on_drop: false }`
[INFO] crate git repo https://github.com/knutwalker/aoc2020 already has a lockfile, it will not be regenerated
[INFO] running `Command { std: CARGO_HOME="/workspace/cargo-home" RUSTUP_HOME="/workspace/rustup-home" "/workspace/cargo-home/bin/cargo" "+1.99.0-beta.1" "fetch" "--manifest-path" "Cargo.toml", kill_on_drop: false }`
[INFO] [stderr]     Blocking waiting for file lock on package cache
[INFO] [stderr]     Blocking waiting for file lock on package cache
[ERROR] error running command: no output for 300 seconds
[INFO] testing knutwalker/aoc2020 against 1.99.0-beta.1+cargoflags=--release for beta-release-1.99-2
[INFO] running `Command { std: "git" "clone" "/workspace/cache/git-repos/https%3A%2F%2Fgithub.com%2Fknutwalker%2Faoc2020" "/workspace/builds/worker-4-tc2/source", kill_on_drop: false }`
[INFO] [stderr] Cloning into '/workspace/builds/worker-4-tc2/source'...
[INFO] [stderr] done.
[INFO] started tweaking git repo https://github.com/knutwalker/aoc2020
[INFO] finished tweaking git repo https://github.com/knutwalker/aoc2020
[INFO] tweaked toml for git repo https://github.com/knutwalker/aoc2020 written to /workspace/builds/worker-4-tc2/source/Cargo.toml
[INFO] validating manifest of git repo https://github.com/knutwalker/aoc2020 on toolchain 1.99.0-beta.1
[INFO] running `Command { std: CARGO_HOME="/workspace/cargo-home" RUSTUP_HOME="/workspace/rustup-home" "/workspace/cargo-home/bin/cargo" "+1.99.0-beta.1" "metadata" "--manifest-path" "Cargo.toml" "--no-deps", kill_on_drop: false }`
[INFO] crate git repo https://github.com/knutwalker/aoc2020 already has a lockfile, it will not be regenerated
[INFO] running `Command { std: CARGO_HOME="/workspace/cargo-home" RUSTUP_HOME="/workspace/rustup-home" "/workspace/cargo-home/bin/cargo" "+1.99.0-beta.1" "fetch" "--manifest-path" "Cargo.toml", kill_on_drop: false }`
[INFO] [stderr]     Blocking waiting for file lock on package cache
[ERROR] error running command: no output for 300 seconds
[INFO] testing knutwalker/aoc2020 against 1.99.0-beta.1+cargoflags=--release for beta-release-1.99-2
[INFO] running `Command { std: "git" "clone" "/workspace/cache/git-repos/https%3A%2F%2Fgithub.com%2Fknutwalker%2Faoc2020" "/workspace/builds/worker-4-tc2/source", kill_on_drop: false }`
[INFO] [stderr] Cloning into '/workspace/builds/worker-4-tc2/source'...
[INFO] [stderr] done.
[INFO] started tweaking git repo https://github.com/knutwalker/aoc2020
[INFO] finished tweaking git repo https://github.com/knutwalker/aoc2020
[INFO] tweaked toml for git repo https://github.com/knutwalker/aoc2020 written to /workspace/builds/worker-4-tc2/source/Cargo.toml
[INFO] validating manifest of git repo https://github.com/knutwalker/aoc2020 on toolchain 1.99.0-beta.1
[INFO] running `Command { std: CARGO_HOME="/workspace/cargo-home" RUSTUP_HOME="/workspace/rustup-home" "/workspace/cargo-home/bin/cargo" "+1.99.0-beta.1" "metadata" "--manifest-path" "Cargo.toml" "--no-deps", kill_on_drop: false }`
[INFO] crate git repo https://github.com/knutwalker/aoc2020 already has a lockfile, it will not be regenerated
[INFO] running `Command { std: CARGO_HOME="/workspace/cargo-home" RUSTUP_HOME="/workspace/rustup-home" "/workspace/cargo-home/bin/cargo" "+1.99.0-beta.1" "fetch" "--manifest-path" "Cargo.toml", kill_on_drop: false }`
[INFO] [stderr]     Blocking waiting for file lock on package cache
[INFO] [stderr]     Blocking waiting for file lock on package cache
[INFO] running `Command { std: "docker" "create" "-v" "/var/lib/crater-agent-workspace/builds/worker-4-tc2/source:/opt/rustwide/workdir:ro,Z" "-v" "/var/lib/crater-agent-workspace/builds/worker-4-tc2/target:/opt/rustwide/target:rw,Z" "-v" "/var/lib/crater-agent-workspace/cargo-home:/opt/rustwide/cargo-home:ro,Z" "-v" "/var/lib/crater-agent-workspace/rustup-home:/opt/rustwide/rustup-home:ro,Z" "-m" "1610612736" "--network" "none" "ghcr.io/rust-lang/crates-build-env/linux@sha256:8683fc1fc2eb5c9ac98e0d076ab094b2ffac7f99da555d2b6a2e27f346de2ec7" "sleep" "infinity", kill_on_drop: false }`
[INFO] [stdout] c48f3d972f843c0b04b5226cbefa575d64b5a70988502fcc208b9c60c16cbc7b
[INFO] running `Command { std: "docker" "start" "c48f3d972f843c0b04b5226cbefa575d64b5a70988502fcc208b9c60c16cbc7b", kill_on_drop: false }`
[INFO] running `Command { std: "docker" "inspect" "c48f3d972f843c0b04b5226cbefa575d64b5a70988502fcc208b9c60c16cbc7b", kill_on_drop: false }`
[INFO] running `Command { std: "docker" "exec" "-e" "SOURCE_DIR=/opt/rustwide/workdir" "-e" "CARGO_HOME=/opt/rustwide/cargo-home" "-e" "RUSTUP_HOME=/opt/rustwide/rustup-home" "-e" "CARGO_TARGET_DIR=/opt/rustwide/target" "-w" "/opt/rustwide/workdir" "--user" "0:0" "c48f3d972f843c0b04b5226cbefa575d64b5a70988502fcc208b9c60c16cbc7b" "/opt/rustwide/cargo-home/bin/cargo" "+1.99.0-beta.1" "metadata" "--no-deps" "--format-version=1", kill_on_drop: false }`
[INFO] running `Command { std: "docker" "inspect" "c48f3d972f843c0b04b5226cbefa575d64b5a70988502fcc208b9c60c16cbc7b", kill_on_drop: false }`
[INFO] running `Command { std: "docker" "exec" "-e" "SOURCE_DIR=/opt/rustwide/workdir" "-e" "CARGO_HOME=/opt/rustwide/cargo-home" "-e" "RUSTUP_HOME=/opt/rustwide/rustup-home" "-e" "CARGO_TARGET_DIR=/opt/rustwide/target" "-e" "CARGO_INCREMENTAL=0" "-e" "RUST_BACKTRACE=full" "-e" "RUSTFLAGS=--cap-lints=warn" "-e" "RUSTDOCFLAGS=--cap-lints=warn" "-w" "/opt/rustwide/workdir" "--user" "0:0" "c48f3d972f843c0b04b5226cbefa575d64b5a70988502fcc208b9c60c16cbc7b" "/opt/rustwide/cargo-home/bin/cargo" "+1.99.0-beta.1" "build" "--frozen" "--message-format=json" "--release", kill_on_drop: false }`
[INFO] [stderr]    Compiling aoc2020 v0.1.0 (/opt/rustwide/workdir)
[INFO] [stdout] warning: use of deprecated associated function `core::num::<impl usize>::max_value`: replaced by the `MAX` associated constant on this type
[INFO] [stdout]  --> src/day11.rs:8:35
[INFO] [stdout]   |
[INFO] [stdout] 8 |             run_any(input, usize::max_value(), 5),
[INFO] [stdout]   |                                   ^^^^^^^^^
[INFO] [stdout]   |
[INFO] [stdout]   = note: `#[warn(deprecated)]` on by default
[INFO] [stdout] 
[INFO] [stdout] 
[INFO] [stdout] warning: use of deprecated associated function `core::num::<impl u64>::max_value`: replaced by the `MAX` associated constant on this type
[INFO] [stdout]   --> src/day14.rs:73:41
[INFO] [stdout]    |
[INFO] [stdout] 73 |                         .fold(vec![u64::max_value()], |ms, i| {
[INFO] [stdout]    |                                         ^^^^^^^^^
[INFO] [stdout] 
[INFO] [stdout] 
[INFO] [stderr]     Finished `release` profile [optimized] target(s) in 3.47s
[INFO] running `Command { std: "docker" "inspect" "c48f3d972f843c0b04b5226cbefa575d64b5a70988502fcc208b9c60c16cbc7b", kill_on_drop: false }`
[INFO] running `Command { std: "docker" "exec" "-e" "SOURCE_DIR=/opt/rustwide/workdir" "-e" "CARGO_HOME=/opt/rustwide/cargo-home" "-e" "RUSTUP_HOME=/opt/rustwide/rustup-home" "-e" "CARGO_TARGET_DIR=/opt/rustwide/target" "-e" "CARGO_INCREMENTAL=0" "-e" "RUST_BACKTRACE=full" "-e" "RUSTFLAGS=--cap-lints=warn" "-e" "RUSTDOCFLAGS=--cap-lints=warn" "-w" "/opt/rustwide/workdir" "--user" "0:0" "c48f3d972f843c0b04b5226cbefa575d64b5a70988502fcc208b9c60c16cbc7b" "/opt/rustwide/cargo-home/bin/cargo" "+1.99.0-beta.1" "test" "--frozen" "--no-run" "--message-format=json" "--release", kill_on_drop: false }`
[INFO] [stderr]    Compiling aoc2020 v0.1.0 (/opt/rustwide/workdir)
[INFO] [stdout] warning: use of deprecated associated function `core::num::<impl usize>::max_value`: replaced by the `MAX` associated constant on this type
[INFO] [stdout]  --> src/day11.rs:8:35
[INFO] [stdout]   |
[INFO] [stdout] 8 |             run_any(input, usize::max_value(), 5),
[INFO] [stdout]   |                                   ^^^^^^^^^
[INFO] [stdout]   |
[INFO] [stdout]   = note: `#[warn(deprecated)]` on by default
[INFO] [stdout] 
[INFO] [stdout] 
[INFO] [stdout] warning: use of deprecated associated function `core::num::<impl usize>::max_value`: replaced by the `MAX` associated constant on this type
[INFO] [stdout]    --> src/day11.rs:123:51
[INFO] [stdout]     |
[INFO] [stdout] 123 |         assert_eq!(8, occupied_seats(3, 4, usize::max_value(), &input));
[INFO] [stdout]     |                                                   ^^^^^^^^^
[INFO] [stdout] 
[INFO] [stdout] 
[INFO] [stdout] warning: use of deprecated associated function `core::num::<impl usize>::max_value`: replaced by the `MAX` associated constant on this type
[INFO] [stdout]    --> src/day11.rs:138:51
[INFO] [stdout]     |
[INFO] [stdout] 138 |         assert_eq!(0, occupied_seats(1, 1, usize::max_value(), &input));
[INFO] [stdout]     |                                                   ^^^^^^^^^
[INFO] [stdout] 
[INFO] [stdout] 
[INFO] [stdout] warning: use of deprecated associated function `core::num::<impl usize>::max_value`: replaced by the `MAX` associated constant on this type
[INFO] [stdout]    --> src/day11.rs:157:51
[INFO] [stdout]     |
[INFO] [stdout] 157 |         assert_eq!(0, occupied_seats(3, 3, usize::max_value(), &input));
[INFO] [stdout]     |                                                   ^^^^^^^^^
[INFO] [stdout] 
[INFO] [stdout] 
[INFO] [stdout] warning: use of deprecated associated function `core::num::<impl usize>::max_value`: replaced by the `MAX` associated constant on this type
[INFO] [stdout]    --> src/day11.rs:179:51
[INFO] [stdout]     |
[INFO] [stdout] 179 |         assert_eq!(0, occupied_seats(3, 0, usize::max_value(), &input));
[INFO] [stdout]     |                                                   ^^^^^^^^^
[INFO] [stdout] 
[INFO] [stdout] 
[INFO] [stdout] warning: use of deprecated associated function `core::num::<impl u64>::max_value`: replaced by the `MAX` associated constant on this type
[INFO] [stdout]   --> src/day14.rs:73:41
[INFO] [stdout]    |
[INFO] [stdout] 73 |                         .fold(vec![u64::max_value()], |ms, i| {
[INFO] [stdout]    |                                         ^^^^^^^^^
[INFO] [stdout] 
[INFO] [stdout] 
[INFO] [stderr]     Finished `release` profile [optimized] target(s) in 4.92s
[INFO] running `Command { std: "docker" "inspect" "c48f3d972f843c0b04b5226cbefa575d64b5a70988502fcc208b9c60c16cbc7b", kill_on_drop: false }`
[INFO] running `Command { std: "docker" "exec" "-e" "SOURCE_DIR=/opt/rustwide/workdir" "-e" "CARGO_HOME=/opt/rustwide/cargo-home" "-e" "RUSTUP_HOME=/opt/rustwide/rustup-home" "-e" "CARGO_TARGET_DIR=/opt/rustwide/target" "-e" "CARGO_INCREMENTAL=0" "-e" "RUST_BACKTRACE=full" "-e" "RUSTFLAGS=--cap-lints=warn" "-e" "RUSTDOCFLAGS=--cap-lints=warn" "-w" "/opt/rustwide/workdir" "--user" "0:0" "c48f3d972f843c0b04b5226cbefa575d64b5a70988502fcc208b9c60c16cbc7b" "/opt/rustwide/cargo-home/bin/cargo" "+1.99.0-beta.1" "test" "--frozen" "--release", kill_on_drop: false }`
[INFO] [stderr] warning: use of deprecated associated function `core::num::<impl usize>::max_value`: replaced by the `MAX` associated constant on this type
[INFO] [stderr]  --> src/day11.rs:8:35
[INFO] [stderr]   |
[INFO] [stderr] 8 |             run_any(input, usize::max_value(), 5),
[INFO] [stderr]   |                                   ^^^^^^^^^
[INFO] [stderr]   |
[INFO] [stderr]   = note: `#[warn(deprecated)]` on by default
[INFO] [stderr] 
[INFO] [stderr] warning: use of deprecated associated function `core::num::<impl usize>::max_value`: replaced by the `MAX` associated constant on this type
[INFO] [stderr]    --> src/day11.rs:123:51
[INFO] [stderr]     |
[INFO] [stderr] 123 |         assert_eq!(8, occupied_seats(3, 4, usize::max_value(), &input));
[INFO] [stderr]     |                                                   ^^^^^^^^^
[INFO] [stderr] 
[INFO] [stderr] warning: use of deprecated associated function `core::num::<impl usize>::max_value`: replaced by the `MAX` associated constant on this type
[INFO] [stderr]    --> src/day11.rs:138:51
[INFO] [stderr]     |
[INFO] [stderr] 138 |         assert_eq!(0, occupied_seats(1, 1, usize::max_value(), &input));
[INFO] [stderr]     |                                                   ^^^^^^^^^
[INFO] [stderr] 
[INFO] [stderr] warning: use of deprecated associated function `core::num::<impl usize>::max_value`: replaced by the `MAX` associated constant on this type
[INFO] [stderr]    --> src/day11.rs:157:51
[INFO] [stderr]     |
[INFO] [stderr] 157 |         assert_eq!(0, occupied_seats(3, 3, usize::max_value(), &input));
[INFO] [stderr]     |                                                   ^^^^^^^^^
[INFO] [stderr] 
[INFO] [stderr] warning: use of deprecated associated function `core::num::<impl usize>::max_value`: replaced by the `MAX` associated constant on this type
[INFO] [stderr]    --> src/day11.rs:179:51
[INFO] [stderr]     |
[INFO] [stderr] 179 |         assert_eq!(0, occupied_seats(3, 0, usize::max_value(), &input));
[INFO] [stderr]     |                                                   ^^^^^^^^^
[INFO] [stderr] 
[INFO] [stderr] warning: use of deprecated associated function `core::num::<impl u64>::max_value`: replaced by the `MAX` associated constant on this type
[INFO] [stderr]   --> src/day14.rs:73:41
[INFO] [stderr]    |
[INFO] [stderr] 73 |                         .fold(vec![u64::max_value()], |ms, i| {
[INFO] [stderr]    |                                         ^^^^^^^^^
[INFO] [stderr] 
[INFO] [stderr] warning: `aoc2020` (bin "aoc2020" test) generated 6 warnings
[INFO] [stderr]     Finished `release` profile [optimized] target(s) in 0.02s
[INFO] [stderr]      Running unittests src/lib.rs (/opt/rustwide/target/release/deps/aoc2020-1e485883d7dd7197)
[INFO] [stdout] 
[INFO] [stdout] running 0 tests
[INFO] [stdout] 
[INFO] [stdout] test result: ok. 0 passed; 0 failed; 0 ignored; 0 measured; 0 filtered out; finished in 0.00s
[INFO] [stdout] 
[INFO] [stderr]      Running unittests src/main.rs (/opt/rustwide/target/release/deps/aoc2020-5462fc49aec171bb)
[INFO] [stdout] 
[INFO] [stdout] running 67 tests
[INFO] [stdout] test day01::tests::test_ex ... ok
[INFO] [stdout] test day01::tests::test ... ok
[INFO] [stdout] test day02::tests::parse ... ok
[INFO] [stdout] test day03::tests::test_ex ... ok
[INFO] [stdout] test day03::tests::test ... ok
[INFO] [stdout] test day04::tests::invalid_part2 ... ok
[INFO] [stdout] test day02::tests::test ... ok
[INFO] [stdout] test day05::tests::test_parse_seat ... ok
[INFO] [stdout] test day06::tests::test_ex1 ... ok
[INFO] [stdout] test day05::tests::test ... ok
[INFO] [stdout] test day07::tests::test_ex1 ... ok
[INFO] [stdout] test day06::tests::test ... ok
[INFO] [stdout] test day04::tests::valid_part2 ... ok
[INFO] [stdout] test day04::tests::example_part1 ... ok
[INFO] [stdout] test day04::tests::test ... ok
[INFO] [stdout] test day07::tests::test_ex2 ... ok
[INFO] [stdout] test day08::tests::test_ex1 ... ok
[INFO] [stdout] test day10::tests::test ... ok
[INFO] [stdout] test day10::tests::test_ex1 ... ok
[INFO] [stdout] test day09::tests::test ... ok
[INFO] [stdout] test day11::tests::occupied_test1 ... ok
[INFO] [stdout] test day11::tests::occupied_test3 ... ok
[INFO] [stdout] test day09::tests::test_ex1 ... ok
[INFO] [stdout] test day11::tests::occupied_test4 ... ok
[INFO] [stdout] test day11::tests::occupied_test2 ... ok
[INFO] [stdout] test day12::tests::test ... ok
[INFO] [stdout] test day12::tests::test_ex1 ... ok
[INFO] [stdout] test day11::tests::test_ex1 ... ok
[INFO] [stdout] test day13::tests::test_p2_0 ... ok
[INFO] [stdout] test day13::tests::test_ex1 ... ok
[INFO] [stdout] test day13::tests::test_p2_2 ... ok
[INFO] [stdout] test day13::tests::test_p2_1 ... ok
[INFO] [stdout] test day14::tests::test_pt1 ... ok
[INFO] [stdout] test day13::tests::test ... ok
[INFO] [stdout] test day15::tests::test_pt1 ... ok
[INFO] [stdout] test day14::tests::test_pt2 ... ok
[INFO] [stdout] test day16::tests::test_pt1 ... ok
[INFO] [stdout] test day16::tests::test_pt2 ... ok
[INFO] [stdout] test day08::tests::test ... ok
[INFO] [stdout] test day18::tests::test ... ok
[INFO] [stdout] test day18::tests::test_eval ... ok
[INFO] [stdout] test day16::tests::test ... ok
[INFO] [stdout] test day18::tests::test_eval2 ... ok
[INFO] [stdout] test day19::tests::test_pt1 ... ok
[INFO] [stdout] test day19::tests::test_pt1_2 ... ok
[INFO] [stdout] test day07::tests::test ... ok
[INFO] [stdout] test day19::tests::test ... ok
[INFO] [stdout] test day20::tests::test ... ok
[INFO] [stdout] test day20::tests::test_ex ... ok
[INFO] [stdout] test day21::tests::test_pt1 ... ok
[INFO] [stdout] test day22::tests::test_deck_pop ... ok
[INFO] [stdout] test day22::tests::test_deck_pop_last ... ok
[INFO] [stdout] test day22::tests::test_pt1 ... ok
[INFO] [stdout] test day21::tests::test ... ok
[INFO] [stdout] test day14::tests::test ... ok
[INFO] [stdout] test day23::tests::test_small_ex ... ok
[INFO] [stdout] test day17::tests::test_pt1 ... ok
[INFO] [stdout] test day24::tests::test_ex ... ok
[INFO] [stdout] test day11::tests::test ... ok
[INFO] [stdout] test day17::tests::test ... ok
[INFO] [stdout] test day25::tests::test_ex ... ok
[INFO] [stdout] test day24::tests::test ... ok
[INFO] [stdout] test day25::tests::test ... ok
[INFO] [stdout] test day22::tests::test ... ok
[INFO] [stdout] test day23::tests::test_ex ... ok
[INFO] [stdout] test day23::tests::test ... ok
[INFO] [stdout] test day15::tests::test ... ok
[INFO] [stdout] 
[INFO] [stdout] test result: ok. 67 passed; 0 failed; 0 ignored; 0 measured; 0 filtered out; finished in 1.62s
[INFO] [stdout] 
[INFO] [stderr]    Doc-tests aoc2020
[INFO] [stdout] 
[INFO] [stdout] running 0 tests
[INFO] [stdout] 
[INFO] [stdout] test result: ok. 0 passed; 0 failed; 0 ignored; 0 measured; 0 filtered out; finished in 0.00s
[INFO] [stdout] 
[INFO] running `Command { std: "docker" "inspect" "c48f3d972f843c0b04b5226cbefa575d64b5a70988502fcc208b9c60c16cbc7b", kill_on_drop: false }`
[INFO] running `Command { std: "docker" "rm" "-f" "c48f3d972f843c0b04b5226cbefa575d64b5a70988502fcc208b9c60c16cbc7b", kill_on_drop: false }`
[INFO] [stdout] c48f3d972f843c0b04b5226cbefa575d64b5a70988502fcc208b9c60c16cbc7b
