[INFO] cloning repository https://github.com/knopkem/yaps-rs
[INFO] running `Command { std: "git" "-c" "credential.helper=" "-c" "credential.helper=/workspace/cargo-home/bin/git-credential-null" "clone" "--bare" "https://github.com/knopkem/yaps-rs" "/workspace/cache/git-repos/https%3A%2F%2Fgithub.com%2Fknopkem%2Fyaps-rs", kill_on_drop: false }`
[INFO] [stderr] Cloning into bare repository '/workspace/cache/git-repos/https%3A%2F%2Fgithub.com%2Fknopkem%2Fyaps-rs'...
[INFO] running `Command { std: "git" "rev-parse" "HEAD", kill_on_drop: false }`
[INFO] [stdout] 1fe6a95043f2e5bd1bd5b57e90c25635319c2569
[INFO] testing knopkem/yaps-rs against 1.99.0-beta.1+cargoflags=--release for beta-release-1.99-2
[INFO] running `Command { std: "git" "clone" "/workspace/cache/git-repos/https%3A%2F%2Fgithub.com%2Fknopkem%2Fyaps-rs" "/workspace/builds/worker-7-tc2/source", kill_on_drop: false }`
[INFO] [stderr] Cloning into '/workspace/builds/worker-7-tc2/source'...
[INFO] [stderr] done.
[INFO] started tweaking git repo https://github.com/knopkem/yaps-rs
[INFO] finished tweaking git repo https://github.com/knopkem/yaps-rs
[INFO] tweaked toml for git repo https://github.com/knopkem/yaps-rs written to /workspace/builds/worker-7-tc2/source/Cargo.toml
[INFO] validating manifest of git repo https://github.com/knopkem/yaps-rs on toolchain 1.99.0-beta.1
[INFO] running `Command { std: CARGO_HOME="/workspace/cargo-home" RUSTUP_HOME="/workspace/rustup-home" "/workspace/cargo-home/bin/cargo" "+1.99.0-beta.1" "metadata" "--manifest-path" "Cargo.toml" "--no-deps", kill_on_drop: false }`
[INFO] crate git repo https://github.com/knopkem/yaps-rs already has a lockfile, it will not be regenerated
[INFO] running `Command { std: CARGO_HOME="/workspace/cargo-home" RUSTUP_HOME="/workspace/rustup-home" "/workspace/cargo-home/bin/cargo" "+1.99.0-beta.1" "fetch" "--manifest-path" "Cargo.toml", kill_on_drop: false }`
[INFO] [stderr]     Blocking waiting for file lock on package cache
[ERROR] error running command: no output for 300 seconds
[INFO] testing knopkem/yaps-rs against 1.99.0-beta.1+cargoflags=--release for beta-release-1.99-2
[INFO] running `Command { std: "git" "clone" "/workspace/cache/git-repos/https%3A%2F%2Fgithub.com%2Fknopkem%2Fyaps-rs" "/workspace/builds/worker-7-tc2/source", kill_on_drop: false }`
[INFO] [stderr] Cloning into '/workspace/builds/worker-7-tc2/source'...
[INFO] [stderr] done.
[INFO] started tweaking git repo https://github.com/knopkem/yaps-rs
[INFO] finished tweaking git repo https://github.com/knopkem/yaps-rs
[INFO] tweaked toml for git repo https://github.com/knopkem/yaps-rs written to /workspace/builds/worker-7-tc2/source/Cargo.toml
[INFO] validating manifest of git repo https://github.com/knopkem/yaps-rs on toolchain 1.99.0-beta.1
[INFO] running `Command { std: CARGO_HOME="/workspace/cargo-home" RUSTUP_HOME="/workspace/rustup-home" "/workspace/cargo-home/bin/cargo" "+1.99.0-beta.1" "metadata" "--manifest-path" "Cargo.toml" "--no-deps", kill_on_drop: false }`
[INFO] crate git repo https://github.com/knopkem/yaps-rs already has a lockfile, it will not be regenerated
[INFO] running `Command { std: CARGO_HOME="/workspace/cargo-home" RUSTUP_HOME="/workspace/rustup-home" "/workspace/cargo-home/bin/cargo" "+1.99.0-beta.1" "fetch" "--manifest-path" "Cargo.toml", kill_on_drop: false }`
[INFO] [stderr]     Blocking waiting for file lock on package cache
[INFO] [stderr]     Updating crates.io index
[INFO] [stderr]     Blocking waiting for file lock on package cache
[ERROR] error running command: no output for 300 seconds
[INFO] testing knopkem/yaps-rs against 1.99.0-beta.1+cargoflags=--release for beta-release-1.99-2
[INFO] running `Command { std: "git" "clone" "/workspace/cache/git-repos/https%3A%2F%2Fgithub.com%2Fknopkem%2Fyaps-rs" "/workspace/builds/worker-7-tc2/source", kill_on_drop: false }`
[INFO] [stderr] Cloning into '/workspace/builds/worker-7-tc2/source'...
[INFO] [stderr] done.
[INFO] started tweaking git repo https://github.com/knopkem/yaps-rs
[INFO] finished tweaking git repo https://github.com/knopkem/yaps-rs
[INFO] tweaked toml for git repo https://github.com/knopkem/yaps-rs written to /workspace/builds/worker-7-tc2/source/Cargo.toml
[INFO] validating manifest of git repo https://github.com/knopkem/yaps-rs on toolchain 1.99.0-beta.1
[INFO] running `Command { std: CARGO_HOME="/workspace/cargo-home" RUSTUP_HOME="/workspace/rustup-home" "/workspace/cargo-home/bin/cargo" "+1.99.0-beta.1" "metadata" "--manifest-path" "Cargo.toml" "--no-deps", kill_on_drop: false }`
[INFO] crate git repo https://github.com/knopkem/yaps-rs already has a lockfile, it will not be regenerated
[INFO] running `Command { std: CARGO_HOME="/workspace/cargo-home" RUSTUP_HOME="/workspace/rustup-home" "/workspace/cargo-home/bin/cargo" "+1.99.0-beta.1" "fetch" "--manifest-path" "Cargo.toml", kill_on_drop: false }`
[INFO] [stderr]     Blocking waiting for file lock on package cache
[ERROR] error running command: no output for 300 seconds
[INFO] testing knopkem/yaps-rs against 1.99.0-beta.1+cargoflags=--release for beta-release-1.99-2
[INFO] running `Command { std: "git" "clone" "/workspace/cache/git-repos/https%3A%2F%2Fgithub.com%2Fknopkem%2Fyaps-rs" "/workspace/builds/worker-7-tc2/source", kill_on_drop: false }`
[INFO] [stderr] Cloning into '/workspace/builds/worker-7-tc2/source'...
[INFO] [stderr] done.
[INFO] started tweaking git repo https://github.com/knopkem/yaps-rs
[INFO] finished tweaking git repo https://github.com/knopkem/yaps-rs
[INFO] tweaked toml for git repo https://github.com/knopkem/yaps-rs written to /workspace/builds/worker-7-tc2/source/Cargo.toml
[INFO] validating manifest of git repo https://github.com/knopkem/yaps-rs on toolchain 1.99.0-beta.1
[INFO] running `Command { std: CARGO_HOME="/workspace/cargo-home" RUSTUP_HOME="/workspace/rustup-home" "/workspace/cargo-home/bin/cargo" "+1.99.0-beta.1" "metadata" "--manifest-path" "Cargo.toml" "--no-deps", kill_on_drop: false }`
[INFO] crate git repo https://github.com/knopkem/yaps-rs already has a lockfile, it will not be regenerated
[INFO] running `Command { std: CARGO_HOME="/workspace/cargo-home" RUSTUP_HOME="/workspace/rustup-home" "/workspace/cargo-home/bin/cargo" "+1.99.0-beta.1" "fetch" "--manifest-path" "Cargo.toml", kill_on_drop: false }`
[INFO] [stderr]     Blocking waiting for file lock on package cache
[INFO] [stderr]     Blocking waiting for file lock on package cache
[INFO] [stderr]  Downloading crates ...
[INFO] [stderr]   Downloaded mutate_once v0.1.2
[INFO] [stderr]   Downloaded wasm-bindgen-shared v0.2.117
[INFO] [stderr]   Downloaded is-terminal v0.4.17
[INFO] [stderr]   Downloaded wasm-bindgen-futures v0.4.67
[INFO] [stderr]   Downloaded rayon v1.11.0
[INFO] [stderr]   Downloaded wasm-bindgen-macro v0.2.117
[INFO] [stderr]   Downloaded zvariant_derive v5.10.0
[INFO] [stderr]   Downloaded criterion-plot v0.5.0
[INFO] [stderr]   Downloaded zbus_macros v5.14.0
[INFO] [stderr]   Downloaded async-fs v2.2.0
[INFO] [stderr]   Downloaded iced_winit v0.13.0
[INFO] [stderr]   Downloaded clipboard_x11 v0.4.3
[INFO] [stderr]   Downloaded clipboard_wayland v0.2.2
[INFO] [stderr]   Downloaded async-net v2.0.0
[INFO] [stderr]   Downloaded kamadak-exif v0.6.1
[INFO] [stderr]   Downloaded window_clipboard v0.4.1
[INFO] [stderr]   Downloaded clipboard_macos v0.1.1
[INFO] [stderr]   Downloaded iced_futures v0.13.2
[INFO] [stderr]   Downloaded siphasher v1.0.2
[INFO] [stderr]   Downloaded dark-light v1.1.1
[INFO] [stderr]   Downloaded uuid v1.23.0
[INFO] [stderr]   Downloaded wasm-bindgen v0.2.117
[INFO] [stderr]   Downloaded rfd v0.15.4
[INFO] [stderr]   Downloaded wasm-timer v0.2.5
[INFO] [stderr]   Downloaded dlv-list v0.3.0
[INFO] [stderr]   Downloaded objc_exception v0.1.2
[INFO] [stderr]   Downloaded dirs-sys v0.3.7
[INFO] [stderr]   Downloaded dconf_rs v0.3.0
[INFO] [stderr]   Downloaded rust-ini v0.18.0
[INFO] [stderr]   Downloaded redox_users v0.4.6
[INFO] [stderr]   Downloaded iced_runtime v0.13.2
[INFO] [stderr]   Downloaded fast-srgb8 v1.0.0
[INFO] [stderr]   Downloaded dirs v4.0.0
[INFO] [stderr]   Downloaded wasm-bindgen-macro-support v0.2.117
[INFO] [stderr]   Downloaded toml_edit v0.25.10+spec-1.1.0
[INFO] [stderr]   Downloaded unicode-ccc v0.2.0
[INFO] [stderr]   Downloaded ordered-multimap v0.4.3
[INFO] [stderr]   Downloaded sys-locale v0.3.2
[INFO] [stderr]   Downloaded iced_renderer v0.13.0
[INFO] [stderr]   Downloaded gpu-descriptor v0.2.4
[INFO] [stderr]   Downloaded com_macros v0.6.0
[INFO] [stderr]   Downloaded gpu-descriptor-types v0.1.2
[INFO] [stderr]   Downloaded glutin_wgl_sys v0.5.0
[INFO] [stderr]   Downloaded palette_derive v0.7.6
[INFO] [stderr]   Downloaded zbus_macros v4.4.0
[INFO] [stderr]   Downloaded unicode-bidi-mirroring v0.2.0
[INFO] [stderr]   Downloaded lru v0.12.5
[INFO] [stderr]   Downloaded cfg_aliases v0.1.1
[INFO] [stderr]   Downloaded ctor-lite v0.1.2
[INFO] [stderr]   Downloaded svg_fmt v0.4.5
[INFO] [stderr]   Downloaded drm-sys v0.8.1
[INFO] [stderr]   Downloaded dirs v5.0.1
[INFO] [stderr]   Downloaded yazi v0.1.6
[INFO] [stderr]   Downloaded com_macros_support v0.6.0
[INFO] [stderr]   Downloaded fontconfig-parser v0.5.8
[INFO] [stderr]   Downloaded com v0.6.0
[INFO] [stderr]   Downloaded etagere v0.2.15
[INFO] [stderr]   Downloaded d3d12 v0.19.0
[INFO] [stderr]   Downloaded guillotiere v0.6.2
[INFO] [stderr]   Downloaded zvariant v5.10.0
[INFO] [stderr]   Downloaded cc v1.2.58
[INFO] [stderr]   Downloaded zeno v0.2.3
[INFO] [stderr]   Downloaded libloading v0.7.4
[INFO] [stderr]   Downloaded drm-ffi v0.9.1
[INFO] [stderr]   Downloaded font-types v0.7.3
[INFO] [stderr]   Downloaded hassle-rs v0.11.0
[INFO] [stderr]   Downloaded drm-fourcc v2.2.0
[INFO] [stderr]   Downloaded ashpd v0.11.1
[INFO] [stderr]   Downloaded iced_wgpu v0.13.5
[INFO] [stderr]   Downloaded criterion v0.5.1
[INFO] [stderr]   Downloaded codespan-reporting v0.11.1
[INFO] [stderr]   Downloaded iced_tiny_skia v0.13.0
[INFO] [stderr]   Downloaded tiny-xlib v0.2.4
[INFO] [stderr]   Downloaded option-ext v0.2.0
[INFO] [stderr]   Downloaded iced_core v0.13.2
[INFO] [stderr]   Downloaded rangemap v1.7.1
[INFO] [stderr]   Downloaded roxmltree v0.20.0
[INFO] [stderr]   Downloaded wgpu-types v0.19.2
[INFO] [stderr]   Downloaded gpu-allocator v0.25.0
[INFO] [stderr]   Downloaded js-sys v0.3.94
[INFO] [stderr]   Downloaded dirs-sys v0.4.1
[INFO] [stderr]   Downloaded png v0.17.16
[INFO] [stderr]   Downloaded softbuffer v0.4.8
[INFO] [stderr]   Downloaded drm v0.14.1
[INFO] [stderr]   Downloaded widestring v1.2.1
[INFO] [stderr]   Downloaded zbus v5.14.0
[INFO] [stderr]   Downloaded fontdb v0.16.2
[INFO] [stderr]   Downloaded iced_widget v0.13.4
[INFO] [stderr]   Downloaded indicatif v0.17.11
[INFO] [stderr]   Downloaded blake3 v1.8.4
[INFO] [stderr]   Downloaded winnow v1.0.1
[INFO] [stderr]   Downloaded zbus v4.4.0
[INFO] [stderr]   Downloaded glow v0.13.1
[INFO] [stderr]   Downloaded quick-xml v0.39.2
[INFO] [stderr]   Downloaded ttf-parser v0.20.0
[INFO] [stderr]   Downloaded wgpu v0.19.4
[INFO] [stderr]   Downloaded ttf-parser v0.21.1
[INFO] [stderr]   Downloaded iced_glyphon v0.6.0
[INFO] [stderr]   Downloaded palette v0.7.6
[INFO] [stderr]   Downloaded iced_graphics v0.13.0
[INFO] [stderr]   Downloaded swash v0.1.19
[INFO] [stderr]   Downloaded skrifa v0.22.3
[INFO] [stderr]   Downloaded wgpu-core v0.19.4
[INFO] [stderr]   Downloaded rustybuzz v0.14.1
[INFO] [stderr]   Downloaded wgpu-hal v0.19.5
[INFO] [stderr]   Downloaded ndk-sys v0.5.0+25.2.9519653
[INFO] [stderr]   Downloaded read-fonts v0.22.7
[INFO] [stderr]   Downloaded glam v0.25.0
[INFO] [stderr]   Downloaded iced v0.13.1
[INFO] [stderr]   Downloaded ash v0.37.3+1.3.251
[INFO] [stderr]   Downloaded naga v0.19.2
[INFO] [stderr]   Downloaded web-sys v0.3.94
[INFO] [stderr]   Downloaded detect-desktop-environment v0.2.0
[INFO] [stderr]   Downloaded tokio v1.50.0
[INFO] [stderr]   Downloaded kurbo v0.10.4
[INFO] [stderr]   Downloaded orbclient v0.3.51
[INFO] [stderr]   Downloaded cosmic-text v0.12.1
[INFO] [stderr]   Downloaded linux-raw-sys v0.9.4
[INFO] [stderr]   Downloaded metal v0.27.0
[INFO] [stderr]   Downloaded windows v0.52.0
[INFO] running `Command { std: "docker" "create" "-v" "/var/lib/crater-agent-workspace/builds/worker-7-tc2/source:/opt/rustwide/workdir:ro,Z" "-v" "/var/lib/crater-agent-workspace/builds/worker-7-tc2/target:/opt/rustwide/target:rw,Z" "-v" "/var/lib/crater-agent-workspace/cargo-home:/opt/rustwide/cargo-home:ro,Z" "-v" "/var/lib/crater-agent-workspace/rustup-home:/opt/rustwide/rustup-home:ro,Z" "-m" "1610612736" "--network" "none" "ghcr.io/rust-lang/crates-build-env/linux@sha256:8683fc1fc2eb5c9ac98e0d076ab094b2ffac7f99da555d2b6a2e27f346de2ec7" "sleep" "infinity", kill_on_drop: false }`
[INFO] [stdout] 83c668c786e566239a8cd7d5f3adc548e70314f5423479641e3bd5a4d6ee3129
[INFO] running `Command { std: "docker" "start" "83c668c786e566239a8cd7d5f3adc548e70314f5423479641e3bd5a4d6ee3129", kill_on_drop: false }`
[INFO] running `Command { std: "docker" "inspect" "83c668c786e566239a8cd7d5f3adc548e70314f5423479641e3bd5a4d6ee3129", kill_on_drop: false }`
[INFO] running `Command { std: "docker" "exec" "-e" "SOURCE_DIR=/opt/rustwide/workdir" "-e" "CARGO_HOME=/opt/rustwide/cargo-home" "-e" "RUSTUP_HOME=/opt/rustwide/rustup-home" "-e" "CARGO_TARGET_DIR=/opt/rustwide/target" "-w" "/opt/rustwide/workdir" "--user" "0:0" "83c668c786e566239a8cd7d5f3adc548e70314f5423479641e3bd5a4d6ee3129" "/opt/rustwide/cargo-home/bin/cargo" "+1.99.0-beta.1" "metadata" "--no-deps" "--format-version=1", kill_on_drop: false }`
[INFO] running `Command { std: "docker" "inspect" "83c668c786e566239a8cd7d5f3adc548e70314f5423479641e3bd5a4d6ee3129", kill_on_drop: false }`
[INFO] running `Command { std: "docker" "exec" "-e" "SOURCE_DIR=/opt/rustwide/workdir" "-e" "CARGO_HOME=/opt/rustwide/cargo-home" "-e" "RUSTUP_HOME=/opt/rustwide/rustup-home" "-e" "CARGO_TARGET_DIR=/opt/rustwide/target" "-e" "CARGO_INCREMENTAL=0" "-e" "RUST_BACKTRACE=full" "-e" "RUSTFLAGS=--cap-lints=warn" "-e" "RUSTDOCFLAGS=--cap-lints=warn" "-w" "/opt/rustwide/workdir" "--user" "0:0" "83c668c786e566239a8cd7d5f3adc548e70314f5423479641e3bd5a4d6ee3129" "/opt/rustwide/cargo-home/bin/cargo" "+1.99.0-beta.1" "build" "--frozen" "--message-format=json" "--release", kill_on_drop: false }`
[INFO] [stderr]    Compiling yaps-rs v0.1.1 (/opt/rustwide/workdir)
[INFO] [stderr]     Finished `release` profile [optimized] target(s) in 0.17s
[INFO] running `Command { std: "docker" "inspect" "83c668c786e566239a8cd7d5f3adc548e70314f5423479641e3bd5a4d6ee3129", kill_on_drop: false }`
[INFO] running `Command { std: "docker" "exec" "-e" "SOURCE_DIR=/opt/rustwide/workdir" "-e" "CARGO_HOME=/opt/rustwide/cargo-home" "-e" "RUSTUP_HOME=/opt/rustwide/rustup-home" "-e" "CARGO_TARGET_DIR=/opt/rustwide/target" "-e" "CARGO_INCREMENTAL=0" "-e" "RUST_BACKTRACE=full" "-e" "RUSTFLAGS=--cap-lints=warn" "-e" "RUSTDOCFLAGS=--cap-lints=warn" "-w" "/opt/rustwide/workdir" "--user" "0:0" "83c668c786e566239a8cd7d5f3adc548e70314f5423479641e3bd5a4d6ee3129" "/opt/rustwide/cargo-home/bin/cargo" "+1.99.0-beta.1" "test" "--frozen" "--no-run" "--message-format=json" "--release", kill_on_drop: false }`
[INFO] [stderr]    Compiling proc-macro2 v1.0.106
[INFO] [stderr]    Compiling quote v1.0.45
[INFO] [stderr]    Compiling unicode-ident v1.0.24
[INFO] [stderr]    Compiling serde_core v1.0.228
[INFO] [stderr]    Compiling serde v1.0.228
[INFO] [stderr]    Compiling crossbeam-utils v0.8.21
[INFO] [stderr]    Compiling find-msvc-tools v0.1.9
[INFO] [stderr]    Compiling autocfg v1.5.0
[INFO] [stderr]    Compiling shlex v1.3.0
[INFO] [stderr]    Compiling cfg-if v1.0.4
[INFO] [stderr]    Compiling libc v0.2.184
[INFO] [stderr]    Compiling once_cell v1.21.4
[INFO] [stderr]    Compiling hashbrown v0.16.1
[INFO] [stderr]    Compiling equivalent v1.0.2
[INFO] [stderr]    Compiling num-traits v0.2.19
[INFO] [stderr]    Compiling rayon-core v1.13.0
[INFO] [stderr]    Compiling cc v1.2.58
[INFO] [stderr]    Compiling winnow v0.7.15
[INFO] [stderr]    Compiling toml_write v0.1.2
[INFO] [stderr]    Compiling thiserror v2.0.18
[INFO] [stderr]    Compiling rustix v1.1.4
[INFO] [stderr]    Compiling indexmap v2.13.0
[INFO] [stderr]    Compiling crossbeam-epoch v0.9.18
[INFO] [stderr]    Compiling getrandom v0.4.2
[INFO] [stderr]    Compiling crossbeam-deque v0.8.6
[INFO] [stderr]    Compiling syn v2.0.117
[INFO] [stderr]    Compiling tracing-core v0.1.36
[INFO] [stderr]    Compiling blake3 v1.8.4
[INFO] [stderr]    Compiling constant_time_eq v0.4.2
[INFO] [stderr]    Compiling pin-project-lite v0.2.17
[INFO] [stderr]    Compiling same-file v1.0.6
[INFO] [stderr]    Compiling either v1.15.0
[INFO] [stderr]    Compiling linux-raw-sys v0.12.1
[INFO] [stderr]    Compiling bitflags v2.11.0
[INFO] [stderr]    Compiling arrayvec v0.7.6
[INFO] [stderr]    Compiling arrayref v0.3.9
[INFO] [stderr]    Compiling iana-time-zone v0.1.65
[INFO] [stderr]    Compiling mutate_once v0.1.2
[INFO] [stderr]    Compiling cpufeatures v0.3.0
[INFO] [stderr]    Compiling chrono v0.4.44
[INFO] [stderr]    Compiling kamadak-exif v0.6.1
[INFO] [stderr]    Compiling rayon v1.11.0
[INFO] [stderr]    Compiling walkdir v2.5.0
[INFO] [stderr]    Compiling fastrand v2.3.0
[INFO] [stderr]    Compiling tempfile v3.27.0
[INFO] [stderr]    Compiling serde_derive v1.0.228
[INFO] [stderr]    Compiling thiserror-impl v2.0.18
[INFO] [stderr]    Compiling tracing-attributes v0.1.31
[INFO] [stderr]    Compiling tracing v0.1.44
[INFO] [stderr]    Compiling serde_spanned v0.6.9
[INFO] [stderr]    Compiling toml_datetime v0.6.11
[INFO] [stderr]    Compiling toml_edit v0.22.27
[INFO] [stderr]    Compiling toml v0.8.23
[INFO] [stderr]    Compiling yaps-core v0.1.0 (/opt/rustwide/workdir/crates/yaps-core)
[INFO] [stderr]    Compiling yaps-rs v0.1.1 (/opt/rustwide/workdir)
[INFO] [stderr]     Finished `release` profile [optimized] target(s) in 27.95s
[INFO] running `Command { std: "docker" "inspect" "83c668c786e566239a8cd7d5f3adc548e70314f5423479641e3bd5a4d6ee3129", kill_on_drop: false }`
[INFO] running `Command { std: "docker" "exec" "-e" "SOURCE_DIR=/opt/rustwide/workdir" "-e" "CARGO_HOME=/opt/rustwide/cargo-home" "-e" "RUSTUP_HOME=/opt/rustwide/rustup-home" "-e" "CARGO_TARGET_DIR=/opt/rustwide/target" "-e" "CARGO_INCREMENTAL=0" "-e" "RUST_BACKTRACE=full" "-e" "RUSTFLAGS=--cap-lints=warn" "-e" "RUSTDOCFLAGS=--cap-lints=warn" "-w" "/opt/rustwide/workdir" "--user" "0:0" "83c668c786e566239a8cd7d5f3adc548e70314f5423479641e3bd5a4d6ee3129" "/opt/rustwide/cargo-home/bin/cargo" "+1.99.0-beta.1" "test" "--frozen" "--release", kill_on_drop: false }`
[INFO] [stderr]     Finished `release` profile [optimized] target(s) in 0.09s
[INFO] [stderr]      Running unittests src/lib.rs (/opt/rustwide/target/release/deps/yaps_rs-9d0abab488f67437)
[INFO] [stdout] 
[INFO] [stdout] running 0 tests
[INFO] [stdout] 
[INFO] [stdout] test result: ok. 0 passed; 0 failed; 0 ignored; 0 measured; 0 filtered out; finished in 0.00s
[INFO] [stdout] 
[INFO] [stderr]      Running tests/duplicate_test.rs (/opt/rustwide/target/release/deps/duplicate_test-970ee9f4851ecf22)
[INFO] [stdout] 
[INFO] [stdout] running 14 tests
[INFO] [stdout] test copy_to_folder_strategy_variant_exists ... ok
[INFO] [stdout] test duplicate_strategy_defaults_to_skip ... ok
[INFO] [stdout] test custom_duplicates_folder_name_is_respected ... ok
[INFO] [stdout] test hash_store_contains_hash_after_insert ... ok
[INFO] [stdout] test hash_store_detects_duplicate_on_insert ... ok
[INFO] [stdout] test hash_file_identical_content_same_hash ... ok
[INFO] [stdout] test hash_file_different_content_different_hash ... ok
[INFO] [stdout] test hash_store_different_hashes_not_duplicate ... ok
[INFO] [stdout] test hash_store_persists_across_save_load ... ok
[INFO] [stdout] test dedup_disabled_processes_all_identical_files ... ok
[INFO] [stdout] test second_run_same_files_produces_conflicts_or_skips ... ok
[INFO] [stdout] test different_content_same_name_not_flagged_as_duplicate ... ok
[INFO] [stdout] test no_exif_files_bypass_duplicate_detection ... ok
[INFO] [stdout] test move_with_conflict_skip_report_is_consistent ... ok
[INFO] [stdout] 
[INFO] [stdout] test result: ok. 14 passed; 0 failed; 0 ignored; 0 measured; 0 filtered out; finished in 0.00s
[INFO] [stdout] 
[INFO] [stderr]      Running tests/pattern_test.rs (/opt/rustwide/target/release/deps/pattern_test-5dbdc8944965562e)
[INFO] [stdout] 
[INFO] [stdout] running 11 tests
[INFO] [stdout] test complex_pattern_with_multiple_tags ... ok
[INFO] [stdout] test default_file_pattern_with_no_exif ... ok
[INFO] [stdout] test default_folder_pattern_with_no_exif ... ok
[INFO] [stdout] test empty_pattern_produces_empty_string ... ok
[INFO] [stdout] test dimension_tags_resolve ... ok
[INFO] [stdout] test extension_tag_resolves ... ok
[INFO] [stdout] test invalid_pattern_returns_error ... ok
[INFO] [stdout] test media_type_tag_resolves ... ok
[INFO] [stdout] test missing_metadata_resolves_to_unknown ... ok
[INFO] [stdout] test pattern_roundtrip_is_deterministic ... ok
[INFO] [stdout] test pattern_with_only_literal_text ... ok
[INFO] [stdout] 
[INFO] [stdout] test result: ok. 11 passed; 0 failed; 0 ignored; 0 measured; 0 filtered out; finished in 0.00s
[INFO] [stdout] 
[INFO] [stderr]      Running tests/sorting_test.rs (/opt/rustwide/target/release/deps/sorting_test-d3c767ff9a907a7e)
[INFO] [stdout] 
[INFO] [stdout] running 12 tests
[INFO] [stdout] test empty_source_produces_zero_totals ... ok
[INFO] [stdout] test dry_run_does_not_create_files ... ok
[INFO] [stdout] test non_image_files_are_ignored ... ok
[INFO] [stdout] test move_removes_source_files ... ok
[INFO] [stdout] test conflict_skip_does_not_overwrite ... ok
[INFO] [stdout] test custom_no_exif_folder_name ... ok
[INFO] [stdout] test conflict_rename_creates_additional_copies ... ok
[INFO] [stdout] test copy_places_non_exif_files_in_no_exif_folder ... ok
[INFO] [stdout] test progress_callback_is_invoked ... ok
[INFO] [stdout] test report_records_elapsed_time ... ok
[INFO] [stdout] test non_recursive_ignores_subdirectories ... ok
[INFO] [stdout] test recursive_processes_nested_subdirectories ... ok
[INFO] [stdout] 
[INFO] [stdout] test result: ok. 12 passed; 0 failed; 0 ignored; 0 measured; 0 filtered out; finished in 0.00s
[INFO] [stdout] 
[INFO] [stderr]    Doc-tests yaps_rs
[INFO] [stdout] 
[INFO] [stdout] running 0 tests
[INFO] [stdout] 
[INFO] [stdout] test result: ok. 0 passed; 0 failed; 0 ignored; 0 measured; 0 filtered out; finished in 0.00s
[INFO] [stdout] 
[INFO] running `Command { std: "docker" "inspect" "83c668c786e566239a8cd7d5f3adc548e70314f5423479641e3bd5a4d6ee3129", kill_on_drop: false }`
[INFO] running `Command { std: "docker" "rm" "-f" "83c668c786e566239a8cd7d5f3adc548e70314f5423479641e3bd5a4d6ee3129", kill_on_drop: false }`
[INFO] [stdout] 83c668c786e566239a8cd7d5f3adc548e70314f5423479641e3bd5a4d6ee3129
