[INFO] fetching crate zeus-eth 0.1.2...
[INFO] testing zeus-eth-0.1.2 against 1.98.0-beta.8+cargoflags=--release for beta-release-1.99-2
[INFO] extracting crate zeus-eth 0.1.2 into /workspace/builds/worker-6-tc1/source
[INFO] started tweaking crates.io crate zeus-eth 0.1.2
[INFO] finished tweaking crates.io crate zeus-eth 0.1.2
[INFO] tweaked toml for crates.io crate zeus-eth 0.1.2 written to /workspace/builds/worker-6-tc1/source/Cargo.toml
[INFO] validating manifest of crates.io crate zeus-eth 0.1.2 on toolchain 1.98.0-beta.8
[INFO] running `Command { std: CARGO_HOME="/workspace/cargo-home" RUSTUP_HOME="/workspace/rustup-home" "/workspace/cargo-home/bin/cargo" "+1.98.0-beta.8" "metadata" "--manifest-path" "Cargo.toml" "--no-deps", kill_on_drop: false }`
[INFO] crate crates.io crate zeus-eth 0.1.2 already has a lockfile, it will not be regenerated
[INFO] running `Command { std: CARGO_HOME="/workspace/cargo-home" RUSTUP_HOME="/workspace/rustup-home" "/workspace/cargo-home/bin/cargo" "+1.98.0-beta.8" "fetch" "--manifest-path" "Cargo.toml", kill_on_drop: false }`
[INFO] [stderr]     Blocking waiting for file lock on package cache
[INFO] [stderr]     Updating crates.io index
[INFO] [stderr]     Blocking waiting for file lock on package cache
[INFO] [stderr]  Downloading crates ...
[INFO] [stderr]   Downloaded proc-macro2 v1.0.106
[INFO] [stderr]   Downloaded quote v1.0.45
[INFO] [stderr]   Downloaded cfg_aliases v0.2.1
[INFO] [stderr]   Downloaded alloy-rlp v0.3.15
[INFO] [stderr]   Downloaded alloy-eip2930 v0.2.3
[INFO] [stderr]   Downloaded revm-database-interface v42.0.0
[INFO] [stderr]   Downloaded bitcoin-io v0.1.100
[INFO] [stderr]   Downloaded alloy-eip7702 v0.6.3
[INFO] [stderr]   Downloaded alloy-rlp-derive v0.3.15
[INFO] [stderr]   Downloaded futures-core v0.3.32
[INFO] [stderr]   Downloaded futures-macro v0.3.32
[INFO] [stderr]   Downloaded wasm-bindgen-macro v0.2.126
[INFO] [stderr]   Downloaded num-iter v0.1.45
[INFO] [stderr]   Downloaded p256 v0.13.2
[INFO] [stderr]   Downloaded futures-sink v0.3.32
[INFO] [stderr]   Downloaded rustc-hash v2.1.2
[INFO] [stderr]   Downloaded enum-ordinalize v4.3.2
[INFO] [stderr]   Downloaded block-buffer v0.12.0
[INFO] [stderr]   Downloaded potential_utf v0.1.5
[INFO] [stderr]   Downloaded alloy-sol-macro-input v1.6.1
[INFO] [stderr]   Downloaded tokio-macros v2.5.0
[INFO] [stderr]   Downloaded wasm-bindgen-shared v0.2.126
[INFO] [stderr]   Downloaded enum-ordinalize-derive v4.3.2
[INFO] [stderr]   Downloaded serdect v0.2.0
[INFO] [stderr]   Downloaded futures-io v0.3.32
[INFO] [stderr]   Downloaded keccak-asm v0.1.7
[INFO] [stderr]   Downloaded displaydoc v0.2.6
[INFO] [stderr]   Downloaded writeable v0.6.3
[INFO] [stderr]   Downloaded tinystr v0.8.3
[INFO] [stderr]   Downloaded nonmax v0.5.5
[INFO] [stderr]   Downloaded pin-utils v0.1.0
[INFO] [stderr]   Downloaded alloy-sol-type-parser v1.6.1
[INFO] [stderr]   Downloaded wasm-bindgen-futures v0.4.76
[INFO] [stderr]   Downloaded http-body v1.0.1
[INFO] [stderr]   Downloaded thiserror-impl v2.0.19
[INFO] [stderr]   Downloaded keccak v0.2.0
[INFO] [stderr]   Downloaded jobserver v0.1.34
[INFO] [stderr]   Downloaded zeroize v1.8.2
[INFO] [stderr]   Downloaded zeroize_derive v1.4.3
[INFO] [stderr]   Downloaded num-integer v0.1.46
[INFO] [stderr]   Downloaded phf_shared v0.14.0
[INFO] [stderr]   Downloaded phf_generator v0.14.0
[INFO] [stderr]   Downloaded fastrand v2.4.1
[INFO] [stderr]   Downloaded windows-targets v0.53.5
[INFO] [stderr]   Downloaded zerovec-derive v0.11.3
[INFO] [stderr]   Downloaded phf_macros v0.14.0
[INFO] [stderr]   Downloaded futures-task v0.3.32
[INFO] [stderr]   Downloaded hybrid-array v0.4.12
[INFO] [stderr]   Downloaded find-msvc-tools v0.1.9
[INFO] [stderr]   Downloaded serde_with_macros v3.21.0
[INFO] [stderr]   Downloaded semver v1.0.27
[INFO] [stderr]   Downloaded revm-bytecode v42.0.0
[INFO] [stderr]   Downloaded phf v0.14.0
[INFO] [stderr]   Downloaded alloy-eip7928 v0.4.2
[INFO] [stderr]   Downloaded alloy-eip2124 v0.2.0
[INFO] [stderr]   Downloaded futures-executor v0.3.32
[INFO] [stderr]   Downloaded nonzero_ext v0.3.0
[INFO] [stderr]   Downloaded futures-utils-wasm v0.1.0
[INFO] [stderr]   Downloaded alloy-tx-macros v2.3.0
[INFO] [stderr]   Downloaded alloy-consensus-any v2.3.0
[INFO] [stderr]   Downloaded http-body-util v0.1.3
[INFO] [stderr]   Downloaded webpki-roots v0.26.11
[INFO] [stderr]   Downloaded sha1 v0.10.6
[INFO] [stderr]   Downloaded primeorder v0.13.6
[INFO] [stderr]   Downloaded ark-bn254 v0.6.0
[INFO] [stderr]   Downloaded ark-relations v0.6.0
[INFO] [stderr]   Downloaded litemap v0.8.2
[INFO] [stderr]   Downloaded futures-channel v0.3.32
[INFO] [stderr]   Downloaded thiserror v2.0.19
[INFO] [stderr]   Downloaded revm-state v42.0.0
[INFO] [stderr]   Downloaded revm-primitives v42.0.0
[INFO] [stderr]   Downloaded toml_parser v1.1.2+spec-1.1.0
[INFO] [stderr]   Downloaded async-trait v0.1.89
[INFO] [stderr]   Downloaded alloy-signer v2.3.0
[INFO] [stderr]   Downloaded socket2 v0.6.4
[INFO] [stderr]   Downloaded glob v0.3.3
[INFO] [stderr]   Downloaded bitflags v2.13.0
[INFO] [stderr]   Downloaded rustc-demangle v0.1.27
[INFO] [stderr]   Downloaded addr2line v0.25.1
[INFO] [stderr]   Downloaded bitcoin_hashes v0.14.100
[INFO] [stderr]   Downloaded tinyvec v1.11.0
[INFO] [stderr]   Downloaded rapidhash v4.4.1
[INFO] [stderr]   Downloaded borsh-derive v1.6.1
[INFO] [stderr]   Downloaded futures-timer v3.0.4
[INFO] [stderr]   Downloaded alloy-sol-macro v1.6.1
[INFO] [stderr]   Downloaded alloy-network-primitives v2.3.0
[INFO] [stderr]   Downloaded alloy-rpc-types-any v2.3.0
[INFO] [stderr]   Downloaded pharos v0.5.3
[INFO] [stderr]   Downloaded lru v0.16.4
[INFO] [stderr]   Downloaded dashmap v6.2.1
[INFO] [stderr]   Downloaded async-stream v0.3.6
[INFO] [stderr]   Downloaded async-stream-impl v0.3.6
[INFO] [stderr]   Downloaded icu_properties v2.2.0
[INFO] [stderr]   Downloaded icu_provider v2.2.0
[INFO] [stderr]   Downloaded alloy-serde v2.3.0
[INFO] [stderr]   Downloaded alloy-rpc-types v2.3.0
[INFO] [stderr]   Downloaded alloy-chains v0.2.34
[INFO] [stderr]   Downloaded num_enum v0.7.6
[INFO] [stderr]   Downloaded bytes v1.11.1
[INFO] [stderr]   Downloaded revm v42.0.1
[INFO] [stderr]   Downloaded wasm-bindgen v0.2.126
[INFO] [stderr]   Downloaded toml_edit v0.25.12+spec-1.1.0
[INFO] [stderr]   Downloaded ripemd v0.2.0
[INFO] [stderr]   Downloaded thread_local v1.1.9
[INFO] [stderr]   Downloaded revm-inspector v42.0.1
[INFO] [stderr]   Downloaded quanta v0.12.6
[INFO] [stderr]   Downloaded pin-project-internal v1.1.13
[INFO] [stderr]   Downloaded ws_stream_wasm v0.7.5
[INFO] [stderr]   Downloaded send_wrapper v0.6.0
[INFO] [stderr]   Downloaded tokio-tungstenite v0.29.0
[INFO] [stderr]   Downloaded data-encoding v2.11.0
[INFO] [stderr]   Downloaded bimap v0.6.3
[INFO] [stderr]   Downloaded alloy-transport-http v2.3.0
[INFO] [stderr]   Downloaded icu_normalizer_data v2.2.0
[INFO] [stderr]   Downloaded alloy-network v2.3.0
[INFO] [stderr]   Downloaded async_io_stream v0.3.3
[INFO] [stderr]   Downloaded alloy-pubsub v2.3.0
[INFO] [stderr]   Downloaded url v2.5.7
[INFO] [stderr]   Downloaded zerotrie v0.2.4
[INFO] [stderr]   Downloaded icu_locale_core v2.2.0
[INFO] [stderr]   Downloaded icu_normalizer v2.2.0
[INFO] [stderr]   Downloaded backtrace v0.3.76
[INFO] [stderr]   Downloaded wasm-bindgen-macro-support v0.2.126
[INFO] [stderr]   Downloaded rand v0.8.6
[INFO] [stderr]   Downloaded alloy-transport v2.3.0
[INFO] [stderr]   Downloaded wasmtimer v0.4.3
[INFO] [stderr]   Downloaded alloy-json-rpc v2.3.0
[INFO] [stderr]   Downloaded alloy-json-abi v1.6.1
[INFO] [stderr]   Downloaded alloy-sol-macro-expander v1.6.1
[INFO] [stderr]   Downloaded quinn-udp v0.5.14
[INFO] [stderr]   Downloaded ipnet v2.12.0
[INFO] [stderr]   Downloaded futures v0.3.31
[INFO] [stderr]   Downloaded alloy-transport-ws v2.3.0
[INFO] [stderr]   Downloaded icu_collections v2.2.0
[INFO] [stderr]   Downloaded js-sys v0.3.103
[INFO] [stderr]   Downloaded zerocopy-derive v0.8.50
[INFO] [stderr]   Downloaded schemars v1.2.1
[INFO] [stderr]   Downloaded borsh v1.6.1
[INFO] [stderr]   Downloaded tracing v0.1.41
[INFO] [stderr]   Downloaded memchr v2.8.1
[INFO] [stderr]   Downloaded rand v0.9.4
[INFO] [stderr]   Downloaded num_enum_derive v0.7.6
[INFO] [stderr]   Downloaded tower v0.5.2
[INFO] [stderr]   Downloaded mio v1.2.1
[INFO] [stderr]   Downloaded cc v1.2.63
[INFO] [stderr]   Downloaded num-bigint v0.4.6
[INFO] [stderr]   Downloaded pin-project v1.1.13
[INFO] [stderr]   Downloaded zerovec v0.11.6
[INFO] [stderr]   Downloaded alloy-primitives v1.6.1
[INFO] [stderr]   Downloaded wasip2 v1.0.3+wasi-0.2.9
[INFO] [stderr]   Downloaded revm-precompile v42.0.1
[INFO] [stderr]   Downloaded revm-context-interface v42.0.0
[INFO] [stderr]   Downloaded revm-context v42.0.0
[INFO] [stderr]   Downloaded derive-where v1.6.1
[INFO] [stderr]   Downloaded anyhow v1.0.99
[INFO] [stderr]   Downloaded spinning_top v0.3.0
[INFO] [stderr]   Downloaded alloy-trie v0.9.5
[INFO] [stderr]   Downloaded alloy-rpc-client v2.3.0
[INFO] [stderr]   Downloaded tokio-stream v0.1.18
[INFO] [stderr]   Downloaded rustls-pki-types v1.14.1
[INFO] [stderr]   Downloaded io-uring v0.7.12
[INFO] [stderr]   Downloaded pest v2.8.6
[INFO] [stderr]   Downloaded ark-ec v0.6.0
[INFO] [stderr]   Downloaded ark-poly v0.6.0
[INFO] [stderr]   Downloaded revm-handler v42.0.1
[INFO] [stderr]   Downloaded alloy-sol-types v1.6.1
[INFO] [stderr]   Downloaded syn-solidity v1.6.1
[INFO] [stderr]   Downloaded alloy-signer-local v2.3.0
[INFO] [stderr]   Downloaded alloy-dyn-abi v1.6.1
[INFO] [stderr]   Downloaded secp256k1 v0.30.0
[INFO] [stderr]   Downloaded alloy-rpc-types-engine v2.3.0
[INFO] [stderr]   Downloaded tungstenite v0.29.0
[INFO] [stderr]   Downloaded revm-interpreter v42.0.0
[INFO] [stderr]   Downloaded revm-database v42.0.0
[INFO] [stderr]   Downloaded nybbles v0.4.8
[INFO] [stderr]   Downloaded quinn v0.11.9
[INFO] [stderr]   Downloaded alloy-contract v2.3.0
[INFO] [stderr]   Downloaded futures-util v0.3.32
[INFO] [stderr]   Downloaded rustls-webpki v0.103.13
[INFO] [stderr]   Downloaded icu_properties_data v2.2.0
[INFO] [stderr]   Downloaded winnow v1.0.3
[INFO] [stderr]   Downloaded ark-r1cs-std v0.6.0
[INFO] [stderr]   Downloaded alloy-provider v2.3.0
[INFO] [stderr]   Downloaded serde_with v3.21.0
[INFO] [stderr]   Downloaded raw-cpuid v11.6.0
[INFO] [stderr]   Downloaded http v1.4.2
[INFO] [stderr]   Downloaded alloy-rpc-types-eth v2.3.0
[INFO] [stderr]   Downloaded combine v4.6.7
[INFO] [stderr]   Downloaded bitvec v1.0.1
[INFO] [stderr]   Downloaded alloy-consensus v2.3.0
[INFO] [stderr]   Downloaded webpki-roots v1.0.7
[INFO] [stderr]   Downloaded hyper v1.10.1
[INFO] [stderr]   Downloaded syn v2.0.117
[INFO] [stderr]   Downloaded itertools v0.14.0
[INFO] [stderr]   Downloaded hashbrown v0.16.1
[INFO] [stderr]   Downloaded tokio-util v0.7.18
[INFO] [stderr]   Downloaded governor v0.10.4
[INFO] [stderr]   Downloaded gimli v0.32.3
[INFO] [stderr]   Downloaded zerocopy v0.8.50
[INFO] [stderr]   Downloaded portable-atomic v1.13.1
[INFO] [stderr]   Downloaded webpki-root-certs v1.0.7
[INFO] [stderr]   Downloaded tracing-subscriber v0.3.20
[INFO] [stderr]   Downloaded object v0.37.3
[INFO] [stderr]   Downloaded quinn-proto v0.11.14
[INFO] [stderr]   Downloaded regex-syntax v0.8.10
[INFO] [stderr]   Downloaded aws-lc-rs v1.17.0
[INFO] [stderr]   Downloaded sha3-asm v0.1.7
[INFO] [stderr]   Downloaded alloy-eips v2.3.0
[INFO] [stderr]   Downloaded simd_cesu8 v1.1.1
[INFO] [stderr]   Downloaded blst v0.3.16
[INFO] [stderr]   Downloaded rustls v0.23.40
[INFO] [stderr]   Downloaded ark-bls12-381 v0.6.0
[INFO] [stderr]   Downloaded libc v0.2.186
[INFO] [stderr]   Downloaded tokio v1.47.1
[INFO] [stderr]   Downloaded web-sys v0.3.103
[INFO] [stderr]   Downloaded windows_aarch64_gnullvm v0.53.1
[INFO] [stderr]   Downloaded windows_x86_64_msvc v0.53.1
[INFO] [stderr]   Downloaded windows_x86_64_gnullvm v0.53.1
[INFO] [stderr]   Downloaded windows_aarch64_msvc v0.53.1
[INFO] [stderr]   Downloaded windows_i686_gnullvm v0.53.1
[INFO] [stderr]   Downloaded windows_x86_64_gnu v0.53.1
[INFO] [stderr]   Downloaded windows_i686_msvc v0.53.1
[INFO] [stderr]   Downloaded windows_i686_gnu v0.53.1
[INFO] [stderr]   Downloaded c-kzg v2.1.8
[INFO] [stderr]   Downloaded windows-sys v0.59.0
[INFO] [stderr]   Downloaded windows-sys v0.60.2
[INFO] [stderr]   Downloaded secp256k1-sys v0.10.1
[INFO] [stderr]   Downloaded aws-lc-sys v0.41.0
[INFO] running `Command { std: "docker" "create" "-v" "/var/lib/crater-agent-workspace/builds/worker-6-tc1/source:/opt/rustwide/workdir:ro,Z" "-v" "/var/lib/crater-agent-workspace/builds/worker-6-tc1/target:/opt/rustwide/target:rw,Z" "-v" "/var/lib/crater-agent-workspace/cargo-home:/opt/rustwide/cargo-home:ro,Z" "-v" "/var/lib/crater-agent-workspace/rustup-home:/opt/rustwide/rustup-home:ro,Z" "-m" "1610612736" "--network" "none" "ghcr.io/rust-lang/crates-build-env/linux@sha256:8683fc1fc2eb5c9ac98e0d076ab094b2ffac7f99da555d2b6a2e27f346de2ec7" "sleep" "infinity", kill_on_drop: false }`
[INFO] [stdout] 1e025bdcd987716d2607badd67d388ad9a11b4bd9e74a17817bc461804d09ec5
[INFO] running `Command { std: "docker" "start" "1e025bdcd987716d2607badd67d388ad9a11b4bd9e74a17817bc461804d09ec5", kill_on_drop: false }`
[INFO] running `Command { std: "docker" "inspect" "1e025bdcd987716d2607badd67d388ad9a11b4bd9e74a17817bc461804d09ec5", kill_on_drop: false }`
[INFO] running `Command { std: "docker" "exec" "-e" "SOURCE_DIR=/opt/rustwide/workdir" "-e" "CARGO_HOME=/opt/rustwide/cargo-home" "-e" "RUSTUP_HOME=/opt/rustwide/rustup-home" "-e" "CARGO_TARGET_DIR=/opt/rustwide/target" "-w" "/opt/rustwide/workdir" "--user" "0:0" "1e025bdcd987716d2607badd67d388ad9a11b4bd9e74a17817bc461804d09ec5" "/opt/rustwide/cargo-home/bin/cargo" "+1.98.0-beta.8" "metadata" "--no-deps" "--format-version=1", kill_on_drop: false }`
[INFO] running `Command { std: "docker" "inspect" "1e025bdcd987716d2607badd67d388ad9a11b4bd9e74a17817bc461804d09ec5", kill_on_drop: false }`
[INFO] running `Command { std: "docker" "exec" "-e" "SOURCE_DIR=/opt/rustwide/workdir" "-e" "CARGO_HOME=/opt/rustwide/cargo-home" "-e" "RUSTUP_HOME=/opt/rustwide/rustup-home" "-e" "CARGO_TARGET_DIR=/opt/rustwide/target" "-e" "CARGO_INCREMENTAL=0" "-e" "RUST_BACKTRACE=full" "-e" "RUSTFLAGS=--cap-lints=warn" "-e" "RUSTDOCFLAGS=--cap-lints=warn" "-w" "/opt/rustwide/workdir" "--user" "0:0" "1e025bdcd987716d2607badd67d388ad9a11b4bd9e74a17817bc461804d09ec5" "/opt/rustwide/cargo-home/bin/cargo" "+1.98.0-beta.8" "build" "--frozen" "--message-format=json" "--release", kill_on_drop: false }`
[INFO] [stderr]    Compiling proc-macro2 v1.0.106
[INFO] [stderr]    Compiling quote v1.0.45
[INFO] [stderr]    Compiling unicode-ident v1.0.24
[INFO] [stderr]    Compiling libc v0.2.186
[INFO] [stderr]    Compiling serde_core v1.0.228
[INFO] [stderr]    Compiling cfg-if v1.0.4
[INFO] [stderr]    Compiling serde v1.0.228
[INFO] [stderr]    Compiling typenum v1.20.1
[INFO] [stderr]    Compiling version_check v0.9.5
[INFO] [stderr]    Compiling subtle v2.6.1
[INFO] [stderr]    Compiling const-oid v0.9.6
[INFO] [stderr]    Compiling foldhash v0.2.0
[INFO] [stderr]    Compiling itoa v1.0.18
[INFO] [stderr]    Compiling allocator-api2 v0.2.21
[INFO] [stderr]    Compiling once_cell v1.21.4
[INFO] [stderr]    Compiling unicode-segmentation v1.13.3
[INFO] [stderr]    Compiling paste v1.0.15
[INFO] [stderr]    Compiling unicode-xid v0.2.6
[INFO] [stderr]    Compiling ruint-macro v1.2.1
[INFO] [stderr]    Compiling cpufeatures v0.2.17
[INFO] [stderr]    Compiling equivalent v1.0.2
[INFO] [stderr]    Compiling base16ct v0.2.0
[INFO] [stderr]    Compiling convert_case v0.10.0
[INFO] [stderr]    Compiling arrayvec v0.7.6
[INFO] [stderr]    Compiling keccak v0.2.0
[INFO] [stderr]    Compiling generic-array v0.14.7
[INFO] [stderr]    Compiling thiserror v2.0.19
[INFO] [stderr]    Compiling shlex v2.0.1
[INFO] [stderr]    Compiling find-msvc-tools v0.1.9
[INFO] [stderr]    Compiling pin-project-lite v0.2.17
[INFO] [stderr]    Compiling dunce v1.0.5
[INFO] [stderr]    Compiling memchr v2.8.1
[INFO] [stderr]    Compiling zerocopy v0.8.50
[INFO] [stderr]    Compiling autocfg v1.5.1
[INFO] [stderr]    Compiling serde_json v1.0.145
[INFO] [stderr]    Compiling futures-core v0.3.32
[INFO] [stderr]    Compiling ryu v1.0.23
[INFO] [stderr]    Compiling stable_deref_trait v1.2.1
[INFO] [stderr]    Compiling heck v0.5.0
[INFO] [stderr]    Compiling tracing-core v0.1.36
[INFO] [stderr]    Compiling futures-sink v0.3.32
[INFO] [stderr]    Compiling syn v2.0.117
[INFO] [stderr]    Compiling syn v3.0.3
[INFO] [stderr]    Compiling winnow v1.0.3
[INFO] [stderr]    Compiling num-traits v0.2.19
[INFO] [stderr]    Compiling proc-macro-error-attr3 v3.0.1
[INFO] [stderr]    Compiling fs_extra v1.3.0
[INFO] [stderr]    Compiling hybrid-array v0.4.12
[INFO] [stderr]    Compiling hashbrown v0.17.1
[INFO] [stderr]    Compiling getrandom v0.2.17
[INFO] [stderr]    Compiling mio v1.2.1
[INFO] [stderr]    Compiling socket2 v0.6.4
[INFO] [stderr]    Compiling rand_core v0.6.4
[INFO] [stderr]    Compiling ff v0.13.1
[INFO] [stderr]    Compiling jobserver v0.1.34
[INFO] [stderr]    Compiling indexmap v2.14.0
[INFO] [stderr]    Compiling group v0.13.0
[INFO] [stderr]    Compiling block-buffer v0.12.0
[INFO] [stderr]    Compiling crypto-common v0.2.2
[INFO] [stderr]    Compiling cc v1.2.63
[INFO] [stderr]    Compiling futures-channel v0.3.32
[INFO] [stderr]    Compiling futures-task v0.3.32
[INFO] [stderr]    Compiling strsim v0.11.1
[INFO] [stderr]    Compiling slab v0.4.12
[INFO] [stderr]    Compiling futures-io v0.3.32
[INFO] [stderr]    Compiling ident_case v1.0.1
[INFO] [stderr]    Compiling writeable v0.6.3
[INFO] [stderr]    Compiling aws-lc-rs v1.17.0
[INFO] [stderr]    Compiling getrandom v0.3.4
[INFO] [stderr]    Compiling litemap v0.8.2
[INFO] [stderr]    Compiling num-integer v0.1.46
[INFO] [stderr]    Compiling icu_properties_data v2.2.0
[INFO] [stderr]    Compiling icu_normalizer_data v2.2.0
[INFO] [stderr]    Compiling ruint v1.20.0
[INFO] [stderr]    Compiling const-hex v1.19.1
[INFO] [stderr]    Compiling digest v0.11.3
[INFO] [stderr]    Compiling sha3 v0.11.0
[INFO] [stderr]    Compiling utf8_iter v1.0.4
[INFO] [stderr]    Compiling radium v0.7.0
[INFO] [stderr]    Compiling rand_core v0.9.5
[INFO] [stderr]    Compiling num-bigint v0.4.6
[INFO] [stderr]    Compiling untrusted v0.9.0
[INFO] [stderr]    Compiling httparse v1.10.1
[INFO] [stderr]    Compiling tap v1.0.1
[INFO] [stderr]    Compiling crc-catalog v2.5.0
[INFO] [stderr]    Compiling rustls v0.23.40
[INFO] [stderr]    Compiling percent-encoding v2.3.2
[INFO] [stderr]    Compiling cmake v0.1.58
[INFO] [stderr]    Compiling crc v3.4.0
[INFO] [stderr]    Compiling wyz v0.5.1
[INFO] [stderr]    Compiling tower-service v0.3.3
[INFO] [stderr]    Compiling crossbeam-utils v0.8.21
[INFO] [stderr]    Compiling parking_lot_core v0.9.12
[INFO] [stderr]    Compiling funty v2.0.0
[INFO] [stderr]    Compiling scopeguard v1.2.0
[INFO] [stderr]    Compiling lock_api v0.4.14
[INFO] [stderr]    Compiling form_urlencoded v1.2.2
[INFO] [stderr]    Compiling sync_wrapper v1.0.2
[INFO] [stderr]    Compiling ahash v0.8.12
[INFO] [stderr]    Compiling portable-atomic v1.13.1
[INFO] [stderr]    Compiling aws-lc-sys v0.41.0
[INFO] [stderr]    Compiling base64 v0.22.1
[INFO] [stderr]    Compiling tower-layer v0.3.3
[INFO] [stderr]    Compiling thiserror-impl v2.0.19
[INFO] [stderr]    Compiling hashbrown v0.16.1
[INFO] [stderr]    Compiling futures-utils-wasm v0.1.0
[INFO] [stderr]    Compiling try-lock v0.2.5
[INFO] [stderr]    Compiling log v0.4.33
[INFO] [stderr]    Compiling want v0.3.1
[INFO] [stderr]    Compiling bitflags v2.13.0
[INFO] [stderr]    Compiling spinning_top v0.3.0
[INFO] [stderr]    Compiling blst v0.3.16
[INFO] [stderr]    Compiling futures-timer v3.0.4
[INFO] [stderr]    Compiling raw-cpuid v11.6.0
[INFO] [stderr]    Compiling atomic-waker v1.1.2
[INFO] [stderr]    Compiling nonzero_ext v0.3.0
[INFO] [stderr]    Compiling web-time v1.1.0
[INFO] [stderr]    Compiling secp256k1-sys v0.11.0
[INFO] [stderr]    Compiling num_cpus v1.17.0
[INFO] [stderr]    Compiling ipnet v2.12.0
[INFO] [stderr]    Compiling openssl-probe v0.2.1
[INFO] [stderr]    Compiling ppv-lite86 v0.2.21
[INFO] [stderr]    Compiling threadpool v1.8.1
[INFO] [stderr]    Compiling c-kzg v2.1.8
[INFO] [stderr]    Compiling num-iter v0.1.45
[INFO] [stderr]    Compiling num-complex v0.4.6
[INFO] [stderr]    Compiling num-rational v0.4.2
[INFO] [stderr]    Compiling data-encoding v2.11.0
[INFO] [stderr]    Compiling hex v0.4.3
[INFO] [stderr]    Compiling synstructure v0.13.2
[INFO] [stderr]    Compiling macro-string v0.2.0
[INFO] [stderr]    Compiling syn-solidity v1.6.1
[INFO] [stderr]    Compiling proc-macro-error3 v3.0.1
[INFO] [stderr]    Compiling rand_chacha v0.3.1
[INFO] [stderr]    Compiling rand_chacha v0.9.0
[INFO] [stderr]    Compiling rustversion v1.0.22
[INFO] [stderr]    Compiling rand v0.9.4
[INFO] [stderr]    Compiling num v0.4.3
[INFO] [stderr]    Compiling cpufeatures v0.3.0
[INFO] [stderr]    Compiling bimap v0.6.3
[INFO] [stderr]    Compiling sha2 v0.11.0
[INFO] [stderr]    Compiling rand v0.8.6
[INFO] [stderr]    Compiling quanta v0.12.6
[INFO] [stderr]    Compiling aurora-engine-modexp v1.2.0
[INFO] [stderr]    Compiling ripemd v0.2.0
[INFO] [stderr]    Compiling ark-std v0.6.0
[INFO] [stderr]    Compiling arrayref v0.3.9
[INFO] [stderr]    Compiling hashbrown v0.14.5
[INFO] [stderr]    Compiling lru v0.16.4
[INFO] [stderr]    Compiling anyhow v1.0.99
[INFO] [stderr]    Compiling serde_derive v1.0.228
[INFO] [stderr]    Compiling zeroize_derive v1.4.3
[INFO] [stderr]    Compiling derive_more-impl v2.1.1
[INFO] [stderr]    Compiling alloy-rlp-derive v0.3.15
[INFO] [stderr]    Compiling auto_impl v1.3.0
[INFO] [stderr]    Compiling zerofrom-derive v0.1.7
[INFO] [stderr]    Compiling yoke-derive v0.8.2
[INFO] [stderr]    Compiling tracing-attributes v0.1.31
[INFO] [stderr]    Compiling zeroize v1.8.2
[INFO] [stderr]    Compiling zerovec-derive v0.11.3
[INFO] [stderr]    Compiling block-buffer v0.10.4
[INFO] [stderr]    Compiling crypto-common v0.1.7
[INFO] [stderr]    Compiling der v0.7.10
[INFO] [stderr]    Compiling digest v0.10.7
[INFO] [stderr]    Compiling crypto-bigint v0.5.5
[INFO] [stderr]    Compiling displaydoc v0.2.6
[INFO] [stderr]    Compiling tokio-macros v2.5.0
[INFO] [stderr]    Compiling futures-macro v0.3.32
[INFO] [stderr]    Compiling hmac v0.12.1
[INFO] [stderr]    Compiling signature v2.2.0
[INFO] [stderr]    Compiling sha2 v0.10.9
[INFO] [stderr]    Compiling zerofrom v0.1.8
[INFO] [stderr]    Compiling tracing v0.1.41
[INFO] [stderr]    Compiling rustls-pki-types v1.14.1
[INFO] [stderr]    Compiling yoke v0.8.3
[INFO] [stderr]    Compiling enum-ordinalize-derive v4.3.2
[INFO] [stderr]    Compiling rfc6979 v0.4.0
[INFO] [stderr]    Compiling ark-serialize-derive v0.6.0
[INFO] [stderr]    Compiling ark-ff-macros v0.6.0
[INFO] [stderr]    Compiling ark-ff-asm v0.6.0
[INFO] [stderr]    Compiling zerovec v0.11.6
[INFO] [stderr]    Compiling zerotrie v0.2.4
[INFO] [stderr]    Compiling futures-util v0.3.32
[INFO] [stderr]    Compiling sec1 v0.7.3
[INFO] [stderr]    Compiling spki v0.7.3
[INFO] [stderr]    Compiling enum-ordinalize v4.3.2
[INFO] [stderr]    Compiling ark-serialize v0.6.0
[INFO] [stderr]    Compiling tinystr v0.8.3
[INFO] [stderr]    Compiling potential_utf v0.1.5
[INFO] [stderr]    Compiling educe v0.6.0
[INFO] [stderr]    Compiling elliptic-curve v0.13.8
[INFO] [stderr]    Compiling icu_locale_core v2.2.0
[INFO] [stderr]    Compiling icu_collections v2.2.0
[INFO] [stderr]    Compiling webpki-roots v1.0.7
[INFO] [stderr]    Compiling ecdsa v0.16.9
[INFO] [stderr]    Compiling rustls-native-certs v0.8.4
[INFO] [stderr]    Compiling sha1 v0.10.6
[INFO] [stderr]    Compiling webpki-roots v0.26.11
[INFO] [stderr]    Compiling primeorder v0.13.6
[INFO] [stderr]    Compiling k256 v0.13.4
[INFO] [stderr]    Compiling async-trait v0.1.89
[INFO] [stderr]    Compiling p256 v0.13.2
[INFO] [stderr]    Compiling derive_more v2.1.1
[INFO] [stderr]    Compiling icu_provider v2.2.0
[INFO] [stderr]    Compiling num_enum_derive v0.7.6
[INFO] [stderr]    Compiling derive-where v1.6.1
[INFO] [stderr]    Compiling bytes v1.11.1
[INFO] [stderr]    Compiling smallvec v1.15.1
[INFO] [stderr]    Compiling either v1.15.0
[INFO] [stderr]    Compiling alloy-sol-type-parser v1.6.1
[INFO] [stderr]    Compiling itertools v0.14.0
[INFO] [stderr]    Compiling darling_core v0.23.0
[INFO] [stderr]    Compiling icu_normalizer v2.2.0
[INFO] [stderr]    Compiling alloy-rlp v0.3.15
[INFO] [stderr]    Compiling http v1.4.2
[INFO] [stderr]    Compiling tokio v1.47.1
[INFO] [stderr]    Compiling icu_properties v2.2.0
[INFO] [stderr]    Compiling alloy-primitives v1.6.1
[INFO] [stderr]    Compiling bitvec v1.0.1
[INFO] [stderr]    Compiling nonmax v0.5.5
[INFO] [stderr]    Compiling futures-executor v0.3.32
[INFO] [stderr]    Compiling idna_adapter v1.2.2
[INFO] [stderr]    Compiling idna v1.1.0
[INFO] [stderr]    Compiling parking_lot v0.12.5
[INFO] [stderr]    Compiling nybbles v0.4.8
[INFO] [stderr]    Compiling ark-ff v0.6.0
[INFO] [stderr]    Compiling futures v0.3.31
[INFO] [stderr]    Compiling alloy-json-abi v1.6.1
[INFO] [stderr]    Compiling http-body v1.0.1
[INFO] [stderr]    Compiling url v2.5.7
[INFO] [stderr]    Compiling governor v0.10.4
[INFO] [stderr]    Compiling http-body-util v0.1.3
[INFO] [stderr]    Compiling secp256k1 v0.31.1
[INFO] [stderr]    Compiling pin-project-internal v1.1.13
[INFO] [stderr]    Compiling strum_macros v0.27.2
[INFO] [stderr]    Compiling num_enum v0.7.6
[INFO] [stderr]    Compiling alloy-sol-macro-input v1.6.1
[INFO] [stderr]    Compiling async-stream-impl v0.3.6
[INFO] [stderr]    Compiling alloy-eip7928 v0.4.2
[INFO] [stderr]    Compiling alloy-eip7702 v0.6.3
[INFO] [stderr]    Compiling alloy-eip2930 v0.2.3
[INFO] [stderr]    Compiling alloy-sol-macro-expander v1.6.1
[INFO] [stderr]    Compiling darling_macro v0.23.0
[INFO] [stderr]    Compiling revm-primitives v42.0.0
[INFO] [stderr]    Compiling alloy-eip2124 v0.2.0
[INFO] [stderr]    Compiling darling v0.23.0
[INFO] [stderr]    Compiling serde_with_macros v3.21.0
[INFO] [stderr]    Compiling alloy-serde v2.3.0
[INFO] [stderr]    Compiling alloy-tx-macros v2.3.0
[INFO] [stderr]    Compiling alloy-trie v0.9.5
[INFO] [stderr]    Compiling pin-project v1.1.13
[INFO] [stderr]    Compiling revm-bytecode v42.0.0
[INFO] [stderr]    Compiling async-stream v0.3.6
[INFO] [stderr]    Compiling dashmap v6.2.1
[INFO] [stderr]    Compiling serde_with v3.21.0
[INFO] [stderr]    Compiling revm-state v42.0.0
[INFO] [stderr]    Compiling strum v0.27.2
[INFO] [stderr]    Compiling tower v0.5.2
[INFO] [stderr]    Compiling hyper v1.10.1
[INFO] [stderr]    Compiling tokio-util v0.7.18
[INFO] [stderr]    Compiling alloy-chains v0.2.34
[INFO] [stderr]    Compiling tokio-stream v0.1.18
[INFO] [stderr]    Compiling tower-http v0.6.11
[INFO] [stderr]    Compiling hyper-util v0.1.20
[INFO] [stderr]    Compiling revm-database-interface v42.0.0
[INFO] [stderr]    Compiling alloy-sol-macro v1.6.1
[INFO] [stderr]    Compiling revm-context-interface v42.0.0
[INFO] [stderr]    Compiling revm-database v42.0.0
[INFO] [stderr]    Compiling alloy-sol-types v1.6.1
[INFO] [stderr]    Compiling alloy-eips v2.3.0
[INFO] [stderr]    Compiling revm-context v42.0.0
[INFO] [stderr]    Compiling revm-interpreter v42.0.0
[INFO] [stderr]    Compiling alloy-consensus v2.3.0
[INFO] [stderr]    Compiling alloy-json-rpc v2.3.0
[INFO] [stderr]    Compiling alloy-dyn-abi v1.6.1
[INFO] [stderr]    Compiling ark-poly v0.6.0
[INFO] [stderr]    Compiling alloy-transport v2.3.0
[INFO] [stderr]    Compiling alloy-pubsub v2.3.0
[INFO] [stderr]    Compiling ark-ec v0.6.0
[INFO] [stderr]    Compiling alloy-signer v2.3.0
[INFO] [stderr]    Compiling alloy-network-primitives v2.3.0
[INFO] [stderr]    Compiling alloy-consensus-any v2.3.0
[INFO] [stderr]    Compiling alloy-rpc-types-eth v2.3.0
[INFO] [stderr]    Compiling ark-bls12-381 v0.6.0
[INFO] [stderr]    Compiling ark-bn254 v0.6.0
[INFO] [stderr]    Compiling revm-precompile v42.0.1
[INFO] [stderr]    Compiling alloy-rpc-types-any v2.3.0
[INFO] [stderr]    Compiling alloy-rpc-types v2.3.0
[INFO] [stderr]    Compiling alloy-network v2.3.0
[INFO] [stderr]    Compiling revm-handler v42.0.1
[INFO] [stderr]    Compiling revm-inspector v42.0.1
[INFO] [stderr]    Compiling alloy-signer-local v2.3.0
[INFO] [stderr]    Compiling revm v42.0.1
[INFO] [stderr]    Compiling rustls-webpki v0.103.13
[INFO] [stderr]    Compiling tokio-rustls v0.26.4
[INFO] [stderr]    Compiling rustls-platform-verifier v0.7.0
[INFO] [stderr]    Compiling tungstenite v0.29.0
[INFO] [stderr]    Compiling hyper-rustls v0.27.9
[INFO] [stderr]    Compiling reqwest v0.13.4
[INFO] [stderr]    Compiling tokio-tungstenite v0.29.0
[INFO] [stderr]    Compiling alloy-transport-ws v2.3.0
[INFO] [stderr]    Compiling alloy-transport-http v2.3.0
[INFO] [stderr]    Compiling alloy-rpc-client v2.3.0
[INFO] [stderr]    Compiling alloy-provider v2.3.0
[INFO] [stderr]    Compiling alloy-contract v2.3.0
[INFO] [stderr]    Compiling zeus-eth v0.1.2 (/opt/rustwide/workdir)
[INFO] [stderr]     Finished `release` profile [optimized] target(s) in 2m 12s
[INFO] running `Command { std: "docker" "inspect" "1e025bdcd987716d2607badd67d388ad9a11b4bd9e74a17817bc461804d09ec5", kill_on_drop: false }`
[INFO] running `Command { std: "docker" "exec" "-e" "SOURCE_DIR=/opt/rustwide/workdir" "-e" "CARGO_HOME=/opt/rustwide/cargo-home" "-e" "RUSTUP_HOME=/opt/rustwide/rustup-home" "-e" "CARGO_TARGET_DIR=/opt/rustwide/target" "-e" "CARGO_INCREMENTAL=0" "-e" "RUST_BACKTRACE=full" "-e" "RUSTFLAGS=--cap-lints=warn" "-e" "RUSTDOCFLAGS=--cap-lints=warn" "-w" "/opt/rustwide/workdir" "--user" "0:0" "1e025bdcd987716d2607badd67d388ad9a11b4bd9e74a17817bc461804d09ec5" "/opt/rustwide/cargo-home/bin/cargo" "+1.98.0-beta.8" "test" "--frozen" "--no-run" "--message-format=json" "--release", kill_on_drop: false }`
[INFO] [stderr]    Compiling zeus-eth v0.1.2 (/opt/rustwide/workdir)
[INFO] [stderr]     Finished `release` profile [optimized] target(s) in 13.55s
[INFO] running `Command { std: "docker" "inspect" "1e025bdcd987716d2607badd67d388ad9a11b4bd9e74a17817bc461804d09ec5", kill_on_drop: false }`
[INFO] running `Command { std: "docker" "exec" "-e" "SOURCE_DIR=/opt/rustwide/workdir" "-e" "CARGO_HOME=/opt/rustwide/cargo-home" "-e" "RUSTUP_HOME=/opt/rustwide/rustup-home" "-e" "CARGO_TARGET_DIR=/opt/rustwide/target" "-e" "CARGO_INCREMENTAL=0" "-e" "RUST_BACKTRACE=full" "-e" "RUSTFLAGS=--cap-lints=warn" "-e" "RUSTDOCFLAGS=--cap-lints=warn" "-w" "/opt/rustwide/workdir" "--user" "0:0" "1e025bdcd987716d2607badd67d388ad9a11b4bd9e74a17817bc461804d09ec5" "/opt/rustwide/cargo-home/bin/cargo" "+1.98.0-beta.8" "test" "--frozen" "--release", kill_on_drop: false }`
[INFO] [stderr]     Finished `release` profile [optimized] target(s) in 0.49s
[INFO] [stderr]      Running unittests src/lib.rs (/opt/rustwide/target/release/deps/zeus_eth-9e723a16c0c58ef2)
[INFO] [stdout] 
[INFO] [stdout] running 53 tests
[INFO] [stdout] test amm::uniswap::math::bit_math::test::test_most_significant_bit ... ok
[INFO] [stdout] test amm::uniswap::math::sqrt_price_math::test::test_get_amount_0_delta ... ok
[INFO] [stdout] test amm::uniswap::math::bit_math::test::test_least_significant_bit ... ok
[INFO] [stdout] test amm::uniswap::math::full_math::tests::test_mul_div ... ok
[INFO] [stdout] test amm::uniswap::math::full_math::test::test_mul_div ... ok
[INFO] [stdout] test amm::uniswap::math::liquidity_math::test::test_add_delta ... ok
[INFO] [stdout] test amm::uniswap::math::sqrt_price_math::test::test_get_amount_1_delta ... ok
[INFO] [stdout] test amm::uniswap::math::sqrt_price_math::test::test_get_next_sqrt_price_from_input ... ok
[INFO] [stdout] test amm::uniswap::math::sqrt_price_math::test::test_swap_computation ... ok
[INFO] [stdout] test amm::uniswap::math::swap_math::test::test_compute_swap_step ... ok
[INFO] [stdout] test amm::uniswap::math::sqrt_price_math::test::test_get_next_sqrt_price_from_output ... ok
[INFO] [stdout] test amm::uniswap::math::tick_bitmap::test::test_initialized ... ok
[INFO] [stdout] test amm::uniswap::math::tick_bitmap::test::test_flip_tick ... ok
[INFO] [stdout] test amm::uniswap::math::tick_bitmap::test::test_next_initialized_tick_within_one_word_lte_true ... ok
[INFO] [stdout] test amm::uniswap::math::tick_math::test::test_get_sqrt_ratio_at_tick_bounds ... ok
[INFO] [stdout] test amm::uniswap::math::tick_math::test::test_get_sqrt_ratio_at_tick_values ... ok
[INFO] [stdout] test amm::uniswap::math::tick_math::test::test_get_tick_at_sqrt_ratio ... ok
[INFO] [stdout] test amm::uniswap::v4::pool::tests::correct_pool_creation ... ok
[INFO] [stdout] test amm::uniswap::v4::pool::tests::pool_order ... ok
[INFO] [stdout] test amm::uniswap::math::tick_bitmap::test::test_next_initialized_tick_within_one_word_lte_false ... ok
[INFO] [stdout] test revm_utils::tests::test_revert_msg_with_invalid_utf8 ... FAILED
[INFO] [stdout] test types::chain::tests::chain_new_err ... FAILED
[INFO] [stdout] test revm_utils::tests::test_revert_msg_too_short ... FAILED
[INFO] [stdout] test revm_utils::tests::test_revert_msg_with_data ... FAILED
[INFO] [stdout] test utils::numeric_value::tests::test_calc_slippage ... ok
[INFO] [stdout] test utils::numeric_value::tests::format_abbreviated ... ok
[INFO] [stdout] test utils::numeric_value::tests::test_format_to_gwei ... ok
[INFO] [stdout] test utils::numeric_value::tests::test_formatted ... ok
[INFO] [stdout] test utils::numeric_value::tests::test_high_amount_value ... ok
[INFO] [stdout] test utils::numeric_value::tests::test_parse_to_gwei ... ok
[INFO] [stdout] test utils::numeric_value::tests::test_parse_to_wei ... ok
[INFO] [stdout] test utils::numeric_value::tests::test_parse_to_wei_very_low_amount ... ok
[INFO] [stdout] test utils::numeric_value::tests::test_very_low_price ... ok
[INFO] [stdout] test utils::numeric_value::tests::test_formatting_very_low_amounts ... ok
[INFO] [stdout] test utils::numeric_value::tests::test_zero ... ok
[INFO] [stdout] test utils::client::tests::test_timeout - should panic ... ok
[INFO] [stdout] test utils::price_feed::tests::test_get_eth_price ... FAILED
[INFO] [stdout] test amm::uniswap::v4::pool::tests::price_calculation ... FAILED
[INFO] [stdout] test utils::batch::tests::storage_reader_override_roundtrip ... FAILED
[INFO] [stdout] test currency::erc20::tests::can_get_erc20_batch ... FAILED
[INFO] [stdout] test amm::uniswap::v4::pool::tests::test_base_token_liquidity_usdc_wbtc ... FAILED
[INFO] [stdout] test currency::erc20::tests::can_get_erc20 ... FAILED
[INFO] [stdout] test amm::uniswap::v3::pool::tests::swap_result ... FAILED
[INFO] [stdout] test amm::uniswap::v2::pool::tests::swap_result ... FAILED
[INFO] [stdout] test amm::uniswap::v4::pool::tests::test_base_token_liquidity_eth_uni ... FAILED
[INFO] [stdout] test amm::uniswap::v4::pool::tests::test_virtual_reserves_uni_usdc ... FAILED
[INFO] [stdout] test utils::price_feed::tests::test_get_dai_price ... FAILED
[INFO] [stdout] test amm::uniswap::v3::pool::tests::price_calculation ... FAILED
[INFO] [stdout] test amm::uniswap::v4::pool::tests::test_base_token_liquidity_usdc_usdt ... FAILED
[INFO] [stdout] test amm::uniswap::v4::pool::tests::can_swap ... FAILED
[INFO] [stdout] test amm::uniswap::v2::pool::tests::price_calculation ... FAILED
[INFO] [stdout] test utils::price_feed::tests::test_get_usdc_price ... FAILED
[INFO] [stdout] test utils::price_feed::tests::test_get_usdt_price ... FAILED
[INFO] [stdout] 
[INFO] [stdout] failures:
[INFO] [stdout] 
[INFO] [stdout] ---- revm_utils::tests::test_revert_msg_with_invalid_utf8 stdout ----
[INFO] [stdout] 
[INFO] [stdout] thread 'revm_utils::tests::test_revert_msg_with_invalid_utf8' (7389) panicked at src/revm_utils/mod.rs:103:7:
[INFO] [stdout] assertion `left == right` failed: Should return '0x' if the data part is not valid UTF-8
[INFO] [stdout]   left: "Failed to decode revert reason"
[INFO] [stdout]  right: "0x"
[INFO] [stdout] stack backtrace:
[INFO] [stdout]    0:     0x5b75345ef361 - <<std[97b98282bc616a66]::sys::backtrace::BacktraceLock>::print::DisplayBacktrace as core[832e9a552fc17241]::fmt::Display>::fmt
[INFO] [stdout]    1:     0x5b7534607d0a - core[832e9a552fc17241]::fmt::write
[INFO] [stdout]    2:     0x5b75345f4a8c - <alloc[3ecab9f82c41dc7d]::vec::Vec<u8> as std[97b98282bc616a66]::io::Write>::write_fmt
[INFO] [stdout]    3:     0x5b75345cb456 - std[97b98282bc616a66]::panicking::default_hook::{closure#0}
[INFO] [stdout]    4:     0x5b75345e6389 - std[97b98282bc616a66]::panicking::default_hook
[INFO] [stdout]    5:     0x5b753415fc90 - test[39766f3d73431624]::test_main_inner::<test[39766f3d73431624]::test_main_static::{closure#0}>::{closure#0}
[INFO] [stdout]    6:     0x5b75345e66b2 - std[97b98282bc616a66]::panicking::panic_with_hook
[INFO] [stdout]    7:     0x5b75345cb502 - std[97b98282bc616a66]::panicking::panic_handler::{closure#0}
[INFO] [stdout]    8:     0x5b75345c2739 - std[97b98282bc616a66]::sys::backtrace::__rust_end_short_backtrace::<std[97b98282bc616a66]::panicking::panic_handler::{closure#0}, !>
[INFO] [stdout]    9:     0x5b75345cc3fd - __rustc[e3d8617bb01b7f69]::rust_begin_unwind
[INFO] [stdout]   10:     0x5b753460846c - core[832e9a552fc17241]::panicking::panic_fmt
[INFO] [stdout]   11:     0x5b75346083e3 - core[832e9a552fc17241]::panicking::assert_failed_inner
[INFO] [stdout]   12:     0x5b75340ce112 - core[832e9a552fc17241]::panicking::assert_failed::<alloc[3ecab9f82c41dc7d]::string::String, &str>
[INFO] [stdout]   13:     0x5b753414d783 - zeus_eth[ec2cfdd002ee0fca]::revm_utils::tests::test_revert_msg_with_invalid_utf8
[INFO] [stdout]   14:     0x5b753412be19 - <zeus_eth[ec2cfdd002ee0fca]::revm_utils::tests::test_revert_msg_with_invalid_utf8::{closure#0} as core[832e9a552fc17241]::ops::function::FnOnce<()>>::call_once
[INFO] [stdout]   15:     0x5b7534152fcb - test[39766f3d73431624]::__rust_begin_short_backtrace::<core[832e9a552fc17241]::result::Result<(), alloc[3ecab9f82c41dc7d]::string::String>, fn() -> core[832e9a552fc17241]::result::Result<(), alloc[3ecab9f82c41dc7d]::string::String>>
[INFO] [stdout]   16:     0x5b7534160615 - test[39766f3d73431624]::run_test::{closure#0}
[INFO] [stdout]   17:     0x5b753415b0c4 - std[97b98282bc616a66]::sys::backtrace::__rust_begin_short_backtrace::<test[39766f3d73431624]::run_test::{closure#1}, ()>
[INFO] [stdout]   18:     0x5b7534163762 - <std[97b98282bc616a66]::thread::lifecycle::spawn_unchecked<test[39766f3d73431624]::run_test::{closure#1}, ()>::{closure#1} as core[832e9a552fc17241]::ops::function::FnOnce<()>>::call_once::{shim:vtable#0}
[INFO] [stdout]   19:     0x5b75345ee83f - <std[97b98282bc616a66]::sys::thread::unix::Thread>::new::thread_start
[INFO] [stdout]   20:     0x7c67fa6bd07a - <unknown>
[INFO] [stdout]   21:     0x7c67fa750534 - clone
[INFO] [stdout]   22:                0x0 - <unknown>
[INFO] [stdout] 
[INFO] [stdout] ---- types::chain::tests::chain_new_err stdout ----
[INFO] [stdout] 
[INFO] [stdout] thread 'types::chain::tests::chain_new_err' (7390) panicked at src/types/chain.rs:251:39:
[INFO] [stdout] called `Result::unwrap()` on an `Err` value: Unsupported chain id: 1000
[INFO] [stdout] Supported chains are: Ethereum(1), Ethereum Sepolia(11155111), Optimism(10), Binance Smart Chain(56), Base(8453), Arbitrum(42161)
[INFO] [stdout] 
[INFO] [stdout] Stack backtrace:
[INFO] [stdout]    0: <anyhow::kind::Adhoc>::new::<alloc::string::String>
[INFO] [stdout]    1: <zeus_eth::types::chain::tests::chain_new_err::{closure#0} as core::ops::function::FnOnce<()>>::call_once
[INFO] [stdout]    2: test::__rust_begin_short_backtrace::<core::result::Result<(), alloc::string::String>, fn() -> core::result::Result<(), alloc::string::String>>
[INFO] [stdout]    3: test::run_test::{closure#0}
[INFO] [stdout]    4: std::sys::backtrace::__rust_begin_short_backtrace::<test::run_test::{closure#1}, ()>
[INFO] [stdout]    5: <std::thread::lifecycle::spawn_unchecked<test::run_test::{closure#1}, ()>::{closure#1} as core::ops::function::FnOnce<()>>::call_once::{shim:vtable#0}
[INFO] [stdout]    6: <std::sys::thread::unix::Thread>::new::thread_start
[INFO] [stdout]    7: <unknown>
[INFO] [stdout]    8: clone
[INFO] [stdout] stack backtrace:
[INFO] [stdout]    0:     0x5b75345ef361 - <<std[97b98282bc616a66]::sys::backtrace::BacktraceLock>::print::DisplayBacktrace as core[832e9a552fc17241]::fmt::Display>::fmt
[INFO] [stdout]    1:     0x5b7534607d0a - core[832e9a552fc17241]::fmt::write
[INFO] [stdout]    2:     0x5b75345f4a8c - <alloc[3ecab9f82c41dc7d]::vec::Vec<u8> as std[97b98282bc616a66]::io::Write>::write_fmt
[INFO] [stdout]    3:     0x5b75345cb456 - std[97b98282bc616a66]::panicking::default_hook::{closure#0}
[INFO] [stdout]    4:     0x5b75345e6389 - std[97b98282bc616a66]::panicking::default_hook
[INFO] [stdout]    5:     0x5b753415fc90 - test[39766f3d73431624]::test_main_inner::<test[39766f3d73431624]::test_main_static::{closure#0}>::{closure#0}
[INFO] [stdout]    6:     0x5b75345e66b2 - std[97b98282bc616a66]::panicking::panic_with_hook
[INFO] [stdout]    7:     0x5b75345cb502 - std[97b98282bc616a66]::panicking::panic_handler::{closure#0}
[INFO] [stdout]    8:     0x5b75345c2739 - std[97b98282bc616a66]::sys::backtrace::__rust_end_short_backtrace::<std[97b98282bc616a66]::panicking::panic_handler::{closure#0}, !>
[INFO] [stdout]    9:     0x5b75345cc3fd - __rustc[e3d8617bb01b7f69]::rust_begin_unwind
[INFO] [stdout]   10:     0x5b753460846c - core[832e9a552fc17241]::panicking::panic_fmt
[INFO] [stdout]   11:     0x5b7534608242 - core[832e9a552fc17241]::result::unwrap_failed
[INFO] [stdout]   12:     0x5b753412beb5 - <zeus_eth[ec2cfdd002ee0fca]::types::chain::tests::chain_new_err::{closure#0} as core[832e9a552fc17241]::ops::function::FnOnce<()>>::call_once
[INFO] [stdout]   13:     0x5b7534152fcb - test[39766f3d73431624]::__rust_begin_short_backtrace::<core[832e9a552fc17241]::result::Result<(), alloc[3ecab9f82c41dc7d]::string::String>, fn() -> core[832e9a552fc17241]::result::Result<(), alloc[3ecab9f82c41dc7d]::string::String>>
[INFO] [stdout]   14:     0x5b7534160615 - test[39766f3d73431624]::run_test::{closure#0}
[INFO] [stdout]   15:     0x5b753415b0c4 - std[97b98282bc616a66]::sys::backtrace::__rust_begin_short_backtrace::<test[39766f3d73431624]::run_test::{closure#1}, ()>
[INFO] [stdout]   16:     0x5b7534163762 - <std[97b98282bc616a66]::thread::lifecycle::spawn_unchecked<test[39766f3d73431624]::run_test::{closure#1}, ()>::{closure#1} as core[832e9a552fc17241]::ops::function::FnOnce<()>>::call_once::{shim:vtable#0}
[INFO] [stdout]   17:     0x5b75345ee83f - <std[97b98282bc616a66]::sys::thread::unix::Thread>::new::thread_start
[INFO] [stdout]   18:     0x7c67fa6bd07a - <unknown>
[INFO] [stdout]   19:     0x7c67fa750534 - clone
[INFO] [stdout]   20:                0x0 - <unknown>
[INFO] [stdout] 
[INFO] [stdout] ---- revm_utils::tests::test_revert_msg_too_short stdout ----
[INFO] [stdout] 
[INFO] [stdout] thread 'revm_utils::tests::test_revert_msg_too_short' (7387) panicked at src/revm_utils/mod.rs:96:7:
[INFO] [stdout] assertion `left == right` failed: Should return '0x' for data less than 4 bytes
[INFO] [stdout]   left: "\u{1}\u{2}\u{3}"
[INFO] [stdout]  right: "0x"
[INFO] [stdout] stack backtrace:
[INFO] [stdout]    0:     0x5b75345ef361 - <<std[97b98282bc616a66]::sys::backtrace::BacktraceLock>::print::DisplayBacktrace as core[832e9a552fc17241]::fmt::Display>::fmt
[INFO] [stdout]    1:     0x5b7534607d0a - core[832e9a552fc17241]::fmt::write
[INFO] [stdout]    2:     0x5b75345f4a8c - <alloc[3ecab9f82c41dc7d]::vec::Vec<u8> as std[97b98282bc616a66]::io::Write>::write_fmt
[INFO] [stdout]    3:     0x5b75345cb456 - std[97b98282bc616a66]::panicking::default_hook::{closure#0}
[INFO] [stdout]    4:     0x5b75345e6389 - std[97b98282bc616a66]::panicking::default_hook
[INFO] [stdout]    5:     0x5b753415fc90 - test[39766f3d73431624]::test_main_inner::<test[39766f3d73431624]::test_main_static::{closure#0}>::{closure#0}
[INFO] [stdout]    6:     0x5b75345e66b2 - std[97b98282bc616a66]::panicking::panic_with_hook
[INFO] [stdout]    7:     0x5b75345cb502 - std[97b98282bc616a66]::panicking::panic_handler::{closure#0}
[INFO] [stdout]    8:     0x5b75345c2739 - std[97b98282bc616a66]::sys::backtrace::__rust_end_short_backtrace::<std[97b98282bc616a66]::panicking::panic_handler::{closure#0}, !>
[INFO] [stdout]    9:     0x5b75345cc3fd - __rustc[e3d8617bb01b7f69]::rust_begin_unwind
[INFO] [stdout]   10:     0x5b753460846c - core[832e9a552fc17241]::panicking::panic_fmt
[INFO] [stdout]   11:     0x5b75346083e3 - core[832e9a552fc17241]::panicking::assert_failed_inner
[INFO] [stdout]   12:     0x5b75340ce112 - core[832e9a552fc17241]::panicking::assert_failed::<alloc[3ecab9f82c41dc7d]::string::String, &str>
[INFO] [stdout]   13:     0x5b753414d33c - zeus_eth[ec2cfdd002ee0fca]::revm_utils::tests::test_revert_msg_too_short
[INFO] [stdout]   14:     0x5b753412bdd9 - <zeus_eth[ec2cfdd002ee0fca]::revm_utils::tests::test_revert_msg_too_short::{closure#0} as core[832e9a552fc17241]::ops::function::FnOnce<()>>::call_once
[INFO] [stdout]   15:     0x5b7534152fcb - test[39766f3d73431624]::__rust_begin_short_backtrace::<core[832e9a552fc17241]::result::Result<(), alloc[3ecab9f82c41dc7d]::string::String>, fn() -> core[832e9a552fc17241]::result::Result<(), alloc[3ecab9f82c41dc7d]::string::String>>
[INFO] [stdout]   16:     0x5b7534160615 - test[39766f3d73431624]::run_test::{closure#0}
[INFO] [stdout]   17:     0x5b753415b0c4 - std[97b98282bc616a66]::sys::backtrace::__rust_begin_short_backtrace::<test[39766f3d73431624]::run_test::{closure#1}, ()>
[INFO] [stdout]   18:     0x5b7534163762 - <std[97b98282bc616a66]::thread::lifecycle::spawn_unchecked<test[39766f3d73431624]::run_test::{closure#1}, ()>::{closure#1} as core[832e9a552fc17241]::ops::function::FnOnce<()>>::call_once::{shim:vtable#0}
[INFO] [stdout]   19:     0x5b75345ee83f - <std[97b98282bc616a66]::sys::thread::unix::Thread>::new::thread_start
[INFO] [stdout]   20:     0x7c67fa6bd07a - <unknown>
[INFO] [stdout]   21:     0x7c67fa750534 - clone
[INFO] [stdout]   22:                0x0 - <unknown>
[INFO] [stdout] 
[INFO] [stdout] ---- revm_utils::tests::test_revert_msg_with_data stdout ----
[INFO] [stdout] 
[INFO] [stdout] thread 'revm_utils::tests::test_revert_msg_with_data' (7388) panicked at src/revm_utils/mod.rs:86:7:
[INFO] [stdout] assertion `left == right` failed: Should extract the message after the 4-byte selector
[INFO] [stdout]   left: "Failed to decode revert reason"
[INFO] [stdout]  right: "This is a test message"
[INFO] [stdout] stack backtrace:
[INFO] [stdout]    0:     0x5b75345ef361 - <<std[97b98282bc616a66]::sys::backtrace::BacktraceLock>::print::DisplayBacktrace as core[832e9a552fc17241]::fmt::Display>::fmt
[INFO] [stdout]    1:     0x5b7534607d0a - core[832e9a552fc17241]::fmt::write
[INFO] [stdout]    2:     0x5b75345f4a8c - <alloc[3ecab9f82c41dc7d]::vec::Vec<u8> as std[97b98282bc616a66]::io::Write>::write_fmt
[INFO] [stdout]    3:     0x5b75345cb456 - std[97b98282bc616a66]::panicking::default_hook::{closure#0}
[INFO] [stdout]    4:     0x5b75345e6389 - std[97b98282bc616a66]::panicking::default_hook
[INFO] [stdout]    5:     0x5b753415fc90 - test[39766f3d73431624]::test_main_inner::<test[39766f3d73431624]::test_main_static::{closure#0}>::{closure#0}
[INFO] [stdout]    6:     0x5b75345e66b2 - std[97b98282bc616a66]::panicking::panic_with_hook
[INFO] [stdout]    7:     0x5b75345cb502 - std[97b98282bc616a66]::panicking::panic_handler::{closure#0}
[INFO] [stdout]    8:     0x5b75345c2739 - std[97b98282bc616a66]::sys::backtrace::__rust_end_short_backtrace::<std[97b98282bc616a66]::panicking::panic_handler::{closure#0}, !>
[INFO] [stdout]    9:     0x5b75345cc3fd - __rustc[e3d8617bb01b7f69]::rust_begin_unwind
[INFO] [stdout]   10:     0x5b753460846c - core[832e9a552fc17241]::panicking::panic_fmt
[INFO] [stdout]   11:     0x5b75346083e3 - core[832e9a552fc17241]::panicking::assert_failed_inner
[INFO] [stdout]   12:     0x5b75340ce112 - core[832e9a552fc17241]::panicking::assert_failed::<alloc[3ecab9f82c41dc7d]::string::String, &str>
[INFO] [stdout]   13:     0x5b753414d5ae - zeus_eth[ec2cfdd002ee0fca]::revm_utils::tests::test_revert_msg_with_data
[INFO] [stdout]   14:     0x5b753412bdf9 - <zeus_eth[ec2cfdd002ee0fca]::revm_utils::tests::test_revert_msg_with_data::{closure#0} as core[832e9a552fc17241]::ops::function::FnOnce<()>>::call_once
[INFO] [stdout]   15:     0x5b7534152fcb - test[39766f3d73431624]::__rust_begin_short_backtrace::<core[832e9a552fc17241]::result::Result<(), alloc[3ecab9f82c41dc7d]::string::String>, fn() -> core[832e9a552fc17241]::result::Result<(), alloc[3ecab9f82c41dc7d]::string::String>>
[INFO] [stdout]   16:     0x5b7534160615 - test[39766f3d73431624]::run_test::{closure#0}
[INFO] [stdout]   17:     0x5b753415b0c4 - std[97b98282bc616a66]::sys::backtrace::__rust_begin_short_backtrace::<test[39766f3d73431624]::run_test::{closure#1}, ()>
[INFO] [stdout]   18:     0x5b7534163762 - <std[97b98282bc616a66]::thread::lifecycle::spawn_unchecked<test[39766f3d73431624]::run_test::{closure#1}, ()>::{closure#1} as core[832e9a552fc17241]::ops::function::FnOnce<()>>::call_once::{shim:vtable#0}
[INFO] [stdout]   19:     0x5b75345ee83f - <std[97b98282bc616a66]::sys::thread::unix::Thread>::new::thread_start
[INFO] [stdout]   20:     0x7c67fa6bd07a - <unknown>
[INFO] [stdout]   21:     0x7c67fa750534 - clone
[INFO] [stdout]   22:                0x0 - <unknown>
[INFO] [stdout] 
[INFO] [stdout] ---- utils::price_feed::tests::test_get_eth_price stdout ----
[INFO] [stdout] 
[INFO] [stdout] thread 'utils::price_feed::tests::test_get_eth_price' (7405) panicked at src/utils/price_feed.rs:146:56:
[INFO] [stdout] called `Result::unwrap()` on an `Err` value: error sending request for url (https://eth.merkle.io/)
[INFO] [stdout] 
[INFO] [stdout] Caused by:
[INFO] [stdout]     0: error sending request for url (https://eth.merkle.io/)
[INFO] [stdout]     1: client error (Connect)
[INFO] [stdout]     2: dns error
[INFO] [stdout]     3: failed to lookup address information: Temporary failure in name resolution
[INFO] [stdout] 
[INFO] [stdout] Stack backtrace:
[INFO] [stdout]    0: <anyhow::Error as core::convert::From<alloy_contract::error::Error>>::from
[INFO] [stdout]    1: zeus_eth::utils::price_feed::tests::test_get_eth_price::{closure#0}
[INFO] [stdout]    2: <tokio::runtime::scheduler::current_thread::Context>::enter::<core::task::poll::Poll<()>, <tokio::runtime::scheduler::current_thread::CoreGuard>::block_on<core::pin::Pin<&mut core::pin::Pin<&mut dyn core::future::future::Future<Output = ()>>>>::{closure#0}::{closure#0}>
[INFO] [stdout]    3: <tokio::runtime::context::scoped::Scoped<tokio::runtime::scheduler::Context>>::set::<<tokio::runtime::scheduler::current_thread::CoreGuard>::enter<<tokio::runtime::scheduler::current_thread::CoreGuard>::block_on<core::pin::Pin<&mut core::pin::Pin<&mut dyn core::future::future::Future<Output = ()>>>>::{closure#0}, core::option::Option<()>>::{closure#0}, (alloc::boxed::Box<tokio::runtime::scheduler::current_thread::Core>, core::option::Option<()>)>
[INFO] [stdout]    4: <tokio::runtime::runtime::Runtime>::block_on::<core::pin::Pin<&mut dyn core::future::future::Future<Output = ()>>>
[INFO] [stdout]    5: zeus_eth::utils::price_feed::tests::test_get_eth_price
[INFO] [stdout]    6: <zeus_eth::utils::price_feed::tests::test_get_eth_price::{closure#0} as core::ops::function::FnOnce<()>>::call_once
[INFO] [stdout]    7: test::__rust_begin_short_backtrace::<core::result::Result<(), alloc::string::String>, fn() -> core::result::Result<(), alloc::string::String>>
[INFO] [stdout]    8: test::run_test::{closure#0}
[INFO] [stdout]    9: std::sys::backtrace::__rust_begin_short_backtrace::<test::run_test::{closure#1}, ()>
[INFO] [stdout]   10: <std::thread::lifecycle::spawn_unchecked<test::run_test::{closure#1}, ()>::{closure#1} as core::ops::function::FnOnce<()>>::call_once::{shim:vtable#0}
[INFO] [stdout]   11: <std::sys::thread::unix::Thread>::new::thread_start
[INFO] [stdout]   12: <unknown>
[INFO] [stdout]   13: clone
[INFO] [stdout] stack backtrace:
[INFO] [stdout]    0:     0x5b75345ef361 - <<std[97b98282bc616a66]::sys::backtrace::BacktraceLock>::print::DisplayBacktrace as core[832e9a552fc17241]::fmt::Display>::fmt
[INFO] [stdout]    1:     0x5b7534607d0a - core[832e9a552fc17241]::fmt::write
[INFO] [stdout]    2:     0x5b75345f4a8c - <alloc[3ecab9f82c41dc7d]::vec::Vec<u8> as std[97b98282bc616a66]::io::Write>::write_fmt
[INFO] [stdout]    3:     0x5b75345cb456 - std[97b98282bc616a66]::panicking::default_hook::{closure#0}
[INFO] [stdout]    4:     0x5b75345e6389 - std[97b98282bc616a66]::panicking::default_hook
[INFO] [stdout]    5:     0x5b753415fc90 - test[39766f3d73431624]::test_main_inner::<test[39766f3d73431624]::test_main_static::{closure#0}>::{closure#0}
[INFO] [stdout]    6:     0x5b75345e66b2 - std[97b98282bc616a66]::panicking::panic_with_hook
[INFO] [stdout]    7:     0x5b75345cb502 - std[97b98282bc616a66]::panicking::panic_handler::{closure#0}
[INFO] [stdout]    8:     0x5b75345c2739 - std[97b98282bc616a66]::sys::backtrace::__rust_end_short_backtrace::<std[97b98282bc616a66]::panicking::panic_handler::{closure#0}, !>
[INFO] [stdout]    9:     0x5b75345cc3fd - __rustc[e3d8617bb01b7f69]::rust_begin_unwind
[INFO] [stdout]   10:     0x5b753460846c - core[832e9a552fc17241]::panicking::panic_fmt
[INFO] [stdout]   11:     0x5b7534608242 - core[832e9a552fc17241]::result::unwrap_failed
[INFO] [stdout]   12:     0x5b75340ac7f2 - zeus_eth[ec2cfdd002ee0fca]::utils::price_feed::tests::test_get_eth_price::{closure#0}
[INFO] [stdout]   13:     0x5b753412d363 - <tokio[8061bdb013c47658]::runtime::scheduler::current_thread::Context>::enter::<core[832e9a552fc17241]::task::poll::Poll<()>, <tokio[8061bdb013c47658]::runtime::scheduler::current_thread::CoreGuard>::block_on<core[832e9a552fc17241]::pin::Pin<&mut core[832e9a552fc17241]::pin::Pin<&mut dyn core[832e9a552fc17241]::future::future::Future<Output = ()>>>>::{closure#0}::{closure#0}>
[INFO] [stdout]   14:     0x5b7534110f0c - <tokio[8061bdb013c47658]::runtime::context::scoped::Scoped<tokio[8061bdb013c47658]::runtime::scheduler::Context>>::set::<<tokio[8061bdb013c47658]::runtime::scheduler::current_thread::CoreGuard>::enter<<tokio[8061bdb013c47658]::runtime::scheduler::current_thread::CoreGuard>::block_on<core[832e9a552fc17241]::pin::Pin<&mut core[832e9a552fc17241]::pin::Pin<&mut dyn core[832e9a552fc17241]::future::future::Future<Output = ()>>>>::{closure#0}, core[832e9a552fc17241]::option::Option<()>>::{closure#0}, (alloc[3ecab9f82c41dc7d]::boxed::Box<tokio[8061bdb013c47658]::runtime::scheduler::current_thread::Core>, core[832e9a552fc17241]::option::Option<()>)>
[INFO] [stdout]   15:     0x5b753412cdba - <tokio[8061bdb013c47658]::runtime::runtime::Runtime>::block_on::<core[832e9a552fc17241]::pin::Pin<&mut dyn core[832e9a552fc17241]::future::future::Future<Output = ()>>>
[INFO] [stdout]   16:     0x5b75340afe0b - zeus_eth[ec2cfdd002ee0fca]::utils::price_feed::tests::test_get_eth_price
[INFO] [stdout]   17:     0x5b753412bf09 - <zeus_eth[ec2cfdd002ee0fca]::utils::price_feed::tests::test_get_eth_price::{closure#0} as core[832e9a552fc17241]::ops::function::FnOnce<()>>::call_once
[INFO] [stdout]   18:     0x5b7534152fcb - test[39766f3d73431624]::__rust_begin_short_backtrace::<core[832e9a552fc17241]::result::Result<(), alloc[3ecab9f82c41dc7d]::string::String>, fn() -> core[832e9a552fc17241]::result::Result<(), alloc[3ecab9f82c41dc7d]::string::String>>
[INFO] [stdout]   19:     0x5b7534160615 - test[39766f3d73431624]::run_test::{closure#0}
[INFO] [stdout]   20:     0x5b753415b0c4 - std[97b98282bc616a66]::sys::backtrace::__rust_begin_short_backtrace::<test[39766f3d73431624]::run_test::{closure#1}, ()>
[INFO] [stdout]   21:     0x5b7534163762 - <std[97b98282bc616a66]::thread::lifecycle::spawn_unchecked<test[39766f3d73431624]::run_test::{closure#1}, ()>::{closure#1} as core[832e9a552fc17241]::ops::function::FnOnce<()>>::call_once::{shim:vtable#0}
[INFO] [stdout]   22:     0x5b75345ee83f - <std[97b98282bc616a66]::sys::thread::unix::Thread>::new::thread_start
[INFO] [stdout]   23:     0x7c67fa6bd07a - <unknown>
[INFO] [stdout]   24:     0x7c67fa750534 - clone
[INFO] [stdout]   25:                0x0 - <unknown>
[INFO] [stdout] 
[INFO] [stdout] ---- amm::uniswap::v4::pool::tests::price_calculation stdout ----
[INFO] [stdout] 
[INFO] [stdout] thread 'amm::uniswap::v4::pool::tests::price_calculation' (7380) panicked at src/amm/uniswap/v4/pool.rs:781:53:
[INFO] [stdout] called `Result::unwrap()` on an `Err` value: error sending request for url (https://eth.merkle.io/)
[INFO] [stdout] 
[INFO] [stdout] Caused by:
[INFO] [stdout]     0: error sending request for url (https://eth.merkle.io/)
[INFO] [stdout]     1: client error (Connect)
[INFO] [stdout]     2: dns error
[INFO] [stdout]     3: failed to lookup address information: Temporary failure in name resolution
[INFO] [stdout] 
[INFO] [stdout] Stack backtrace:
[INFO] [stdout]    0: <anyhow::Error as core::convert::From<alloy_contract::error::Error>>::from
[INFO] [stdout]    1: <zeus_eth::amm::uniswap::v4::pool::UniswapV4Pool as zeus_eth::amm::uniswap::UniswapPool>::update_state::<alloy_provider::fillers::FillProvider<alloy_provider::fillers::join_fill::JoinFill<alloy_provider::builder::Identity, alloy_provider::fillers::join_fill::JoinFill<alloy_provider::fillers::gas::GasFiller, alloy_provider::fillers::join_fill::JoinFill<alloy_provider::fillers::gas::BlobGasFiller, alloy_provider::fillers::join_fill::JoinFill<alloy_provider::fillers::nonce::NonceFiller, alloy_provider::fillers::chain_id::ChainIdFiller>>>>, alloy_provider::provider::root::RootProvider>, alloy_network::ethereum::Ethereum>::{closure#0}
[INFO] [stdout]    2: zeus_eth::amm::uniswap::v4::pool::tests::price_calculation::{closure#0}
[INFO] [stdout]    3: <tokio::runtime::scheduler::current_thread::Context>::enter::<core::task::poll::Poll<()>, <tokio::runtime::scheduler::current_thread::CoreGuard>::block_on<core::pin::Pin<&mut core::pin::Pin<&mut dyn core::future::future::Future<Output = ()>>>>::{closure#0}::{closure#0}>
[INFO] [stdout]    4: <tokio::runtime::context::scoped::Scoped<tokio::runtime::scheduler::Context>>::set::<<tokio::runtime::scheduler::current_thread::CoreGuard>::enter<<tokio::runtime::scheduler::current_thread::CoreGuard>::block_on<core::pin::Pin<&mut core::pin::Pin<&mut dyn core::future::future::Future<Output = ()>>>>::{closure#0}, core::option::Option<()>>::{closure#0}, (alloc::boxed::Box<tokio::runtime::scheduler::current_thread::Core>, core::option::Option<()>)>
[INFO] [stdout]    5: <tokio::runtime::runtime::Runtime>::block_on::<core::pin::Pin<&mut dyn core::future::future::Future<Output = ()>>>
[INFO] [stdout]    6: zeus_eth::amm::uniswap::v4::pool::tests::price_calculation
[INFO] [stdout]    7: <zeus_eth::amm::uniswap::v4::pool::tests::price_calculation::{closure#0} as core::ops::function::FnOnce<()>>::call_once
[INFO] [stdout]    8: test::__rust_begin_short_backtrace::<core::result::Result<(), alloc::string::String>, fn() -> core::result::Result<(), alloc::string::String>>
[INFO] [stdout]    9: test::run_test::{closure#0}
[INFO] [stdout]   10: std::sys::backtrace::__rust_begin_short_backtrace::<test::run_test::{closure#1}, ()>
[INFO] [stdout]   11: <std::thread::lifecycle::spawn_unchecked<test::run_test::{closure#1}, ()>::{closure#1} as core::ops::function::FnOnce<()>>::call_once::{shim:vtable#0}
[INFO] [stdout]   12: <std::sys::thread::unix::Thread>::new::thread_start
[INFO] [stdout]   13: <unknown>
[INFO] [stdout]   14: clone
[INFO] [stdout] stack backtrace:
[INFO] [stdout]    0:     0x5b75345ef361 - <<std[97b98282bc616a66]::sys::backtrace::BacktraceLock>::print::DisplayBacktrace as core[832e9a552fc17241]::fmt::Display>::fmt
[INFO] [stdout]    1:     0x5b7534607d0a - core[832e9a552fc17241]::fmt::write
[INFO] [stdout]    2:     0x5b75345f4a8c - <alloc[3ecab9f82c41dc7d]::vec::Vec<u8> as std[97b98282bc616a66]::io::Write>::write_fmt
[INFO] [stdout]    3:     0x5b75345cb456 - std[97b98282bc616a66]::panicking::default_hook::{closure#0}
[INFO] [stdout]    4:     0x5b75345e6389 - std[97b98282bc616a66]::panicking::default_hook
[INFO] [stdout]    5:     0x5b753415fc90 - test[39766f3d73431624]::test_main_inner::<test[39766f3d73431624]::test_main_static::{closure#0}>::{closure#0}
[INFO] [stdout]    6:     0x5b75345e66b2 - std[97b98282bc616a66]::panicking::panic_with_hook
[INFO] [stdout]    7:     0x5b75345cb502 - std[97b98282bc616a66]::panicking::panic_handler::{closure#0}
[INFO] [stdout]    8:     0x5b75345c2739 - std[97b98282bc616a66]::sys::backtrace::__rust_end_short_backtrace::<std[97b98282bc616a66]::panicking::panic_handler::{closure#0}, !>
[INFO] [stdout]    9:     0x5b75345cc3fd - __rustc[e3d8617bb01b7f69]::rust_begin_unwind
[INFO] [stdout]   10:     0x5b753460846c - core[832e9a552fc17241]::panicking::panic_fmt
[INFO] [stdout]   11:     0x5b7534608242 - core[832e9a552fc17241]::result::unwrap_failed
[INFO] [stdout]   12:     0x5b7534149ca3 - zeus_eth[ec2cfdd002ee0fca]::amm::uniswap::v4::pool::tests::price_calculation::{closure#0}
[INFO] [stdout]   13:     0x5b753412d363 - <tokio[8061bdb013c47658]::runtime::scheduler::current_thread::Context>::enter::<core[832e9a552fc17241]::task::poll::Poll<()>, <tokio[8061bdb013c47658]::runtime::scheduler::current_thread::CoreGuard>::block_on<core[832e9a552fc17241]::pin::Pin<&mut core[832e9a552fc17241]::pin::Pin<&mut dyn core[832e9a552fc17241]::future::future::Future<Output = ()>>>>::{closure#0}::{closure#0}>
[INFO] [stdout]   14:     0x5b7534110f0c - <tokio[8061bdb013c47658]::runtime::context::scoped::Scoped<tokio[8061bdb013c47658]::runtime::scheduler::Context>>::set::<<tokio[8061bdb013c47658]::runtime::scheduler::current_thread::CoreGuard>::enter<<tokio[8061bdb013c47658]::runtime::scheduler::current_thread::CoreGuard>::block_on<core[832e9a552fc17241]::pin::Pin<&mut core[832e9a552fc17241]::pin::Pin<&mut dyn core[832e9a552fc17241]::future::future::Future<Output = ()>>>>::{closure#0}, core[832e9a552fc17241]::option::Option<()>>::{closure#0}, (alloc[3ecab9f82c41dc7d]::boxed::Box<tokio[8061bdb013c47658]::runtime::scheduler::current_thread::Core>, core[832e9a552fc17241]::option::Option<()>)>
[INFO] [stdout]   15:     0x5b753412cdba - <tokio[8061bdb013c47658]::runtime::runtime::Runtime>::block_on::<core[832e9a552fc17241]::pin::Pin<&mut dyn core[832e9a552fc17241]::future::future::Future<Output = ()>>>
[INFO] [stdout]   16:     0x5b7534150c0b - zeus_eth[ec2cfdd002ee0fca]::amm::uniswap::v4::pool::tests::price_calculation
[INFO] [stdout]   17:     0x5b753412c1e9 - <zeus_eth[ec2cfdd002ee0fca]::amm::uniswap::v4::pool::tests::price_calculation::{closure#0} as core[832e9a552fc17241]::ops::function::FnOnce<()>>::call_once
[INFO] [stdout]   18:     0x5b7534152fcb - test[39766f3d73431624]::__rust_begin_short_backtrace::<core[832e9a552fc17241]::result::Result<(), alloc[3ecab9f82c41dc7d]::string::String>, fn() -> core[832e9a552fc17241]::result::Result<(), alloc[3ecab9f82c41dc7d]::string::String>>
[INFO] [stdout]   19:     0x5b7534160615 - test[39766f3d73431624]::run_test::{closure#0}
[INFO] [stdout]   20:     0x5b753415b0c4 - std[97b98282bc616a66]::sys::backtrace::__rust_begin_short_backtrace::<test[39766f3d73431624]::run_test::{closure#1}, ()>
[INFO] [stdout]   21:     0x5b7534163762 - <std[97b98282bc616a66]::thread::lifecycle::spawn_unchecked<test[39766f3d73431624]::run_test::{closure#1}, ()>::{closure#1} as core[832e9a552fc17241]::ops::function::FnOnce<()>>::call_once::{shim:vtable#0}
[INFO] [stdout]   22:     0x5b75345ee83f - <std[97b98282bc616a66]::sys::thread::unix::Thread>::new::thread_start
[INFO] [stdout]   23:     0x7c67fa6bd07a - <unknown>
[INFO] [stdout]   24:     0x7c67fa750534 - clone
[INFO] [stdout]   25:                0x0 - <unknown>
[INFO] [stdout] 
[INFO] [stdout] ---- utils::batch::tests::storage_reader_override_roundtrip stdout ----
[INFO] [stdout] 
[INFO] [stdout] thread 'utils::batch::tests::storage_reader_override_roundtrip' (7391) panicked at src/utils/batch.rs:363:11:
[INFO] [stdout] anvil_setStorageAt: Transport(Custom(reqwest::Error { kind: Request, url: "http://127.0.0.1:8545/", source: hyper_util::client::legacy::Error(Connect, ConnectError("tcp connect error", 127.0.0.1:8545, Os { code: 111, kind: ConnectionRefused, message: "Connection refused" })) }))
[INFO] [stdout] stack backtrace:
[INFO] [stdout]    0:     0x5b75345ef361 - <<std[97b98282bc616a66]::sys::backtrace::BacktraceLock>::print::DisplayBacktrace as core[832e9a552fc17241]::fmt::Display>::fmt
[INFO] [stdout]    1:     0x5b7534607d0a - core[832e9a552fc17241]::fmt::write
[INFO] [stdout]    2:     0x5b75345f4a8c - <alloc[3ecab9f82c41dc7d]::vec::Vec<u8> as std[97b98282bc616a66]::io::Write>::write_fmt
[INFO] [stdout]    3:     0x5b75345cb456 - std[97b98282bc616a66]::panicking::default_hook::{closure#0}
[INFO] [stdout]    4:     0x5b75345e6389 - std[97b98282bc616a66]::panicking::default_hook
[INFO] [stdout]    5:     0x5b753415fc90 - test[39766f3d73431624]::test_main_inner::<test[39766f3d73431624]::test_main_static::{closure#0}>::{closure#0}
[INFO] [stdout]    6:     0x5b75345e66b2 - std[97b98282bc616a66]::panicking::panic_with_hook
[INFO] [stdout]    7:     0x5b75345cb502 - std[97b98282bc616a66]::panicking::panic_handler::{closure#0}
[INFO] [stdout]    8:     0x5b75345c2739 - std[97b98282bc616a66]::sys::backtrace::__rust_end_short_backtrace::<std[97b98282bc616a66]::panicking::panic_handler::{closure#0}, !>
[INFO] [stdout]    9:     0x5b75345cc3fd - __rustc[e3d8617bb01b7f69]::rust_begin_unwind
[INFO] [stdout]   10:     0x5b753460846c - core[832e9a552fc17241]::panicking::panic_fmt
[INFO] [stdout]   11:     0x5b7534608242 - core[832e9a552fc17241]::result::unwrap_failed
[INFO] [stdout]   12:     0x5b75340aea46 - zeus_eth[ec2cfdd002ee0fca]::utils::batch::tests::storage_reader_override_roundtrip::{closure#0}
[INFO] [stdout]   13:     0x5b753412d363 - <tokio[8061bdb013c47658]::runtime::scheduler::current_thread::Context>::enter::<core[832e9a552fc17241]::task::poll::Poll<()>, <tokio[8061bdb013c47658]::runtime::scheduler::current_thread::CoreGuard>::block_on<core[832e9a552fc17241]::pin::Pin<&mut core[832e9a552fc17241]::pin::Pin<&mut dyn core[832e9a552fc17241]::future::future::Future<Output = ()>>>>::{closure#0}::{closure#0}>
[INFO] [stdout]   14:     0x5b7534110f0c - <tokio[8061bdb013c47658]::runtime::context::scoped::Scoped<tokio[8061bdb013c47658]::runtime::scheduler::Context>>::set::<<tokio[8061bdb013c47658]::runtime::scheduler::current_thread::CoreGuard>::enter<<tokio[8061bdb013c47658]::runtime::scheduler::current_thread::CoreGuard>::block_on<core[832e9a552fc17241]::pin::Pin<&mut core[832e9a552fc17241]::pin::Pin<&mut dyn core[832e9a552fc17241]::future::future::Future<Output = ()>>>>::{closure#0}, core[832e9a552fc17241]::option::Option<()>>::{closure#0}, (alloc[3ecab9f82c41dc7d]::boxed::Box<tokio[8061bdb013c47658]::runtime::scheduler::current_thread::Core>, core[832e9a552fc17241]::option::Option<()>)>
[INFO] [stdout]   15:     0x5b753412cdba - <tokio[8061bdb013c47658]::runtime::runtime::Runtime>::block_on::<core[832e9a552fc17241]::pin::Pin<&mut dyn core[832e9a552fc17241]::future::future::Future<Output = ()>>>
[INFO] [stdout]   16:     0x5b75340b025b - zeus_eth[ec2cfdd002ee0fca]::utils::batch::tests::storage_reader_override_roundtrip
[INFO] [stdout]   17:     0x5b753412c0c9 - <zeus_eth[ec2cfdd002ee0fca]::utils::batch::tests::storage_reader_override_roundtrip::{closure#0} as core[832e9a552fc17241]::ops::function::FnOnce<()>>::call_once
[INFO] [stdout]   18:     0x5b7534152fcb - test[39766f3d73431624]::__rust_begin_short_backtrace::<core[832e9a552fc17241]::result::Result<(), alloc[3ecab9f82c41dc7d]::string::String>, fn() -> core[832e9a552fc17241]::result::Result<(), alloc[3ecab9f82c41dc7d]::string::String>>
[INFO] [stdout]   19:     0x5b7534160615 - test[39766f3d73431624]::run_test::{closure#0}
[INFO] [stdout]   20:     0x5b753415b0c4 - std[97b98282bc616a66]::sys::backtrace::__rust_begin_short_backtrace::<test[39766f3d73431624]::run_test::{closure#1}, ()>
[INFO] [stdout]   21:     0x5b7534163762 - <std[97b98282bc616a66]::thread::lifecycle::spawn_unchecked<test[39766f3d73431624]::run_test::{closure#1}, ()>::{closure#1} as core[832e9a552fc17241]::ops::function::FnOnce<()>>::call_once::{shim:vtable#0}
[INFO] [stdout]   22:     0x5b75345ee83f - <std[97b98282bc616a66]::sys::thread::unix::Thread>::new::thread_start
[INFO] [stdout]   23:     0x7c67fa6bd07a - <unknown>
[INFO] [stdout]   24:     0x7c67fa750534 - clone
[INFO] [stdout]   25:                0x0 - <unknown>
[INFO] [stdout] 
[INFO] [stdout] ---- currency::erc20::tests::can_get_erc20_batch stdout ----
[INFO] [stdout] 
[INFO] [stdout] thread 'currency::erc20::tests::can_get_erc20_batch' (7386) panicked at src/currency/erc20.rs:559:11:
[INFO] [stdout] called `Result::unwrap()` on an `Err` value: error sending request for url (https://reth-ethereum.ithaca.xyz/rpc)
[INFO] [stdout] 
[INFO] [stdout] Caused by:
[INFO] [stdout]     0: error sending request for url (https://reth-ethereum.ithaca.xyz/rpc)
[INFO] [stdout]     1: client error (Connect)
[INFO] [stdout]     2: dns error
[INFO] [stdout]     3: failed to lookup address information: Temporary failure in name resolution
[INFO] [stdout] 
[INFO] [stdout] Stack backtrace:
[INFO] [stdout]    0: <anyhow::Error as core::convert::From<alloy_contract::error::Error>>::from
[INFO] [stdout]    1: zeus_eth::currency::erc20::tests::can_get_erc20_batch::{closure#0}
[INFO] [stdout]    2: <tokio::runtime::scheduler::current_thread::Context>::enter::<core::task::poll::Poll<()>, <tokio::runtime::scheduler::current_thread::CoreGuard>::block_on<core::pin::Pin<&mut core::pin::Pin<&mut dyn core::future::future::Future<Output = ()>>>>::{closure#0}::{closure#0}>
[INFO] [stdout]    3: <tokio::runtime::context::scoped::Scoped<tokio::runtime::scheduler::Context>>::set::<<tokio::runtime::scheduler::current_thread::CoreGuard>::enter<<tokio::runtime::scheduler::current_thread::CoreGuard>::block_on<core::pin::Pin<&mut core::pin::Pin<&mut dyn core::future::future::Future<Output = ()>>>>::{closure#0}, core::option::Option<()>>::{closure#0}, (alloc::boxed::Box<tokio::runtime::scheduler::current_thread::Core>, core::option::Option<()>)>
[INFO] [stdout]    4: <tokio::runtime::runtime::Runtime>::block_on::<core::pin::Pin<&mut dyn core::future::future::Future<Output = ()>>>
[INFO] [stdout]    5: zeus_eth::currency::erc20::tests::can_get_erc20_batch
[INFO] [stdout]    6: <zeus_eth::currency::erc20::tests::can_get_erc20_batch::{closure#0} as core::ops::function::FnOnce<()>>::call_once
[INFO] [stdout]    7: test::__rust_begin_short_backtrace::<core::result::Result<(), alloc::string::String>, fn() -> core::result::Result<(), alloc::string::String>>
[INFO] [stdout]    8: test::run_test::{closure#0}
[INFO] [stdout]    9: std::sys::backtrace::__rust_begin_short_backtrace::<test::run_test::{closure#1}, ()>
[INFO] [stdout]   10: <std::thread::lifecycle::spawn_unchecked<test::run_test::{closure#1}, ()>::{closure#1} as core::ops::function::FnOnce<()>>::call_once::{shim:vtable#0}
[INFO] [stdout]   11: <std::sys::thread::unix::Thread>::new::thread_start
[INFO] [stdout]   12: <unknown>
[INFO] [stdout]   13: clone
[INFO] [stdout] stack backtrace:
[INFO] [stdout]    0:     0x5b75345ef361 - <<std[97b98282bc616a66]::sys::backtrace::BacktraceLock>::print::DisplayBacktrace as core[832e9a552fc17241]::fmt::Display>::fmt
[INFO] [stdout]    1:     0x5b7534607d0a - core[832e9a552fc17241]::fmt::write
[INFO] [stdout]    2:     0x5b75345f4a8c - <alloc[3ecab9f82c41dc7d]::vec::Vec<u8> as std[97b98282bc616a66]::io::Write>::write_fmt
[INFO] [stdout]    3:     0x5b75345cb456 - std[97b98282bc616a66]::panicking::default_hook::{closure#0}
[INFO] [stdout]    4:     0x5b75345e6389 - std[97b98282bc616a66]::panicking::default_hook
[INFO] [stdout]    5:     0x5b753415fc90 - test[39766f3d73431624]::test_main_inner::<test[39766f3d73431624]::test_main_static::{closure#0}>::{closure#0}
[INFO] [stdout]    6:     0x5b75345e66b2 - std[97b98282bc616a66]::panicking::panic_with_hook
[INFO] [stdout]    7:     0x5b75345cb502 - std[97b98282bc616a66]::panicking::panic_handler::{closure#0}
[INFO] [stdout]    8:     0x5b75345c2739 - std[97b98282bc616a66]::sys::backtrace::__rust_end_short_backtrace::<std[97b98282bc616a66]::panicking::panic_handler::{closure#0}, !>
[INFO] [stdout]    9:     0x5b75345cc3fd - __rustc[e3d8617bb01b7f69]::rust_begin_unwind
[INFO] [stdout]   10:     0x5b753460846c - core[832e9a552fc17241]::panicking::panic_fmt
[INFO] [stdout]   11:     0x5b7534608242 - core[832e9a552fc17241]::result::unwrap_failed
[INFO] [stdout]   12:     0x5b75340beefd - zeus_eth[ec2cfdd002ee0fca]::currency::erc20::tests::can_get_erc20_batch::{closure#0}
[INFO] [stdout]   13:     0x5b753412d363 - <tokio[8061bdb013c47658]::runtime::scheduler::current_thread::Context>::enter::<core[832e9a552fc17241]::task::poll::Poll<()>, <tokio[8061bdb013c47658]::runtime::scheduler::current_thread::CoreGuard>::block_on<core[832e9a552fc17241]::pin::Pin<&mut core[832e9a552fc17241]::pin::Pin<&mut dyn core[832e9a552fc17241]::future::future::Future<Output = ()>>>>::{closure#0}::{closure#0}>
[INFO] [stdout]   14:     0x5b7534110f0c - <tokio[8061bdb013c47658]::runtime::context::scoped::Scoped<tokio[8061bdb013c47658]::runtime::scheduler::Context>>::set::<<tokio[8061bdb013c47658]::runtime::scheduler::current_thread::CoreGuard>::enter<<tokio[8061bdb013c47658]::runtime::scheduler::current_thread::CoreGuard>::block_on<core[832e9a552fc17241]::pin::Pin<&mut core[832e9a552fc17241]::pin::Pin<&mut dyn core[832e9a552fc17241]::future::future::Future<Output = ()>>>>::{closure#0}, core[832e9a552fc17241]::option::Option<()>>::{closure#0}, (alloc[3ecab9f82c41dc7d]::boxed::Box<tokio[8061bdb013c47658]::runtime::scheduler::current_thread::Core>, core[832e9a552fc17241]::option::Option<()>)>
[INFO] [stdout]   15:     0x5b753412cdba - <tokio[8061bdb013c47658]::runtime::runtime::Runtime>::block_on::<core[832e9a552fc17241]::pin::Pin<&mut dyn core[832e9a552fc17241]::future::future::Future<Output = ()>>>
[INFO] [stdout]   16:     0x5b75340c4f7b - zeus_eth[ec2cfdd002ee0fca]::currency::erc20::tests::can_get_erc20_batch
[INFO] [stdout]   17:     0x5b753412c129 - <zeus_eth[ec2cfdd002ee0fca]::currency::erc20::tests::can_get_erc20_batch::{closure#0} as core[832e9a552fc17241]::ops::function::FnOnce<()>>::call_once
[INFO] [stdout]   18:     0x5b7534152fcb - test[39766f3d73431624]::__rust_begin_short_backtrace::<core[832e9a552fc17241]::result::Result<(), alloc[3ecab9f82c41dc7d]::string::String>, fn() -> core[832e9a552fc17241]::result::Result<(), alloc[3ecab9f82c41dc7d]::string::String>>
[INFO] [stdout]   19:     0x5b7534160615 - test[39766f3d73431624]::run_test::{closure#0}
[INFO] [stdout]   20:     0x5b753415b0c4 - std[97b98282bc616a66]::sys::backtrace::__rust_begin_short_backtrace::<test[39766f3d73431624]::run_test::{closure#1}, ()>
[INFO] [stdout]   21:     0x5b7534163762 - <std[97b98282bc616a66]::thread::lifecycle::spawn_unchecked<test[39766f3d73431624]::run_test::{closure#1}, ()>::{closure#1} as core[832e9a552fc17241]::ops::function::FnOnce<()>>::call_once::{shim:vtable#0}
[INFO] [stdout]   22:     0x5b75345ee83f - <std[97b98282bc616a66]::sys::thread::unix::Thread>::new::thread_start
[INFO] [stdout]   23:     0x7c67fa6bd07a - <unknown>
[INFO] [stdout]   24:     0x7c67fa750534 - clone
[INFO] [stdout]   25:                0x0 - <unknown>
[INFO] [stdout] 
[INFO] [stdout] ---- amm::uniswap::v4::pool::tests::test_base_token_liquidity_usdc_wbtc stdout ----
[INFO] [stdout] 
[INFO] [stdout] thread 'amm::uniswap::v4::pool::tests::test_base_token_liquidity_usdc_wbtc' (7383) panicked at src/amm/uniswap/v4/pool.rs:766:53:
[INFO] [stdout] called `Result::unwrap()` on an `Err` value: error sending request for url (https://eth.merkle.io/)
[INFO] [stdout] 
[INFO] [stdout] Caused by:
[INFO] [stdout]     0: error sending request for url (https://eth.merkle.io/)
[INFO] [stdout]     1: client error (Connect)
[INFO] [stdout]     2: dns error
[INFO] [stdout]     3: failed to lookup address information: Temporary failure in name resolution
[INFO] [stdout] 
[INFO] [stdout] Stack backtrace:
[INFO] [stdout]    0: <anyhow::Error as core::convert::From<alloy_contract::error::Error>>::from
[INFO] [stdout]    1: <zeus_eth::amm::uniswap::v4::pool::UniswapV4Pool as zeus_eth::amm::uniswap::UniswapPool>::update_state::<alloy_provider::fillers::FillProvider<alloy_provider::fillers::join_fill::JoinFill<alloy_provider::builder::Identity, alloy_provider::fillers::join_fill::JoinFill<alloy_provider::fillers::gas::GasFiller, alloy_provider::fillers::join_fill::JoinFill<alloy_provider::fillers::gas::BlobGasFiller, alloy_provider::fillers::join_fill::JoinFill<alloy_provider::fillers::nonce::NonceFiller, alloy_provider::fillers::chain_id::ChainIdFiller>>>>, alloy_provider::provider::root::RootProvider>, alloy_network::ethereum::Ethereum>::{closure#0}
[INFO] [stdout]    2: zeus_eth::amm::uniswap::v4::pool::tests::test_base_token_liquidity_usdc_wbtc::{closure#0}
[INFO] [stdout]    3: <tokio::runtime::scheduler::current_thread::Context>::enter::<core::task::poll::Poll<()>, <tokio::runtime::scheduler::current_thread::CoreGuard>::block_on<core::pin::Pin<&mut core::pin::Pin<&mut dyn core::future::future::Future<Output = ()>>>>::{closure#0}::{closure#0}>
[INFO] [stdout]    4: <tokio::runtime::context::scoped::Scoped<tokio::runtime::scheduler::Context>>::set::<<tokio::runtime::scheduler::current_thread::CoreGuard>::enter<<tokio::runtime::scheduler::current_thread::CoreGuard>::block_on<core::pin::Pin<&mut core::pin::Pin<&mut dyn core::future::future::Future<Output = ()>>>>::{closure#0}, core::option::Option<()>>::{closure#0}, (alloc::boxed::Box<tokio::runtime::scheduler::current_thread::Core>, core::option::Option<()>)>
[INFO] [stdout]    5: <tokio::runtime::runtime::Runtime>::block_on::<core::pin::Pin<&mut dyn core::future::future::Future<Output = ()>>>
[INFO] [stdout]    6: zeus_eth::amm::uniswap::v4::pool::tests::test_base_token_liquidity_usdc_wbtc
[INFO] [stdout]    7: <zeus_eth::amm::uniswap::v4::pool::tests::test_base_token_liquidity_usdc_wbtc::{closure#0} as core::ops::function::FnOnce<()>>::call_once
[INFO] [stdout]    8: test::__rust_begin_short_backtrace::<core::result::Result<(), alloc::string::String>, fn() -> core::result::Result<(), alloc::string::String>>
[INFO] [stdout]    9: test::run_test::{closure#0}
[INFO] [stdout]   10: std::sys::backtrace::__rust_begin_short_backtrace::<test::run_test::{closure#1}, ()>
[INFO] [stdout]   11: <std::thread::lifecycle::spawn_unchecked<test::run_test::{closure#1}, ()>::{closure#1} as core::ops::function::FnOnce<()>>::call_once::{shim:vtable#0}
[INFO] [stdout]   12: <std::sys::thread::unix::Thread>::new::thread_start
[INFO] [stdout]   13: <unknown>
[INFO] [stdout]   14: clone
[INFO] [stdout] stack backtrace:
[INFO] [stdout]    0:     0x5b75345ef361 - <<std[97b98282bc616a66]::sys::backtrace::BacktraceLock>::print::DisplayBacktrace as core[832e9a552fc17241]::fmt::Display>::fmt
[INFO] [stdout]    1:     0x5b7534607d0a - core[832e9a552fc17241]::fmt::write
[INFO] [stdout]    2:     0x5b75345f4a8c - <alloc[3ecab9f82c41dc7d]::vec::Vec<u8> as std[97b98282bc616a66]::io::Write>::write_fmt
[INFO] [stdout]    3:     0x5b75345cb456 - std[97b98282bc616a66]::panicking::default_hook::{closure#0}
[INFO] [stdout]    4:     0x5b75345e6389 - std[97b98282bc616a66]::panicking::default_hook
[INFO] [stdout]    5:     0x5b753415fc90 - test[39766f3d73431624]::test_main_inner::<test[39766f3d73431624]::test_main_static::{closure#0}>::{closure#0}
[INFO] [stdout]    6:     0x5b75345e66b2 - std[97b98282bc616a66]::panicking::panic_with_hook
[INFO] [stdout]    7:     0x5b75345cb502 - std[97b98282bc616a66]::panicking::panic_handler::{closure#0}
[INFO] [stdout]    8:     0x5b75345c2739 - std[97b98282bc616a66]::sys::backtrace::__rust_end_short_backtrace::<std[97b98282bc616a66]::panicking::panic_handler::{closure#0}, !>
[INFO] [stdout]    9:     0x5b75345cc3fd - __rustc[e3d8617bb01b7f69]::rust_begin_unwind
[INFO] [stdout]   10:     0x5b753460846c - core[832e9a552fc17241]::panicking::panic_fmt
[INFO] [stdout]   11:     0x5b7534608242 - core[832e9a552fc17241]::result::unwrap_failed
[INFO] [stdout]   12:     0x5b753414c39a - zeus_eth[ec2cfdd002ee0fca]::amm::uniswap::v4::pool::tests::test_base_token_liquidity_usdc_wbtc::{closure#0}
[INFO] [stdout]   13:     0x5b753412d363 - <tokio[8061bdb013c47658]::runtime::scheduler::current_thread::Context>::enter::<core[832e9a552fc17241]::task::poll::Poll<()>, <tokio[8061bdb013c47658]::runtime::scheduler::current_thread::CoreGuard>::block_on<core[832e9a552fc17241]::pin::Pin<&mut core[832e9a552fc17241]::pin::Pin<&mut dyn core[832e9a552fc17241]::future::future::Future<Output = ()>>>>::{closure#0}::{closure#0}>
[INFO] [stdout]   14:     0x5b7534110f0c - <tokio[8061bdb013c47658]::runtime::context::scoped::Scoped<tokio[8061bdb013c47658]::runtime::scheduler::Context>>::set::<<tokio[8061bdb013c47658]::runtime::scheduler::current_thread::CoreGuard>::enter<<tokio[8061bdb013c47658]::runtime::scheduler::current_thread::CoreGuard>::block_on<core[832e9a552fc17241]::pin::Pin<&mut core[832e9a552fc17241]::pin::Pin<&mut dyn core[832e9a552fc17241]::future::future::Future<Output = ()>>>>::{closure#0}, core[832e9a552fc17241]::option::Option<()>>::{closure#0}, (alloc[3ecab9f82c41dc7d]::boxed::Box<tokio[8061bdb013c47658]::runtime::scheduler::current_thread::Core>, core[832e9a552fc17241]::option::Option<()>)>
[INFO] [stdout]   15:     0x5b753412cdba - <tokio[8061bdb013c47658]::runtime::runtime::Runtime>::block_on::<core[832e9a552fc17241]::pin::Pin<&mut dyn core[832e9a552fc17241]::future::future::Future<Output = ()>>>
[INFO] [stdout]   16:     0x5b753415125b - zeus_eth[ec2cfdd002ee0fca]::amm::uniswap::v4::pool::tests::test_base_token_liquidity_usdc_wbtc
[INFO] [stdout]   17:     0x5b753412c289 - <zeus_eth[ec2cfdd002ee0fca]::amm::uniswap::v4::pool::tests::test_base_token_liquidity_usdc_wbtc::{closure#0} as core[832e9a552fc17241]::ops::function::FnOnce<()>>::call_once
[INFO] [stdout]   18:     0x5b7534152fcb - test[39766f3d73431624]::__rust_begin_short_backtrace::<core[832e9a552fc17241]::result::Result<(), alloc[3ecab9f82c41dc7d]::string::String>, fn() -> core[832e9a552fc17241]::result::Result<(), alloc[3ecab9f82c41dc7d]::string::String>>
[INFO] [stdout]   19:     0x5b7534160615 - test[39766f3d73431624]::run_test::{closure#0}
[INFO] [stdout]   20:     0x5b753415b0c4 - std[97b98282bc616a66]::sys::backtrace::__rust_begin_short_backtrace::<test[39766f3d73431624]::run_test::{closure#1}, ()>
[INFO] [stdout]   21:     0x5b7534163762 - <std[97b98282bc616a66]::thread::lifecycle::spawn_unchecked<test[39766f3d73431624]::run_test::{closure#1}, ()>::{closure#1} as core[832e9a552fc17241]::ops::function::FnOnce<()>>::call_once::{shim:vtable#0}
[INFO] [stdout]   22:     0x5b75345ee83f - <std[97b98282bc616a66]::sys::thread::unix::Thread>::new::thread_start
[INFO] [stdout]   23:     0x7c67fa6bd07a - <unknown>
[INFO] [stdout]   24:     0x7c67fa750534 - clone
[INFO] [stdout]   25:                0x0 - <unknown>
[INFO] [stdout] 
[INFO] [stdout] ---- currency::erc20::tests::can_get_erc20 stdout ----
[INFO] [stdout] 
[INFO] [stdout] thread 'currency::erc20::tests::can_get_erc20' (7385) panicked at src/currency/erc20.rs:539:11:
[INFO] [stdout] called `Result::unwrap()` on an `Err` value: error sending request for url (https://reth-ethereum.ithaca.xyz/rpc)
[INFO] [stdout] 
[INFO] [stdout] Caused by:
[INFO] [stdout]     0: error sending request for url (https://reth-ethereum.ithaca.xyz/rpc)
[INFO] [stdout]     1: client error (Connect)
[INFO] [stdout]     2: dns error
[INFO] [stdout]     3: failed to lookup address information: Temporary failure in name resolution
[INFO] [stdout] 
[INFO] [stdout] Stack backtrace:
[INFO] [stdout]    0: <anyhow::Error as core::convert::From<alloy_contract::error::Error>>::from
[INFO] [stdout]    1: zeus_eth::currency::erc20::tests::can_get_erc20::{closure#0}
[INFO] [stdout]    2: <tokio::runtime::scheduler::current_thread::Context>::enter::<core::task::poll::Poll<()>, <tokio::runtime::scheduler::current_thread::CoreGuard>::block_on<core::pin::Pin<&mut core::pin::Pin<&mut dyn core::future::future::Future<Output = ()>>>>::{closure#0}::{closure#0}>
[INFO] [stdout]    3: <tokio::runtime::context::scoped::Scoped<tokio::runtime::scheduler::Context>>::set::<<tokio::runtime::scheduler::current_thread::CoreGuard>::enter<<tokio::runtime::scheduler::current_thread::CoreGuard>::block_on<core::pin::Pin<&mut core::pin::Pin<&mut dyn core::future::future::Future<Output = ()>>>>::{closure#0}, core::option::Option<()>>::{closure#0}, (alloc::boxed::Box<tokio::runtime::scheduler::current_thread::Core>, core::option::Option<()>)>
[INFO] [stdout]    4: <tokio::runtime::runtime::Runtime>::block_on::<core::pin::Pin<&mut dyn core::future::future::Future<Output = ()>>>
[INFO] [stdout]    5: zeus_eth::currency::erc20::tests::can_get_erc20
[INFO] [stdout]    6: <zeus_eth::currency::erc20::tests::can_get_erc20::{closure#0} as core::ops::function::FnOnce<()>>::call_once
[INFO] [stdout]    7: test::__rust_begin_short_backtrace::<core::result::Result<(), alloc::string::String>, fn() -> core::result::Result<(), alloc::string::String>>
[INFO] [stdout]    8: test::run_test::{closure#0}
[INFO] [stdout]    9: std::sys::backtrace::__rust_begin_short_backtrace::<test::run_test::{closure#1}, ()>
[INFO] [stdout]   10: <std::thread::lifecycle::spawn_unchecked<test::run_test::{closure#1}, ()>::{closure#1} as core::ops::function::FnOnce<()>>::call_once::{shim:vtable#0}
[INFO] [stdout]   11: <std::sys::thread::unix::Thread>::new::thread_start
[INFO] [stdout]   12: <unknown>
[INFO] [stdout]   13: clone
[INFO] [stdout] stack backtrace:
[INFO] [stdout]    0:     0x5b75345ef361 - <<std[97b98282bc616a66]::sys::backtrace::BacktraceLock>::print::DisplayBacktrace as core[832e9a552fc17241]::fmt::Display>::fmt
[INFO] [stdout]    1:     0x5b7534607d0a - core[832e9a552fc17241]::fmt::write
[INFO] [stdout]    2:     0x5b75345f4a8c - <alloc[3ecab9f82c41dc7d]::vec::Vec<u8> as std[97b98282bc616a66]::io::Write>::write_fmt
[INFO] [stdout]    3:     0x5b75345cb456 - std[97b98282bc616a66]::panicking::default_hook::{closure#0}
[INFO] [stdout]    4:     0x5b75345e6389 - std[97b98282bc616a66]::panicking::default_hook
[INFO] [stdout]    5:     0x5b753415fc90 - test[39766f3d73431624]::test_main_inner::<test[39766f3d73431624]::test_main_static::{closure#0}>::{closure#0}
[INFO] [stdout]    6:     0x5b75345e66b2 - std[97b98282bc616a66]::panicking::panic_with_hook
[INFO] [stdout]    7:     0x5b75345cb502 - std[97b98282bc616a66]::panicking::panic_handler::{closure#0}
[INFO] [stdout]    8:     0x5b75345c2739 - std[97b98282bc616a66]::sys::backtrace::__rust_end_short_backtrace::<std[97b98282bc616a66]::panicking::panic_handler::{closure#0}, !>
[INFO] [stdout]    9:     0x5b75345cc3fd - __rustc[e3d8617bb01b7f69]::rust_begin_unwind
[INFO] [stdout]   10:     0x5b753460846c - core[832e9a552fc17241]::panicking::panic_fmt
[INFO] [stdout]   11:     0x5b7534608242 - core[832e9a552fc17241]::result::unwrap_failed
[INFO] [stdout]   12:     0x5b75340bcb32 - zeus_eth[ec2cfdd002ee0fca]::currency::erc20::tests::can_get_erc20::{closure#0}
[INFO] [stdout]   13:     0x5b753412d363 - <tokio[8061bdb013c47658]::runtime::scheduler::current_thread::Context>::enter::<core[832e9a552fc17241]::task::poll::Poll<()>, <tokio[8061bdb013c47658]::runtime::scheduler::current_thread::CoreGuard>::block_on<core[832e9a552fc17241]::pin::Pin<&mut core[832e9a552fc17241]::pin::Pin<&mut dyn core[832e9a552fc17241]::future::future::Future<Output = ()>>>>::{closure#0}::{closure#0}>
[INFO] [stdout]   14:     0x5b7534110f0c - <tokio[8061bdb013c47658]::runtime::context::scoped::Scoped<tokio[8061bdb013c47658]::runtime::scheduler::Context>>::set::<<tokio[8061bdb013c47658]::runtime::scheduler::current_thread::CoreGuard>::enter<<tokio[8061bdb013c47658]::runtime::scheduler::current_thread::CoreGuard>::block_on<core[832e9a552fc17241]::pin::Pin<&mut core[832e9a552fc17241]::pin::Pin<&mut dyn core[832e9a552fc17241]::future::future::Future<Output = ()>>>>::{closure#0}, core[832e9a552fc17241]::option::Option<()>>::{closure#0}, (alloc[3ecab9f82c41dc7d]::boxed::Box<tokio[8061bdb013c47658]::runtime::scheduler::current_thread::Core>, core[832e9a552fc17241]::option::Option<()>)>
[INFO] [stdout]   15:     0x5b753412cdba - <tokio[8061bdb013c47658]::runtime::runtime::Runtime>::block_on::<core[832e9a552fc17241]::pin::Pin<&mut dyn core[832e9a552fc17241]::future::future::Future<Output = ()>>>
[INFO] [stdout]   16:     0x5b75340c4e2b - zeus_eth[ec2cfdd002ee0fca]::currency::erc20::tests::can_get_erc20
[INFO] [stdout]   17:     0x5b753412c109 - <zeus_eth[ec2cfdd002ee0fca]::currency::erc20::tests::can_get_erc20::{closure#0} as core[832e9a552fc17241]::ops::function::FnOnce<()>>::call_once
[INFO] [stdout]   18:     0x5b7534152fcb - test[39766f3d73431624]::__rust_begin_short_backtrace::<core[832e9a552fc17241]::result::Result<(), alloc[3ecab9f82c41dc7d]::string::String>, fn() -> core[832e9a552fc17241]::result::Result<(), alloc[3ecab9f82c41dc7d]::string::String>>
[INFO] [stdout]   19:     0x5b7534160615 - test[39766f3d73431624]::run_test::{closure#0}
[INFO] [stdout]   20:     0x5b753415b0c4 - std[97b98282bc616a66]::sys::backtrace::__rust_begin_short_backtrace::<test[39766f3d73431624]::run_test::{closure#1}, ()>
[INFO] [stdout]   21:     0x5b7534163762 - <std[97b98282bc616a66]::thread::lifecycle::spawn_unchecked<test[39766f3d73431624]::run_test::{closure#1}, ()>::{closure#1} as core[832e9a552fc17241]::ops::function::FnOnce<()>>::call_once::{shim:vtable#0}
[INFO] [stdout]   22:     0x5b75345ee83f - <std[97b98282bc616a66]::sys::thread::unix::Thread>::new::thread_start
[INFO] [stdout]   23:     0x7c67fa6bd07a - <unknown>
[INFO] [stdout]   24:     0x7c67fa750534 - clone
[INFO] [stdout]   25:                0x0 - <unknown>
[INFO] [stdout] 
[INFO] [stdout] ---- amm::uniswap::v3::pool::tests::swap_result stdout ----
[INFO] [stdout] 
[INFO] [stdout] thread 'amm::uniswap::v3::pool::tests::swap_result' (7376) panicked at src/amm/uniswap/v3/pool.rs:469:53:
[INFO] [stdout] called `Result::unwrap()` on an `Err` value: error sending request for url (https://eth.merkle.io/)
[INFO] [stdout] 
[INFO] [stdout] Caused by:
[INFO] [stdout]     0: error sending request for url (https://eth.merkle.io/)
[INFO] [stdout]     1: client error (Connect)
[INFO] [stdout]     2: dns error
[INFO] [stdout]     3: failed to lookup address information: Temporary failure in name resolution
[INFO] [stdout] 
[INFO] [stdout] Stack backtrace:
[INFO] [stdout]    0: <anyhow::Error as core::convert::From<alloy_contract::error::Error>>::from
[INFO] [stdout]    1: <zeus_eth::amm::uniswap::v3::pool::UniswapV3Pool as zeus_eth::amm::uniswap::UniswapPool>::update_state::<alloy_provider::fillers::FillProvider<alloy_provider::fillers::join_fill::JoinFill<alloy_provider::builder::Identity, alloy_provider::fillers::join_fill::JoinFill<alloy_provider::fillers::gas::GasFiller, alloy_provider::fillers::join_fill::JoinFill<alloy_provider::fillers::gas::BlobGasFiller, alloy_provider::fillers::join_fill::JoinFill<alloy_provider::fillers::nonce::NonceFiller, alloy_provider::fillers::chain_id::ChainIdFiller>>>>, alloy_provider::provider::root::RootProvider>, alloy_network::ethereum::Ethereum>::{closure#0}
[INFO] [stdout]    2: zeus_eth::amm::uniswap::v3::pool::tests::swap_result::{closure#0}
[INFO] [stdout]    3: <tokio::runtime::scheduler::current_thread::Context>::enter::<core::task::poll::Poll<()>, <tokio::runtime::scheduler::current_thread::CoreGuard>::block_on<core::pin::Pin<&mut core::pin::Pin<&mut dyn core::future::future::Future<Output = ()>>>>::{closure#0}::{closure#0}>
[INFO] [stdout]    4: <tokio::runtime::context::scoped::Scoped<tokio::runtime::scheduler::Context>>::set::<<tokio::runtime::scheduler::current_thread::CoreGuard>::enter<<tokio::runtime::scheduler::current_thread::CoreGuard>::block_on<core::pin::Pin<&mut core::pin::Pin<&mut dyn core::future::future::Future<Output = ()>>>>::{closure#0}, core::option::Option<()>>::{closure#0}, (alloc::boxed::Box<tokio::runtime::scheduler::current_thread::Core>, core::option::Option<()>)>
[INFO] [stdout]    5: <tokio::runtime::runtime::Runtime>::block_on::<core::pin::Pin<&mut dyn core::future::future::Future<Output = ()>>>
[INFO] [stdout]    6: zeus_eth::amm::uniswap::v3::pool::tests::swap_result
[INFO] [stdout]    7: <zeus_eth::amm::uniswap::v3::pool::tests::swap_result::{closure#0} as core::ops::function::FnOnce<()>>::call_once
[INFO] [stdout]    8: test::__rust_begin_short_backtrace::<core::result::Result<(), alloc::string::String>, fn() -> core::result::Result<(), alloc::string::String>>
[INFO] [stdout]    9: test::run_test::{closure#0}
[INFO] [stdout]   10: std::sys::backtrace::__rust_begin_short_backtrace::<test::run_test::{closure#1}, ()>
[INFO] [stdout]   11: <std::thread::lifecycle::spawn_unchecked<test::run_test::{closure#1}, ()>::{closure#1} as core::ops::function::FnOnce<()>>::call_once::{shim:vtable#0}
[INFO] [stdout]   12: <std::sys::thread::unix::Thread>::new::thread_start
[INFO] [stdout]   13: <unknown>
[INFO] [stdout]   14: clone
[INFO] [stdout] stack backtrace:
[INFO] [stdout]    0:     0x5b75345ef361 - <<std[97b98282bc616a66]::sys::backtrace::BacktraceLock>::print::DisplayBacktrace as core[832e9a552fc17241]::fmt::Display>::fmt
[INFO] [stdout]    1:     0x5b7534607d0a - core[832e9a552fc17241]::fmt::write
[INFO] [stdout]    2:     0x5b75345f4a8c - <alloc[3ecab9f82c41dc7d]::vec::Vec<u8> as std[97b98282bc616a66]::io::Write>::write_fmt
[INFO] [stdout]    3:     0x5b75345cb456 - std[97b98282bc616a66]::panicking::default_hook::{closure#0}
[INFO] [stdout]    4:     0x5b75345e6389 - std[97b98282bc616a66]::panicking::default_hook
[INFO] [stdout]    5:     0x5b753415fc90 - test[39766f3d73431624]::test_main_inner::<test[39766f3d73431624]::test_main_static::{closure#0}>::{closure#0}
[INFO] [stdout]    6:     0x5b75345e66b2 - std[97b98282bc616a66]::panicking::panic_with_hook
[INFO] [stdout]    7:     0x5b75345cb502 - std[97b98282bc616a66]::panicking::panic_handler::{closure#0}
[INFO] [stdout]    8:     0x5b75345c2739 - std[97b98282bc616a66]::sys::backtrace::__rust_end_short_backtrace::<std[97b98282bc616a66]::panicking::panic_handler::{closure#0}, !>
[INFO] [stdout]    9:     0x5b75345cc3fd - __rustc[e3d8617bb01b7f69]::rust_begin_unwind
[INFO] [stdout]   10:     0x5b753460846c - core[832e9a552fc17241]::panicking::panic_fmt
[INFO] [stdout]   11:     0x5b7534608242 - core[832e9a552fc17241]::result::unwrap_failed
[INFO] [stdout]   12:     0x5b75340bfe98 - zeus_eth[ec2cfdd002ee0fca]::amm::uniswap::v3::pool::tests::swap_result::{closure#0}
[INFO] [stderr] error: test failed, to rerun pass `--lib`
[INFO] [stdout]   13:     0x5b753412d363 - <tokio[8061bdb013c47658]::runtime::scheduler::current_thread::Context>::enter::<core[832e9a552fc17241]::task::poll::Poll<()>, <tokio[8061bdb013c47658]::runtime::scheduler::current_thread::CoreGuard>::block_on<core[832e9a552fc17241]::pin::Pin<&mut core[832e9a552fc17241]::pin::Pin<&mut dyn core[832e9a552fc17241]::future::future::Future<Output = ()>>>>::{closure#0}::{closure#0}>
[INFO] [stdout]   14:     0x5b7534110f0c - <tokio[8061bdb013c47658]::runtime::context::scoped::Scoped<tokio[8061bdb013c47658]::runtime::scheduler::Context>>::set::<<tokio[8061bdb013c47658]::runtime::scheduler::current_thread::CoreGuard>::enter<<tokio[8061bdb013c47658]::runtime::scheduler::current_thread::CoreGuard>::block_on<core[832e9a552fc17241]::pin::Pin<&mut core[832e9a552fc17241]::pin::Pin<&mut dyn core[832e9a552fc17241]::future::future::Future<Output = ()>>>>::{closure#0}, core[832e9a552fc17241]::option::Option<()>>::{closure#0}, (alloc[3ecab9f82c41dc7d]::boxed::Box<tokio[8061bdb013c47658]::runtime::scheduler::current_thread::Core>, core[832e9a552fc17241]::option::Option<()>)>
[INFO] [stdout]   15:     0x5b753412cdba - <tokio[8061bdb013c47658]::runtime::runtime::Runtime>::block_on::<core[832e9a552fc17241]::pin::Pin<&mut dyn core[832e9a552fc17241]::future::future::Future<Output = ()>>>
[INFO] [stdout]   16:     0x5b75340c50cb - zeus_eth[ec2cfdd002ee0fca]::amm::uniswap::v3::pool::tests::swap_result
[INFO] [stdout]   17:     0x5b753412c189 - <zeus_eth[ec2cfdd002ee0fca]::amm::uniswap::v3::pool::tests::swap_result::{closure#0} as core[832e9a552fc17241]::ops::function::FnOnce<()>>::call_once
[INFO] [stdout]   18:     0x5b7534152fcb - test[39766f3d73431624]::__rust_begin_short_backtrace::<core[832e9a552fc17241]::result::Result<(), alloc[3ecab9f82c41dc7d]::string::String>, fn() -> core[832e9a552fc17241]::result::Result<(), alloc[3ecab9f82c41dc7d]::string::String>>
[INFO] [stdout]   19:     0x5b7534160615 - test[39766f3d73431624]::run_test::{closure#0}
[INFO] [stdout]   20:     0x5b753415b0c4 - std[97b98282bc616a66]::sys::backtrace::__rust_begin_short_backtrace::<test[39766f3d73431624]::run_test::{closure#1}, ()>
[INFO] [stdout]   21:     0x5b7534163762 - <std[97b98282bc616a66]::thread::lifecycle::spawn_unchecked<test[39766f3d73431624]::run_test::{closure#1}, ()>::{closure#1} as core[832e9a552fc17241]::ops::function::FnOnce<()>>::call_once::{shim:vtable#0}
[INFO] [stdout]   22:     0x5b75345ee83f - <std[97b98282bc616a66]::sys::thread::unix::Thread>::new::thread_start
[INFO] [stdout]   23:     0x7c67fa6bd07a - <unknown>
[INFO] [stdout]   24:     0x7c67fa750534 - clone
[INFO] [stdout]   25:                0x0 - <unknown>
[INFO] [stdout] 
[INFO] [stdout] ---- amm::uniswap::v2::pool::tests::swap_result stdout ----
[INFO] [stdout] 
[INFO] [stdout] thread 'amm::uniswap::v2::pool::tests::swap_result' (7374) panicked at src/amm/uniswap/v2/pool.rs:470:53:
[INFO] [stdout] called `Result::unwrap()` on an `Err` value: error sending request for url (https://eth.merkle.io/)
[INFO] [stdout] 
[INFO] [stdout] Caused by:
[INFO] [stdout]     0: error sending request for url (https://eth.merkle.io/)
[INFO] [stdout]     1: client error (Connect)
[INFO] [stdout]     2: dns error
[INFO] [stdout]     3: failed to lookup address information: Temporary failure in name resolution
[INFO] [stdout] 
[INFO] [stdout] Stack backtrace:
[INFO] [stdout]    0: <anyhow::Error as core::convert::From<alloy_contract::error::Error>>::from
[INFO] [stdout]    1: <zeus_eth::amm::uniswap::v2::pool::UniswapV2Pool as zeus_eth::amm::uniswap::UniswapPool>::update_state::<alloy_provider::fillers::FillProvider<alloy_provider::fillers::join_fill::JoinFill<alloy_provider::builder::Identity, alloy_provider::fillers::join_fill::JoinFill<alloy_provider::fillers::gas::GasFiller, alloy_provider::fillers::join_fill::JoinFill<alloy_provider::fillers::gas::BlobGasFiller, alloy_provider::fillers::join_fill::JoinFill<alloy_provider::fillers::nonce::NonceFiller, alloy_provider::fillers::chain_id::ChainIdFiller>>>>, alloy_provider::provider::root::RootProvider>, alloy_network::ethereum::Ethereum>::{closure#0}
[INFO] [stdout]    2: zeus_eth::amm::uniswap::v2::pool::tests::swap_result::{closure#0}
[INFO] [stdout]    3: <tokio::runtime::scheduler::current_thread::Context>::enter::<core::task::poll::Poll<()>, <tokio::runtime::scheduler::current_thread::CoreGuard>::block_on<core::pin::Pin<&mut core::pin::Pin<&mut dyn core::future::future::Future<Output = ()>>>>::{closure#0}::{closure#0}>
[INFO] [stdout]    4: <tokio::runtime::context::scoped::Scoped<tokio::runtime::scheduler::Context>>::set::<<tokio::runtime::scheduler::current_thread::CoreGuard>::enter<<tokio::runtime::scheduler::current_thread::CoreGuard>::block_on<core::pin::Pin<&mut core::pin::Pin<&mut dyn core::future::future::Future<Output = ()>>>>::{closure#0}, core::option::Option<()>>::{closure#0}, (alloc::boxed::Box<tokio::runtime::scheduler::current_thread::Core>, core::option::Option<()>)>
[INFO] [stdout]    5: <tokio::runtime::runtime::Runtime>::block_on::<core::pin::Pin<&mut dyn core::future::future::Future<Output = ()>>>
[INFO] [stdout]    6: zeus_eth::amm::uniswap::v2::pool::tests::swap_result
[INFO] [stdout]    7: <zeus_eth::amm::uniswap::v2::pool::tests::swap_result::{closure#0} as core::ops::function::FnOnce<()>>::call_once
[INFO] [stdout]    8: test::__rust_begin_short_backtrace::<core::result::Result<(), alloc::string::String>, fn() -> core::result::Result<(), alloc::string::String>>
[INFO] [stdout]    9: test::run_test::{closure#0}
[INFO] [stdout]   10: std::sys::backtrace::__rust_begin_short_backtrace::<test::run_test::{closure#1}, ()>
[INFO] [stdout]   11: <std::thread::lifecycle::spawn_unchecked<test::run_test::{closure#1}, ()>::{closure#1} as core::ops::function::FnOnce<()>>::call_once::{shim:vtable#0}
[INFO] [stdout]   12: <std::sys::thread::unix::Thread>::new::thread_start
[INFO] [stdout]   13: <unknown>
[INFO] [stdout]   14: clone
[INFO] [stdout] stack backtrace:
[INFO] [stdout]    0:     0x5b75345ef361 - <<std[97b98282bc616a66]::sys::backtrace::BacktraceLock>::print::DisplayBacktrace as core[832e9a552fc17241]::fmt::Display>::fmt
[INFO] [stdout]    1:     0x5b7534607d0a - core[832e9a552fc17241]::fmt::write
[INFO] [stdout]    2:     0x5b75345f4a8c - <alloc[3ecab9f82c41dc7d]::vec::Vec<u8> as std[97b98282bc616a66]::io::Write>::write_fmt
[INFO] [stdout]    3:     0x5b75345cb456 - std[97b98282bc616a66]::panicking::default_hook::{closure#0}
[INFO] [stdout]    4:     0x5b75345e6389 - std[97b98282bc616a66]::panicking::default_hook
[INFO] [stdout]    5:     0x5b753415fc90 - test[39766f3d73431624]::test_main_inner::<test[39766f3d73431624]::test_main_static::{closure#0}>::{closure#0}
[INFO] [stdout]    6:     0x5b75345e66b2 - std[97b98282bc616a66]::panicking::panic_with_hook
[INFO] [stdout]    7:     0x5b75345cb502 - std[97b98282bc616a66]::panicking::panic_handler::{closure#0}
[INFO] [stdout]    8:     0x5b75345c2739 - std[97b98282bc616a66]::sys::backtrace::__rust_end_short_backtrace::<std[97b98282bc616a66]::panicking::panic_handler::{closure#0}, !>
[INFO] [stdout]    9:     0x5b75345cc3fd - __rustc[e3d8617bb01b7f69]::rust_begin_unwind
[INFO] [stdout]   10:     0x5b753460846c - core[832e9a552fc17241]::panicking::panic_fmt
[INFO] [stdout]   11:     0x5b7534608242 - core[832e9a552fc17241]::result::unwrap_failed
[INFO] [stdout]   12:     0x5b7534105930 - zeus_eth[ec2cfdd002ee0fca]::amm::uniswap::v2::pool::tests::swap_result::{closure#0}
[INFO] [stdout]   13:     0x5b753412d363 - <tokio[8061bdb013c47658]::runtime::scheduler::current_thread::Context>::enter::<core[832e9a552fc17241]::task::poll::Poll<()>, <tokio[8061bdb013c47658]::runtime::scheduler::current_thread::CoreGuard>::block_on<core[832e9a552fc17241]::pin::Pin<&mut core[832e9a552fc17241]::pin::Pin<&mut dyn core[832e9a552fc17241]::future::future::Future<Output = ()>>>>::{closure#0}::{closure#0}>
[INFO] [stdout]   14:     0x5b7534110f0c - <tokio[8061bdb013c47658]::runtime::context::scoped::Scoped<tokio[8061bdb013c47658]::runtime::scheduler::Context>>::set::<<tokio[8061bdb013c47658]::runtime::scheduler::current_thread::CoreGuard>::enter<<tokio[8061bdb013c47658]::runtime::scheduler::current_thread::CoreGuard>::block_on<core[832e9a552fc17241]::pin::Pin<&mut core[832e9a552fc17241]::pin::Pin<&mut dyn core[832e9a552fc17241]::future::future::Future<Output = ()>>>>::{closure#0}, core[832e9a552fc17241]::option::Option<()>>::{closure#0}, (alloc[3ecab9f82c41dc7d]::boxed::Box<tokio[8061bdb013c47658]::runtime::scheduler::current_thread::Core>, core[832e9a552fc17241]::option::Option<()>)>
[INFO] [stdout]   15:     0x5b753412cdba - <tokio[8061bdb013c47658]::runtime::runtime::Runtime>::block_on::<core[832e9a552fc17241]::pin::Pin<&mut dyn core[832e9a552fc17241]::future::future::Future<Output = ()>>>
[INFO] [stdout]   16:     0x5b753410a10b - zeus_eth[ec2cfdd002ee0fca]::amm::uniswap::v2::pool::tests::swap_result
[INFO] [stdout]   17:     0x5b753412c149 - <zeus_eth[ec2cfdd002ee0fca]::amm::uniswap::v2::pool::tests::swap_result::{closure#0} as core[832e9a552fc17241]::ops::function::FnOnce<()>>::call_once
[INFO] [stdout]   18:     0x5b7534152fcb - test[39766f3d73431624]::__rust_begin_short_backtrace::<core[832e9a552fc17241]::result::Result<(), alloc[3ecab9f82c41dc7d]::string::String>, fn() -> core[832e9a552fc17241]::result::Result<(), alloc[3ecab9f82c41dc7d]::string::String>>
[INFO] [stdout]   19:     0x5b7534160615 - test[39766f3d73431624]::run_test::{closure#0}
[INFO] [stdout]   20:     0x5b753415b0c4 - std[97b98282bc616a66]::sys::backtrace::__rust_begin_short_backtrace::<test[39766f3d73431624]::run_test::{closure#1}, ()>
[INFO] [stdout]   21:     0x5b7534163762 - <std[97b98282bc616a66]::thread::lifecycle::spawn_unchecked<test[39766f3d73431624]::run_test::{closure#1}, ()>::{closure#1} as core[832e9a552fc17241]::ops::function::FnOnce<()>>::call_once::{shim:vtable#0}
[INFO] [stdout]   22:     0x5b75345ee83f - <std[97b98282bc616a66]::sys::thread::unix::Thread>::new::thread_start
[INFO] [stdout]   23:     0x7c67fa6bd07a - <unknown>
[INFO] [stdout]   24:     0x7c67fa750534 - clone
[INFO] [stdout]   25:                0x0 - <unknown>
[INFO] [stdout] 
[INFO] [stdout] ---- amm::uniswap::v4::pool::tests::test_base_token_liquidity_eth_uni stdout ----
[INFO] [stdout] 
[INFO] [stdout] thread 'amm::uniswap::v4::pool::tests::test_base_token_liquidity_eth_uni' (7381) panicked at src/amm/uniswap/v4/pool.rs:735:53:
[INFO] [stdout] called `Result::unwrap()` on an `Err` value: error sending request for url (https://eth.merkle.io/)
[INFO] [stdout] 
[INFO] [stdout] Caused by:
[INFO] [stdout]     0: error sending request for url (https://eth.merkle.io/)
[INFO] [stdout]     1: client error (Connect)
[INFO] [stdout]     2: dns error
[INFO] [stdout]     3: failed to lookup address information: Temporary failure in name resolution
[INFO] [stdout] 
[INFO] [stdout] Stack backtrace:
[INFO] [stdout]    0: <anyhow::Error as core::convert::From<alloy_contract::error::Error>>::from
[INFO] [stdout]    1: <zeus_eth::amm::uniswap::v4::pool::UniswapV4Pool as zeus_eth::amm::uniswap::UniswapPool>::update_state::<alloy_provider::fillers::FillProvider<alloy_provider::fillers::join_fill::JoinFill<alloy_provider::builder::Identity, alloy_provider::fillers::join_fill::JoinFill<alloy_provider::fillers::gas::GasFiller, alloy_provider::fillers::join_fill::JoinFill<alloy_provider::fillers::gas::BlobGasFiller, alloy_provider::fillers::join_fill::JoinFill<alloy_provider::fillers::nonce::NonceFiller, alloy_provider::fillers::chain_id::ChainIdFiller>>>>, alloy_provider::provider::root::RootProvider>, alloy_network::ethereum::Ethereum>::{closure#0}
[INFO] [stdout]    2: zeus_eth::amm::uniswap::v4::pool::tests::test_base_token_liquidity_eth_uni::{closure#0}
[INFO] [stdout]    3: <tokio::runtime::scheduler::current_thread::Context>::enter::<core::task::poll::Poll<()>, <tokio::runtime::scheduler::current_thread::CoreGuard>::block_on<core::pin::Pin<&mut core::pin::Pin<&mut dyn core::future::future::Future<Output = ()>>>>::{closure#0}::{closure#0}>
[INFO] [stdout]    4: <tokio::runtime::context::scoped::Scoped<tokio::runtime::scheduler::Context>>::set::<<tokio::runtime::scheduler::current_thread::CoreGuard>::enter<<tokio::runtime::scheduler::current_thread::CoreGuard>::block_on<core::pin::Pin<&mut core::pin::Pin<&mut dyn core::future::future::Future<Output = ()>>>>::{closure#0}, core::option::Option<()>>::{closure#0}, (alloc::boxed::Box<tokio::runtime::scheduler::current_thread::Core>, core::option::Option<()>)>
[INFO] [stdout]    5: <tokio::runtime::runtime::Runtime>::block_on::<core::pin::Pin<&mut dyn core::future::future::Future<Output = ()>>>
[INFO] [stdout]    6: zeus_eth::amm::uniswap::v4::pool::tests::test_base_token_liquidity_eth_uni
[INFO] [stdout]    7: <zeus_eth::amm::uniswap::v4::pool::tests::test_base_token_liquidity_eth_uni::{closure#0} as core::ops::function::FnOnce<()>>::call_once
[INFO] [stdout]    8: test::__rust_begin_short_backtrace::<core::result::Result<(), alloc::string::String>, fn() -> core::result::Result<(), alloc::string::String>>
[INFO] [stdout]    9: test::run_test::{closure#0}
[INFO] [stdout]   10: std::sys::backtrace::__rust_begin_short_backtrace::<test::run_test::{closure#1}, ()>
[INFO] [stdout]   11: <std::thread::lifecycle::spawn_unchecked<test::run_test::{closure#1}, ()>::{closure#1} as core::ops::function::FnOnce<()>>::call_once::{shim:vtable#0}
[INFO] [stdout]   12: <std::sys::thread::unix::Thread>::new::thread_start
[INFO] [stdout]   13: <unknown>
[INFO] [stdout]   14: clone
[INFO] [stdout] stack backtrace:
[INFO] [stdout]    0:     0x5b75345ef361 - <<std[97b98282bc616a66]::sys::backtrace::BacktraceLock>::print::DisplayBacktrace as core[832e9a552fc17241]::fmt::Display>::fmt
[INFO] [stdout]    1:     0x5b7534607d0a - core[832e9a552fc17241]::fmt::write
[INFO] [stdout]    2:     0x5b75345f4a8c - <alloc[3ecab9f82c41dc7d]::vec::Vec<u8> as std[97b98282bc616a66]::io::Write>::write_fmt
[INFO] [stdout]    3:     0x5b75345cb456 - std[97b98282bc616a66]::panicking::default_hook::{closure#0}
[INFO] [stdout]    4:     0x5b75345e6389 - std[97b98282bc616a66]::panicking::default_hook
[INFO] [stdout]    5:     0x5b753415fc90 - test[39766f3d73431624]::test_main_inner::<test[39766f3d73431624]::test_main_static::{closure#0}>::{closure#0}
[INFO] [stdout]    6:     0x5b75345e66b2 - std[97b98282bc616a66]::panicking::panic_with_hook
[INFO] [stdout]    7:     0x5b75345cb502 - std[97b98282bc616a66]::panicking::panic_handler::{closure#0}
[INFO] [stdout]    8:     0x5b75345c2739 - std[97b98282bc616a66]::sys::backtrace::__rust_end_short_backtrace::<std[97b98282bc616a66]::panicking::panic_handler::{closure#0}, !>
[INFO] [stdout]    9:     0x5b75345cc3fd - __rustc[e3d8617bb01b7f69]::rust_begin_unwind
[INFO] [stdout]   10:     0x5b753460846c - core[832e9a552fc17241]::panicking::panic_fmt
[INFO] [stdout]   11:     0x5b7534608242 - core[832e9a552fc17241]::result::unwrap_failed
[INFO] [stdout]   12:     0x5b753414b103 - zeus_eth[ec2cfdd002ee0fca]::amm::uniswap::v4::pool::tests::test_base_token_liquidity_eth_uni::{closure#0}
[INFO] [stdout]   13:     0x5b753412d363 - <tokio[8061bdb013c47658]::runtime::scheduler::current_thread::Context>::enter::<core[832e9a552fc17241]::task::poll::Poll<()>, <tokio[8061bdb013c47658]::runtime::scheduler::current_thread::CoreGuard>::block_on<core[832e9a552fc17241]::pin::Pin<&mut core[832e9a552fc17241]::pin::Pin<&mut dyn core[832e9a552fc17241]::future::future::Future<Output = ()>>>>::{closure#0}::{closure#0}>
[INFO] [stdout]   14:     0x5b7534110f0c - <tokio[8061bdb013c47658]::runtime::context::scoped::Scoped<tokio[8061bdb013c47658]::runtime::scheduler::Context>>::set::<<tokio[8061bdb013c47658]::runtime::scheduler::current_thread::CoreGuard>::enter<<tokio[8061bdb013c47658]::runtime::scheduler::current_thread::CoreGuard>::block_on<core[832e9a552fc17241]::pin::Pin<&mut core[832e9a552fc17241]::pin::Pin<&mut dyn core[832e9a552fc17241]::future::future::Future<Output = ()>>>>::{closure#0}, core[832e9a552fc17241]::option::Option<()>>::{closure#0}, (alloc[3ecab9f82c41dc7d]::boxed::Box<tokio[8061bdb013c47658]::runtime::scheduler::current_thread::Core>, core[832e9a552fc17241]::option::Option<()>)>
[INFO] [stdout]   15:     0x5b753412cdba - <tokio[8061bdb013c47658]::runtime::runtime::Runtime>::block_on::<core[832e9a552fc17241]::pin::Pin<&mut dyn core[832e9a552fc17241]::future::future::Future<Output = ()>>>
[INFO] [stdout]   16:     0x5b7534150fbb - zeus_eth[ec2cfdd002ee0fca]::amm::uniswap::v4::pool::tests::test_base_token_liquidity_eth_uni
[INFO] [stdout]   17:     0x5b753412c249 - <zeus_eth[ec2cfdd002ee0fca]::amm::uniswap::v4::pool::tests::test_base_token_liquidity_eth_uni::{closure#0} as core[832e9a552fc17241]::ops::function::FnOnce<()>>::call_once
[INFO] [stdout]   18:     0x5b7534152fcb - test[39766f3d73431624]::__rust_begin_short_backtrace::<core[832e9a552fc17241]::result::Result<(), alloc[3ecab9f82c41dc7d]::string::String>, fn() -> core[832e9a552fc17241]::result::Result<(), alloc[3ecab9f82c41dc7d]::string::String>>
[INFO] [stdout]   19:     0x5b7534160615 - test[39766f3d73431624]::run_test::{closure#0}
[INFO] [stdout]   20:     0x5b753415b0c4 - std[97b98282bc616a66]::sys::backtrace::__rust_begin_short_backtrace::<test[39766f3d73431624]::run_test::{closure#1}, ()>
[INFO] [stdout]   21:     0x5b7534163762 - <std[97b98282bc616a66]::thread::lifecycle::spawn_unchecked<test[39766f3d73431624]::run_test::{closure#1}, ()>::{closure#1} as core[832e9a552fc17241]::ops::function::FnOnce<()>>::call_once::{shim:vtable#0}
[INFO] [stdout]   22:     0x5b75345ee83f - <std[97b98282bc616a66]::sys::thread::unix::Thread>::new::thread_start
[INFO] [stdout]   23:     0x7c67fa6bd07a - <unknown>
[INFO] [stdout]   24:     0x7c67fa750534 - clone
[INFO] [stdout]   25:                0x0 - <unknown>
[INFO] [stdout] 
[INFO] [stdout] ---- amm::uniswap::v4::pool::tests::test_virtual_reserves_uni_usdc stdout ----
[INFO] [stdout] 
[INFO] [stdout] thread 'amm::uniswap::v4::pool::tests::test_virtual_reserves_uni_usdc' (7384) panicked at src/amm/uniswap/v4/pool.rs:720:53:
[INFO] [stdout] called `Result::unwrap()` on an `Err` value: error sending request for url (https://reth-ethereum.ithaca.xyz/rpc)
[INFO] [stdout] 
[INFO] [stdout] Caused by:
[INFO] [stdout]     0: error sending request for url (https://reth-ethereum.ithaca.xyz/rpc)
[INFO] [stdout]     1: client error (Connect)
[INFO] [stdout]     2: dns error
[INFO] [stdout]     3: failed to lookup address information: Temporary failure in name resolution
[INFO] [stdout] 
[INFO] [stdout] Stack backtrace:
[INFO] [stdout]    0: <anyhow::Error as core::convert::From<alloy_contract::error::Error>>::from
[INFO] [stdout]    1: <zeus_eth::amm::uniswap::v4::pool::UniswapV4Pool as zeus_eth::amm::uniswap::UniswapPool>::update_state::<alloy_provider::fillers::FillProvider<alloy_provider::fillers::join_fill::JoinFill<alloy_provider::builder::Identity, alloy_provider::fillers::join_fill::JoinFill<alloy_provider::fillers::gas::GasFiller, alloy_provider::fillers::join_fill::JoinFill<alloy_provider::fillers::gas::BlobGasFiller, alloy_provider::fillers::join_fill::JoinFill<alloy_provider::fillers::nonce::NonceFiller, alloy_provider::fillers::chain_id::ChainIdFiller>>>>, alloy_provider::provider::root::RootProvider>, alloy_network::ethereum::Ethereum>::{closure#0}
[INFO] [stdout]    2: zeus_eth::amm::uniswap::v4::pool::tests::test_virtual_reserves_uni_usdc::{closure#0}
[INFO] [stdout]    3: <tokio::runtime::scheduler::current_thread::Context>::enter::<core::task::poll::Poll<()>, <tokio::runtime::scheduler::current_thread::CoreGuard>::block_on<core::pin::Pin<&mut core::pin::Pin<&mut dyn core::future::future::Future<Output = ()>>>>::{closure#0}::{closure#0}>
[INFO] [stdout]    4: <tokio::runtime::context::scoped::Scoped<tokio::runtime::scheduler::Context>>::set::<<tokio::runtime::scheduler::current_thread::CoreGuard>::enter<<tokio::runtime::scheduler::current_thread::CoreGuard>::block_on<core::pin::Pin<&mut core::pin::Pin<&mut dyn core::future::future::Future<Output = ()>>>>::{closure#0}, core::option::Option<()>>::{closure#0}, (alloc::boxed::Box<tokio::runtime::scheduler::current_thread::Core>, core::option::Option<()>)>
[INFO] [stdout]    5: <tokio::runtime::runtime::Runtime>::block_on::<core::pin::Pin<&mut dyn core::future::future::Future<Output = ()>>>
[INFO] [stdout]    6: zeus_eth::amm::uniswap::v4::pool::tests::test_virtual_reserves_uni_usdc
[INFO] [stdout]    7: <zeus_eth::amm::uniswap::v4::pool::tests::test_virtual_reserves_uni_usdc::{closure#0} as core::ops::function::FnOnce<()>>::call_once
[INFO] [stdout]    8: test::__rust_begin_short_backtrace::<core::result::Result<(), alloc::string::String>, fn() -> core::result::Result<(), alloc::string::String>>
[INFO] [stdout]    9: test::run_test::{closure#0}
[INFO] [stdout]   10: std::sys::backtrace::__rust_begin_short_backtrace::<test::run_test::{closure#1}, ()>
[INFO] [stdout]   11: <std::thread::lifecycle::spawn_unchecked<test::run_test::{closure#1}, ()>::{closure#1} as core::ops::function::FnOnce<()>>::call_once::{shim:vtable#0}
[INFO] [stdout]   12: <std::sys::thread::unix::Thread>::new::thread_start
[INFO] [stdout]   13: <unknown>
[INFO] [stdout]   14: clone
[INFO] [stdout] stack backtrace:
[INFO] [stdout]    0:     0x5b75345ef361 - <<std[97b98282bc616a66]::sys::backtrace::BacktraceLock>::print::DisplayBacktrace as core[832e9a552fc17241]::fmt::Display>::fmt
[INFO] [stdout]    1:     0x5b7534607d0a - core[832e9a552fc17241]::fmt::write
[INFO] [stdout]    2:     0x5b75345f4a8c - <alloc[3ecab9f82c41dc7d]::vec::Vec<u8> as std[97b98282bc616a66]::io::Write>::write_fmt
[INFO] [stdout]    3:     0x5b75345cb456 - std[97b98282bc616a66]::panicking::default_hook::{closure#0}
[INFO] [stdout]    4:     0x5b75345e6389 - std[97b98282bc616a66]::panicking::default_hook
[INFO] [stdout]    5:     0x5b753415fc90 - test[39766f3d73431624]::test_main_inner::<test[39766f3d73431624]::test_main_static::{closure#0}>::{closure#0}
[INFO] [stdout]    6:     0x5b75345e66b2 - std[97b98282bc616a66]::panicking::panic_with_hook
[INFO] [stdout]    7:     0x5b75345cb502 - std[97b98282bc616a66]::panicking::panic_handler::{closure#0}
[INFO] [stdout]    8:     0x5b75345c2739 - std[97b98282bc616a66]::sys::backtrace::__rust_end_short_backtrace::<std[97b98282bc616a66]::panicking::panic_handler::{closure#0}, !>
[INFO] [stdout]    9:     0x5b75345cc3fd - __rustc[e3d8617bb01b7f69]::rust_begin_unwind
[INFO] [stdout]   10:     0x5b753460846c - core[832e9a552fc17241]::panicking::panic_fmt
[INFO] [stdout]   11:     0x5b7534608242 - core[832e9a552fc17241]::result::unwrap_failed
[INFO] [stdout]   12:     0x5b753414ab02 - zeus_eth[ec2cfdd002ee0fca]::amm::uniswap::v4::pool::tests::test_virtual_reserves_uni_usdc::{closure#0}
[INFO] [stdout]   13:     0x5b753412d363 - <tokio[8061bdb013c47658]::runtime::scheduler::current_thread::Context>::enter::<core[832e9a552fc17241]::task::poll::Poll<()>, <tokio[8061bdb013c47658]::runtime::scheduler::current_thread::CoreGuard>::block_on<core[832e9a552fc17241]::pin::Pin<&mut core[832e9a552fc17241]::pin::Pin<&mut dyn core[832e9a552fc17241]::future::future::Future<Output = ()>>>>::{closure#0}::{closure#0}>
[INFO] [stdout]   14:     0x5b7534110f0c - <tokio[8061bdb013c47658]::runtime::context::scoped::Scoped<tokio[8061bdb013c47658]::runtime::scheduler::Context>>::set::<<tokio[8061bdb013c47658]::runtime::scheduler::current_thread::CoreGuard>::enter<<tokio[8061bdb013c47658]::runtime::scheduler::current_thread::CoreGuard>::block_on<core[832e9a552fc17241]::pin::Pin<&mut core[832e9a552fc17241]::pin::Pin<&mut dyn core[832e9a552fc17241]::future::future::Future<Output = ()>>>>::{closure#0}, core[832e9a552fc17241]::option::Option<()>>::{closure#0}, (alloc[3ecab9f82c41dc7d]::boxed::Box<tokio[8061bdb013c47658]::runtime::scheduler::current_thread::Core>, core[832e9a552fc17241]::option::Option<()>)>
[INFO] [stdout]   15:     0x5b753412cdba - <tokio[8061bdb013c47658]::runtime::runtime::Runtime>::block_on::<core[832e9a552fc17241]::pin::Pin<&mut dyn core[832e9a552fc17241]::future::future::Future<Output = ()>>>
[INFO] [stdout]   16:     0x5b7534150e6b - zeus_eth[ec2cfdd002ee0fca]::amm::uniswap::v4::pool::tests::test_virtual_reserves_uni_usdc
[INFO] [stdout]   17:     0x5b753412c229 - <zeus_eth[ec2cfdd002ee0fca]::amm::uniswap::v4::pool::tests::test_virtual_reserves_uni_usdc::{closure#0} as core[832e9a552fc17241]::ops::function::FnOnce<()>>::call_once
[INFO] [stdout]   18:     0x5b7534152fcb - test[39766f3d73431624]::__rust_begin_short_backtrace::<core[832e9a552fc17241]::result::Result<(), alloc[3ecab9f82c41dc7d]::string::String>, fn() -> core[832e9a552fc17241]::result::Result<(), alloc[3ecab9f82c41dc7d]::string::String>>
[INFO] [stdout]   19:     0x5b7534160615 - test[39766f3d73431624]::run_test::{closure#0}
[INFO] [stdout]   20:     0x5b753415b0c4 - std[97b98282bc616a66]::sys::backtrace::__rust_begin_short_backtrace::<test[39766f3d73431624]::run_test::{closure#1}, ()>
[INFO] [stdout]   21:     0x5b7534163762 - <std[97b98282bc616a66]::thread::lifecycle::spawn_unchecked<test[39766f3d73431624]::run_test::{closure#1}, ()>::{closure#1} as core[832e9a552fc17241]::ops::function::FnOnce<()>>::call_once::{shim:vtable#0}
[INFO] [stdout]   22:     0x5b75345ee83f - <std[97b98282bc616a66]::sys::thread::unix::Thread>::new::thread_start
[INFO] [stdout]   23:     0x7c67fa6bd07a - <unknown>
[INFO] [stdout]   24:     0x7c67fa750534 - clone
[INFO] [stdout]   25:                0x0 - <unknown>
[INFO] [stdout] 
[INFO] [stdout] ---- utils::price_feed::tests::test_get_dai_price stdout ----
[INFO] [stdout] 
[INFO] [stdout] thread 'utils::price_feed::tests::test_get_dai_price' (7404) panicked at src/utils/price_feed.rs:176:11:
[INFO] [stdout] called `Result::unwrap()` on an `Err` value: error sending request for url (https://eth.merkle.io/)
[INFO] [stdout] 
[INFO] [stdout] Caused by:
[INFO] [stdout]     0: error sending request for url (https://eth.merkle.io/)
[INFO] [stdout]     1: client error (Connect)
[INFO] [stdout]     2: dns error
[INFO] [stdout]     3: failed to lookup address information: Temporary failure in name resolution
[INFO] [stdout] 
[INFO] [stdout] Stack backtrace:
[INFO] [stdout]    0: <anyhow::Error as core::convert::From<alloy_contract::error::Error>>::from
[INFO] [stdout]    1: zeus_eth::utils::price_feed::get_stablecoin_price::<alloy_provider::fillers::FillProvider<alloy_provider::fillers::join_fill::JoinFill<alloy_provider::builder::Identity, alloy_provider::fillers::join_fill::JoinFill<alloy_provider::fillers::gas::GasFiller, alloy_provider::fillers::join_fill::JoinFill<alloy_provider::fillers::gas::BlobGasFiller, alloy_provider::fillers::join_fill::JoinFill<alloy_provider::fillers::nonce::NonceFiller, alloy_provider::fillers::chain_id::ChainIdFiller>>>>, alloy_provider::provider::root::RootProvider>, alloy_network::ethereum::Ethereum>::{closure#0}
[INFO] [stdout]    2: zeus_eth::utils::price_feed::tests::test_get_dai_price::{closure#0}
[INFO] [stdout]    3: <tokio::runtime::scheduler::current_thread::Context>::enter::<core::task::poll::Poll<()>, <tokio::runtime::scheduler::current_thread::CoreGuard>::block_on<core::pin::Pin<&mut core::pin::Pin<&mut dyn core::future::future::Future<Output = ()>>>>::{closure#0}::{closure#0}>
[INFO] [stdout]    4: <tokio::runtime::context::scoped::Scoped<tokio::runtime::scheduler::Context>>::set::<<tokio::runtime::scheduler::current_thread::CoreGuard>::enter<<tokio::runtime::scheduler::current_thread::CoreGuard>::block_on<core::pin::Pin<&mut core::pin::Pin<&mut dyn core::future::future::Future<Output = ()>>>>::{closure#0}, core::option::Option<()>>::{closure#0}, (alloc::boxed::Box<tokio::runtime::scheduler::current_thread::Core>, core::option::Option<()>)>
[INFO] [stdout]    5: <tokio::runtime::runtime::Runtime>::block_on::<core::pin::Pin<&mut dyn core::future::future::Future<Output = ()>>>
[INFO] [stdout]    6: zeus_eth::utils::price_feed::tests::test_get_dai_price
[INFO] [stdout]    7: <zeus_eth::utils::price_feed::tests::test_get_dai_price::{closure#0} as core::ops::function::FnOnce<()>>::call_once
[INFO] [stdout]    8: test::__rust_begin_short_backtrace::<core::result::Result<(), alloc::string::String>, fn() -> core::result::Result<(), alloc::string::String>>
[INFO] [stdout]    9: test::run_test::{closure#0}
[INFO] [stdout]   10: std::sys::backtrace::__rust_begin_short_backtrace::<test::run_test::{closure#1}, ()>
[INFO] [stdout]   11: <std::thread::lifecycle::spawn_unchecked<test::run_test::{closure#1}, ()>::{closure#1} as core::ops::function::FnOnce<()>>::call_once::{shim:vtable#0}
[INFO] [stdout]   12: <std::sys::thread::unix::Thread>::new::thread_start
[INFO] [stdout]   13: <unknown>
[INFO] [stdout]   14: clone
[INFO] [stdout] stack backtrace:
[INFO] [stdout]    0:     0x5b75345ef361 - <<std[97b98282bc616a66]::sys::backtrace::BacktraceLock>::print::DisplayBacktrace as core[832e9a552fc17241]::fmt::Display>::fmt
[INFO] [stdout]    1:     0x5b7534607d0a - core[832e9a552fc17241]::fmt::write
[INFO] [stdout]    2:     0x5b75345f4a8c - <alloc[3ecab9f82c41dc7d]::vec::Vec<u8> as std[97b98282bc616a66]::io::Write>::write_fmt
[INFO] [stdout]    3:     0x5b75345cb456 - std[97b98282bc616a66]::panicking::default_hook::{closure#0}
[INFO] [stdout]    4:     0x5b75345e6389 - std[97b98282bc616a66]::panicking::default_hook
[INFO] [stdout]    5:     0x5b753415fc90 - test[39766f3d73431624]::test_main_inner::<test[39766f3d73431624]::test_main_static::{closure#0}>::{closure#0}
[INFO] [stdout]    6:     0x5b75345e66b2 - std[97b98282bc616a66]::panicking::panic_with_hook
[INFO] [stdout]    7:     0x5b75345cb502 - std[97b98282bc616a66]::panicking::panic_handler::{closure#0}
[INFO] [stdout]    8:     0x5b75345c2739 - std[97b98282bc616a66]::sys::backtrace::__rust_end_short_backtrace::<std[97b98282bc616a66]::panicking::panic_handler::{closure#0}, !>
[INFO] [stdout]    9:     0x5b75345cc3fd - __rustc[e3d8617bb01b7f69]::rust_begin_unwind
[INFO] [stdout]   10:     0x5b753460846c - core[832e9a552fc17241]::panicking::panic_fmt
[INFO] [stdout]   11:     0x5b7534608242 - core[832e9a552fc17241]::result::unwrap_failed
[INFO] [stdout]   12:     0x5b75340aba9b - zeus_eth[ec2cfdd002ee0fca]::utils::price_feed::tests::test_get_dai_price::{closure#0}
[INFO] [stdout]   13:     0x5b753412d363 - <tokio[8061bdb013c47658]::runtime::scheduler::current_thread::Context>::enter::<core[832e9a552fc17241]::task::poll::Poll<()>, <tokio[8061bdb013c47658]::runtime::scheduler::current_thread::CoreGuard>::block_on<core[832e9a552fc17241]::pin::Pin<&mut core[832e9a552fc17241]::pin::Pin<&mut dyn core[832e9a552fc17241]::future::future::Future<Output = ()>>>>::{closure#0}::{closure#0}>
[INFO] [stdout]   14:     0x5b7534110f0c - <tokio[8061bdb013c47658]::runtime::context::scoped::Scoped<tokio[8061bdb013c47658]::runtime::scheduler::Context>>::set::<<tokio[8061bdb013c47658]::runtime::scheduler::current_thread::CoreGuard>::enter<<tokio[8061bdb013c47658]::runtime::scheduler::current_thread::CoreGuard>::block_on<core[832e9a552fc17241]::pin::Pin<&mut core[832e9a552fc17241]::pin::Pin<&mut dyn core[832e9a552fc17241]::future::future::Future<Output = ()>>>>::{closure#0}, core[832e9a552fc17241]::option::Option<()>>::{closure#0}, (alloc[3ecab9f82c41dc7d]::boxed::Box<tokio[8061bdb013c47658]::runtime::scheduler::current_thread::Core>, core[832e9a552fc17241]::option::Option<()>)>
[INFO] [stdout]   15:     0x5b753412cdba - <tokio[8061bdb013c47658]::runtime::runtime::Runtime>::block_on::<core[832e9a552fc17241]::pin::Pin<&mut dyn core[832e9a552fc17241]::future::future::Future<Output = ()>>>
[INFO] [stdout]   16:     0x5b75340afc9b - zeus_eth[ec2cfdd002ee0fca]::utils::price_feed::tests::test_get_dai_price
[INFO] [stdout]   17:     0x5b753412bee9 - <zeus_eth[ec2cfdd002ee0fca]::utils::price_feed::tests::test_get_dai_price::{closure#0} as core[832e9a552fc17241]::ops::function::FnOnce<()>>::call_once
[INFO] [stdout]   18:     0x5b7534152fcb - test[39766f3d73431624]::__rust_begin_short_backtrace::<core[832e9a552fc17241]::result::Result<(), alloc[3ecab9f82c41dc7d]::string::String>, fn() -> core[832e9a552fc17241]::result::Result<(), alloc[3ecab9f82c41dc7d]::string::String>>
[INFO] [stdout]   19:     0x5b7534160615 - test[39766f3d73431624]::run_test::{closure#0}
[INFO] [stdout]   20:     0x5b753415b0c4 - std[97b98282bc616a66]::sys::backtrace::__rust_begin_short_backtrace::<test[39766f3d73431624]::run_test::{closure#1}, ()>
[INFO] [stdout]   21:     0x5b7534163762 - <std[97b98282bc616a66]::thread::lifecycle::spawn_unchecked<test[39766f3d73431624]::run_test::{closure#1}, ()>::{closure#1} as core[832e9a552fc17241]::ops::function::FnOnce<()>>::call_once::{shim:vtable#0}
[INFO] [stdout]   22:     0x5b75345ee83f - <std[97b98282bc616a66]::sys::thread::unix::Thread>::new::thread_start
[INFO] [stdout]   23:     0x7c67fa6bd07a - <unknown>
[INFO] [stdout]   24:     0x7c67fa750534 - clone
[INFO] [stdout]   25:                0x0 - <unknown>
[INFO] [stdout] 
[INFO] [stdout] ---- amm::uniswap::v3::pool::tests::price_calculation stdout ----
[INFO] [stdout] 
[INFO] [stdout] thread 'amm::uniswap::v3::pool::tests::price_calculation' (7375) panicked at src/amm/uniswap/v3/pool.rs:502:53:
[INFO] [stdout] called `Result::unwrap()` on an `Err` value: error sending request for url (https://eth.merkle.io/)
[INFO] [stdout] 
[INFO] [stdout] Caused by:
[INFO] [stdout]     0: error sending request for url (https://eth.merkle.io/)
[INFO] [stdout]     1: client error (Connect)
[INFO] [stdout]     2: dns error
[INFO] [stdout]     3: failed to lookup address information: Temporary failure in name resolution
[INFO] [stdout] 
[INFO] [stdout] Stack backtrace:
[INFO] [stdout]    0: <anyhow::Error as core::convert::From<alloy_contract::error::Error>>::from
[INFO] [stdout]    1: <zeus_eth::amm::uniswap::v3::pool::UniswapV3Pool as zeus_eth::amm::uniswap::UniswapPool>::update_state::<alloy_provider::fillers::FillProvider<alloy_provider::fillers::join_fill::JoinFill<alloy_provider::builder::Identity, alloy_provider::fillers::join_fill::JoinFill<alloy_provider::fillers::gas::GasFiller, alloy_provider::fillers::join_fill::JoinFill<alloy_provider::fillers::gas::BlobGasFiller, alloy_provider::fillers::join_fill::JoinFill<alloy_provider::fillers::nonce::NonceFiller, alloy_provider::fillers::chain_id::ChainIdFiller>>>>, alloy_provider::provider::root::RootProvider>, alloy_network::ethereum::Ethereum>::{closure#0}
[INFO] [stdout]    2: zeus_eth::amm::uniswap::v3::pool::tests::price_calculation::{closure#0}
[INFO] [stdout]    3: <tokio::runtime::scheduler::current_thread::Context>::enter::<core::task::poll::Poll<()>, <tokio::runtime::scheduler::current_thread::CoreGuard>::block_on<core::pin::Pin<&mut core::pin::Pin<&mut dyn core::future::future::Future<Output = ()>>>>::{closure#0}::{closure#0}>
[INFO] [stdout]    4: <tokio::runtime::context::scoped::Scoped<tokio::runtime::scheduler::Context>>::set::<<tokio::runtime::scheduler::current_thread::CoreGuard>::enter<<tokio::runtime::scheduler::current_thread::CoreGuard>::block_on<core::pin::Pin<&mut core::pin::Pin<&mut dyn core::future::future::Future<Output = ()>>>>::{closure#0}, core::option::Option<()>>::{closure#0}, (alloc::boxed::Box<tokio::runtime::scheduler::current_thread::Core>, core::option::Option<()>)>
[INFO] [stdout]    5: <tokio::runtime::runtime::Runtime>::block_on::<core::pin::Pin<&mut dyn core::future::future::Future<Output = ()>>>
[INFO] [stdout]    6: zeus_eth::amm::uniswap::v3::pool::tests::price_calculation
[INFO] [stdout]    7: <zeus_eth::amm::uniswap::v3::pool::tests::price_calculation::{closure#0} as core::ops::function::FnOnce<()>>::call_once
[INFO] [stdout]    8: test::__rust_begin_short_backtrace::<core::result::Result<(), alloc::string::String>, fn() -> core::result::Result<(), alloc::string::String>>
[INFO] [stdout]    9: test::run_test::{closure#0}
[INFO] [stdout]   10: std::sys::backtrace::__rust_begin_short_backtrace::<test::run_test::{closure#1}, ()>
[INFO] [stdout]   11: <std::thread::lifecycle::spawn_unchecked<test::run_test::{closure#1}, ()>::{closure#1} as core::ops::function::FnOnce<()>>::call_once::{shim:vtable#0}
[INFO] [stdout]   12: <std::sys::thread::unix::Thread>::new::thread_start
[INFO] [stdout]   13: <unknown>
[INFO] [stdout]   14: clone
[INFO] [stdout] stack backtrace:
[INFO] [stdout]    0:     0x5b75345ef361 - <<std[97b98282bc616a66]::sys::backtrace::BacktraceLock>::print::DisplayBacktrace as core[832e9a552fc17241]::fmt::Display>::fmt
[INFO] [stdout]    1:     0x5b7534607d0a - core[832e9a552fc17241]::fmt::write
[INFO] [stdout]    2:     0x5b75345f4a8c - <alloc[3ecab9f82c41dc7d]::vec::Vec<u8> as std[97b98282bc616a66]::io::Write>::write_fmt
[INFO] [stdout]    3:     0x5b75345cb456 - std[97b98282bc616a66]::panicking::default_hook::{closure#0}
[INFO] [stdout]    4:     0x5b75345e6389 - std[97b98282bc616a66]::panicking::default_hook
[INFO] [stdout]    5:     0x5b753415fc90 - test[39766f3d73431624]::test_main_inner::<test[39766f3d73431624]::test_main_static::{closure#0}>::{closure#0}
[INFO] [stdout]    6:     0x5b75345e66b2 - std[97b98282bc616a66]::panicking::panic_with_hook
[INFO] [stdout]    7:     0x5b75345cb502 - std[97b98282bc616a66]::panicking::panic_handler::{closure#0}
[INFO] [stdout]    8:     0x5b75345c2739 - std[97b98282bc616a66]::sys::backtrace::__rust_end_short_backtrace::<std[97b98282bc616a66]::panicking::panic_handler::{closure#0}, !>
[INFO] [stdout]    9:     0x5b75345cc3fd - __rustc[e3d8617bb01b7f69]::rust_begin_unwind
[INFO] [stdout]   10:     0x5b753460846c - core[832e9a552fc17241]::panicking::panic_fmt
[INFO] [stdout]   11:     0x5b7534608242 - core[832e9a552fc17241]::result::unwrap_failed
[INFO] [stdout]   12:     0x5b75340c123b - zeus_eth[ec2cfdd002ee0fca]::amm::uniswap::v3::pool::tests::price_calculation::{closure#0}
[INFO] [stdout]   13:     0x5b753412d363 - <tokio[8061bdb013c47658]::runtime::scheduler::current_thread::Context>::enter::<core[832e9a552fc17241]::task::poll::Poll<()>, <tokio[8061bdb013c47658]::runtime::scheduler::current_thread::CoreGuard>::block_on<core[832e9a552fc17241]::pin::Pin<&mut core[832e9a552fc17241]::pin::Pin<&mut dyn core[832e9a552fc17241]::future::future::Future<Output = ()>>>>::{closure#0}::{closure#0}>
[INFO] [stdout]   14:     0x5b7534110f0c - <tokio[8061bdb013c47658]::runtime::context::scoped::Scoped<tokio[8061bdb013c47658]::runtime::scheduler::Context>>::set::<<tokio[8061bdb013c47658]::runtime::scheduler::current_thread::CoreGuard>::enter<<tokio[8061bdb013c47658]::runtime::scheduler::current_thread::CoreGuard>::block_on<core[832e9a552fc17241]::pin::Pin<&mut core[832e9a552fc17241]::pin::Pin<&mut dyn core[832e9a552fc17241]::future::future::Future<Output = ()>>>>::{closure#0}, core[832e9a552fc17241]::option::Option<()>>::{closure#0}, (alloc[3ecab9f82c41dc7d]::boxed::Box<tokio[8061bdb013c47658]::runtime::scheduler::current_thread::Core>, core[832e9a552fc17241]::option::Option<()>)>
[INFO] [stdout]   15:     0x5b753412cdba - <tokio[8061bdb013c47658]::runtime::runtime::Runtime>::block_on::<core[832e9a552fc17241]::pin::Pin<&mut dyn core[832e9a552fc17241]::future::future::Future<Output = ()>>>
[INFO] [stdout]   16:     0x5b75340c521b - zeus_eth[ec2cfdd002ee0fca]::amm::uniswap::v3::pool::tests::price_calculation
[INFO] [stdout]   17:     0x5b753412c1a9 - <zeus_eth[ec2cfdd002ee0fca]::amm::uniswap::v3::pool::tests::price_calculation::{closure#0} as core[832e9a552fc17241]::ops::function::FnOnce<()>>::call_once
[INFO] [stdout]   18:     0x5b7534152fcb - test[39766f3d73431624]::__rust_begin_short_backtrace::<core[832e9a552fc17241]::result::Result<(), alloc[3ecab9f82c41dc7d]::string::String>, fn() -> core[832e9a552fc17241]::result::Result<(), alloc[3ecab9f82c41dc7d]::string::String>>
[INFO] [stdout]   19:     0x5b7534160615 - test[39766f3d73431624]::run_test::{closure#0}
[INFO] [stdout]   20:     0x5b753415b0c4 - std[97b98282bc616a66]::sys::backtrace::__rust_begin_short_backtrace::<test[39766f3d73431624]::run_test::{closure#1}, ()>
[INFO] [stdout]   21:     0x5b7534163762 - <std[97b98282bc616a66]::thread::lifecycle::spawn_unchecked<test[39766f3d73431624]::run_test::{closure#1}, ()>::{closure#1} as core[832e9a552fc17241]::ops::function::FnOnce<()>>::call_once::{shim:vtable#0}
[INFO] [stdout]   22:     0x5b75345ee83f - <std[97b98282bc616a66]::sys::thread::unix::Thread>::new::thread_start
[INFO] [stdout]   23:     0x7c67fa6bd07a - <unknown>
[INFO] [stdout]   24:     0x7c67fa750534 - clone
[INFO] [stdout]   25:                0x0 - <unknown>
[INFO] [stdout] 
[INFO] [stdout] ---- amm::uniswap::v4::pool::tests::test_base_token_liquidity_usdc_usdt stdout ----
[INFO] [stdout] 
[INFO] [stdout] thread 'amm::uniswap::v4::pool::tests::test_base_token_liquidity_usdc_usdt' (7382) panicked at src/amm/uniswap/v4/pool.rs:751:53:
[INFO] [stdout] called `Result::unwrap()` on an `Err` value: error sending request for url (https://eth.merkle.io/)
[INFO] [stdout] 
[INFO] [stdout] Caused by:
[INFO] [stdout]     0: error sending request for url (https://eth.merkle.io/)
[INFO] [stdout]     1: client error (Connect)
[INFO] [stdout]     2: dns error
[INFO] [stdout]     3: failed to lookup address information: Temporary failure in name resolution
[INFO] [stdout] 
[INFO] [stdout] Stack backtrace:
[INFO] [stdout]    0: <anyhow::Error as core::convert::From<alloy_contract::error::Error>>::from
[INFO] [stdout]    1: <zeus_eth::amm::uniswap::v4::pool::UniswapV4Pool as zeus_eth::amm::uniswap::UniswapPool>::update_state::<alloy_provider::fillers::FillProvider<alloy_provider::fillers::join_fill::JoinFill<alloy_provider::builder::Identity, alloy_provider::fillers::join_fill::JoinFill<alloy_provider::fillers::gas::GasFiller, alloy_provider::fillers::join_fill::JoinFill<alloy_provider::fillers::gas::BlobGasFiller, alloy_provider::fillers::join_fill::JoinFill<alloy_provider::fillers::nonce::NonceFiller, alloy_provider::fillers::chain_id::ChainIdFiller>>>>, alloy_provider::provider::root::RootProvider>, alloy_network::ethereum::Ethereum>::{closure#0}
[INFO] [stdout]    2: zeus_eth::amm::uniswap::v4::pool::tests::test_base_token_liquidity_usdc_usdt::{closure#0}
[INFO] [stdout]    3: <tokio::runtime::scheduler::current_thread::Context>::enter::<core::task::poll::Poll<()>, <tokio::runtime::scheduler::current_thread::CoreGuard>::block_on<core::pin::Pin<&mut core::pin::Pin<&mut dyn core::future::future::Future<Output = ()>>>>::{closure#0}::{closure#0}>
[INFO] [stdout]    4: <tokio::runtime::context::scoped::Scoped<tokio::runtime::scheduler::Context>>::set::<<tokio::runtime::scheduler::current_thread::CoreGuard>::enter<<tokio::runtime::scheduler::current_thread::CoreGuard>::block_on<core::pin::Pin<&mut core::pin::Pin<&mut dyn core::future::future::Future<Output = ()>>>>::{closure#0}, core::option::Option<()>>::{closure#0}, (alloc::boxed::Box<tokio::runtime::scheduler::current_thread::Core>, core::option::Option<()>)>
[INFO] [stdout]    5: <tokio::runtime::runtime::Runtime>::block_on::<core::pin::Pin<&mut dyn core::future::future::Future<Output = ()>>>
[INFO] [stdout]    6: zeus_eth::amm::uniswap::v4::pool::tests::test_base_token_liquidity_usdc_usdt
[INFO] [stdout]    7: <zeus_eth::amm::uniswap::v4::pool::tests::test_base_token_liquidity_usdc_usdt::{closure#0} as core::ops::function::FnOnce<()>>::call_once
[INFO] [stdout]    8: test::__rust_begin_short_backtrace::<core::result::Result<(), alloc::string::String>, fn() -> core::result::Result<(), alloc::string::String>>
[INFO] [stdout]    9: test::run_test::{closure#0}
[INFO] [stdout]   10: std::sys::backtrace::__rust_begin_short_backtrace::<test::run_test::{closure#1}, ()>
[INFO] [stdout]   11: <std::thread::lifecycle::spawn_unchecked<test::run_test::{closure#1}, ()>::{closure#1} as core::ops::function::FnOnce<()>>::call_once::{shim:vtable#0}
[INFO] [stdout]   12: <std::sys::thread::unix::Thread>::new::thread_start
[INFO] [stdout]   13: <unknown>
[INFO] [stdout]   14: clone
[INFO] [stdout] stack backtrace:
[INFO] [stdout]    0:     0x5b75345ef361 - <<std[97b98282bc616a66]::sys::backtrace::BacktraceLock>::print::DisplayBacktrace as core[832e9a552fc17241]::fmt::Display>::fmt
[INFO] [stdout]    1:     0x5b7534607d0a - core[832e9a552fc17241]::fmt::write
[INFO] [stdout]    2:     0x5b75345f4a8c - <alloc[3ecab9f82c41dc7d]::vec::Vec<u8> as std[97b98282bc616a66]::io::Write>::write_fmt
[INFO] [stdout]    3:     0x5b75345cb456 - std[97b98282bc616a66]::panicking::default_hook::{closure#0}
[INFO] [stdout]    4:     0x5b75345e6389 - std[97b98282bc616a66]::panicking::default_hook
[INFO] [stdout]    5:     0x5b753415fc90 - test[39766f3d73431624]::test_main_inner::<test[39766f3d73431624]::test_main_static::{closure#0}>::{closure#0}
[INFO] [stdout]    6:     0x5b75345e66b2 - std[97b98282bc616a66]::panicking::panic_with_hook
[INFO] [stdout]    7:     0x5b75345cb502 - std[97b98282bc616a66]::panicking::panic_handler::{closure#0}
[INFO] [stdout]    8:     0x5b75345c2739 - std[97b98282bc616a66]::sys::backtrace::__rust_end_short_backtrace::<std[97b98282bc616a66]::panicking::panic_handler::{closure#0}, !>
[INFO] [stdout]    9:     0x5b75345cc3fd - __rustc[e3d8617bb01b7f69]::rust_begin_unwind
[INFO] [stdout]   10:     0x5b753460846c - core[832e9a552fc17241]::panicking::panic_fmt
[INFO] [stdout]   11:     0x5b7534608242 - core[832e9a552fc17241]::result::unwrap_failed
[INFO] [stdout]   12:     0x5b753414ba89 - zeus_eth[ec2cfdd002ee0fca]::amm::uniswap::v4::pool::tests::test_base_token_liquidity_usdc_usdt::{closure#0}
[INFO] [stdout]   13:     0x5b753412d363 - <tokio[8061bdb013c47658]::runtime::scheduler::current_thread::Context>::enter::<core[832e9a552fc17241]::task::poll::Poll<()>, <tokio[8061bdb013c47658]::runtime::scheduler::current_thread::CoreGuard>::block_on<core[832e9a552fc17241]::pin::Pin<&mut core[832e9a552fc17241]::pin::Pin<&mut dyn core[832e9a552fc17241]::future::future::Future<Output = ()>>>>::{closure#0}::{closure#0}>
[INFO] [stdout]   14:     0x5b7534110f0c - <tokio[8061bdb013c47658]::runtime::context::scoped::Scoped<tokio[8061bdb013c47658]::runtime::scheduler::Context>>::set::<<tokio[8061bdb013c47658]::runtime::scheduler::current_thread::CoreGuard>::enter<<tokio[8061bdb013c47658]::runtime::scheduler::current_thread::CoreGuard>::block_on<core[832e9a552fc17241]::pin::Pin<&mut core[832e9a552fc17241]::pin::Pin<&mut dyn core[832e9a552fc17241]::future::future::Future<Output = ()>>>>::{closure#0}, core[832e9a552fc17241]::option::Option<()>>::{closure#0}, (alloc[3ecab9f82c41dc7d]::boxed::Box<tokio[8061bdb013c47658]::runtime::scheduler::current_thread::Core>, core[832e9a552fc17241]::option::Option<()>)>
[INFO] [stdout]   15:     0x5b753412cdba - <tokio[8061bdb013c47658]::runtime::runtime::Runtime>::block_on::<core[832e9a552fc17241]::pin::Pin<&mut dyn core[832e9a552fc17241]::future::future::Future<Output = ()>>>
[INFO] [stdout]   16:     0x5b753415110b - zeus_eth[ec2cfdd002ee0fca]::amm::uniswap::v4::pool::tests::test_base_token_liquidity_usdc_usdt
[INFO] [stdout]   17:     0x5b753412c269 - <zeus_eth[ec2cfdd002ee0fca]::amm::uniswap::v4::pool::tests::test_base_token_liquidity_usdc_usdt::{closure#0} as core[832e9a552fc17241]::ops::function::FnOnce<()>>::call_once
[INFO] [stdout]   18:     0x5b7534152fcb - test[39766f3d73431624]::__rust_begin_short_backtrace::<core[832e9a552fc17241]::result::Result<(), alloc[3ecab9f82c41dc7d]::string::String>, fn() -> core[832e9a552fc17241]::result::Result<(), alloc[3ecab9f82c41dc7d]::string::String>>
[INFO] [stdout]   19:     0x5b7534160615 - test[39766f3d73431624]::run_test::{closure#0}
[INFO] [stdout]   20:     0x5b753415b0c4 - std[97b98282bc616a66]::sys::backtrace::__rust_begin_short_backtrace::<test[39766f3d73431624]::run_test::{closure#1}, ()>
[INFO] [stdout]   21:     0x5b7534163762 - <std[97b98282bc616a66]::thread::lifecycle::spawn_unchecked<test[39766f3d73431624]::run_test::{closure#1}, ()>::{closure#1} as core[832e9a552fc17241]::ops::function::FnOnce<()>>::call_once::{shim:vtable#0}
[INFO] [stdout]   22:     0x5b75345ee83f - <std[97b98282bc616a66]::sys::thread::unix::Thread>::new::thread_start
[INFO] [stdout]   23:     0x7c67fa6bd07a - <unknown>
[INFO] [stdout]   24:     0x7c67fa750534 - clone
[INFO] [stdout]   25:                0x0 - <unknown>
[INFO] [stdout] 
[INFO] [stdout] ---- amm::uniswap::v4::pool::tests::can_swap stdout ----
[INFO] [stdout] 
[INFO] [stdout] thread 'amm::uniswap::v4::pool::tests::can_swap' (7377) panicked at src/amm/uniswap/v4/pool.rs:687:53:
[INFO] [stdout] called `Result::unwrap()` on an `Err` value: error sending request for url (https://eth.merkle.io/)
[INFO] [stdout] 
[INFO] [stdout] Caused by:
[INFO] [stdout]     0: error sending request for url (https://eth.merkle.io/)
[INFO] [stdout]     1: client error (Connect)
[INFO] [stdout]     2: dns error
[INFO] [stdout]     3: failed to lookup address information: Temporary failure in name resolution
[INFO] [stdout] 
[INFO] [stdout] Stack backtrace:
[INFO] [stdout]    0: <anyhow::Error as core::convert::From<alloy_contract::error::Error>>::from
[INFO] [stdout]    1: <zeus_eth::amm::uniswap::v4::pool::UniswapV4Pool as zeus_eth::amm::uniswap::UniswapPool>::update_state::<alloy_provider::fillers::FillProvider<alloy_provider::fillers::join_fill::JoinFill<alloy_provider::builder::Identity, alloy_provider::fillers::join_fill::JoinFill<alloy_provider::fillers::gas::GasFiller, alloy_provider::fillers::join_fill::JoinFill<alloy_provider::fillers::gas::BlobGasFiller, alloy_provider::fillers::join_fill::JoinFill<alloy_provider::fillers::nonce::NonceFiller, alloy_provider::fillers::chain_id::ChainIdFiller>>>>, alloy_provider::provider::root::RootProvider>, alloy_network::ethereum::Ethereum>::{closure#0}
[INFO] [stdout]    2: zeus_eth::amm::uniswap::v4::pool::tests::can_swap::{closure#0}
[INFO] [stdout]    3: <tokio::runtime::scheduler::current_thread::Context>::enter::<core::task::poll::Poll<()>, <tokio::runtime::scheduler::current_thread::CoreGuard>::block_on<core::pin::Pin<&mut core::pin::Pin<&mut dyn core::future::future::Future<Output = ()>>>>::{closure#0}::{closure#0}>
[INFO] [stdout]    4: <tokio::runtime::context::scoped::Scoped<tokio::runtime::scheduler::Context>>::set::<<tokio::runtime::scheduler::current_thread::CoreGuard>::enter<<tokio::runtime::scheduler::current_thread::CoreGuard>::block_on<core::pin::Pin<&mut core::pin::Pin<&mut dyn core::future::future::Future<Output = ()>>>>::{closure#0}, core::option::Option<()>>::{closure#0}, (alloc::boxed::Box<tokio::runtime::scheduler::current_thread::Core>, core::option::Option<()>)>
[INFO] [stdout]    5: <tokio::runtime::runtime::Runtime>::block_on::<core::pin::Pin<&mut dyn core::future::future::Future<Output = ()>>>
[INFO] [stdout]    6: zeus_eth::amm::uniswap::v4::pool::tests::can_swap
[INFO] [stdout]    7: <zeus_eth::amm::uniswap::v4::pool::tests::can_swap::{closure#0} as core::ops::function::FnOnce<()>>::call_once
[INFO] [stdout]    8: test::__rust_begin_short_backtrace::<core::result::Result<(), alloc::string::String>, fn() -> core::result::Result<(), alloc::string::String>>
[INFO] [stdout]    9: test::run_test::{closure#0}
[INFO] [stdout]   10: std::sys::backtrace::__rust_begin_short_backtrace::<test::run_test::{closure#1}, ()>
[INFO] [stdout]   11: <std::thread::lifecycle::spawn_unchecked<test::run_test::{closure#1}, ()>::{closure#1} as core::ops::function::FnOnce<()>>::call_once::{shim:vtable#0}
[INFO] [stdout]   12: <std::sys::thread::unix::Thread>::new::thread_start
[INFO] [stdout]   13: <unknown>
[INFO] [stdout]   14: clone
[INFO] [stdout] stack backtrace:
[INFO] [stdout]    0:     0x5b75345ef361 - <<std[97b98282bc616a66]::sys::backtrace::BacktraceLock>::print::DisplayBacktrace as core[832e9a552fc17241]::fmt::Display>::fmt
[INFO] [stdout]    1:     0x5b7534607d0a - core[832e9a552fc17241]::fmt::write
[INFO] [stdout]    2:     0x5b75345f4a8c - <alloc[3ecab9f82c41dc7d]::vec::Vec<u8> as std[97b98282bc616a66]::io::Write>::write_fmt
[INFO] [stdout]    3:     0x5b75345cb456 - std[97b98282bc616a66]::panicking::default_hook::{closure#0}
[INFO] [stdout]    4:     0x5b75345e6389 - std[97b98282bc616a66]::panicking::default_hook
[INFO] [stdout]    5:     0x5b753415fc90 - test[39766f3d73431624]::test_main_inner::<test[39766f3d73431624]::test_main_static::{closure#0}>::{closure#0}
[INFO] [stdout]    6:     0x5b75345e66b2 - std[97b98282bc616a66]::panicking::panic_with_hook
[INFO] [stdout]    7:     0x5b75345cb502 - std[97b98282bc616a66]::panicking::panic_handler::{closure#0}
[INFO] [stdout]    8:     0x5b75345c2739 - std[97b98282bc616a66]::sys::backtrace::__rust_end_short_backtrace::<std[97b98282bc616a66]::panicking::panic_handler::{closure#0}, !>
[INFO] [stdout]    9:     0x5b75345cc3fd - __rustc[e3d8617bb01b7f69]::rust_begin_unwind
[INFO] [stdout]   10:     0x5b753460846c - core[832e9a552fc17241]::panicking::panic_fmt
[INFO] [stdout]   11:     0x5b7534608242 - core[832e9a552fc17241]::result::unwrap_failed
[INFO] [stdout]   12:     0x5b753414cd1b - zeus_eth[ec2cfdd002ee0fca]::amm::uniswap::v4::pool::tests::can_swap::{closure#0}
[INFO] [stdout]   13:     0x5b753412d363 - <tokio[8061bdb013c47658]::runtime::scheduler::current_thread::Context>::enter::<core[832e9a552fc17241]::task::poll::Poll<()>, <tokio[8061bdb013c47658]::runtime::scheduler::current_thread::CoreGuard>::block_on<core[832e9a552fc17241]::pin::Pin<&mut core[832e9a552fc17241]::pin::Pin<&mut dyn core[832e9a552fc17241]::future::future::Future<Output = ()>>>>::{closure#0}::{closure#0}>
[INFO] [stdout]   14:     0x5b7534110f0c - <tokio[8061bdb013c47658]::runtime::context::scoped::Scoped<tokio[8061bdb013c47658]::runtime::scheduler::Context>>::set::<<tokio[8061bdb013c47658]::runtime::scheduler::current_thread::CoreGuard>::enter<<tokio[8061bdb013c47658]::runtime::scheduler::current_thread::CoreGuard>::block_on<core[832e9a552fc17241]::pin::Pin<&mut core[832e9a552fc17241]::pin::Pin<&mut dyn core[832e9a552fc17241]::future::future::Future<Output = ()>>>>::{closure#0}, core[832e9a552fc17241]::option::Option<()>>::{closure#0}, (alloc[3ecab9f82c41dc7d]::boxed::Box<tokio[8061bdb013c47658]::runtime::scheduler::current_thread::Core>, core[832e9a552fc17241]::option::Option<()>)>
[INFO] [stdout]   15:     0x5b753412cdba - <tokio[8061bdb013c47658]::runtime::runtime::Runtime>::block_on::<core[832e9a552fc17241]::pin::Pin<&mut dyn core[832e9a552fc17241]::future::future::Future<Output = ()>>>
[INFO] [stdout]   16:     0x5b75341513ab - zeus_eth[ec2cfdd002ee0fca]::amm::uniswap::v4::pool::tests::can_swap
[INFO] [stdout]   17:     0x5b753412c2a9 - <zeus_eth[ec2cfdd002ee0fca]::amm::uniswap::v4::pool::tests::can_swap::{closure#0} as core[832e9a552fc17241]::ops::function::FnOnce<()>>::call_once
[INFO] [stdout]   18:     0x5b7534152fcb - test[39766f3d73431624]::__rust_begin_short_backtrace::<core[832e9a552fc17241]::result::Result<(), alloc[3ecab9f82c41dc7d]::string::String>, fn() -> core[832e9a552fc17241]::result::Result<(), alloc[3ecab9f82c41dc7d]::string::String>>
[INFO] [stdout]   19:     0x5b7534160615 - test[39766f3d73431624]::run_test::{closure#0}
[INFO] [stdout]   20:     0x5b753415b0c4 - std[97b98282bc616a66]::sys::backtrace::__rust_begin_short_backtrace::<test[39766f3d73431624]::run_test::{closure#1}, ()>
[INFO] [stdout]   21:     0x5b7534163762 - <std[97b98282bc616a66]::thread::lifecycle::spawn_unchecked<test[39766f3d73431624]::run_test::{closure#1}, ()>::{closure#1} as core[832e9a552fc17241]::ops::function::FnOnce<()>>::call_once::{shim:vtable#0}
[INFO] [stdout]   22:     0x5b75345ee83f - <std[97b98282bc616a66]::sys::thread::unix::Thread>::new::thread_start
[INFO] [stdout]   23:     0x7c67fa6bd07a - <unknown>
[INFO] [stdout]   24:     0x7c67fa750534 - clone
[INFO] [stdout]   25:                0x0 - <unknown>
[INFO] [stdout] 
[INFO] [stdout] ---- amm::uniswap::v2::pool::tests::price_calculation stdout ----
[INFO] [stdout] 
[INFO] [stdout] thread 'amm::uniswap::v2::pool::tests::price_calculation' (7373) panicked at src/amm/uniswap/v2/pool.rs:504:53:
[INFO] [stdout] called `Result::unwrap()` on an `Err` value: error sending request for url (https://eth.merkle.io/)
[INFO] [stdout] 
[INFO] [stdout] Caused by:
[INFO] [stdout]     0: error sending request for url (https://eth.merkle.io/)
[INFO] [stdout]     1: client error (Connect)
[INFO] [stdout]     2: dns error
[INFO] [stdout]     3: failed to lookup address information: Temporary failure in name resolution
[INFO] [stdout] 
[INFO] [stdout] Stack backtrace:
[INFO] [stdout]    0: <anyhow::Error as core::convert::From<alloy_contract::error::Error>>::from
[INFO] [stdout]    1: <zeus_eth::amm::uniswap::v2::pool::UniswapV2Pool as zeus_eth::amm::uniswap::UniswapPool>::update_state::<alloy_provider::fillers::FillProvider<alloy_provider::fillers::join_fill::JoinFill<alloy_provider::builder::Identity, alloy_provider::fillers::join_fill::JoinFill<alloy_provider::fillers::gas::GasFiller, alloy_provider::fillers::join_fill::JoinFill<alloy_provider::fillers::gas::BlobGasFiller, alloy_provider::fillers::join_fill::JoinFill<alloy_provider::fillers::nonce::NonceFiller, alloy_provider::fillers::chain_id::ChainIdFiller>>>>, alloy_provider::provider::root::RootProvider>, alloy_network::ethereum::Ethereum>::{closure#0}
[INFO] [stdout]    2: zeus_eth::amm::uniswap::v2::pool::tests::price_calculation::{closure#0}
[INFO] [stdout]    3: <tokio::runtime::scheduler::current_thread::Context>::enter::<core::task::poll::Poll<()>, <tokio::runtime::scheduler::current_thread::CoreGuard>::block_on<core::pin::Pin<&mut core::pin::Pin<&mut dyn core::future::future::Future<Output = ()>>>>::{closure#0}::{closure#0}>
[INFO] [stdout]    4: <tokio::runtime::context::scoped::Scoped<tokio::runtime::scheduler::Context>>::set::<<tokio::runtime::scheduler::current_thread::CoreGuard>::enter<<tokio::runtime::scheduler::current_thread::CoreGuard>::block_on<core::pin::Pin<&mut core::pin::Pin<&mut dyn core::future::future::Future<Output = ()>>>>::{closure#0}, core::option::Option<()>>::{closure#0}, (alloc::boxed::Box<tokio::runtime::scheduler::current_thread::Core>, core::option::Option<()>)>
[INFO] [stdout]    5: <tokio::runtime::runtime::Runtime>::block_on::<core::pin::Pin<&mut dyn core::future::future::Future<Output = ()>>>
[INFO] [stdout]    6: zeus_eth::amm::uniswap::v2::pool::tests::price_calculation
[INFO] [stdout]    7: <zeus_eth::amm::uniswap::v2::pool::tests::price_calculation::{closure#0} as core::ops::function::FnOnce<()>>::call_once
[INFO] [stdout]    8: test::__rust_begin_short_backtrace::<core::result::Result<(), alloc::string::String>, fn() -> core::result::Result<(), alloc::string::String>>
[INFO] [stdout]    9: test::run_test::{closure#0}
[INFO] [stdout]   10: std::sys::backtrace::__rust_begin_short_backtrace::<test::run_test::{closure#1}, ()>
[INFO] [stdout]   11: <std::thread::lifecycle::spawn_unchecked<test::run_test::{closure#1}, ()>::{closure#1} as core::ops::function::FnOnce<()>>::call_once::{shim:vtable#0}
[INFO] [stdout]   12: <std::sys::thread::unix::Thread>::new::thread_start
[INFO] [stdout]   13: <unknown>
[INFO] [stdout]   14: clone
[INFO] [stdout] stack backtrace:
[INFO] [stdout]    0:     0x5b75345ef361 - <<std[97b98282bc616a66]::sys::backtrace::BacktraceLock>::print::DisplayBacktrace as core[832e9a552fc17241]::fmt::Display>::fmt
[INFO] [stdout]    1:     0x5b7534607d0a - core[832e9a552fc17241]::fmt::write
[INFO] [stdout]    2:     0x5b75345f4a8c - <alloc[3ecab9f82c41dc7d]::vec::Vec<u8> as std[97b98282bc616a66]::io::Write>::write_fmt
[INFO] [stdout]    3:     0x5b75345cb456 - std[97b98282bc616a66]::panicking::default_hook::{closure#0}
[INFO] [stdout]    4:     0x5b75345e6389 - std[97b98282bc616a66]::panicking::default_hook
[INFO] [stdout]    5:     0x5b753415fc90 - test[39766f3d73431624]::test_main_inner::<test[39766f3d73431624]::test_main_static::{closure#0}>::{closure#0}
[INFO] [stdout]    6:     0x5b75345e66b2 - std[97b98282bc616a66]::panicking::panic_with_hook
[INFO] [stdout]    7:     0x5b75345cb502 - std[97b98282bc616a66]::panicking::panic_handler::{closure#0}
[INFO] [stdout]    8:     0x5b75345c2739 - std[97b98282bc616a66]::sys::backtrace::__rust_end_short_backtrace::<std[97b98282bc616a66]::panicking::panic_handler::{closure#0}, !>
[INFO] [stdout]    9:     0x5b75345cc3fd - __rustc[e3d8617bb01b7f69]::rust_begin_unwind
[INFO] [stdout]   10:     0x5b753460846c - core[832e9a552fc17241]::panicking::panic_fmt
[INFO] [stdout]   11:     0x5b7534608242 - core[832e9a552fc17241]::result::unwrap_failed
[INFO] [stdout]   12:     0x5b7534106b50 - zeus_eth[ec2cfdd002ee0fca]::amm::uniswap::v2::pool::tests::price_calculation::{closure#0}
[INFO] [stdout]   13:     0x5b753412d363 - <tokio[8061bdb013c47658]::runtime::scheduler::current_thread::Context>::enter::<core[832e9a552fc17241]::task::poll::Poll<()>, <tokio[8061bdb013c47658]::runtime::scheduler::current_thread::CoreGuard>::block_on<core[832e9a552fc17241]::pin::Pin<&mut core[832e9a552fc17241]::pin::Pin<&mut dyn core[832e9a552fc17241]::future::future::Future<Output = ()>>>>::{closure#0}::{closure#0}>
[INFO] [stdout]   14:     0x5b7534110f0c - <tokio[8061bdb013c47658]::runtime::context::scoped::Scoped<tokio[8061bdb013c47658]::runtime::scheduler::Context>>::set::<<tokio[8061bdb013c47658]::runtime::scheduler::current_thread::CoreGuard>::enter<<tokio[8061bdb013c47658]::runtime::scheduler::current_thread::CoreGuard>::block_on<core[832e9a552fc17241]::pin::Pin<&mut core[832e9a552fc17241]::pin::Pin<&mut dyn core[832e9a552fc17241]::future::future::Future<Output = ()>>>>::{closure#0}, core[832e9a552fc17241]::option::Option<()>>::{closure#0}, (alloc[3ecab9f82c41dc7d]::boxed::Box<tokio[8061bdb013c47658]::runtime::scheduler::current_thread::Core>, core[832e9a552fc17241]::option::Option<()>)>
[INFO] [stdout]   15:     0x5b753412cdba - <tokio[8061bdb013c47658]::runtime::runtime::Runtime>::block_on::<core[832e9a552fc17241]::pin::Pin<&mut dyn core[832e9a552fc17241]::future::future::Future<Output = ()>>>
[INFO] [stdout]   16:     0x5b753410a25b - zeus_eth[ec2cfdd002ee0fca]::amm::uniswap::v2::pool::tests::price_calculation
[INFO] [stdout]   17:     0x5b753412c169 - <zeus_eth[ec2cfdd002ee0fca]::amm::uniswap::v2::pool::tests::price_calculation::{closure#0} as core[832e9a552fc17241]::ops::function::FnOnce<()>>::call_once
[INFO] [stdout]   18:     0x5b7534152fcb - test[39766f3d73431624]::__rust_begin_short_backtrace::<core[832e9a552fc17241]::result::Result<(), alloc[3ecab9f82c41dc7d]::string::String>, fn() -> core[832e9a552fc17241]::result::Result<(), alloc[3ecab9f82c41dc7d]::string::String>>
[INFO] [stdout]   19:     0x5b7534160615 - test[39766f3d73431624]::run_test::{closure#0}
[INFO] [stdout]   20:     0x5b753415b0c4 - std[97b98282bc616a66]::sys::backtrace::__rust_begin_short_backtrace::<test[39766f3d73431624]::run_test::{closure#1}, ()>
[INFO] [stdout]   21:     0x5b7534163762 - <std[97b98282bc616a66]::thread::lifecycle::spawn_unchecked<test[39766f3d73431624]::run_test::{closure#1}, ()>::{closure#1} as core[832e9a552fc17241]::ops::function::FnOnce<()>>::call_once::{shim:vtable#0}
[INFO] [stdout]   22:     0x5b75345ee83f - <std[97b98282bc616a66]::sys::thread::unix::Thread>::new::thread_start
[INFO] [stdout]   23:     0x7c67fa6bd07a - <unknown>
[INFO] [stdout]   24:     0x7c67fa750534 - clone
[INFO] [stdout]   25:                0x0 - <unknown>
[INFO] [stdout] 
[INFO] [stdout] ---- utils::price_feed::tests::test_get_usdc_price stdout ----
[INFO] [stdout] 
[INFO] [stdout] thread 'utils::price_feed::tests::test_get_usdc_price' (7407) panicked at src/utils/price_feed.rs:156:11:
[INFO] [stdout] called `Result::unwrap()` on an `Err` value: error sending request for url (https://eth.merkle.io/)
[INFO] [stdout] 
[INFO] [stdout] Caused by:
[INFO] [stdout]     0: error sending request for url (https://eth.merkle.io/)
[INFO] [stdout]     1: client error (Connect)
[INFO] [stdout]     2: dns error
[INFO] [stdout]     3: failed to lookup address information: Temporary failure in name resolution
[INFO] [stdout] 
[INFO] [stdout] Stack backtrace:
[INFO] [stdout]    0: <anyhow::Error as core::convert::From<alloy_contract::error::Error>>::from
[INFO] [stdout]    1: zeus_eth::utils::price_feed::get_stablecoin_price::<alloy_provider::fillers::FillProvider<alloy_provider::fillers::join_fill::JoinFill<alloy_provider::builder::Identity, alloy_provider::fillers::join_fill::JoinFill<alloy_provider::fillers::gas::GasFiller, alloy_provider::fillers::join_fill::JoinFill<alloy_provider::fillers::gas::BlobGasFiller, alloy_provider::fillers::join_fill::JoinFill<alloy_provider::fillers::nonce::NonceFiller, alloy_provider::fillers::chain_id::ChainIdFiller>>>>, alloy_provider::provider::root::RootProvider>, alloy_network::ethereum::Ethereum>::{closure#0}
[INFO] [stdout]    2: zeus_eth::utils::price_feed::tests::test_get_usdc_price::{closure#0}
[INFO] [stdout]    3: <tokio::runtime::scheduler::current_thread::Context>::enter::<core::task::poll::Poll<()>, <tokio::runtime::scheduler::current_thread::CoreGuard>::block_on<core::pin::Pin<&mut core::pin::Pin<&mut dyn core::future::future::Future<Output = ()>>>>::{closure#0}::{closure#0}>
[INFO] [stdout]    4: <tokio::runtime::context::scoped::Scoped<tokio::runtime::scheduler::Context>>::set::<<tokio::runtime::scheduler::current_thread::CoreGuard>::enter<<tokio::runtime::scheduler::current_thread::CoreGuard>::block_on<core::pin::Pin<&mut core::pin::Pin<&mut dyn core::future::future::Future<Output = ()>>>>::{closure#0}, core::option::Option<()>>::{closure#0}, (alloc::boxed::Box<tokio::runtime::scheduler::current_thread::Core>, core::option::Option<()>)>
[INFO] [stdout]    5: <tokio::runtime::runtime::Runtime>::block_on::<core::pin::Pin<&mut dyn core::future::future::Future<Output = ()>>>
[INFO] [stdout]    6: zeus_eth::utils::price_feed::tests::test_get_usdc_price
[INFO] [stdout]    7: <zeus_eth::utils::price_feed::tests::test_get_usdc_price::{closure#0} as core::ops::function::FnOnce<()>>::call_once
[INFO] [stdout]    8: test::__rust_begin_short_backtrace::<core::result::Result<(), alloc::string::String>, fn() -> core::result::Result<(), alloc::string::String>>
[INFO] [stdout]    9: test::run_test::{closure#0}
[INFO] [stdout]   10: std::sys::backtrace::__rust_begin_short_backtrace::<test::run_test::{closure#1}, ()>
[INFO] [stdout]   11: <std::thread::lifecycle::spawn_unchecked<test::run_test::{closure#1}, ()>::{closure#1} as core::ops::function::FnOnce<()>>::call_once::{shim:vtable#0}
[INFO] [stdout]   12: <std::sys::thread::unix::Thread>::new::thread_start
[INFO] [stdout]   13: <unknown>
[INFO] [stdout]   14: clone
[INFO] [stdout] stack backtrace:
[INFO] [stdout]    0:     0x5b75345ef361 - <<std[97b98282bc616a66]::sys::backtrace::BacktraceLock>::print::DisplayBacktrace as core[832e9a552fc17241]::fmt::Display>::fmt
[INFO] [stdout]    1:     0x5b7534607d0a - core[832e9a552fc17241]::fmt::write
[INFO] [stdout]    2:     0x5b75345f4a8c - <alloc[3ecab9f82c41dc7d]::vec::Vec<u8> as std[97b98282bc616a66]::io::Write>::write_fmt
[INFO] [stdout]    3:     0x5b75345cb456 - std[97b98282bc616a66]::panicking::default_hook::{closure#0}
[INFO] [stdout]    4:     0x5b75345e6389 - std[97b98282bc616a66]::panicking::default_hook
[INFO] [stdout]    5:     0x5b753415fc90 - test[39766f3d73431624]::test_main_inner::<test[39766f3d73431624]::test_main_static::{closure#0}>::{closure#0}
[INFO] [stdout]    6:     0x5b75345e66b2 - std[97b98282bc616a66]::panicking::panic_with_hook
[INFO] [stdout]    7:     0x5b75345cb502 - std[97b98282bc616a66]::panicking::panic_handler::{closure#0}
[INFO] [stdout]    8:     0x5b75345c2739 - std[97b98282bc616a66]::sys::backtrace::__rust_end_short_backtrace::<std[97b98282bc616a66]::panicking::panic_handler::{closure#0}, !>
[INFO] [stdout]    9:     0x5b75345cc3fd - __rustc[e3d8617bb01b7f69]::rust_begin_unwind
[INFO] [stdout]   10:     0x5b753460846c - core[832e9a552fc17241]::panicking::panic_fmt
[INFO] [stdout]   11:     0x5b7534608242 - core[832e9a552fc17241]::result::unwrap_failed
[INFO] [stdout]   12:     0x5b75340ace1b - zeus_eth[ec2cfdd002ee0fca]::utils::price_feed::tests::test_get_usdc_price::{closure#0}
[INFO] [stdout]   13:     0x5b753412d363 - <tokio[8061bdb013c47658]::runtime::scheduler::current_thread::Context>::enter::<core[832e9a552fc17241]::task::poll::Poll<()>, <tokio[8061bdb013c47658]::runtime::scheduler::current_thread::CoreGuard>::block_on<core[832e9a552fc17241]::pin::Pin<&mut core[832e9a552fc17241]::pin::Pin<&mut dyn core[832e9a552fc17241]::future::future::Future<Output = ()>>>>::{closure#0}::{closure#0}>
[INFO] [stdout]   14:     0x5b7534110f0c - <tokio[8061bdb013c47658]::runtime::context::scoped::Scoped<tokio[8061bdb013c47658]::runtime::scheduler::Context>>::set::<<tokio[8061bdb013c47658]::runtime::scheduler::current_thread::CoreGuard>::enter<<tokio[8061bdb013c47658]::runtime::scheduler::current_thread::CoreGuard>::block_on<core[832e9a552fc17241]::pin::Pin<&mut core[832e9a552fc17241]::pin::Pin<&mut dyn core[832e9a552fc17241]::future::future::Future<Output = ()>>>>::{closure#0}, core[832e9a552fc17241]::option::Option<()>>::{closure#0}, (alloc[3ecab9f82c41dc7d]::boxed::Box<tokio[8061bdb013c47658]::runtime::scheduler::current_thread::Core>, core[832e9a552fc17241]::option::Option<()>)>
[INFO] [stdout]   15:     0x5b753412cdba - <tokio[8061bdb013c47658]::runtime::runtime::Runtime>::block_on::<core[832e9a552fc17241]::pin::Pin<&mut dyn core[832e9a552fc17241]::future::future::Future<Output = ()>>>
[INFO] [stdout]   16:     0x5b75340aff7b - zeus_eth[ec2cfdd002ee0fca]::utils::price_feed::tests::test_get_usdc_price
[INFO] [stdout]   17:     0x5b753412bf29 - <zeus_eth[ec2cfdd002ee0fca]::utils::price_feed::tests::test_get_usdc_price::{closure#0} as core[832e9a552fc17241]::ops::function::FnOnce<()>>::call_once
[INFO] [stdout]   18:     0x5b7534152fcb - test[39766f3d73431624]::__rust_begin_short_backtrace::<core[832e9a552fc17241]::result::Result<(), alloc[3ecab9f82c41dc7d]::string::String>, fn() -> core[832e9a552fc17241]::result::Result<(), alloc[3ecab9f82c41dc7d]::string::String>>
[INFO] [stdout]   19:     0x5b7534160615 - test[39766f3d73431624]::run_test::{closure#0}
[INFO] [stdout]   20:     0x5b753415b0c4 - std[97b98282bc616a66]::sys::backtrace::__rust_begin_short_backtrace::<test[39766f3d73431624]::run_test::{closure#1}, ()>
[INFO] [stdout]   21:     0x5b7534163762 - <std[97b98282bc616a66]::thread::lifecycle::spawn_unchecked<test[39766f3d73431624]::run_test::{closure#1}, ()>::{closure#1} as core[832e9a552fc17241]::ops::function::FnOnce<()>>::call_once::{shim:vtable#0}
[INFO] [stdout]   22:     0x5b75345ee83f - <std[97b98282bc616a66]::sys::thread::unix::Thread>::new::thread_start
[INFO] [stdout]   23:     0x7c67fa6bd07a - <unknown>
[INFO] [stdout]   24:     0x7c67fa750534 - clone
[INFO] [stdout]   25:                0x0 - <unknown>
[INFO] [stdout] 
[INFO] [stdout] ---- utils::price_feed::tests::test_get_usdt_price stdout ----
[INFO] [stdout] 
[INFO] [stdout] thread 'utils::price_feed::tests::test_get_usdt_price' (7410) panicked at src/utils/price_feed.rs:166:11:
[INFO] [stdout] called `Result::unwrap()` on an `Err` value: error sending request for url (https://eth.merkle.io/)
[INFO] [stdout] 
[INFO] [stdout] Caused by:
[INFO] [stdout]     0: error sending request for url (https://eth.merkle.io/)
[INFO] [stdout]     1: client error (Connect)
[INFO] [stdout]     2: dns error
[INFO] [stdout]     3: failed to lookup address information: Temporary failure in name resolution
[INFO] [stdout] 
[INFO] [stdout] Stack backtrace:
[INFO] [stdout]    0: <anyhow::Error as core::convert::From<alloy_contract::error::Error>>::from
[INFO] [stdout]    1: zeus_eth::utils::price_feed::get_stablecoin_price::<alloy_provider::fillers::FillProvider<alloy_provider::fillers::join_fill::JoinFill<alloy_provider::builder::Identity, alloy_provider::fillers::join_fill::JoinFill<alloy_provider::fillers::gas::GasFiller, alloy_provider::fillers::join_fill::JoinFill<alloy_provider::fillers::gas::BlobGasFiller, alloy_provider::fillers::join_fill::JoinFill<alloy_provider::fillers::nonce::NonceFiller, alloy_provider::fillers::chain_id::ChainIdFiller>>>>, alloy_provider::provider::root::RootProvider>, alloy_network::ethereum::Ethereum>::{closure#0}
[INFO] [stdout]    2: zeus_eth::utils::price_feed::tests::test_get_usdt_price::{closure#0}
[INFO] [stdout]    3: <tokio::runtime::scheduler::current_thread::Context>::enter::<core::task::poll::Poll<()>, <tokio::runtime::scheduler::current_thread::CoreGuard>::block_on<core::pin::Pin<&mut core::pin::Pin<&mut dyn core::future::future::Future<Output = ()>>>>::{closure#0}::{closure#0}>
[INFO] [stdout]    4: <tokio::runtime::context::scoped::Scoped<tokio::runtime::scheduler::Context>>::set::<<tokio::runtime::scheduler::current_thread::CoreGuard>::enter<<tokio::runtime::scheduler::current_thread::CoreGuard>::block_on<core::pin::Pin<&mut core::pin::Pin<&mut dyn core::future::future::Future<Output = ()>>>>::{closure#0}, core::option::Option<()>>::{closure#0}, (alloc::boxed::Box<tokio::runtime::scheduler::current_thread::Core>, core::option::Option<()>)>
[INFO] [stdout]    5: <tokio::runtime::runtime::Runtime>::block_on::<core::pin::Pin<&mut dyn core::future::future::Future<Output = ()>>>
[INFO] [stdout]    6: zeus_eth::utils::price_feed::tests::test_get_usdt_price
[INFO] [stdout]    7: <zeus_eth::utils::price_feed::tests::test_get_usdt_price::{closure#0} as core::ops::function::FnOnce<()>>::call_once
[INFO] [stdout]    8: test::__rust_begin_short_backtrace::<core::result::Result<(), alloc::string::String>, fn() -> core::result::Result<(), alloc::string::String>>
[INFO] [stdout]    9: test::run_test::{closure#0}
[INFO] [stdout]   10: std::sys::backtrace::__rust_begin_short_backtrace::<test::run_test::{closure#1}, ()>
[INFO] [stdout]   11: <std::thread::lifecycle::spawn_unchecked<test::run_test::{closure#1}, ()>::{closure#1} as core::ops::function::FnOnce<()>>::call_once::{shim:vtable#0}
[INFO] [stdout]   12: <std::sys::thread::unix::Thread>::new::thread_start
[INFO] [stdout]   13: <unknown>
[INFO] [stdout]   14: clone
[INFO] [stdout] stack backtrace:
[INFO] [stdout]    0:     0x5b75345ef361 - <<std[97b98282bc616a66]::sys::backtrace::BacktraceLock>::print::DisplayBacktrace as core[832e9a552fc17241]::fmt::Display>::fmt
[INFO] [stdout]    1:     0x5b7534607d0a - core[832e9a552fc17241]::fmt::write
[INFO] [stdout]    2:     0x5b75345f4a8c - <alloc[3ecab9f82c41dc7d]::vec::Vec<u8> as std[97b98282bc616a66]::io::Write>::write_fmt
[INFO] [stdout]    3:     0x5b75345cb456 - std[97b98282bc616a66]::panicking::default_hook::{closure#0}
[INFO] [stdout]    4:     0x5b75345e6389 - std[97b98282bc616a66]::panicking::default_hook
[INFO] [stdout]    5:     0x5b753415fc90 - test[39766f3d73431624]::test_main_inner::<test[39766f3d73431624]::test_main_static::{closure#0}>::{closure#0}
[INFO] [stdout]    6:     0x5b75345e66b2 - std[97b98282bc616a66]::panicking::panic_with_hook
[INFO] [stdout]    7:     0x5b75345cb502 - std[97b98282bc616a66]::panicking::panic_handler::{closure#0}
[INFO] [stdout]    8:     0x5b75345c2739 - std[97b98282bc616a66]::sys::backtrace::__rust_end_short_backtrace::<std[97b98282bc616a66]::panicking::panic_handler::{closure#0}, !>
[INFO] [stdout]    9:     0x5b75345cc3fd - __rustc[e3d8617bb01b7f69]::rust_begin_unwind
[INFO] [stdout]   10:     0x5b753460846c - core[832e9a552fc17241]::panicking::panic_fmt
[INFO] [stdout]   11:     0x5b7534608242 - core[832e9a552fc17241]::result::unwrap_failed
[INFO] [stdout]   12:     0x5b75340ad18b - zeus_eth[ec2cfdd002ee0fca]::utils::price_feed::tests::test_get_usdt_price::{closure#0}
[INFO] [stdout]   13:     0x5b753412d363 - <tokio[8061bdb013c47658]::runtime::scheduler::current_thread::Context>::enter::<core[832e9a552fc17241]::task::poll::Poll<()>, <tokio[8061bdb013c47658]::runtime::scheduler::current_thread::CoreGuard>::block_on<core[832e9a552fc17241]::pin::Pin<&mut core[832e9a552fc17241]::pin::Pin<&mut dyn core[832e9a552fc17241]::future::future::Future<Output = ()>>>>::{closure#0}::{closure#0}>
[INFO] [stdout]   14:     0x5b7534110f0c - <tokio[8061bdb013c47658]::runtime::context::scoped::Scoped<tokio[8061bdb013c47658]::runtime::scheduler::Context>>::set::<<tokio[8061bdb013c47658]::runtime::scheduler::current_thread::CoreGuard>::enter<<tokio[8061bdb013c47658]::runtime::scheduler::current_thread::CoreGuard>::block_on<core[832e9a552fc17241]::pin::Pin<&mut core[832e9a552fc17241]::pin::Pin<&mut dyn core[832e9a552fc17241]::future::future::Future<Output = ()>>>>::{closure#0}, core[832e9a552fc17241]::option::Option<()>>::{closure#0}, (alloc[3ecab9f82c41dc7d]::boxed::Box<tokio[8061bdb013c47658]::runtime::scheduler::current_thread::Core>, core[832e9a552fc17241]::option::Option<()>)>
[INFO] [stdout]   15:     0x5b753412cdba - <tokio[8061bdb013c47658]::runtime::runtime::Runtime>::block_on::<core[832e9a552fc17241]::pin::Pin<&mut dyn core[832e9a552fc17241]::future::future::Future<Output = ()>>>
[INFO] [stdout]   16:     0x5b75340b00eb - zeus_eth[ec2cfdd002ee0fca]::utils::price_feed::tests::test_get_usdt_price
[INFO] [stdout]   17:     0x5b753412bf49 - <zeus_eth[ec2cfdd002ee0fca]::utils::price_feed::tests::test_get_usdt_price::{closure#0} as core[832e9a552fc17241]::ops::function::FnOnce<()>>::call_once
[INFO] [stdout]   18:     0x5b7534152fcb - test[39766f3d73431624]::__rust_begin_short_backtrace::<core[832e9a552fc17241]::result::Result<(), alloc[3ecab9f82c41dc7d]::string::String>, fn() -> core[832e9a552fc17241]::result::Result<(), alloc[3ecab9f82c41dc7d]::string::String>>
[INFO] [stdout]   19:     0x5b7534160615 - test[39766f3d73431624]::run_test::{closure#0}
[INFO] [stdout]   20:     0x5b753415b0c4 - std[97b98282bc616a66]::sys::backtrace::__rust_begin_short_backtrace::<test[39766f3d73431624]::run_test::{closure#1}, ()>
[INFO] [stdout]   21:     0x5b7534163762 - <std[97b98282bc616a66]::thread::lifecycle::spawn_unchecked<test[39766f3d73431624]::run_test::{closure#1}, ()>::{closure#1} as core[832e9a552fc17241]::ops::function::FnOnce<()>>::call_once::{shim:vtable#0}
[INFO] [stdout]   22:     0x5b75345ee83f - <std[97b98282bc616a66]::sys::thread::unix::Thread>::new::thread_start
[INFO] [stdout]   23:     0x7c67fa6bd07a - <unknown>
[INFO] [stdout]   24:     0x7c67fa750534 - clone
[INFO] [stdout]   25:                0x0 - <unknown>
[INFO] [stdout] 
[INFO] [stdout] 
[INFO] [stdout] failures:
[INFO] [stdout]     amm::uniswap::v2::pool::tests::price_calculation
[INFO] [stdout]     amm::uniswap::v2::pool::tests::swap_result
[INFO] [stdout]     amm::uniswap::v3::pool::tests::price_calculation
[INFO] [stdout]     amm::uniswap::v3::pool::tests::swap_result
[INFO] [stdout]     amm::uniswap::v4::pool::tests::can_swap
[INFO] [stdout]     amm::uniswap::v4::pool::tests::price_calculation
[INFO] [stdout]     amm::uniswap::v4::pool::tests::test_base_token_liquidity_eth_uni
[INFO] [stdout]     amm::uniswap::v4::pool::tests::test_base_token_liquidity_usdc_usdt
[INFO] [stdout]     amm::uniswap::v4::pool::tests::test_base_token_liquidity_usdc_wbtc
[INFO] [stdout]     amm::uniswap::v4::pool::tests::test_virtual_reserves_uni_usdc
[INFO] [stdout]     currency::erc20::tests::can_get_erc20
[INFO] [stdout]     currency::erc20::tests::can_get_erc20_batch
[INFO] [stdout]     revm_utils::tests::test_revert_msg_too_short
[INFO] [stdout]     revm_utils::tests::test_revert_msg_with_data
[INFO] [stdout]     revm_utils::tests::test_revert_msg_with_invalid_utf8
[INFO] [stdout]     types::chain::tests::chain_new_err
[INFO] [stdout]     utils::batch::tests::storage_reader_override_roundtrip
[INFO] [stdout]     utils::price_feed::tests::test_get_dai_price
[INFO] [stdout]     utils::price_feed::tests::test_get_eth_price
[INFO] [stdout]     utils::price_feed::tests::test_get_usdc_price
[INFO] [stdout]     utils::price_feed::tests::test_get_usdt_price
[INFO] [stdout] 
[INFO] [stdout] test result: FAILED. 32 passed; 21 failed; 0 ignored; 0 measured; 0 filtered out; finished in 0.11s
[INFO] [stdout] 
[INFO] running `Command { std: "docker" "inspect" "1e025bdcd987716d2607badd67d388ad9a11b4bd9e74a17817bc461804d09ec5", kill_on_drop: false }`
[INFO] running `Command { std: "docker" "rm" "-f" "1e025bdcd987716d2607badd67d388ad9a11b4bd9e74a17817bc461804d09ec5", kill_on_drop: false }`
[INFO] [stdout] 1e025bdcd987716d2607badd67d388ad9a11b4bd9e74a17817bc461804d09ec5
