[INFO] fetching crate sandlet-sdk 0.1.4...
[INFO] testing sandlet-sdk-0.1.4 against 1.99.0-beta.1+cargoflags=--release for beta-release-1.99-2
[INFO] extracting crate sandlet-sdk 0.1.4 into /workspace/builds/worker-7-tc2/source
[INFO] started tweaking crates.io crate sandlet-sdk 0.1.4
[INFO] removed 0 missing tests
[INFO] finished tweaking crates.io crate sandlet-sdk 0.1.4
[INFO] tweaked toml for crates.io crate sandlet-sdk 0.1.4 written to /workspace/builds/worker-7-tc2/source/Cargo.toml
[INFO] validating manifest of crates.io crate sandlet-sdk 0.1.4 on toolchain 1.99.0-beta.1
[INFO] running `Command { std: CARGO_HOME="/workspace/cargo-home" RUSTUP_HOME="/workspace/rustup-home" "/workspace/cargo-home/bin/cargo" "+1.99.0-beta.1" "metadata" "--manifest-path" "Cargo.toml" "--no-deps", kill_on_drop: false }`
[INFO] crate crates.io crate sandlet-sdk 0.1.4 already has a lockfile, it will not be regenerated
[INFO] running `Command { std: CARGO_HOME="/workspace/cargo-home" RUSTUP_HOME="/workspace/rustup-home" "/workspace/cargo-home/bin/cargo" "+1.99.0-beta.1" "fetch" "--manifest-path" "Cargo.toml", kill_on_drop: false }`
[INFO] running `Command { std: "docker" "create" "-v" "/var/lib/crater-agent-workspace/builds/worker-7-tc2/source:/opt/rustwide/workdir:ro,Z" "-v" "/var/lib/crater-agent-workspace/builds/worker-7-tc2/target:/opt/rustwide/target:rw,Z" "-v" "/var/lib/crater-agent-workspace/cargo-home:/opt/rustwide/cargo-home:ro,Z" "-v" "/var/lib/crater-agent-workspace/rustup-home:/opt/rustwide/rustup-home:ro,Z" "-m" "1610612736" "--network" "none" "ghcr.io/rust-lang/crates-build-env/linux@sha256:8683fc1fc2eb5c9ac98e0d076ab094b2ffac7f99da555d2b6a2e27f346de2ec7" "sleep" "infinity", kill_on_drop: false }`
[INFO] [stdout] 22109f496560599e3388a1d964dc349235694391effbaa7053cb39b97e8369c4
[INFO] running `Command { std: "docker" "start" "22109f496560599e3388a1d964dc349235694391effbaa7053cb39b97e8369c4", kill_on_drop: false }`
[INFO] running `Command { std: "docker" "inspect" "22109f496560599e3388a1d964dc349235694391effbaa7053cb39b97e8369c4", kill_on_drop: false }`
[INFO] running `Command { std: "docker" "exec" "-e" "SOURCE_DIR=/opt/rustwide/workdir" "-e" "CARGO_HOME=/opt/rustwide/cargo-home" "-e" "RUSTUP_HOME=/opt/rustwide/rustup-home" "-e" "CARGO_TARGET_DIR=/opt/rustwide/target" "-w" "/opt/rustwide/workdir" "--user" "0:0" "22109f496560599e3388a1d964dc349235694391effbaa7053cb39b97e8369c4" "/opt/rustwide/cargo-home/bin/cargo" "+1.99.0-beta.1" "metadata" "--no-deps" "--format-version=1", kill_on_drop: false }`
[INFO] running `Command { std: "docker" "inspect" "22109f496560599e3388a1d964dc349235694391effbaa7053cb39b97e8369c4", kill_on_drop: false }`
[INFO] running `Command { std: "docker" "exec" "-e" "SOURCE_DIR=/opt/rustwide/workdir" "-e" "CARGO_HOME=/opt/rustwide/cargo-home" "-e" "RUSTUP_HOME=/opt/rustwide/rustup-home" "-e" "CARGO_TARGET_DIR=/opt/rustwide/target" "-e" "CARGO_INCREMENTAL=0" "-e" "RUST_BACKTRACE=full" "-e" "RUSTFLAGS=--cap-lints=warn" "-e" "RUSTDOCFLAGS=--cap-lints=warn" "-w" "/opt/rustwide/workdir" "--user" "0:0" "22109f496560599e3388a1d964dc349235694391effbaa7053cb39b97e8369c4" "/opt/rustwide/cargo-home/bin/cargo" "+1.99.0-beta.1" "build" "--frozen" "--message-format=json" "--release", kill_on_drop: false }`
[INFO] [stderr]    Compiling proc-macro2 v1.0.106
[INFO] [stderr]    Compiling hashbrown v0.17.0
[INFO] [stderr]    Compiling cranelift-srcgen v0.127.4
[INFO] [stderr]    Compiling smallvec v1.15.1
[INFO] [stderr]    Compiling cranelift-isle v0.127.4
[INFO] [stderr]    Compiling anyhow v1.0.102
[INFO] [stderr]    Compiling cranelift-codegen-shared v0.127.4
[INFO] [stderr]    Compiling foldhash v0.1.5
[INFO] [stderr]    Compiling libm v0.2.16
[INFO] [stderr]    Compiling target-lexicon v0.13.5
[INFO] [stderr]    Compiling cranelift-bitset v0.127.4
[INFO] [stderr]    Compiling mio v1.2.0
[INFO] [stderr]    Compiling bumpalo v3.20.2
[INFO] [stderr]    Compiling rustc-hash v2.1.2
[INFO] [stderr]    Compiling arbitrary v1.4.2
[INFO] [stderr]    Compiling bitflags v2.11.1
[INFO] [stderr]    Compiling libc v0.2.186
[INFO] [stderr]    Compiling rustix v1.1.4
[INFO] [stderr]    Compiling cranelift-entity v0.127.4
[INFO] [stderr]    Compiling cranelift-assembler-x64-meta v0.127.4
[INFO] [stderr]    Compiling hashbrown v0.15.5
[INFO] [stderr]    Compiling prettyplease v0.2.37
[INFO] [stderr]    Compiling serde_core v1.0.228
[INFO] [stderr]    Compiling pulldown-cmark v0.13.3
[INFO] [stderr]    Compiling getrandom v0.3.4
[INFO] [stderr]    Compiling linux-raw-sys v0.12.1
[INFO] [stderr]    Compiling bytes v1.11.1
[INFO] [stderr]    Compiling cranelift-bforest v0.127.4
[INFO] [stderr]    Compiling unicase v2.9.0
[INFO] [stderr]    Compiling memchr v2.8.0
[INFO] [stderr]    Compiling cfg-if v1.0.4
[INFO] [stderr]    Compiling regex-syntax v0.8.10
[INFO] [stderr]    Compiling quote v1.0.45
[INFO] [stderr]    Compiling indexmap v2.14.0
[INFO] [stderr]    Compiling syn v2.0.117
[INFO] [stderr]    Compiling regalloc2 v0.13.5
[INFO] [stderr]    Compiling once_cell v1.21.4
[INFO] [stderr]    Compiling cranelift-codegen-meta v0.127.4
[INFO] [stderr]    Compiling cranelift-control v0.127.4
[INFO] [stderr]    Compiling fastrand v2.4.1
[INFO] [stderr]    Compiling wasmtime-internal-math v40.0.4
[INFO] [stderr]    Compiling fixedbitset v0.5.7
[INFO] [stderr]    Compiling log v0.4.29
[INFO] [stderr]    Compiling multimap v0.10.1
[INFO] [stderr]    Compiling axum-core v0.5.6
[INFO] [stderr]    Compiling region v3.0.2
[INFO] [stderr]    Compiling wasmtime-internal-jit-icache-coherence v40.0.4
[INFO] [stderr]    Compiling yansi v1.0.1
[INFO] [stderr]    Compiling symbol_table v0.5.0
[INFO] [stderr]    Compiling regex-automata v0.4.14
[INFO] [stderr]    Compiling petgraph v0.8.3
[INFO] [stderr]    Compiling rustc-literal-escaper v0.0.7
[INFO] [stderr]    Compiling gimli v0.32.3
[INFO] [stderr]    Compiling ariadne v0.6.0
[INFO] [stderr]    Compiling unicode-ident v1.0.24
[INFO] [stderr]    Compiling inetnum v0.1.1
[INFO] [stderr]    Compiling pulldown-cmark-to-cmark v22.0.0
[INFO] [stderr]    Compiling cranelift-assembler-x64 v0.127.4
[INFO] [stderr]    Compiling tempfile v3.27.0
[INFO] [stderr]    Compiling cranelift-codegen v0.127.4
[INFO] [stderr]    Compiling regex v1.12.3
[INFO] [stderr]    Compiling serde_json v1.0.149
[INFO] [stderr]    Compiling tokio-macros v2.7.0
[INFO] [stderr]    Compiling tracing-attributes v0.1.31
[INFO] [stderr]    Compiling prost-derive v0.14.3
[INFO] [stderr]    Compiling pin-project-internal v1.1.11
[INFO] [stderr]    Compiling async-trait v0.1.89
[INFO] [stderr]    Compiling clap_derive v4.6.1
[INFO] [stderr]    Compiling roto-macros v0.10.0
[INFO] [stderr]    Compiling serde_derive v1.0.228
[INFO] [stderr]    Compiling sealed v0.6.0
[INFO] [stderr]    Compiling tonic-build v0.14.5
[INFO] [stderr]    Compiling tokio v1.52.1
[INFO] [stderr]    Compiling pin-project v1.1.11
[INFO] [stderr]    Compiling tracing v0.1.44
[INFO] [stderr]    Compiling prost v0.14.3
[INFO] [stderr]    Compiling clap v4.6.1
[INFO] [stderr]    Compiling prost-types v0.14.3
[INFO] [stderr]    Compiling prost-build v0.14.3
[INFO] [stderr]    Compiling serde v1.0.228
[INFO] [stderr]    Compiling tonic-prost-build v0.14.5
[INFO] [stderr]    Compiling sandlet-sdk v0.1.4 (/opt/rustwide/workdir)
[INFO] [stderr]    Compiling tokio-util v0.7.18
[INFO] [stderr]    Compiling tokio-stream v0.1.18
[INFO] [stderr]    Compiling h2 v0.4.13
[INFO] [stderr]    Compiling tower v0.5.3
[INFO] [stderr]    Compiling axum v0.8.9
[INFO] [stderr]    Compiling hyper v1.9.0
[INFO] [stderr]    Compiling hyper-util v0.1.20
[INFO] [stderr]    Compiling hyper-timeout v0.5.2
[INFO] [stderr]    Compiling tonic v0.14.5
[INFO] [stderr]    Compiling tonic-prost v0.14.5
[INFO] [stderr]    Compiling cranelift-native v0.127.4
[INFO] [stderr]    Compiling cranelift-module v0.127.4
[INFO] [stderr]    Compiling cranelift-frontend v0.127.4
[INFO] [stderr]    Compiling cranelift-jit v0.127.4
[INFO] [stderr]    Compiling cranelift v0.127.4
[INFO] [stderr]    Compiling roto v0.10.0
[INFO] [stderr]     Finished `release` profile [optimized] target(s) in 3m 23s
[INFO] running `Command { std: "docker" "inspect" "22109f496560599e3388a1d964dc349235694391effbaa7053cb39b97e8369c4", kill_on_drop: false }`
[INFO] running `Command { std: "docker" "exec" "-e" "SOURCE_DIR=/opt/rustwide/workdir" "-e" "CARGO_HOME=/opt/rustwide/cargo-home" "-e" "RUSTUP_HOME=/opt/rustwide/rustup-home" "-e" "CARGO_TARGET_DIR=/opt/rustwide/target" "-e" "CARGO_INCREMENTAL=0" "-e" "RUST_BACKTRACE=full" "-e" "RUSTFLAGS=--cap-lints=warn" "-e" "RUSTDOCFLAGS=--cap-lints=warn" "-w" "/opt/rustwide/workdir" "--user" "0:0" "22109f496560599e3388a1d964dc349235694391effbaa7053cb39b97e8369c4" "/opt/rustwide/cargo-home/bin/cargo" "+1.99.0-beta.1" "test" "--frozen" "--no-run" "--message-format=json" "--release", kill_on_drop: false }`
[INFO] [stderr]    Compiling sandlet-sdk v0.1.4 (/opt/rustwide/workdir)
[INFO] [stderr]     Finished `release` profile [optimized] target(s) in 8.52s
[INFO] running `Command { std: "docker" "inspect" "22109f496560599e3388a1d964dc349235694391effbaa7053cb39b97e8369c4", kill_on_drop: false }`
[INFO] running `Command { std: "docker" "exec" "-e" "SOURCE_DIR=/opt/rustwide/workdir" "-e" "CARGO_HOME=/opt/rustwide/cargo-home" "-e" "RUSTUP_HOME=/opt/rustwide/rustup-home" "-e" "CARGO_TARGET_DIR=/opt/rustwide/target" "-e" "CARGO_INCREMENTAL=0" "-e" "RUST_BACKTRACE=full" "-e" "RUSTFLAGS=--cap-lints=warn" "-e" "RUSTDOCFLAGS=--cap-lints=warn" "-w" "/opt/rustwide/workdir" "--user" "0:0" "22109f496560599e3388a1d964dc349235694391effbaa7053cb39b97e8369c4" "/opt/rustwide/cargo-home/bin/cargo" "+1.99.0-beta.1" "test" "--frozen" "--release", kill_on_drop: false }`
[INFO] [stderr]     Finished `release` profile [optimized] target(s) in 0.20s
[INFO] [stderr]      Running unittests src/lib.rs (/opt/rustwide/target/release/deps/sandlet_sdk-af8ddad915fad301)
[INFO] [stdout] 
[INFO] [stdout] running 58 tests
[INFO] [stdout] test agent::tests::agent_metadata_includes_runtime_inspection_fields ... ok
[INFO] [stdout] test agent::tests::agent_metadata_reflects_registered_modules ... ok
[INFO] [stdout] test agent::tests::agent_metadata_declared_limits_populated ... ok
[INFO] [stdout] test agent::tests::empty_function_name_rejected ... ok
[INFO] [stdout] test agent::tests::empty_module_name_rejected ... ok
[INFO] [stdout] test agent::tests::function_name_violating_namespace_rejected ... ok
[INFO] [stdout] test agent::tests::module_name_with_underscore_rejected ... ok
[INFO] [stdout] test agent::tests::duplicate_module_names_rejected ... ok
[INFO] [stdout] test agent::tests::valid_multi_module_agent_builds ... ok
[INFO] [stdout] test context::tests::explicit_cancel_is_reported ... ok
[INFO] [stdout] test context::tests::no_timeout_context_is_not_cancelled ... ok
[INFO] [stdout] test diagnostic::tests::diagnostic_builder_methods ... ok
[INFO] [stdout] test diagnostic::tests::run_diagnostics_tracks_items ... ok
[INFO] [stdout] test diagnostic::tests::source_location_defaults ... ok
[INFO] [stdout] test agent::tests::duplicate_function_names_within_module_rejected ... ok
[INFO] [stdout] test engine::tests::expired_deadline_returns_timeout_diagnostic ... ok
[INFO] [stdout] test engine::tests::runtime_duplicate_registration_in_closure_fails ... ok
[INFO] [stdout] test engine::tests::module_parameters_are_filtered_and_prefixes_stripped ... ok
[INFO] [stdout] test engine::tests::output_too_large_produces_diagnostic ... ok
[INFO] [stdout] test error::tests::display_format_includes_diagnostic_count ... ok
[INFO] [stdout] test context::tests::timeout_is_reported ... ok
[INFO] [stdout] test engine::tests::entrypoint_arguments_mismatch_produces_diagnostic ... ok
[INFO] [stdout] test engine::tests::invalid_spec_registration_preserves_original_diagnostic_code ... ok
[INFO] [stdout] test engine::tests::missing_spec_registration_produces_diagnostic ... ok
[INFO] [stdout] test engine::tests::signature_mismatch_produces_diagnostic ... ok
[INFO] [stdout] test error::tests::error_constructors_set_correct_kind ... ok
[INFO] [stdout] test engine::tests::compile_error_includes_diagnostic ... ok
[INFO] [stdout] test error::tests::error_kind_category_roundtrip ... ok
[INFO] [stdout] test error::tests::error_kind_code_str_matches_expectations ... ok
[INFO] [stdout] test error::tests::with_primary_diagnostic_attaches_correct_category ... ok
[INFO] [stdout] test agent::tests::agent_metadata_sdk_version_matches_package ... ok
[INFO] [stdout] test grpc::tests::map_run_error_preserves_error_kind_and_category ... ok
[INFO] [stdout] test grpc::tests::rpc_cancellation_guard_cancels_when_dropped ... ok
[INFO] [stdout] test engine::tests::zero_timeout_does_not_cancel_successful_run ... ok
[INFO] [stdout] test grpc::tests::map_run_error_preserves_cancelled_kind ... ok
[INFO] [stdout] test grpc::tests::rpc_cancellation_guard_disarm_preserves_token ... ok
[INFO] [stdout] test engine::tests::pre_cancelled_run_returns_cancelled_error ... ok
[INFO] [stdout] test diagnostic::tests::severity_and_category_display ... ok
[INFO] [stdout] test error::tests::display_format_includes_kind_prefix ... ok
[INFO] [stdout] test engine::tests::success_result_can_carry_diagnostics ... ok
[INFO] [stdout] test agent::tests::metadata_matches_module_spec ... ok
[INFO] [stdout] test loader::tests::inline_script_load_fails_when_max_script_bytes_exceeded ... ok
[INFO] [stdout] test request::tests::validate_rejects_empty_entrypoint ... ok
[INFO] [stdout] test loader::tests::file_backed_script_load_fails_when_max_script_bytes_exceeded ... ok
[INFO] [stdout] test request::tests::validate_rejects_whitespace_padded_entrypoint ... ok
[INFO] [stdout] test request::tests::validate_rejects_trailing_whitespace_entrypoint ... ok
[INFO] [stdout] test loader::tests::drop_cleanup_removes_temp_directory ... ok
[INFO] [stdout] test request::tests::validate_accepts_main ... ok
[INFO] [stdout] test grpc::tests::panic_path_returns_run_failure ... ok
[INFO] [stdout] test loader::tests::inline_script_load_writes_main_roto ... ok
[INFO] [stdout] test loader::tests::inline_script_load_fails_when_max_temp_bytes_too_small ... ok
[INFO] [stdout] test loader::tests::explicit_cleanup_removes_temp_directory ... ok
[INFO] [stdout] test loader::tests::file_backed_script_load_succeeds ... ok
[INFO] [stdout] test engine::tests::success_with_valid_module_and_script ... ok
[INFO] [stdout] test grpc::tests::run_once_failure_maps_structured_diagnostics ... ok
[INFO] [stdout] test grpc::tests::run_once_success_includes_diagnostics_when_present ... ok
[INFO] [stdout] test error::tests::multiple_diagnostics_attached ... ok
[INFO] [stdout] test grpc::tests::map_limits_handles_none_and_partial_values ... ok
[INFO] [stdout] 
[INFO] [stdout] test result: ok. 58 passed; 0 failed; 0 ignored; 0 measured; 0 filtered out; finished in 0.05s
[INFO] [stdout] 
[INFO] [stderr]      Running tests/cli.rs (/opt/rustwide/target/release/deps/cli-381770d5b681c210)
[INFO] [stdout] 
[INFO] [stdout] running 3 tests
[INFO] [stdout] test run_script_file_prints_output_to_stdout ... FAILED
[INFO] [stderr] error: test failed, to rerun pass `--test cli`
[INFO] [stdout] test run_invalid_script_source_produces_failure ... ok
[INFO] [stdout] test run_invalid_script_path_produces_failure ... ok
[INFO] [stdout] 
[INFO] [stdout] failures:
[INFO] [stdout] 
[INFO] [stdout] ---- run_script_file_prints_output_to_stdout stdout ----
[INFO] [stdout] 
[INFO] [stdout] thread 'run_script_file_prints_output_to_stdout' (2274) panicked at tests/cli.rs:43:5:
[INFO] [stdout] expected success, got stderr: error: package(s) `basic-agent` not found in workspace `/opt/rustwide/workdir`
[INFO] [stdout] 
[INFO] [stdout] stack backtrace:
[INFO] [stdout]    0:     0x5734355ebbd1 - <<std[104cf6e2632825ea]::sys::backtrace::BacktraceLock>::print::DisplayBacktrace as core[7c831bd917ebf35f]::fmt::Display>::fmt
[INFO] [stdout]    1:     0x5734356001da - core[7c831bd917ebf35f]::fmt::write
[INFO] [stdout]    2:     0x5734355f006c - <alloc[2fdc3f7464fcf288]::vec::Vec<u8> as core[7c831bd917ebf35f]::io::write::Write>::write_fmt
[INFO] [stdout]    3:     0x5734355c7296 - std[104cf6e2632825ea]::panicking::default_hook::{closure#0}
[INFO] [stdout]    4:     0x5734355e40f9 - std[104cf6e2632825ea]::panicking::default_hook
[INFO] [stdout]    5:     0x57343557f760 - test[73009c9f9aebf890]::test_main_inner::<test[73009c9f9aebf890]::test_main_static::{closure#0}>::{closure#0}
[INFO] [stdout]    6:     0x5734355e42b2 - std[104cf6e2632825ea]::panicking::panic_with_hook
[INFO] [stdout]    7:     0x5734355c7342 - std[104cf6e2632825ea]::panicking::panic_handler::{closure#0}
[INFO] [stdout]    8:     0x5734355bfbc9 - std[104cf6e2632825ea]::sys::backtrace::__rust_end_short_backtrace::<std[104cf6e2632825ea]::panicking::panic_handler::{closure#0}, !>
[INFO] [stdout]    9:     0x5734355c7f3d - __rustc[b0d56fa5b193ad05]::rust_begin_unwind
[INFO] [stdout]   10:     0x57343560090c - core[7c831bd917ebf35f]::panicking::panic_fmt
[INFO] [stdout]   11:     0x57343557229b - <cli[2f4241fea5d7c6fb]::run_script_file_prints_output_to_stdout::{closure#0} as core[7c831bd917ebf35f]::ops::function::FnOnce<()>>::call_once
[INFO] [stdout]   12:     0x573435572a4b - test[73009c9f9aebf890]::__rust_begin_short_backtrace::<core[7c831bd917ebf35f]::result::Result<(), alloc[2fdc3f7464fcf288]::string::String>, fn() -> core[7c831bd917ebf35f]::result::Result<(), alloc[2fdc3f7464fcf288]::string::String>>
[INFO] [stdout]   13:     0x5734355800b5 - test[73009c9f9aebf890]::run_test::{closure#0}
[INFO] [stdout]   14:     0x573435579474 - std[104cf6e2632825ea]::sys::backtrace::__rust_begin_short_backtrace::<test[73009c9f9aebf890]::run_test::{closure#1}, ()>
[INFO] [stdout]   15:     0x573435583212 - <std[104cf6e2632825ea]::thread::lifecycle::spawn_unchecked<test[73009c9f9aebf890]::run_test::{closure#1}, ()>::{closure#1} as core[7c831bd917ebf35f]::ops::function::FnOnce<()>>::call_once::{shim:vtable#0}
[INFO] [stdout]   16:     0x5734355eb2b9 - <std[104cf6e2632825ea]::sys::thread::unix::Thread>::new::thread_start
[INFO] [stdout]   17:     0x796d6ec6b07a - <unknown>
[INFO] [stdout]   18:     0x796d6ecfe534 - clone
[INFO] [stdout]   19:                0x0 - <unknown>
[INFO] [stdout] 
[INFO] [stdout] 
[INFO] [stdout] failures:
[INFO] [stdout]     run_script_file_prints_output_to_stdout
[INFO] [stdout] 
[INFO] [stdout] test result: FAILED. 2 passed; 1 failed; 0 ignored; 0 measured; 0 filtered out; finished in 0.05s
[INFO] [stdout] 
[INFO] running `Command { std: "docker" "inspect" "22109f496560599e3388a1d964dc349235694391effbaa7053cb39b97e8369c4", kill_on_drop: false }`
[INFO] running `Command { std: "docker" "rm" "-f" "22109f496560599e3388a1d964dc349235694391effbaa7053cb39b97e8369c4", kill_on_drop: false }`
[INFO] [stdout] 22109f496560599e3388a1d964dc349235694391effbaa7053cb39b97e8369c4
