[INFO] fetching crate panproto-git-remote 0.72.0...
[INFO] testing panproto-git-remote-0.72.0 against 1.99.0-beta.1+cargoflags=--release for beta-release-1.99-2
[INFO] extracting crate panproto-git-remote 0.72.0 into /workspace/builds/worker-2-tc2/source
[INFO] started tweaking crates.io crate panproto-git-remote 0.72.0
[INFO] finished tweaking crates.io crate panproto-git-remote 0.72.0
[INFO] tweaked toml for crates.io crate panproto-git-remote 0.72.0 written to /workspace/builds/worker-2-tc2/source/Cargo.toml
[INFO] validating manifest of crates.io crate panproto-git-remote 0.72.0 on toolchain 1.99.0-beta.1
[INFO] running `Command { std: CARGO_HOME="/workspace/cargo-home" RUSTUP_HOME="/workspace/rustup-home" "/workspace/cargo-home/bin/cargo" "+1.99.0-beta.1" "metadata" "--manifest-path" "Cargo.toml" "--no-deps", kill_on_drop: false }`
[INFO] crate crates.io crate panproto-git-remote 0.72.0 already has a lockfile, it will not be regenerated
[INFO] running `Command { std: CARGO_HOME="/workspace/cargo-home" RUSTUP_HOME="/workspace/rustup-home" "/workspace/cargo-home/bin/cargo" "+1.99.0-beta.1" "fetch" "--manifest-path" "Cargo.toml", kill_on_drop: false }`
[INFO] running `Command { std: "docker" "create" "-v" "/var/lib/crater-agent-workspace/builds/worker-2-tc2/source:/opt/rustwide/workdir:ro,Z" "-v" "/var/lib/crater-agent-workspace/builds/worker-2-tc2/target:/opt/rustwide/target:rw,Z" "-v" "/var/lib/crater-agent-workspace/cargo-home:/opt/rustwide/cargo-home:ro,Z" "-v" "/var/lib/crater-agent-workspace/rustup-home:/opt/rustwide/rustup-home:ro,Z" "-m" "1610612736" "--network" "none" "ghcr.io/rust-lang/crates-build-env/linux@sha256:8683fc1fc2eb5c9ac98e0d076ab094b2ffac7f99da555d2b6a2e27f346de2ec7" "sleep" "infinity", kill_on_drop: false }`
[INFO] [stdout] b756950ade15a55d346040755c5f45fd12aaf4caa126eec4d51b8a9e8353173c
[INFO] running `Command { std: "docker" "start" "b756950ade15a55d346040755c5f45fd12aaf4caa126eec4d51b8a9e8353173c", kill_on_drop: false }`
[INFO] running `Command { std: "docker" "inspect" "b756950ade15a55d346040755c5f45fd12aaf4caa126eec4d51b8a9e8353173c", kill_on_drop: false }`
[INFO] running `Command { std: "docker" "exec" "-e" "SOURCE_DIR=/opt/rustwide/workdir" "-e" "CARGO_HOME=/opt/rustwide/cargo-home" "-e" "RUSTUP_HOME=/opt/rustwide/rustup-home" "-e" "CARGO_TARGET_DIR=/opt/rustwide/target" "-w" "/opt/rustwide/workdir" "--user" "0:0" "b756950ade15a55d346040755c5f45fd12aaf4caa126eec4d51b8a9e8353173c" "/opt/rustwide/cargo-home/bin/cargo" "+1.99.0-beta.1" "metadata" "--no-deps" "--format-version=1", kill_on_drop: false }`
[INFO] running `Command { std: "docker" "inspect" "b756950ade15a55d346040755c5f45fd12aaf4caa126eec4d51b8a9e8353173c", kill_on_drop: false }`
[INFO] running `Command { std: "docker" "exec" "-e" "SOURCE_DIR=/opt/rustwide/workdir" "-e" "CARGO_HOME=/opt/rustwide/cargo-home" "-e" "RUSTUP_HOME=/opt/rustwide/rustup-home" "-e" "CARGO_TARGET_DIR=/opt/rustwide/target" "-e" "CARGO_INCREMENTAL=0" "-e" "RUST_BACKTRACE=full" "-e" "RUSTFLAGS=--cap-lints=warn" "-e" "RUSTDOCFLAGS=--cap-lints=warn" "-w" "/opt/rustwide/workdir" "--user" "0:0" "b756950ade15a55d346040755c5f45fd12aaf4caa126eec4d51b8a9e8353173c" "/opt/rustwide/cargo-home/bin/cargo" "+1.99.0-beta.1" "build" "--frozen" "--message-format=json" "--release", kill_on_drop: false }`
[INFO] [stderr]    Compiling serde_core v1.0.228
[INFO] [stderr]    Compiling serde v1.0.228
[INFO] [stderr]    Compiling object v0.37.3
[INFO] [stderr]    Compiling libc v0.2.183
[INFO] [stderr]    Compiling gimli v0.32.3
[INFO] [stderr]    Compiling rustix v1.1.4
[INFO] [stderr]    Compiling owo-colors v4.3.0
[INFO] [stderr]    Compiling rustc-demangle v0.1.27
[INFO] [stderr]    Compiling miniz_oxide v0.8.9
[INFO] [stderr]    Compiling is_ci v1.2.0
[INFO] [stderr]    Compiling syn v2.0.117
[INFO] [stderr]    Compiling supports-unicode v3.0.0
[INFO] [stderr]    Compiling textwrap v0.16.2
[INFO] [stderr]    Compiling rustc-hash v2.1.2
[INFO] [stderr]    Compiling supports-hyperlinks v3.2.0
[INFO] [stderr]    Compiling constant_time_eq v0.4.2
[INFO] [stderr]    Compiling serde_json v1.0.149
[INFO] [stderr]    Compiling supports-color v3.0.2
[INFO] [stderr]    Compiling tree-sitter-language v0.1.7
[INFO] [stderr]    Compiling memchr v2.8.0
[INFO] [stderr]    Compiling bumpalo v3.20.2
[INFO] [stderr]    Compiling regex-automata v0.4.14
[INFO] [stderr]    Compiling toml_write v0.1.2
[INFO] [stderr]    Compiling winnow v0.7.15
[INFO] [stderr]    Compiling slab v0.4.12
[INFO] [stderr]    Compiling futures-task v0.3.32
[INFO] [stderr]    Compiling jobserver v0.1.34
[INFO] [stderr]    Compiling streaming-iterator v0.1.9
[INFO] [stderr]    Compiling rmp v0.8.15
[INFO] [stderr]    Compiling futures-util v0.3.32
[INFO] [stderr]    Compiling tracing v0.1.44
[INFO] [stderr]    Compiling cc v1.2.57
[INFO] [stderr]    Compiling bstr v1.12.1
[INFO] [stderr]    Compiling iri-string v0.7.11
[INFO] [stderr]    Compiling http-body-util v0.1.3
[INFO] [stderr]    Compiling terminal_size v0.4.3
[INFO] [stderr]    Compiling openssl-src v300.5.0+3.5.0
[INFO] [stderr]    Compiling blake3 v1.8.3
[INFO] [stderr]    Compiling ring v0.17.14
[INFO] [stderr]    Compiling tree-sitter v0.26.9
[INFO] [stderr]    Compiling libz-sys v1.1.25
[INFO] [stderr]    Compiling libgit2-sys v0.18.5+1.9.4
[INFO] [stderr]    Compiling openssl-sys v0.9.112
[INFO] [stderr]    Compiling addr2line v0.25.1
[INFO] [stderr]    Compiling smallvec v2.0.0-alpha.12
[INFO] [stderr]    Compiling regex v1.12.3
[INFO] [stderr]    Compiling globset v0.4.18
[INFO] [stderr]    Compiling backtrace v0.3.76
[INFO] [stderr]    Compiling synstructure v0.13.2
[INFO] [stderr]    Compiling backtrace-ext v0.2.1
[INFO] [stderr]    Compiling serde_derive v1.0.228
[INFO] [stderr]    Compiling zerofrom-derive v0.1.6
[INFO] [stderr]    Compiling yoke-derive v0.8.1
[INFO] [stderr]    Compiling thiserror-impl v2.0.18
[INFO] [stderr]    Compiling zerovec-derive v0.11.2
[INFO] [stderr]    Compiling miette-derive v7.6.0
[INFO] [stderr]    Compiling displaydoc v0.2.5
[INFO] [stderr]    Compiling tokio-macros v2.6.1
[INFO] [stderr]    Compiling tokio v1.50.0
[INFO] [stderr]    Compiling miette v7.6.0
[INFO] [stderr]    Compiling zerofrom v0.1.6
[INFO] [stderr]    Compiling yoke v0.8.1
[INFO] [stderr]    Compiling thiserror v2.0.18
[INFO] [stderr]    Compiling zerovec v0.11.5
[INFO] [stderr]    Compiling zerotrie v0.2.3
[INFO] [stderr]    Compiling tinystr v0.8.2
[INFO] [stderr]    Compiling potential_utf v0.1.4
[INFO] [stderr]    Compiling icu_collections v2.1.1
[INFO] [stderr]    Compiling icu_locale_core v2.1.1
[INFO] [stderr]    Compiling toml_datetime v0.6.11
[INFO] [stderr]    Compiling serde_spanned v0.6.9
[INFO] [stderr]    Compiling panproto-expr v0.72.0
[INFO] [stderr]    Compiling rmp-serde v1.3.1
[INFO] [stderr]    Compiling serde_urlencoded v0.7.1
[INFO] [stderr]    Compiling toml_edit v0.22.27
[INFO] [stderr]    Compiling rustls v0.23.37
[INFO] [stderr]    Compiling icu_provider v2.1.1
[INFO] [stderr]    Compiling icu_properties v2.1.2
[INFO] [stderr]    Compiling icu_normalizer v2.1.1
[INFO] [stderr]    Compiling panproto-gat v0.72.0
[INFO] [stderr]    Compiling idna_adapter v1.2.1
[INFO] [stderr]    Compiling idna v1.1.0
[INFO] [stderr]    Compiling url v2.5.8
[INFO] [stderr]    Compiling toml v0.8.23
[INFO] [stderr]    Compiling rustls-webpki v0.103.13
[INFO] [stderr]    Compiling panproto-grammars v0.72.0
[INFO] [stderr]    Compiling hyper v1.8.1
[INFO] [stderr]    Compiling tower v0.5.3
[INFO] [stderr]    Compiling hyper-util v0.1.20
[INFO] [stderr]    Compiling tower-http v0.6.8
[INFO] [stderr]    Compiling panproto-schema v0.72.0
[INFO] [stderr]    Compiling tree-sitter-tags v0.26.9
[INFO] [stderr]    Compiling panproto-inst v0.72.0
[INFO] [stderr]    Compiling tokio-rustls v0.26.4
[INFO] [stderr]    Compiling hyper-rustls v0.27.7
[INFO] [stderr]    Compiling reqwest v0.12.28
[INFO] [stderr]    Compiling panproto-mig v0.72.0
[INFO] [stderr]    Compiling panproto-protocols v0.72.0
[INFO] [stderr]    Compiling panproto-lens v0.72.0
[INFO] [stderr]    Compiling panproto-check v0.72.0
[INFO] [stderr]    Compiling panproto-parse v0.72.0
[INFO] [stderr]    Compiling panproto-vcs v0.72.0
[INFO] [stderr]    Compiling panproto-project v0.72.0
[INFO] [stderr]    Compiling panproto-xrpc v0.72.0
[INFO] [stderr]    Compiling git2 v0.21.0
[INFO] [stderr]    Compiling panproto-git v0.72.0
[INFO] [stderr]    Compiling panproto-git-remote v0.72.0 (/opt/rustwide/workdir)
[INFO] [stderr]     Finished `release` profile [optimized] target(s) in 3m 54s
[INFO] running `Command { std: "docker" "inspect" "b756950ade15a55d346040755c5f45fd12aaf4caa126eec4d51b8a9e8353173c", kill_on_drop: false }`
[INFO] running `Command { std: "docker" "exec" "-e" "SOURCE_DIR=/opt/rustwide/workdir" "-e" "CARGO_HOME=/opt/rustwide/cargo-home" "-e" "RUSTUP_HOME=/opt/rustwide/rustup-home" "-e" "CARGO_TARGET_DIR=/opt/rustwide/target" "-e" "CARGO_INCREMENTAL=0" "-e" "RUST_BACKTRACE=full" "-e" "RUSTFLAGS=--cap-lints=warn" "-e" "RUSTDOCFLAGS=--cap-lints=warn" "-w" "/opt/rustwide/workdir" "--user" "0:0" "b756950ade15a55d346040755c5f45fd12aaf4caa126eec4d51b8a9e8353173c" "/opt/rustwide/cargo-home/bin/cargo" "+1.99.0-beta.1" "test" "--frozen" "--no-run" "--message-format=json" "--release", kill_on_drop: false }`
[INFO] [stderr]    Compiling rustix v1.1.4
[INFO] [stderr]    Compiling terminal_size v0.4.3
[INFO] [stderr]    Compiling tempfile v3.27.0
[INFO] [stderr]    Compiling miette v7.6.0
[INFO] [stderr]    Compiling panproto-gat v0.72.0
[INFO] [stderr]    Compiling panproto-schema v0.72.0
[INFO] [stderr]    Compiling panproto-inst v0.72.0
[INFO] [stderr]    Compiling panproto-mig v0.72.0
[INFO] [stderr]    Compiling panproto-protocols v0.72.0
[INFO] [stderr]    Compiling panproto-lens v0.72.0
[INFO] [stderr]    Compiling panproto-check v0.72.0
[INFO] [stderr]    Compiling panproto-parse v0.72.0
[INFO] [stderr]    Compiling panproto-vcs v0.72.0
[INFO] [stderr]    Compiling panproto-project v0.72.0
[INFO] [stderr]    Compiling panproto-xrpc v0.72.0
[INFO] [stderr]    Compiling panproto-git v0.72.0
[INFO] [stderr]    Compiling panproto-git-remote v0.72.0 (/opt/rustwide/workdir)
[INFO] [stderr]     Finished `release` profile [optimized] target(s) in 1m 23s
[INFO] running `Command { std: "docker" "inspect" "b756950ade15a55d346040755c5f45fd12aaf4caa126eec4d51b8a9e8353173c", kill_on_drop: false }`
[INFO] running `Command { std: "docker" "exec" "-e" "SOURCE_DIR=/opt/rustwide/workdir" "-e" "CARGO_HOME=/opt/rustwide/cargo-home" "-e" "RUSTUP_HOME=/opt/rustwide/rustup-home" "-e" "CARGO_TARGET_DIR=/opt/rustwide/target" "-e" "CARGO_INCREMENTAL=0" "-e" "RUST_BACKTRACE=full" "-e" "RUSTFLAGS=--cap-lints=warn" "-e" "RUSTDOCFLAGS=--cap-lints=warn" "-w" "/opt/rustwide/workdir" "--user" "0:0" "b756950ade15a55d346040755c5f45fd12aaf4caa126eec4d51b8a9e8353173c" "/opt/rustwide/cargo-home/bin/cargo" "+1.99.0-beta.1" "test" "--frozen" "--release", kill_on_drop: false }`
[INFO] [stderr]     Finished `release` profile [optimized] target(s) in 0.22s
[INFO] [stderr]      Running unittests src/main.rs (/opt/rustwide/target/release/deps/git_remote_panproto-738a4fdd8f60cabe)
[INFO] [stdout] 
[INFO] [stdout] running 29 tests
[INFO] [stdout] test tests::append_marks_creates_file_and_round_trips_via_load ... ok
[INFO] [stdout] test tests::append_marks_appends_to_existing_file ... ok
[INFO] [stdout] test tests::append_marks_duplicate_entries_keeps_latest ... ok
[INFO] [stdout] test tests::load_marks_missing_file_returns_empty ... ok
[INFO] [stdout] test tests::load_marks_parses_well_formed_entries ... ok
[INFO] [stdout] test tests::marks_path_is_next_to_cache_dir ... ok
[INFO] [stdout] test tests::load_marks_skips_malformed_lines ... ok
[INFO] [stdout] test tests::open_or_init_cache_creates_fresh_store ... ok
[INFO] [stdout] test tests::open_or_init_cache_reopens_existing_store ... ok
[INFO] [stdout] test tests::push_refspec_dst_extracts_destination ... ok
[INFO] [stdout] test tests::cmd_push_end_to_end_second_call_grows_commit_count_and_head ... FAILED
[INFO] [stdout] test tests::cmd_push_end_to_end_push_payload_contains_local_ref ... FAILED
[INFO] [stdout] test tests::fetch_stage_handles_non_monotonic_timestamps ... ok
[INFO] [stdout] test tests::cmd_push_end_to_end_calls_remote_in_expected_order ... FAILED
[INFO] [stdout] test tests::cmd_fetch_end_to_end_second_fetch_is_noop ... FAILED
[INFO] [stdout] test tests::fetch_stage_handles_merge_commit_with_multiple_parents ... ok
[INFO] [stdout] test tests::fetch_stage_treats_push_marks_as_already_exported ... FAILED
[INFO] [stdout] test tests::fetch_stage_is_idempotent ... FAILED
[INFO] [stdout] test tests::push_stage_imports_only_new_commits_after_extension ... FAILED
[INFO] [stdout] test tests::push_stage_uses_dst_ref_name_not_hardcoded_main ... FAILED
[INFO] [stdout] test tests::fetch_stage_preserves_dag_parent_links_via_marks ... FAILED
[INFO] [stdout] test tests::fetch_stage_full_export_on_first_run ... FAILED
[INFO] [stdout] test tests::cmd_push_then_fetch_round_trip_preserves_commit_count ... FAILED
[INFO] [stdout] test tests::cmd_fetch_end_to_end_pulls_and_exports_history ... FAILED
[INFO] [stdout] test tests::fetch_stage_drops_stale_marks_that_reference_missing_git_commits ... ok
[INFO] [stdout] test tests::push_stage_first_run_imports_full_history ... FAILED
[INFO] [stdout] test tests::push_stage_second_run_is_noop_when_nothing_new ... FAILED
[INFO] [stdout] test tests::warm_cache_short_circuits_reparse_on_first_push ... FAILED
[INFO] [stdout] test tests::fetch_stage_exports_only_new_commits_after_extension ... ok
[INFO] [stdout] 
[INFO] [stdout] failures:
[INFO] [stdout] 
[INFO] [stdout] ---- tests::cmd_push_end_to_end_second_call_grows_commit_count_and_head stdout ----
[INFO] [stdout] 
[INFO] [stdout] thread 'tests::cmd_push_end_to_end_second_call_grows_commit_count_and_head' (14190) panicked at src/main.rs:2138:10:
[INFO] [stdout] called `Result::unwrap()` on an `Err` value: BlobCache("blob cache entry for 3aea0c58ce5d9751de8059460a90685c6ce119f5 has empty protocol; every entry must carry a protocol name")
[INFO] [stdout] stack backtrace:
[INFO] [stdout]    0:     0x578e00b3f4e1 - <<std[104cf6e2632825ea]::sys::backtrace::BacktraceLock>::print::DisplayBacktrace as core[7c831bd917ebf35f]::fmt::Display>::fmt
[INFO] [stdout]    1:     0x578e00b561ba - core[7c831bd917ebf35f]::fmt::write
[INFO] [stdout]    2:     0x578e00b43d2c - <alloc[2fdc3f7464fcf288]::vec::Vec<u8> as core[7c831bd917ebf35f]::io::write::Write>::write_fmt
[INFO] [stdout]    3:     0x578e00b18ca6 - std[104cf6e2632825ea]::panicking::default_hook::{closure#0}
[INFO] [stdout]    4:     0x578e00b365d9 - std[104cf6e2632825ea]::panicking::default_hook
[INFO] [stdout]    5:     0x578e00848e60 - test[73009c9f9aebf890]::test_main_inner::<test[73009c9f9aebf890]::test_main_static::{closure#0}>::{closure#0}
[INFO] [stdout]    6:     0x578e00b36902 - std[104cf6e2632825ea]::panicking::panic_with_hook
[INFO] [stdout]    7:     0x578e00b18d52 - std[104cf6e2632825ea]::panicking::panic_handler::{closure#0}
[INFO] [stdout]    8:     0x578e00b10f89 - std[104cf6e2632825ea]::sys::backtrace::__rust_end_short_backtrace::<std[104cf6e2632825ea]::panicking::panic_handler::{closure#0}, !>
[INFO] [stdout]    9:     0x578e00b19a3d - __rustc[b0d56fa5b193ad05]::rust_begin_unwind
[INFO] [stdout]   10:     0x578e00b5699c - core[7c831bd917ebf35f]::panicking::panic_fmt
[INFO] [stdout]   11:     0x578e00b56772 - core[7c831bd917ebf35f]::result::unwrap_failed
[INFO] [stdout]   12:     0x578e0056c8e3 - git_remote_panproto[b22af8ab3f33d70c]::tests::cmd_push_end_to_end_second_call_grows_commit_count_and_head
[INFO] [stdout]   13:     0x578e005928e9 - <git_remote_panproto[b22af8ab3f33d70c]::tests::cmd_push_end_to_end_second_call_grows_commit_count_and_head::{closure#0} as core[7c831bd917ebf35f]::ops::function::FnOnce<()>>::call_once
[INFO] [stdout]   14:     0x578e0083c14b - test[73009c9f9aebf890]::__rust_begin_short_backtrace::<core[7c831bd917ebf35f]::result::Result<(), alloc[2fdc3f7464fcf288]::string::String>, fn() -> core[7c831bd917ebf35f]::result::Result<(), alloc[2fdc3f7464fcf288]::string::String>>
[INFO] [stdout]   15:     0x578e008497b5 - test[73009c9f9aebf890]::run_test::{closure#0}
[INFO] [stdout]   16:     0x578e00842b74 - std[104cf6e2632825ea]::sys::backtrace::__rust_begin_short_backtrace::<test[73009c9f9aebf890]::run_test::{closure#1}, ()>
[INFO] [stdout]   17:     0x578e0084c912 - <std[104cf6e2632825ea]::thread::lifecycle::spawn_unchecked<test[73009c9f9aebf890]::run_test::{closure#1}, ()>::{closure#1} as core[7c831bd917ebf35f]::ops::function::FnOnce<()>>::call_once::{shim:vtable#0}
[INFO] [stdout]   18:     0x578e00b3e529 - <std[104cf6e2632825ea]::sys::thread::unix::Thread>::new::thread_start
[INFO] [stdout]   19:     0x72ea90f6607a - <unknown>
[INFO] [stdout]   20:     0x72ea90ff9534 - clone
[INFO] [stdout]   21:                0x0 - <unknown>
[INFO] [stdout] 
[INFO] [stdout] ---- tests::cmd_push_end_to_end_push_payload_contains_local_ref stdout ----
[INFO] [stdout] 
[INFO] [stdout] thread 'tests::cmd_push_end_to_end_push_payload_contains_local_ref' (14189) panicked at src/main.rs:2097:10:
[INFO] [stdout] called `Result::unwrap()` on an `Err` value: BlobCache("blob cache entry for 3aea0c58ce5d9751de8059460a90685c6ce119f5 has empty protocol; every entry must carry a protocol name")
[INFO] [stdout] stack backtrace:
[INFO] [stdout]    0:     0x578e00b3f4e1 - <<std[104cf6e2632825ea]::sys::backtrace::BacktraceLock>::print::DisplayBacktrace as core[7c831bd917ebf35f]::fmt::Display>::fmt
[INFO] [stdout]    1:     0x578e00b561ba - core[7c831bd917ebf35f]::fmt::write
[INFO] [stdout]    2:     0x578e00b43d2c - <alloc[2fdc3f7464fcf288]::vec::Vec<u8> as core[7c831bd917ebf35f]::io::write::Write>::write_fmt
[INFO] [stdout]    3:     0x578e00b18ca6 - std[104cf6e2632825ea]::panicking::default_hook::{closure#0}
[INFO] [stdout]    4:     0x578e00b365d9 - std[104cf6e2632825ea]::panicking::default_hook
[INFO] [stdout]    5:     0x578e00848e60 - test[73009c9f9aebf890]::test_main_inner::<test[73009c9f9aebf890]::test_main_static::{closure#0}>::{closure#0}
[INFO] [stdout]    6:     0x578e00b36902 - std[104cf6e2632825ea]::panicking::panic_with_hook
[INFO] [stdout]    7:     0x578e00b18d52 - std[104cf6e2632825ea]::panicking::panic_handler::{closure#0}
[INFO] [stdout]    8:     0x578e00b10f89 - std[104cf6e2632825ea]::sys::backtrace::__rust_end_short_backtrace::<std[104cf6e2632825ea]::panicking::panic_handler::{closure#0}, !>
[INFO] [stdout]    9:     0x578e00b19a3d - __rustc[b0d56fa5b193ad05]::rust_begin_unwind
[INFO] [stdout]   10:     0x578e00b5699c - core[7c831bd917ebf35f]::panicking::panic_fmt
[INFO] [stdout]   11:     0x578e00b56772 - core[7c831bd917ebf35f]::result::unwrap_failed
[INFO] [stdout]   12:     0x578e0056827b - git_remote_panproto[b22af8ab3f33d70c]::tests::cmd_push_end_to_end_push_payload_contains_local_ref
[INFO] [stdout]   13:     0x578e00592849 - <git_remote_panproto[b22af8ab3f33d70c]::tests::cmd_push_end_to_end_push_payload_contains_local_ref::{closure#0} as core[7c831bd917ebf35f]::ops::function::FnOnce<()>>::call_once
[INFO] [stdout]   14:     0x578e0083c14b - test[73009c9f9aebf890]::__rust_begin_short_backtrace::<core[7c831bd917ebf35f]::result::Result<(), alloc[2fdc3f7464fcf288]::string::String>, fn() -> core[7c831bd917ebf35f]::result::Result<(), alloc[2fdc3f7464fcf288]::string::String>>
[INFO] [stdout]   15:     0x578e008497b5 - test[73009c9f9aebf890]::run_test::{closure#0}
[INFO] [stdout]   16:     0x578e00842b74 - std[104cf6e2632825ea]::sys::backtrace::__rust_begin_short_backtrace::<test[73009c9f9aebf890]::run_test::{closure#1}, ()>
[INFO] [stdout]   17:     0x578e0084c912 - <std[104cf6e2632825ea]::thread::lifecycle::spawn_unchecked<test[73009c9f9aebf890]::run_test::{closure#1}, ()>::{closure#1} as core[7c831bd917ebf35f]::ops::function::FnOnce<()>>::call_once::{shim:vtable#0}
[INFO] [stdout]   18:     0x578e00b3e529 - <std[104cf6e2632825ea]::sys::thread::unix::Thread>::new::thread_start
[INFO] [stdout]   19:     0x72ea90f6607a - <unknown>
[INFO] [stdout]   20:     0x72ea90ff9534 - clone
[INFO] [stdout]   21:                0x0 - <unknown>
[INFO] [stdout] 
[INFO] [stdout] ---- tests::cmd_push_end_to_end_calls_remote_in_expected_order stdout ----
[INFO] [stdout] 
[INFO] [stdout] thread 'tests::cmd_push_end_to_end_calls_remote_in_expected_order' (14188) panicked at src/main.rs:2043:10:
[INFO] [stdout] called `Result::unwrap()` on an `Err` value: BlobCache("blob cache entry for 7d4290a117a4ddcc11daae7ea675841033830c8f has empty protocol; every entry must carry a protocol name")
[INFO] [stdout] stack backtrace:
[INFO] [stdout]    0:     0x578e00b3f4e1 - <<std[104cf6e2632825ea]::sys::backtrace::BacktraceLock>::print::DisplayBacktrace as core[7c831bd917ebf35f]::fmt::Display>::fmt
[INFO] [stdout]    1:     0x578e00b561ba - core[7c831bd917ebf35f]::fmt::write
[INFO] [stdout]    2:     0x578e00b43d2c - <alloc[2fdc3f7464fcf288]::vec::Vec<u8> as core[7c831bd917ebf35f]::io::write::Write>::write_fmt
[INFO] [stdout]    3:     0x578e00b18ca6 - std[104cf6e2632825ea]::panicking::default_hook::{closure#0}
[INFO] [stdout]    4:     0x578e00b365d9 - std[104cf6e2632825ea]::panicking::default_hook
[INFO] [stdout]    5:     0x578e00848e60 - test[73009c9f9aebf890]::test_main_inner::<test[73009c9f9aebf890]::test_main_static::{closure#0}>::{closure#0}
[INFO] [stdout]    6:     0x578e00b36902 - std[104cf6e2632825ea]::panicking::panic_with_hook
[INFO] [stdout]    7:     0x578e00b18d52 - std[104cf6e2632825ea]::panicking::panic_handler::{closure#0}
[INFO] [stdout]    8:     0x578e00b10f89 - std[104cf6e2632825ea]::sys::backtrace::__rust_end_short_backtrace::<std[104cf6e2632825ea]::panicking::panic_handler::{closure#0}, !>
[INFO] [stdout]    9:     0x578e00b19a3d - __rustc[b0d56fa5b193ad05]::rust_begin_unwind
[INFO] [stdout]   10:     0x578e00b5699c - core[7c831bd917ebf35f]::panicking::panic_fmt
[INFO] [stdout]   11:     0x578e00b56772 - core[7c831bd917ebf35f]::result::unwrap_failed
[INFO] [stdout]   12:     0x578e00567ba9 - git_remote_panproto[b22af8ab3f33d70c]::tests::cmd_push_end_to_end_calls_remote_in_expected_order
[INFO] [stdout]   13:     0x578e00592829 - <git_remote_panproto[b22af8ab3f33d70c]::tests::cmd_push_end_to_end_calls_remote_in_expected_order::{closure#0} as core[7c831bd917ebf35f]::ops::function::FnOnce<()>>::call_once
[INFO] [stdout]   14:     0x578e0083c14b - test[73009c9f9aebf890]::__rust_begin_short_backtrace::<core[7c831bd917ebf35f]::result::Result<(), alloc[2fdc3f7464fcf288]::string::String>, fn() -> core[7c831bd917ebf35f]::result::Result<(), alloc[2fdc3f7464fcf288]::string::String>>
[INFO] [stdout]   15:     0x578e008497b5 - test[73009c9f9aebf890]::run_test::{closure#0}
[INFO] [stdout]   16:     0x578e00842b74 - std[104cf6e2632825ea]::sys::backtrace::__rust_begin_short_backtrace::<test[73009c9f9aebf890]::run_test::{closure#1}, ()>
[INFO] [stdout]   17:     0x578e0084c912 - <std[104cf6e2632825ea]::thread::lifecycle::spawn_unchecked<test[73009c9f9aebf890]::run_test::{closure#1}, ()>::{closure#1} as core[7c831bd917ebf35f]::ops::function::FnOnce<()>>::call_once::{shim:vtable#0}
[INFO] [stdout]   18:     0x578e00b3e529 - <std[104cf6e2632825ea]::sys::thread::unix::Thread>::new::thread_start
[INFO] [stdout]   19:     0x72ea90f6607a - <unknown>
[INFO] [stdout]   20:     0x72ea90ff9534 - clone
[INFO] [stdout]   21:                0x0 - <unknown>
[INFO] [stdout] 
[INFO] [stdout] ---- tests::cmd_fetch_end_to_end_second_fetch_is_noop stdout ----
[INFO] [stdout] 
[INFO] [stdout] thread 'tests::cmd_fetch_end_to_end_second_fetch_is_noop' (14187) panicked at src/main.rs:2256:10:
[INFO] [stdout] called `Result::unwrap()` on an `Err` value: BlobCache("blob cache entry for 7d4290a117a4ddcc11daae7ea675841033830c8f has empty protocol; every entry must carry a protocol name")
[INFO] [stdout] stack backtrace:
[INFO] [stdout]    0:     0x578e00b3f4e1 - <<std[104cf6e2632825ea]::sys::backtrace::BacktraceLock>::print::DisplayBacktrace as core[7c831bd917ebf35f]::fmt::Display>::fmt
[INFO] [stdout]    1:     0x578e00b561ba - core[7c831bd917ebf35f]::fmt::write
[INFO] [stdout]    2:     0x578e00b43d2c - <alloc[2fdc3f7464fcf288]::vec::Vec<u8> as core[7c831bd917ebf35f]::io::write::Write>::write_fmt
[INFO] [stdout]    3:     0x578e00b18ca6 - std[104cf6e2632825ea]::panicking::default_hook::{closure#0}
[INFO] [stdout]    4:     0x578e00b365d9 - std[104cf6e2632825ea]::panicking::default_hook
[INFO] [stdout]    5:     0x578e00848e60 - test[73009c9f9aebf890]::test_main_inner::<test[73009c9f9aebf890]::test_main_static::{closure#0}>::{closure#0}
[INFO] [stdout]    6:     0x578e00b36902 - std[104cf6e2632825ea]::panicking::panic_with_hook
[INFO] [stdout]    7:     0x578e00b18d52 - std[104cf6e2632825ea]::panicking::panic_handler::{closure#0}
[INFO] [stdout]    8:     0x578e00b10f89 - std[104cf6e2632825ea]::sys::backtrace::__rust_end_short_backtrace::<std[104cf6e2632825ea]::panicking::panic_handler::{closure#0}, !>
[INFO] [stdout]    9:     0x578e00b19a3d - __rustc[b0d56fa5b193ad05]::rust_begin_unwind
[INFO] [stdout]   10:     0x578e00b5699c - core[7c831bd917ebf35f]::panicking::panic_fmt
[INFO] [stdout]   11:     0x578e00b56772 - core[7c831bd917ebf35f]::result::unwrap_failed
[INFO] [stdout]   12:     0x578e005608ff - git_remote_panproto[b22af8ab3f33d70c]::tests::cmd_fetch_end_to_end_second_fetch_is_noop
[INFO] [stdout]   13:     0x578e005926a9 - <git_remote_panproto[b22af8ab3f33d70c]::tests::cmd_fetch_end_to_end_second_fetch_is_noop::{closure#0} as core[7c831bd917ebf35f]::ops::function::FnOnce<()>>::call_once
[INFO] [stdout]   14:     0x578e0083c14b - test[73009c9f9aebf890]::__rust_begin_short_backtrace::<core[7c831bd917ebf35f]::result::Result<(), alloc[2fdc3f7464fcf288]::string::String>, fn() -> core[7c831bd917ebf35f]::result::Result<(), alloc[2fdc3f7464fcf288]::string::String>>
[INFO] [stdout]   15:     0x578e008497b5 - test[73009c9f9aebf890]::run_test::{closure#0}
[INFO] [stdout]   16:     0x578e00842b74 - std[104cf6e2632825ea]::sys::backtrace::__rust_begin_short_backtrace::<test[73009c9f9aebf890]::run_test::{closure#1}, ()>
[INFO] [stdout]   17:     0x578e0084c912 - <std[104cf6e2632825ea]::thread::lifecycle::spawn_unchecked<test[73009c9f9aebf890]::run_test::{closure#1}, ()>::{closure#1} as core[7c831bd917ebf35f]::ops::function::FnOnce<()>>::call_once::{shim:vtable#0}
[INFO] [stdout]   18:     0x578e00b3e529 - <std[104cf6e2632825ea]::sys::thread::unix::Thread>::new::thread_start
[INFO] [stdout]   19:     0x72ea90f6607a - <unknown>
[INFO] [stdout]   20:     0x72ea90ff9534 - clone
[INFO] [stdout]   21:                0x0 - <unknown>
[INFO] [stdout] 
[INFO] [stdout] ---- tests::fetch_stage_treats_push_marks_as_already_exported stdout ----
[INFO] [stdout] 
[INFO] [stdout] thread 'tests::fetch_stage_treats_push_marks_as_already_exported' (14199) panicked at src/main.rs:1504:87:
[INFO] [stdout] called `Result::unwrap()` on an `Err` value: BlobCache("blob cache entry for 7d4290a117a4ddcc11daae7ea675841033830c8f has empty protocol; every entry must carry a protocol name")
[INFO] [stdout] stack backtrace:
[INFO] [stdout]    0:     0x578e00b3f4e1 - <<std[104cf6e2632825ea]::sys::backtrace::BacktraceLock>::print::DisplayBacktrace as core[7c831bd917ebf35f]::fmt::Display>::fmt
[INFO] [stdout]    1:     0x578e00b561ba - core[7c831bd917ebf35f]::fmt::write
[INFO] [stdout]    2:     0x578e00b43d2c - <alloc[2fdc3f7464fcf288]::vec::Vec<u8> as core[7c831bd917ebf35f]::io::write::Write>::write_fmt
[INFO] [stdout]    3:     0x578e00b18ca6 - std[104cf6e2632825ea]::panicking::default_hook::{closure#0}
[INFO] [stdout]    4:     0x578e00b365d9 - std[104cf6e2632825ea]::panicking::default_hook
[INFO] [stdout]    5:     0x578e00848e60 - test[73009c9f9aebf890]::test_main_inner::<test[73009c9f9aebf890]::test_main_static::{closure#0}>::{closure#0}
[INFO] [stdout]    6:     0x578e00b36902 - std[104cf6e2632825ea]::panicking::panic_with_hook
[INFO] [stdout]    7:     0x578e00b18d52 - std[104cf6e2632825ea]::panicking::panic_handler::{closure#0}
[INFO] [stdout]    8:     0x578e00b10f89 - std[104cf6e2632825ea]::sys::backtrace::__rust_end_short_backtrace::<std[104cf6e2632825ea]::panicking::panic_handler::{closure#0}, !>
[INFO] [stdout]    9:     0x578e00b19a3d - __rustc[b0d56fa5b193ad05]::rust_begin_unwind
[INFO] [stdout]   10:     0x578e00b5699c - core[7c831bd917ebf35f]::panicking::panic_fmt
[INFO] [stdout]   11:     0x578e00b56772 - core[7c831bd917ebf35f]::result::unwrap_failed
[INFO] [stdout]   12:     0x578e00566e8e - git_remote_panproto[b22af8ab3f33d70c]::tests::fetch_stage_treats_push_marks_as_already_exported
[INFO] [stdout]   13:     0x578e005927e9 - <git_remote_panproto[b22af8ab3f33d70c]::tests::fetch_stage_treats_push_marks_as_already_exported::{closure#0} as core[7c831bd917ebf35f]::ops::function::FnOnce<()>>::call_once
[INFO] [stdout]   14:     0x578e0083c14b - test[73009c9f9aebf890]::__rust_begin_short_backtrace::<core[7c831bd917ebf35f]::result::Result<(), alloc[2fdc3f7464fcf288]::string::String>, fn() -> core[7c831bd917ebf35f]::result::Result<(), alloc[2fdc3f7464fcf288]::string::String>>
[INFO] [stdout]   15:     0x578e008497b5 - test[73009c9f9aebf890]::run_test::{closure#0}
[INFO] [stdout]   16:     0x578e00842b74 - std[104cf6e2632825ea]::sys::backtrace::__rust_begin_short_backtrace::<test[73009c9f9aebf890]::run_test::{closure#1}, ()>
[INFO] [stdout]   17:     0x578e0084c912 - <std[104cf6e2632825ea]::thread::lifecycle::spawn_unchecked<test[73009c9f9aebf890]::run_test::{closure#1}, ()>::{closure#1} as core[7c831bd917ebf35f]::ops::function::FnOnce<()>>::call_once::{shim:vtable#0}
[INFO] [stdout]   18:     0x578e00b3e529 - <std[104cf6e2632825ea]::sys::thread::unix::Thread>::new::thread_start
[INFO] [stdout]   19:     0x72ea90f6607a - <unknown>
[INFO] [stdout]   20:     0x72ea90ff9534 - clone
[INFO] [stdout]   21:                0x0 - <unknown>
[INFO] [stdout] 
[INFO] [stdout] ---- tests::fetch_stage_is_idempotent stdout ----
[INFO] [stdout] 
[INFO] [stdout] thread 'tests::fetch_stage_is_idempotent' (14197) panicked at src/main.rs:1419:10:
[INFO] [stdout] called `Result::unwrap()` on an `Err` value: BlobCache("blob cache entry for 7d4290a117a4ddcc11daae7ea675841033830c8f has empty protocol; every entry must carry a protocol name")
[INFO] [stdout] stack backtrace:
[INFO] [stdout]    0:     0x578e00b3f4e1 - <<std[104cf6e2632825ea]::sys::backtrace::BacktraceLock>::print::DisplayBacktrace as core[7c831bd917ebf35f]::fmt::Display>::fmt
[INFO] [stdout]    1:     0x578e00b561ba - core[7c831bd917ebf35f]::fmt::write
[INFO] [stdout]    2:     0x578e00b43d2c - <alloc[2fdc3f7464fcf288]::vec::Vec<u8> as core[7c831bd917ebf35f]::io::write::Write>::write_fmt
[INFO] [stdout]    3:     0x578e00b18ca6 - std[104cf6e2632825ea]::panicking::default_hook::{closure#0}
[INFO] [stdout]    4:     0x578e00b365d9 - std[104cf6e2632825ea]::panicking::default_hook
[INFO] [stdout]    5:     0x578e00848e60 - test[73009c9f9aebf890]::test_main_inner::<test[73009c9f9aebf890]::test_main_static::{closure#0}>::{closure#0}
[INFO] [stdout]    6:     0x578e00b36902 - std[104cf6e2632825ea]::panicking::panic_with_hook
[INFO] [stdout]    7:     0x578e00b18d52 - std[104cf6e2632825ea]::panicking::panic_handler::{closure#0}
[INFO] [stdout]    8:     0x578e00b10f89 - std[104cf6e2632825ea]::sys::backtrace::__rust_end_short_backtrace::<std[104cf6e2632825ea]::panicking::panic_handler::{closure#0}, !>
[INFO] [stdout]    9:     0x578e00b19a3d - __rustc[b0d56fa5b193ad05]::rust_begin_unwind
[INFO] [stdout]   10:     0x578e00b5699c - core[7c831bd917ebf35f]::panicking::panic_fmt
[INFO] [stdout]   11:     0x578e00b56772 - core[7c831bd917ebf35f]::result::unwrap_failed
[INFO] [stdout]   12:     0x578e0055d011 - git_remote_panproto[b22af8ab3f33d70c]::tests::fetch_stage_is_idempotent
[INFO] [stdout]   13:     0x578e00592589 - <git_remote_panproto[b22af8ab3f33d70c]::tests::fetch_stage_is_idempotent::{closure#0} as core[7c831bd917ebf35f]::ops::function::FnOnce<()>>::call_once
[INFO] [stdout]   14:     0x578e0083c14b - test[73009c9f9aebf890]::__rust_begin_short_backtrace::<core[7c831bd917ebf35f]::result::Result<(), alloc[2fdc3f7464fcf288]::string::String>, fn() -> core[7c831bd917ebf35f]::result::Result<(), alloc[2fdc3f7464fcf288]::string::String>>
[INFO] [stdout]   15:     0x578e008497b5 - test[73009c9f9aebf890]::run_test::{closure#0}
[INFO] [stdout]   16:     0x578e00842b74 - std[104cf6e2632825ea]::sys::backtrace::__rust_begin_short_backtrace::<test[73009c9f9aebf890]::run_test::{closure#1}, ()>
[INFO] [stdout]   17:     0x578e0084c912 - <std[104cf6e2632825ea]::thread::lifecycle::spawn_unchecked<test[73009c9f9aebf890]::run_test::{closure#1}, ()>::{closure#1} as core[7c831bd917ebf35f]::ops::function::FnOnce<()>>::call_once::{shim:vtable#0}
[INFO] [stdout]   18:     0x578e00b3e529 - <std[104cf6e2632825ea]::sys::thread::unix::Thread>::new::thread_start
[INFO] [stdout]   19:     0x72ea90f6607a - <unknown>
[INFO] [stdout]   20:     0x72ea90ff9534 - clone
[INFO] [stdout]   21:                0x0 - <unknown>
[INFO] [stdout] 
[INFO] [stdout] ---- tests::push_stage_imports_only_new_commits_after_extension stdout ----
[INFO] [stdout] 
[INFO] [stdout] thread 'tests::push_stage_imports_only_new_commits_after_extension' (14208) panicked at src/main.rs:1220:10:
[INFO] [stdout] called `Result::unwrap()` on an `Err` value: BlobCache("blob cache entry for 7d4290a117a4ddcc11daae7ea675841033830c8f has empty protocol; every entry must carry a protocol name")
[INFO] [stdout] stack backtrace:
[INFO] [stdout]    0:     0x578e00b3f4e1 - <<std[104cf6e2632825ea]::sys::backtrace::BacktraceLock>::print::DisplayBacktrace as core[7c831bd917ebf35f]::fmt::Display>::fmt
[INFO] [stdout]    1:     0x578e00b561ba - core[7c831bd917ebf35f]::fmt::write
[INFO] [stdout]    2:     0x578e00b43d2c - <alloc[2fdc3f7464fcf288]::vec::Vec<u8> as core[7c831bd917ebf35f]::io::write::Write>::write_fmt
[INFO] [stdout]    3:     0x578e00b18ca6 - std[104cf6e2632825ea]::panicking::default_hook::{closure#0}
[INFO] [stdout]    4:     0x578e00b365d9 - std[104cf6e2632825ea]::panicking::default_hook
[INFO] [stdout]    5:     0x578e00848e60 - test[73009c9f9aebf890]::test_main_inner::<test[73009c9f9aebf890]::test_main_static::{closure#0}>::{closure#0}
[INFO] [stdout]    6:     0x578e00b36902 - std[104cf6e2632825ea]::panicking::panic_with_hook
[INFO] [stdout]    7:     0x578e00b18d52 - std[104cf6e2632825ea]::panicking::panic_handler::{closure#0}
[INFO] [stdout]    8:     0x578e00b10f89 - std[104cf6e2632825ea]::sys::backtrace::__rust_end_short_backtrace::<std[104cf6e2632825ea]::panicking::panic_handler::{closure#0}, !>
[INFO] [stdout]    9:     0x578e00b19a3d - __rustc[b0d56fa5b193ad05]::rust_begin_unwind
[INFO] [stdout]   10:     0x578e00b5699c - core[7c831bd917ebf35f]::panicking::panic_fmt
[INFO] [stdout]   11:     0x578e00b56772 - core[7c831bd917ebf35f]::result::unwrap_failed
[INFO] [stdout]   12:     0x578e00568acb - git_remote_panproto[b22af8ab3f33d70c]::tests::push_stage_imports_only_new_commits_after_extension
[INFO] [stdout]   13:     0x578e00592869 - <git_remote_panproto[b22af8ab3f33d70c]::tests::push_stage_imports_only_new_commits_after_extension::{closure#0} as core[7c831bd917ebf35f]::ops::function::FnOnce<()>>::call_once
[INFO] [stdout]   14:     0x578e0083c14b - test[73009c9f9aebf890]::__rust_begin_short_backtrace::<core[7c831bd917ebf35f]::result::Result<(), alloc[2fdc3f7464fcf288]::string::String>, fn() -> core[7c831bd917ebf35f]::result::Result<(), alloc[2fdc3f7464fcf288]::string::String>>
[INFO] [stdout]   15:     0x578e008497b5 - test[73009c9f9aebf890]::run_test::{closure#0}
[INFO] [stdout]   16:     0x578e00842b74 - std[104cf6e2632825ea]::sys::backtrace::__rust_begin_short_backtrace::<test[73009c9f9aebf890]::run_test::{closure#1}, ()>
[INFO] [stdout]   17:     0x578e0084c912 - <std[104cf6e2632825ea]::thread::lifecycle::spawn_unchecked<test[73009c9f9aebf890]::run_test::{closure#1}, ()>::{closure#1} as core[7c831bd917ebf35f]::ops::function::FnOnce<()>>::call_once::{shim:vtable#0}
[INFO] [stdout]   18:     0x578e00b3e529 - <std[104cf6e2632825ea]::sys::thread::unix::Thread>::new::thread_start
[INFO] [stdout]   19:     0x72ea90f6607a - <unknown>
[INFO] [stdout]   20:     0x72ea90ff9534 - clone
[INFO] [stdout]   21:                0x0 - <unknown>
[INFO] [stdout] 
[INFO] [stdout] ---- tests::push_stage_uses_dst_ref_name_not_hardcoded_main stdout ----
[INFO] [stdout] 
[INFO] [stdout] thread 'tests::push_stage_uses_dst_ref_name_not_hardcoded_main' (14210) panicked at src/main.rs:1344:10:
[INFO] [stdout] called `Result::unwrap()` on an `Err` value: BlobCache("blob cache entry for 3aea0c58ce5d9751de8059460a90685c6ce119f5 has empty protocol; every entry must carry a protocol name")
[INFO] [stdout] stack backtrace:
[INFO] [stdout]    0:     0x578e00b3f4e1 - <<std[104cf6e2632825ea]::sys::backtrace::BacktraceLock>::print::DisplayBacktrace as core[7c831bd917ebf35f]::fmt::Display>::fmt
[INFO] [stdout]    1:     0x578e00b561ba - core[7c831bd917ebf35f]::fmt::write
[INFO] [stdout]    2:     0x578e00b43d2c - <alloc[2fdc3f7464fcf288]::vec::Vec<u8> as core[7c831bd917ebf35f]::io::write::Write>::write_fmt
[INFO] [stdout]    3:     0x578e00b18ca6 - std[104cf6e2632825ea]::panicking::default_hook::{closure#0}
[INFO] [stdout]    4:     0x578e00b365d9 - std[104cf6e2632825ea]::panicking::default_hook
[INFO] [stdout]    5:     0x578e00848e60 - test[73009c9f9aebf890]::test_main_inner::<test[73009c9f9aebf890]::test_main_static::{closure#0}>::{closure#0}
[INFO] [stdout]    6:     0x578e00b36902 - std[104cf6e2632825ea]::panicking::panic_with_hook
[INFO] [stdout]    7:     0x578e00b18d52 - std[104cf6e2632825ea]::panicking::panic_handler::{closure#0}
[INFO] [stdout]    8:     0x578e00b10f89 - std[104cf6e2632825ea]::sys::backtrace::__rust_end_short_backtrace::<std[104cf6e2632825ea]::panicking::panic_handler::{closure#0}, !>
[INFO] [stdout]    9:     0x578e00b19a3d - __rustc[b0d56fa5b193ad05]::rust_begin_unwind
[INFO] [stdout]   10:     0x578e00b5699c - core[7c831bd917ebf35f]::panicking::panic_fmt
[INFO] [stdout]   11:     0x578e00b56772 - core[7c831bd917ebf35f]::result::unwrap_failed
[INFO] [stdout]   12:     0x578e00564e4b - git_remote_panproto[b22af8ab3f33d70c]::tests::push_stage_uses_dst_ref_name_not_hardcoded_main
[INFO] [stdout]   13:     0x578e00592789 - <git_remote_panproto[b22af8ab3f33d70c]::tests::push_stage_uses_dst_ref_name_not_hardcoded_main::{closure#0} as core[7c831bd917ebf35f]::ops::function::FnOnce<()>>::call_once
[INFO] [stdout]   14:     0x578e0083c14b - test[73009c9f9aebf890]::__rust_begin_short_backtrace::<core[7c831bd917ebf35f]::result::Result<(), alloc[2fdc3f7464fcf288]::string::String>, fn() -> core[7c831bd917ebf35f]::result::Result<(), alloc[2fdc3f7464fcf288]::string::String>>
[INFO] [stdout]   15:     0x578e008497b5 - test[73009c9f9aebf890]::run_test::{closure#0}
[INFO] [stdout]   16:     0x578e00842b74 - std[104cf6e2632825ea]::sys::backtrace::__rust_begin_short_backtrace::<test[73009c9f9aebf890]::run_test::{closure#1}, ()>
[INFO] [stdout]   17:     0x578e0084c912 - <std[104cf6e2632825ea]::thread::lifecycle::spawn_unchecked<test[73009c9f9aebf890]::run_test::{closure#1}, ()>::{closure#1} as core[7c831bd917ebf35f]::ops::function::FnOnce<()>>::call_once::{shim:vtable#0}
[INFO] [stdout]   18:     0x578e00b3e529 - <std[104cf6e2632825ea]::sys::thread::unix::Thread>::new::thread_start
[INFO] [stdout]   19:     0x72ea90f6607a - <unknown>
[INFO] [stdout]   20:     0x72ea90ff9534 - clone
[INFO] [stdout]   21:                0x0 - <unknown>
[INFO] [stdout] 
[INFO] [stdout] ---- tests::fetch_stage_preserves_dag_parent_links_via_marks stdout ----
[INFO] [stdout] 
[INFO] [stdout] thread 'tests::fetch_stage_preserves_dag_parent_links_via_marks' (14198) panicked at src/main.rs:1535:10:
[INFO] [stdout] called `Result::unwrap()` on an `Err` value: BlobCache("blob cache entry for 7d4290a117a4ddcc11daae7ea675841033830c8f has empty protocol; every entry must carry a protocol name")
[INFO] [stdout] stack backtrace:
[INFO] [stdout]    0:     0x578e00b3f4e1 - <<std[104cf6e2632825ea]::sys::backtrace::BacktraceLock>::print::DisplayBacktrace as core[7c831bd917ebf35f]::fmt::Display>::fmt
[INFO] [stdout]    1:     0x578e00b561ba - core[7c831bd917ebf35f]::fmt::write
[INFO] [stdout]    2:     0x578e00b43d2c - <alloc[2fdc3f7464fcf288]::vec::Vec<u8> as core[7c831bd917ebf35f]::io::write::Write>::write_fmt
[INFO] [stdout]    3:     0x578e00b18ca6 - std[104cf6e2632825ea]::panicking::default_hook::{closure#0}
[INFO] [stdout]    4:     0x578e00b365d9 - std[104cf6e2632825ea]::panicking::default_hook
[INFO] [stdout]    5:     0x578e00848e60 - test[73009c9f9aebf890]::test_main_inner::<test[73009c9f9aebf890]::test_main_static::{closure#0}>::{closure#0}
[INFO] [stdout]    6:     0x578e00b36902 - std[104cf6e2632825ea]::panicking::panic_with_hook
[INFO] [stdout]    7:     0x578e00b18d52 - std[104cf6e2632825ea]::panicking::panic_handler::{closure#0}
[INFO] [stdout]    8:     0x578e00b10f89 - std[104cf6e2632825ea]::sys::backtrace::__rust_end_short_backtrace::<std[104cf6e2632825ea]::panicking::panic_handler::{closure#0}, !>
[INFO] [stdout]    9:     0x578e00b19a3d - __rustc[b0d56fa5b193ad05]::rust_begin_unwind
[INFO] [stdout]   10:     0x578e00b5699c - core[7c831bd917ebf35f]::panicking::panic_fmt
[INFO] [stdout]   11:     0x578e00b56772 - core[7c831bd917ebf35f]::result::unwrap_failed
[INFO] [stdout]   12:     0x578e00566661 - git_remote_panproto[b22af8ab3f33d70c]::tests::fetch_stage_preserves_dag_parent_links_via_marks
[INFO] [stdout]   13:     0x578e005927c9 - <git_remote_panproto[b22af8ab3f33d70c]::tests::fetch_stage_preserves_dag_parent_links_via_marks::{closure#0} as core[7c831bd917ebf35f]::ops::function::FnOnce<()>>::call_once
[INFO] [stdout]   14:     0x578e0083c14b - test[73009c9f9aebf890]::__rust_begin_short_backtrace::<core[7c831bd917ebf35f]::result::Result<(), alloc[2fdc3f7464fcf288]::string::String>, fn() -> core[7c831bd917ebf35f]::result::Result<(), alloc[2fdc3f7464fcf288]::string::String>>
[INFO] [stdout]   15:     0x578e008497b5 - test[73009c9f9aebf890]::run_test::{closure#0}
[INFO] [stdout]   16:     0x578e00842b74 - std[104cf6e2632825ea]::sys::backtrace::__rust_begin_short_backtrace::<test[73009c9f9aebf890]::run_test::{closure#1}, ()>
[INFO] [stdout]   17:     0x578e0084c912 - <std[104cf6e2632825ea]::thread::lifecycle::spawn_unchecked<test[73009c9f9aebf890]::run_test::{closure#1}, ()>::{closure#1} as core[7c831bd917ebf35f]::ops::function::FnOnce<()>>::call_once::{shim:vtable#0}
[INFO] [stdout]   18:     0x578e00b3e529 - <std[104cf6e2632825ea]::sys::thread::unix::Thread>::new::thread_start
[INFO] [stdout]   19:     0x72ea90f6607a - <unknown>
[INFO] [stdout]   20:     0x72ea90ff9534 - clone
[INFO] [stdout]   21:                0x0 - <unknown>
[INFO] [stdout] 
[INFO] [stdout] ---- tests::fetch_stage_full_export_on_first_run stdout ----
[INFO] [stdout] 
[INFO] [stdout] thread 'tests::fetch_stage_full_export_on_first_run' (14194) panicked at src/main.rs:1376:10:
[INFO] [stdout] called `Result::unwrap()` on an `Err` value: BlobCache("blob cache entry for 7d4290a117a4ddcc11daae7ea675841033830c8f has empty protocol; every entry must carry a protocol name")
[INFO] [stdout] stack backtrace:
[INFO] [stdout]    0:     0x578e00b3f4e1 - <<std[104cf6e2632825ea]::sys::backtrace::BacktraceLock>::print::DisplayBacktrace as core[7c831bd917ebf35f]::fmt::Display>::fmt
[INFO] [stdout]    1:     0x578e00b561ba - core[7c831bd917ebf35f]::fmt::write
[INFO] [stdout]    2:     0x578e00b43d2c - <alloc[2fdc3f7464fcf288]::vec::Vec<u8> as core[7c831bd917ebf35f]::io::write::Write>::write_fmt
[INFO] [stdout]    3:     0x578e00b18ca6 - std[104cf6e2632825ea]::panicking::default_hook::{closure#0}
[INFO] [stdout]    4:     0x578e00b365d9 - std[104cf6e2632825ea]::panicking::default_hook
[INFO] [stdout]    5:     0x578e00848e60 - test[73009c9f9aebf890]::test_main_inner::<test[73009c9f9aebf890]::test_main_static::{closure#0}>::{closure#0}
[INFO] [stdout]    6:     0x578e00b36902 - std[104cf6e2632825ea]::panicking::panic_with_hook
[INFO] [stdout]    7:     0x578e00b18d52 - std[104cf6e2632825ea]::panicking::panic_handler::{closure#0}
[INFO] [stdout]    8:     0x578e00b10f89 - std[104cf6e2632825ea]::sys::backtrace::__rust_end_short_backtrace::<std[104cf6e2632825ea]::panicking::panic_handler::{closure#0}, !>
[INFO] [stdout]    9:     0x578e00b19a3d - __rustc[b0d56fa5b193ad05]::rust_begin_unwind
[INFO] [stdout]   10:     0x578e00b5699c - core[7c831bd917ebf35f]::panicking::panic_fmt
[INFO] [stdout]   11:     0x578e00b56772 - core[7c831bd917ebf35f]::result::unwrap_failed
[INFO] [stdout]   12:     0x578e0055e1db - git_remote_panproto[b22af8ab3f33d70c]::tests::fetch_stage_full_export_on_first_run
[INFO] [stdout]   13:     0x578e005925e9 - <git_remote_panproto[b22af8ab3f33d70c]::tests::fetch_stage_full_export_on_first_run::{closure#0} as core[7c831bd917ebf35f]::ops::function::FnOnce<()>>::call_once
[INFO] [stdout]   14:     0x578e0083c14b - test[73009c9f9aebf890]::__rust_begin_short_backtrace::<core[7c831bd917ebf35f]::result::Result<(), alloc[2fdc3f7464fcf288]::string::String>, fn() -> core[7c831bd917ebf35f]::result::Result<(), alloc[2fdc3f7464fcf288]::string::String>>
[INFO] [stdout]   15:     0x578e008497b5 - test[73009c9f9aebf890]::run_test::{closure#0}
[INFO] [stdout]   16:     0x578e00842b74 - std[104cf6e2632825ea]::sys::backtrace::__rust_begin_short_backtrace::<test[73009c9f9aebf890]::run_test::{closure#1}, ()>
[INFO] [stdout]   17:     0x578e0084c912 - <std[104cf6e2632825ea]::thread::lifecycle::spawn_unchecked<test[73009c9f9aebf890]::run_test::{closure#1}, ()>::{closure#1} as core[7c831bd917ebf35f]::ops::function::FnOnce<()>>::call_once::{shim:vtable#0}
[INFO] [stdout]   18:     0x578e00b3e529 - <std[104cf6e2632825ea]::sys::thread::unix::Thread>::new::thread_start
[INFO] [stdout]   19:     0x72ea90f6607a - <unknown>
[INFO] [stdout]   20:     0x72ea90ff9534 - clone
[INFO] [stdout]   21:                0x0 - <unknown>
[INFO] [stdout] 
[INFO] [stdout] ---- tests::cmd_push_then_fetch_round_trip_preserves_commit_count stdout ----
[INFO] [stdout] 
[INFO] [stdout] thread 'tests::cmd_push_then_fetch_round_trip_preserves_commit_count' (14191) panicked at src/main.rs:2319:10:
[INFO] [stdout] called `Result::unwrap()` on an `Err` value: BlobCache("blob cache entry for 7d4290a117a4ddcc11daae7ea675841033830c8f has empty protocol; every entry must carry a protocol name")
[INFO] [stdout] stack backtrace:
[INFO] [stdout]    0:     0x578e00b3f4e1 - <<std[104cf6e2632825ea]::sys::backtrace::BacktraceLock>::print::DisplayBacktrace as core[7c831bd917ebf35f]::fmt::Display>::fmt
[INFO] [stdout]    1:     0x578e00b561ba - core[7c831bd917ebf35f]::fmt::write
[INFO] [stdout]    2:     0x578e00b43d2c - <alloc[2fdc3f7464fcf288]::vec::Vec<u8> as core[7c831bd917ebf35f]::io::write::Write>::write_fmt
[INFO] [stdout]    3:     0x578e00b18ca6 - std[104cf6e2632825ea]::panicking::default_hook::{closure#0}
[INFO] [stdout]    4:     0x578e00b365d9 - std[104cf6e2632825ea]::panicking::default_hook
[INFO] [stdout]    5:     0x578e00848e60 - test[73009c9f9aebf890]::test_main_inner::<test[73009c9f9aebf890]::test_main_static::{closure#0}>::{closure#0}
[INFO] [stdout]    6:     0x578e00b36902 - std[104cf6e2632825ea]::panicking::panic_with_hook
[INFO] [stdout]    7:     0x578e00b18d52 - std[104cf6e2632825ea]::panicking::panic_handler::{closure#0}
[INFO] [stdout]    8:     0x578e00b10f89 - std[104cf6e2632825ea]::sys::backtrace::__rust_end_short_backtrace::<std[104cf6e2632825ea]::panicking::panic_handler::{closure#0}, !>
[INFO] [stdout]    9:     0x578e00b19a3d - __rustc[b0d56fa5b193ad05]::rust_begin_unwind
[INFO] [stdout]   10:     0x578e00b5699c - core[7c831bd917ebf35f]::panicking::panic_fmt
[INFO] [stdout]   11:     0x578e00b56772 - core[7c831bd917ebf35f]::result::unwrap_failed
[INFO] [stdout]   12:     0x578e0056a48a - git_remote_panproto[b22af8ab3f33d70c]::tests::cmd_push_then_fetch_round_trip_preserves_commit_count
[INFO] [stdout]   13:     0x578e005928a9 - <git_remote_panproto[b22af8ab3f33d70c]::tests::cmd_push_then_fetch_round_trip_preserves_commit_count::{closure#0} as core[7c831bd917ebf35f]::ops::function::FnOnce<()>>::call_once
[INFO] [stdout]   14:     0x578e0083c14b - test[73009c9f9aebf890]::__rust_begin_short_backtrace::<core[7c831bd917ebf35f]::result::Result<(), alloc[2fdc3f7464fcf288]::string::String>, fn() -> core[7c831bd917ebf35f]::result::Result<(), alloc[2fdc3f7464fcf288]::string::String>>
[INFO] [stdout]   15:     0x578e008497b5 - test[73009c9f9aebf890]::run_test::{closure#0}
[INFO] [stdout]   16:     0x578e00842b74 - std[104cf6e2632825ea]::sys::backtrace::__rust_begin_short_backtrace::<test[73009c9f9aebf890]::run_test::{closure#1}, ()>
[INFO] [stdout]   17:     0x578e0084c912 - <std[104cf6e2632825ea]::thread::lifecycle::spawn_unchecked<test[73009c9f9aebf890]::run_test::{closure#1}, ()>::{closure#1} as core[7c831bd917ebf35f]::ops::function::FnOnce<()>>::call_once::{shim:vtable#0}
[INFO] [stdout]   18:     0x578e00b3e529 - <std[104cf6e2632825ea]::sys::thread::unix::Thread>::new::thread_start
[INFO] [stdout]   19:     0x72ea90f6607a - <unknown>
[INFO] [stdout]   20:     0x72ea90ff9534 - clone
[INFO] [stdout]   21:                0x0 - <unknown>
[INFO] [stdout] 
[INFO] [stdout] ---- tests::cmd_fetch_end_to_end_pulls_and_exports_history stdout ----
[INFO] [stdout] 
[INFO] [stdout] thread 'tests::cmd_fetch_end_to_end_pulls_and_exports_history' (14186) panicked at src/main.rs:2202:10:
[INFO] [stdout] called `Result::unwrap()` on an `Err` value: BlobCache("blob cache entry for 7d4290a117a4ddcc11daae7ea675841033830c8f has empty protocol; every entry must carry a protocol name")
[INFO] [stdout] stack backtrace:
[INFO] [stdout]    0:     0x578e00b3f4e1 - <<std[104cf6e2632825ea]::sys::backtrace::BacktraceLock>::print::DisplayBacktrace as core[7c831bd917ebf35f]::fmt::Display>::fmt
[INFO] [stdout]    1:     0x578e00b561ba - core[7c831bd917ebf35f]::fmt::write
[INFO] [stdout]    2:     0x578e00b43d2c - <alloc[2fdc3f7464fcf288]::vec::Vec<u8> as core[7c831bd917ebf35f]::io::write::Write>::write_fmt
[INFO] [stdout]    3:     0x578e00b18ca6 - std[104cf6e2632825ea]::panicking::default_hook::{closure#0}
[INFO] [stdout]    4:     0x578e00b365d9 - std[104cf6e2632825ea]::panicking::default_hook
[INFO] [stderr] error: test failed, to rerun pass `--bin git-remote-panproto`
[INFO] [stdout]    5:     0x578e00848e60 - test[73009c9f9aebf890]::test_main_inner::<test[73009c9f9aebf890]::test_main_static::{closure#0}>::{closure#0}
[INFO] [stdout]    6:     0x578e00b36902 - std[104cf6e2632825ea]::panicking::panic_with_hook
[INFO] [stdout]    7:     0x578e00b18d52 - std[104cf6e2632825ea]::panicking::panic_handler::{closure#0}
[INFO] [stdout]    8:     0x578e00b10f89 - std[104cf6e2632825ea]::sys::backtrace::__rust_end_short_backtrace::<std[104cf6e2632825ea]::panicking::panic_handler::{closure#0}, !>
[INFO] [stdout]    9:     0x578e00b19a3d - __rustc[b0d56fa5b193ad05]::rust_begin_unwind
[INFO] [stdout]   10:     0x578e00b5699c - core[7c831bd917ebf35f]::panicking::panic_fmt
[INFO] [stdout]   11:     0x578e00b56772 - core[7c831bd917ebf35f]::result::unwrap_failed
[INFO] [stdout]   12:     0x578e00563fbe - git_remote_panproto[b22af8ab3f33d70c]::tests::cmd_fetch_end_to_end_pulls_and_exports_history
[INFO] [stdout]   13:     0x578e00592749 - <git_remote_panproto[b22af8ab3f33d70c]::tests::cmd_fetch_end_to_end_pulls_and_exports_history::{closure#0} as core[7c831bd917ebf35f]::ops::function::FnOnce<()>>::call_once
[INFO] [stdout]   14:     0x578e0083c14b - test[73009c9f9aebf890]::__rust_begin_short_backtrace::<core[7c831bd917ebf35f]::result::Result<(), alloc[2fdc3f7464fcf288]::string::String>, fn() -> core[7c831bd917ebf35f]::result::Result<(), alloc[2fdc3f7464fcf288]::string::String>>
[INFO] [stdout]   15:     0x578e008497b5 - test[73009c9f9aebf890]::run_test::{closure#0}
[INFO] [stdout]   16:     0x578e00842b74 - std[104cf6e2632825ea]::sys::backtrace::__rust_begin_short_backtrace::<test[73009c9f9aebf890]::run_test::{closure#1}, ()>
[INFO] [stdout]   17:     0x578e0084c912 - <std[104cf6e2632825ea]::thread::lifecycle::spawn_unchecked<test[73009c9f9aebf890]::run_test::{closure#1}, ()>::{closure#1} as core[7c831bd917ebf35f]::ops::function::FnOnce<()>>::call_once::{shim:vtable#0}
[INFO] [stdout]   18:     0x578e00b3e529 - <std[104cf6e2632825ea]::sys::thread::unix::Thread>::new::thread_start
[INFO] [stdout]   19:     0x72ea90f6607a - <unknown>
[INFO] [stdout]   20:     0x72ea90ff9534 - clone
[INFO] [stdout]   21:                0x0 - <unknown>
[INFO] [stdout] 
[INFO] [stdout] ---- tests::push_stage_first_run_imports_full_history stdout ----
[INFO] [stdout] 
[INFO] [stdout] thread 'tests::push_stage_first_run_imports_full_history' (14207) panicked at src/main.rs:1147:10:
[INFO] [stdout] called `Result::unwrap()` on an `Err` value: BlobCache("blob cache entry for 7d4290a117a4ddcc11daae7ea675841033830c8f has empty protocol; every entry must carry a protocol name")
[INFO] [stdout] stack backtrace:
[INFO] [stdout]    0:     0x578e00b3f4e1 - <<std[104cf6e2632825ea]::sys::backtrace::BacktraceLock>::print::DisplayBacktrace as core[7c831bd917ebf35f]::fmt::Display>::fmt
[INFO] [stdout]    1:     0x578e00b561ba - core[7c831bd917ebf35f]::fmt::write
[INFO] [stdout]    2:     0x578e00b43d2c - <alloc[2fdc3f7464fcf288]::vec::Vec<u8> as core[7c831bd917ebf35f]::io::write::Write>::write_fmt
[INFO] [stdout]    3:     0x578e00b18ca6 - std[104cf6e2632825ea]::panicking::default_hook::{closure#0}
[INFO] [stdout]    4:     0x578e00b365d9 - std[104cf6e2632825ea]::panicking::default_hook
[INFO] [stdout]    5:     0x578e00848e60 - test[73009c9f9aebf890]::test_main_inner::<test[73009c9f9aebf890]::test_main_static::{closure#0}>::{closure#0}
[INFO] [stdout]    6:     0x578e00b36902 - std[104cf6e2632825ea]::panicking::panic_with_hook
[INFO] [stdout]    7:     0x578e00b18d52 - std[104cf6e2632825ea]::panicking::panic_handler::{closure#0}
[INFO] [stdout]    8:     0x578e00b10f89 - std[104cf6e2632825ea]::sys::backtrace::__rust_end_short_backtrace::<std[104cf6e2632825ea]::panicking::panic_handler::{closure#0}, !>
[INFO] [stdout]    9:     0x578e00b19a3d - __rustc[b0d56fa5b193ad05]::rust_begin_unwind
[INFO] [stdout]   10:     0x578e00b5699c - core[7c831bd917ebf35f]::panicking::panic_fmt
[INFO] [stdout]   11:     0x578e00b56772 - core[7c831bd917ebf35f]::result::unwrap_failed
[INFO] [stdout]   12:     0x578e00561a55 - git_remote_panproto[b22af8ab3f33d70c]::tests::push_stage_first_run_imports_full_history
[INFO] [stdout]   13:     0x578e005926e9 - <git_remote_panproto[b22af8ab3f33d70c]::tests::push_stage_first_run_imports_full_history::{closure#0} as core[7c831bd917ebf35f]::ops::function::FnOnce<()>>::call_once
[INFO] [stdout]   14:     0x578e0083c14b - test[73009c9f9aebf890]::__rust_begin_short_backtrace::<core[7c831bd917ebf35f]::result::Result<(), alloc[2fdc3f7464fcf288]::string::String>, fn() -> core[7c831bd917ebf35f]::result::Result<(), alloc[2fdc3f7464fcf288]::string::String>>
[INFO] [stdout]   15:     0x578e008497b5 - test[73009c9f9aebf890]::run_test::{closure#0}
[INFO] [stdout]   16:     0x578e00842b74 - std[104cf6e2632825ea]::sys::backtrace::__rust_begin_short_backtrace::<test[73009c9f9aebf890]::run_test::{closure#1}, ()>
[INFO] [stdout]   17:     0x578e0084c912 - <std[104cf6e2632825ea]::thread::lifecycle::spawn_unchecked<test[73009c9f9aebf890]::run_test::{closure#1}, ()>::{closure#1} as core[7c831bd917ebf35f]::ops::function::FnOnce<()>>::call_once::{shim:vtable#0}
[INFO] [stdout]   18:     0x578e00b3e529 - <std[104cf6e2632825ea]::sys::thread::unix::Thread>::new::thread_start
[INFO] [stdout]   19:     0x72ea90f6607a - <unknown>
[INFO] [stdout]   20:     0x72ea90ff9534 - clone
[INFO] [stdout]   21:                0x0 - <unknown>
[INFO] [stdout] 
[INFO] [stdout] ---- tests::push_stage_second_run_is_noop_when_nothing_new stdout ----
[INFO] [stdout] 
[INFO] [stdout] thread 'tests::push_stage_second_run_is_noop_when_nothing_new' (14209) panicked at src/main.rs:1183:10:
[INFO] [stdout] called `Result::unwrap()` on an `Err` value: BlobCache("blob cache entry for 7d4290a117a4ddcc11daae7ea675841033830c8f has empty protocol; every entry must carry a protocol name")
[INFO] [stdout] stack backtrace:
[INFO] [stdout]    0:     0x578e00b3f4e1 - <<std[104cf6e2632825ea]::sys::backtrace::BacktraceLock>::print::DisplayBacktrace as core[7c831bd917ebf35f]::fmt::Display>::fmt
[INFO] [stdout]    1:     0x578e00b561ba - core[7c831bd917ebf35f]::fmt::write
[INFO] [stdout]    2:     0x578e00b43d2c - <alloc[2fdc3f7464fcf288]::vec::Vec<u8> as core[7c831bd917ebf35f]::io::write::Write>::write_fmt
[INFO] [stdout]    3:     0x578e00b18ca6 - std[104cf6e2632825ea]::panicking::default_hook::{closure#0}
[INFO] [stdout]    4:     0x578e00b365d9 - std[104cf6e2632825ea]::panicking::default_hook
[INFO] [stdout]    5:     0x578e00848e60 - test[73009c9f9aebf890]::test_main_inner::<test[73009c9f9aebf890]::test_main_static::{closure#0}>::{closure#0}
[INFO] [stdout]    6:     0x578e00b36902 - std[104cf6e2632825ea]::panicking::panic_with_hook
[INFO] [stdout]    7:     0x578e00b18d52 - std[104cf6e2632825ea]::panicking::panic_handler::{closure#0}
[INFO] [stdout]    8:     0x578e00b10f89 - std[104cf6e2632825ea]::sys::backtrace::__rust_end_short_backtrace::<std[104cf6e2632825ea]::panicking::panic_handler::{closure#0}, !>
[INFO] [stdout]    9:     0x578e00b19a3d - __rustc[b0d56fa5b193ad05]::rust_begin_unwind
[INFO] [stdout]   10:     0x578e00b5699c - core[7c831bd917ebf35f]::panicking::panic_fmt
[INFO] [stdout]   11:     0x578e00b56772 - core[7c831bd917ebf35f]::result::unwrap_failed
[INFO] [stdout]   12:     0x578e00564830 - git_remote_panproto[b22af8ab3f33d70c]::tests::push_stage_second_run_is_noop_when_nothing_new
[INFO] [stdout]   13:     0x578e00592769 - <git_remote_panproto[b22af8ab3f33d70c]::tests::push_stage_second_run_is_noop_when_nothing_new::{closure#0} as core[7c831bd917ebf35f]::ops::function::FnOnce<()>>::call_once
[INFO] [stdout]   14:     0x578e0083c14b - test[73009c9f9aebf890]::__rust_begin_short_backtrace::<core[7c831bd917ebf35f]::result::Result<(), alloc[2fdc3f7464fcf288]::string::String>, fn() -> core[7c831bd917ebf35f]::result::Result<(), alloc[2fdc3f7464fcf288]::string::String>>
[INFO] [stdout]   15:     0x578e008497b5 - test[73009c9f9aebf890]::run_test::{closure#0}
[INFO] [stdout]   16:     0x578e00842b74 - std[104cf6e2632825ea]::sys::backtrace::__rust_begin_short_backtrace::<test[73009c9f9aebf890]::run_test::{closure#1}, ()>
[INFO] [stdout]   17:     0x578e0084c912 - <std[104cf6e2632825ea]::thread::lifecycle::spawn_unchecked<test[73009c9f9aebf890]::run_test::{closure#1}, ()>::{closure#1} as core[7c831bd917ebf35f]::ops::function::FnOnce<()>>::call_once::{shim:vtable#0}
[INFO] [stdout]   18:     0x578e00b3e529 - <std[104cf6e2632825ea]::sys::thread::unix::Thread>::new::thread_start
[INFO] [stdout]   19:     0x72ea90f6607a - <unknown>
[INFO] [stdout]   20:     0x72ea90ff9534 - clone
[INFO] [stdout]   21:                0x0 - <unknown>
[INFO] [stdout] 
[INFO] [stdout] ---- tests::warm_cache_short_circuits_reparse_on_first_push stdout ----
[INFO] [stdout] 
[INFO] [stdout] thread 'tests::warm_cache_short_circuits_reparse_on_first_push' (14211) panicked at src/main.rs:1277:10:
[INFO] [stdout] called `Result::unwrap()` on an `Err` value: BlobCache("blob cache entry for 7d4290a117a4ddcc11daae7ea675841033830c8f has empty protocol; every entry must carry a protocol name")
[INFO] [stdout] stack backtrace:
[INFO] [stdout]    0:     0x578e00b3f4e1 - <<std[104cf6e2632825ea]::sys::backtrace::BacktraceLock>::print::DisplayBacktrace as core[7c831bd917ebf35f]::fmt::Display>::fmt
[INFO] [stdout]    1:     0x578e00b561ba - core[7c831bd917ebf35f]::fmt::write
[INFO] [stdout]    2:     0x578e00b43d2c - <alloc[2fdc3f7464fcf288]::vec::Vec<u8> as core[7c831bd917ebf35f]::io::write::Write>::write_fmt
[INFO] [stdout]    3:     0x578e00b18ca6 - std[104cf6e2632825ea]::panicking::default_hook::{closure#0}
[INFO] [stdout]    4:     0x578e00b365d9 - std[104cf6e2632825ea]::panicking::default_hook
[INFO] [stdout]    5:     0x578e00848e60 - test[73009c9f9aebf890]::test_main_inner::<test[73009c9f9aebf890]::test_main_static::{closure#0}>::{closure#0}
[INFO] [stdout]    6:     0x578e00b36902 - std[104cf6e2632825ea]::panicking::panic_with_hook
[INFO] [stdout]    7:     0x578e00b18d52 - std[104cf6e2632825ea]::panicking::panic_handler::{closure#0}
[INFO] [stdout]    8:     0x578e00b10f89 - std[104cf6e2632825ea]::sys::backtrace::__rust_end_short_backtrace::<std[104cf6e2632825ea]::panicking::panic_handler::{closure#0}, !>
[INFO] [stdout]    9:     0x578e00b19a3d - __rustc[b0d56fa5b193ad05]::rust_begin_unwind
[INFO] [stdout]   10:     0x578e00b5699c - core[7c831bd917ebf35f]::panicking::panic_fmt
[INFO] [stdout]   11:     0x578e00b56772 - core[7c831bd917ebf35f]::result::unwrap_failed
[INFO] [stdout]   12:     0x578e0056576d - git_remote_panproto[b22af8ab3f33d70c]::tests::warm_cache_short_circuits_reparse_on_first_push
[INFO] [stdout]   13:     0x578e005927a9 - <git_remote_panproto[b22af8ab3f33d70c]::tests::warm_cache_short_circuits_reparse_on_first_push::{closure#0} as core[7c831bd917ebf35f]::ops::function::FnOnce<()>>::call_once
[INFO] [stdout]   14:     0x578e0083c14b - test[73009c9f9aebf890]::__rust_begin_short_backtrace::<core[7c831bd917ebf35f]::result::Result<(), alloc[2fdc3f7464fcf288]::string::String>, fn() -> core[7c831bd917ebf35f]::result::Result<(), alloc[2fdc3f7464fcf288]::string::String>>
[INFO] [stdout]   15:     0x578e008497b5 - test[73009c9f9aebf890]::run_test::{closure#0}
[INFO] [stdout]   16:     0x578e00842b74 - std[104cf6e2632825ea]::sys::backtrace::__rust_begin_short_backtrace::<test[73009c9f9aebf890]::run_test::{closure#1}, ()>
[INFO] [stdout]   17:     0x578e0084c912 - <std[104cf6e2632825ea]::thread::lifecycle::spawn_unchecked<test[73009c9f9aebf890]::run_test::{closure#1}, ()>::{closure#1} as core[7c831bd917ebf35f]::ops::function::FnOnce<()>>::call_once::{shim:vtable#0}
[INFO] [stdout]   18:     0x578e00b3e529 - <std[104cf6e2632825ea]::sys::thread::unix::Thread>::new::thread_start
[INFO] [stdout]   19:     0x72ea90f6607a - <unknown>
[INFO] [stdout]   20:     0x72ea90ff9534 - clone
[INFO] [stdout]   21:                0x0 - <unknown>
[INFO] [stdout] 
[INFO] [stdout] 
[INFO] [stdout] failures:
[INFO] [stdout]     tests::cmd_fetch_end_to_end_pulls_and_exports_history
[INFO] [stdout]     tests::cmd_fetch_end_to_end_second_fetch_is_noop
[INFO] [stdout]     tests::cmd_push_end_to_end_calls_remote_in_expected_order
[INFO] [stdout]     tests::cmd_push_end_to_end_push_payload_contains_local_ref
[INFO] [stdout]     tests::cmd_push_end_to_end_second_call_grows_commit_count_and_head
[INFO] [stdout]     tests::cmd_push_then_fetch_round_trip_preserves_commit_count
[INFO] [stdout]     tests::fetch_stage_full_export_on_first_run
[INFO] [stdout]     tests::fetch_stage_is_idempotent
[INFO] [stdout]     tests::fetch_stage_preserves_dag_parent_links_via_marks
[INFO] [stdout]     tests::fetch_stage_treats_push_marks_as_already_exported
[INFO] [stdout]     tests::push_stage_first_run_imports_full_history
[INFO] [stdout]     tests::push_stage_imports_only_new_commits_after_extension
[INFO] [stdout]     tests::push_stage_second_run_is_noop_when_nothing_new
[INFO] [stdout]     tests::push_stage_uses_dst_ref_name_not_hardcoded_main
[INFO] [stdout]     tests::warm_cache_short_circuits_reparse_on_first_push
[INFO] [stdout] 
[INFO] [stdout] test result: FAILED. 14 passed; 15 failed; 0 ignored; 0 measured; 0 filtered out; finished in 0.09s
[INFO] [stdout] 
[INFO] running `Command { std: "docker" "inspect" "b756950ade15a55d346040755c5f45fd12aaf4caa126eec4d51b8a9e8353173c", kill_on_drop: false }`
[INFO] running `Command { std: "docker" "rm" "-f" "b756950ade15a55d346040755c5f45fd12aaf4caa126eec4d51b8a9e8353173c", kill_on_drop: false }`
[INFO] [stdout] b756950ade15a55d346040755c5f45fd12aaf4caa126eec4d51b8a9e8353173c
