[INFO] fetching crate jismeshcode 0.3.2...
[INFO] testing jismeshcode-0.3.2 against 1.99.0-beta.1+cargoflags=--release for beta-release-1.99-2
[INFO] extracting crate jismeshcode 0.3.2 into /workspace/builds/worker-5-tc2/source
[INFO] started tweaking crates.io crate jismeshcode 0.3.2
[INFO] removed 0 missing examples
[INFO] removed 0 missing tests
[INFO] finished tweaking crates.io crate jismeshcode 0.3.2
[INFO] tweaked toml for crates.io crate jismeshcode 0.3.2 written to /workspace/builds/worker-5-tc2/source/Cargo.toml
[INFO] validating manifest of crates.io crate jismeshcode 0.3.2 on toolchain 1.99.0-beta.1
[INFO] running `Command { std: CARGO_HOME="/workspace/cargo-home" RUSTUP_HOME="/workspace/rustup-home" "/workspace/cargo-home/bin/cargo" "+1.99.0-beta.1" "metadata" "--manifest-path" "Cargo.toml" "--no-deps", kill_on_drop: false }`
[INFO] crate crates.io crate jismeshcode 0.3.2 already has a lockfile, it will not be regenerated
[INFO] running `Command { std: CARGO_HOME="/workspace/cargo-home" RUSTUP_HOME="/workspace/rustup-home" "/workspace/cargo-home/bin/cargo" "+1.99.0-beta.1" "fetch" "--manifest-path" "Cargo.toml", kill_on_drop: false }`
[INFO] running `Command { std: "docker" "create" "-v" "/var/lib/crater-agent-workspace/builds/worker-5-tc2/source:/opt/rustwide/workdir:ro,Z" "-v" "/var/lib/crater-agent-workspace/builds/worker-5-tc2/target:/opt/rustwide/target:rw,Z" "-v" "/var/lib/crater-agent-workspace/cargo-home:/opt/rustwide/cargo-home:ro,Z" "-v" "/var/lib/crater-agent-workspace/rustup-home:/opt/rustwide/rustup-home:ro,Z" "-m" "1610612736" "--network" "none" "ghcr.io/rust-lang/crates-build-env/linux@sha256:8683fc1fc2eb5c9ac98e0d076ab094b2ffac7f99da555d2b6a2e27f346de2ec7" "sleep" "infinity", kill_on_drop: false }`
[INFO] [stdout] c3664b6188a5e6646f5ca5688d59e6994d1741df6da26ca533172aadc8ffea10
[INFO] running `Command { std: "docker" "start" "c3664b6188a5e6646f5ca5688d59e6994d1741df6da26ca533172aadc8ffea10", kill_on_drop: false }`
[INFO] running `Command { std: "docker" "inspect" "c3664b6188a5e6646f5ca5688d59e6994d1741df6da26ca533172aadc8ffea10", kill_on_drop: false }`
[INFO] running `Command { std: "docker" "exec" "-e" "SOURCE_DIR=/opt/rustwide/workdir" "-e" "CARGO_HOME=/opt/rustwide/cargo-home" "-e" "RUSTUP_HOME=/opt/rustwide/rustup-home" "-e" "CARGO_TARGET_DIR=/opt/rustwide/target" "-w" "/opt/rustwide/workdir" "--user" "0:0" "c3664b6188a5e6646f5ca5688d59e6994d1741df6da26ca533172aadc8ffea10" "/opt/rustwide/cargo-home/bin/cargo" "+1.99.0-beta.1" "metadata" "--no-deps" "--format-version=1", kill_on_drop: false }`
[INFO] running `Command { std: "docker" "inspect" "c3664b6188a5e6646f5ca5688d59e6994d1741df6da26ca533172aadc8ffea10", kill_on_drop: false }`
[INFO] running `Command { std: "docker" "exec" "-e" "SOURCE_DIR=/opt/rustwide/workdir" "-e" "CARGO_HOME=/opt/rustwide/cargo-home" "-e" "RUSTUP_HOME=/opt/rustwide/rustup-home" "-e" "CARGO_TARGET_DIR=/opt/rustwide/target" "-e" "CARGO_INCREMENTAL=0" "-e" "RUST_BACKTRACE=full" "-e" "RUSTFLAGS=--cap-lints=warn" "-e" "RUSTDOCFLAGS=--cap-lints=warn" "-w" "/opt/rustwide/workdir" "--user" "0:0" "c3664b6188a5e6646f5ca5688d59e6994d1741df6da26ca533172aadc8ffea10" "/opt/rustwide/cargo-home/bin/cargo" "+1.99.0-beta.1" "build" "--frozen" "--message-format=json" "--release", kill_on_drop: false }`
[INFO] [stderr]    Compiling jismeshcode v0.3.2 (/opt/rustwide/workdir)
[INFO] [stderr]     Finished `release` profile [optimized] target(s) in 0.28s
[INFO] running `Command { std: "docker" "inspect" "c3664b6188a5e6646f5ca5688d59e6994d1741df6da26ca533172aadc8ffea10", kill_on_drop: false }`
[INFO] running `Command { std: "docker" "exec" "-e" "SOURCE_DIR=/opt/rustwide/workdir" "-e" "CARGO_HOME=/opt/rustwide/cargo-home" "-e" "RUSTUP_HOME=/opt/rustwide/rustup-home" "-e" "CARGO_TARGET_DIR=/opt/rustwide/target" "-e" "CARGO_INCREMENTAL=0" "-e" "RUST_BACKTRACE=full" "-e" "RUSTFLAGS=--cap-lints=warn" "-e" "RUSTDOCFLAGS=--cap-lints=warn" "-w" "/opt/rustwide/workdir" "--user" "0:0" "c3664b6188a5e6646f5ca5688d59e6994d1741df6da26ca533172aadc8ffea10" "/opt/rustwide/cargo-home/bin/cargo" "+1.99.0-beta.1" "test" "--frozen" "--no-run" "--message-format=json" "--release", kill_on_drop: false }`
[INFO] [stderr]    Compiling proc-macro2 v1.0.106
[INFO] [stderr]    Compiling quote v1.0.46
[INFO] [stderr]    Compiling unicode-ident v1.0.24
[INFO] [stderr]    Compiling serde_core v1.0.228
[INFO] [stderr]    Compiling crossbeam-utils v0.8.22
[INFO] [stderr]    Compiling crossbeam-epoch v0.9.20
[INFO] [stderr]    Compiling zerocopy v0.8.54
[INFO] [stderr]    Compiling serde v1.0.228
[INFO] [stderr]    Compiling crossbeam-deque v0.8.7
[INFO] [stderr]    Compiling zmij v1.0.23
[INFO] [stderr]    Compiling autocfg v1.5.1
[INFO] [stderr]    Compiling rayon-core v1.13.0
[INFO] [stderr]    Compiling either v1.16.0
[INFO] [stderr]    Compiling serde_json v1.0.150
[INFO] [stderr]    Compiling cfg-if v1.0.4
[INFO] [stderr]    Compiling plotters-backend v0.3.7
[INFO] [stderr]    Compiling memchr v2.8.3
[INFO] [stderr]    Compiling regex-syntax v0.8.11
[INFO] [stderr]    Compiling ciborium-io v0.2.2
[INFO] [stderr]    Compiling clap_lex v1.1.0
[INFO] [stderr]    Compiling anstyle v1.0.14
[INFO] [stderr]    Compiling itoa v1.0.18
[INFO] [stderr]    Compiling plotters-svg v0.3.7
[INFO] [stderr]    Compiling itertools v0.13.0
[INFO] [stderr]    Compiling same-file v1.0.6
[INFO] [stderr]    Compiling cast v0.3.0
[INFO] [stderr]    Compiling oorandom v11.1.5
[INFO] [stderr]    Compiling anes v0.1.6
[INFO] [stderr]    Compiling clap_builder v4.6.0
[INFO] [stderr]    Compiling walkdir v2.5.0
[INFO] [stderr]    Compiling num-traits v0.2.19
[INFO] [stderr]    Compiling syn v2.0.118
[INFO] [stderr]    Compiling regex-automata v0.4.15
[INFO] [stderr]    Compiling plotters v0.3.7
[INFO] [stderr]    Compiling rayon v1.12.0
[INFO] [stderr]    Compiling criterion-plot v0.6.0
[INFO] [stderr]    Compiling clap v4.6.1
[INFO] [stderr]    Compiling regex v1.13.0
[INFO] [stderr]    Compiling zerocopy-derive v0.8.54
[INFO] [stderr]    Compiling serde_derive v1.0.228
[INFO] [stderr]    Compiling tinytemplate v1.2.1
[INFO] [stderr]    Compiling half v2.7.1
[INFO] [stderr]    Compiling ciborium-ll v0.2.2
[INFO] [stderr]    Compiling ciborium v0.2.2
[INFO] [stderr]    Compiling criterion v0.7.0
[INFO] [stderr]    Compiling jismeshcode v0.3.2 (/opt/rustwide/workdir)
[INFO] [stderr]     Finished `release` profile [optimized] target(s) in 39.08s
[INFO] running `Command { std: "docker" "inspect" "c3664b6188a5e6646f5ca5688d59e6994d1741df6da26ca533172aadc8ffea10", kill_on_drop: false }`
[INFO] running `Command { std: "docker" "exec" "-e" "SOURCE_DIR=/opt/rustwide/workdir" "-e" "CARGO_HOME=/opt/rustwide/cargo-home" "-e" "RUSTUP_HOME=/opt/rustwide/rustup-home" "-e" "CARGO_TARGET_DIR=/opt/rustwide/target" "-e" "CARGO_INCREMENTAL=0" "-e" "RUST_BACKTRACE=full" "-e" "RUSTFLAGS=--cap-lints=warn" "-e" "RUSTDOCFLAGS=--cap-lints=warn" "-w" "/opt/rustwide/workdir" "--user" "0:0" "c3664b6188a5e6646f5ca5688d59e6994d1741df6da26ca533172aadc8ffea10" "/opt/rustwide/cargo-home/bin/cargo" "+1.99.0-beta.1" "test" "--frozen" "--release", kill_on_drop: false }`
[INFO] [stderr]     Finished `release` profile [optimized] target(s) in 0.04s
[INFO] [stderr]      Running unittests src/lib.rs (/opt/rustwide/target/release/deps/jismeshcode-e0ac74de59692941)
[INFO] [stdout] 
[INFO] [stdout] running 42 tests
[INFO] [stdout] test convert::coord_to_mesh::tests::test_subdivision_index_jis_numbering ... ok
[INFO] [stdout] test convert::coord_to_mesh::tests::test_tokyo_station_first_mesh ... ok
[INFO] [stdout] test convert::coord_to_mesh::tests::test_tokyo_station_third_mesh ... ok
[INFO] [stdout] test convert::mesh_to_coord::tests::test_first_mesh_bounds ... ok
[INFO] [stdout] test convert::mesh_to_coord::tests::test_third_mesh_center ... ok
[INFO] [stdout] test operations::bounds::tests::test_bounds ... ok
[INFO] [stdout] test operations::bounds::tests::test_center ... ok
[INFO] [stdout] test operations::bounds::tests::test_contains ... ok
[INFO] [stdout] test operations::hierarchy::tests::test_children_first ... ok
[INFO] [stdout] test operations::hierarchy::tests::test_children_second ... ok
[INFO] [stdout] test operations::hierarchy::tests::test_parent ... ok
[INFO] [stdout] test operations::hierarchy::tests::test_to_level ... ok
[INFO] [stdout] test operations::neighbors::tests::test_neighbor_north ... ok
[INFO] [stdout] test operations::neighbors::tests::test_neighbors ... ok
[INFO] [stdout] test spatial::radius::tests::test_mesh_codes_in_radius_from_mesh ... ok
[INFO] [stdout] test spatial::radius::tests::test_mesh_codes_in_radius_increasing_radius ... ok
[INFO] [stdout] test spatial::radius::tests::test_mesh_codes_in_radius_negative ... ok
[INFO] [stdout] test spatial::radius::tests::test_mesh_codes_in_radius_positive ... ok
[INFO] [stdout] test spatial::radius::tests::test_mesh_codes_in_radius_zero ... ok
[INFO] [stdout] test spatial::radius::tests::test_mesh_codes_in_radius_different_levels ... ok
[INFO] [stdout] test types::bounding_box::tests::test_bounding_box ... ok
[INFO] [stdout] test types::bounding_box::tests::test_center ... ok
[INFO] [stdout] test spatial::range::tests::test_mesh_codes_in_bbox ... ok
[INFO] [stdout] test types::bounding_box::tests::test_contains ... ok
[INFO] [stdout] test types::coordinate::tests::test_invalid_latitude ... ok
[INFO] [stdout] test types::coordinate::tests::test_invalid_longitude ... ok
[INFO] [stdout] test types::coordinate::tests::test_out_of_japan_range ... ok
[INFO] [stdout] test types::coordinate::tests::test_valid_coordinate ... ok
[INFO] [stdout] test types::direction::tests::test_offset ... ok
[INFO] [stdout] test types::direction::tests::test_opposite ... ok
[INFO] [stdout] test types::mesh_code::tests::test_invalid_mesh_code ... ok
[INFO] [stdout] test types::mesh_code::tests::test_mesh_code_creation ... ok
[INFO] [stdout] test types::mesh_code::tests::test_mesh_code_display ... ok
[INFO] [stdout] test types::mesh_code::tests::test_mesh_code_from_str ... ok
[INFO] [stdout] test types::mesh_level::tests::test_from_code_length ... ok
[INFO] [stdout] test types::mesh_level::tests::test_lat_lon_size ... ok
[INFO] [stdout] test types::mesh_level::tests::test_parent ... ok
[INFO] [stdout] test utils::distance::tests::test_calculate_bbox_offsets_positive ... ok
[INFO] [stdout] test utils::distance::tests::test_calculate_bbox_offsets_zero_radius ... ok
[INFO] [stdout] test utils::distance::tests::test_haversine_distance_same_point ... ok
[INFO] [stdout] test utils::distance::tests::test_haversine_distance_symmetric ... ok
[INFO] [stdout] test utils::distance::tests::test_haversine_distance_tokyo_yokohama ... ok
[INFO] [stdout] 
[INFO] [stdout] test result: ok. 42 passed; 0 failed; 0 ignored; 0 measured; 0 filtered out; finished in 0.00s
[INFO] [stdout] 
[INFO] [stderr]      Running tests/conversion_test.rs (/opt/rustwide/target/release/deps/conversion_test-601939c5c3d5a256)
[INFO] [stdout] 
[INFO] [stdout] running 20 tests
[INFO] [stdout] test test_adjacent_mesh_boundaries ... ok
[INFO] [stdout] test test_conversion_consistency ... ok
[INFO] [stdout] test test_fifth_mesh_conversion ... ok
[INFO] [stdout] test test_first_mesh_all_digits ... ok
[INFO] [stdout] test test_first_mesh_boundaries ... ok
[INFO] [stdout] test test_fourth_half_mesh_all_subdivisions ... ok
[INFO] [stdout] test test_fourth_half_mesh_conversion ... ok
[INFO] [stdout] test test_fourth_half_mesh_quadrants ... ok
[INFO] [stdout] test test_fourth_quarter_mesh_conversion ... ok
[INFO] [stdout] test test_fourth_quarter_mesh_range ... ok
[INFO] [stdout] test test_japan_boundary_coordinates ... ok
[INFO] [stdout] test test_mesh_code_boundaries ... ok
[INFO] [stdout] test test_roundtrip_all_levels ... ok
[INFO] [stdout] test test_roundtrip_precision ... ok
[INFO] [stdout] test test_second_mesh_boundaries ... ok
[INFO] [stdout] test test_second_mesh_conversion ... ok
[INFO] [stdout] test test_second_mesh_all_subdivisions ... ok
[INFO] [stdout] test test_third_mesh_conversion ... ok
[INFO] [stdout] test test_third_mesh_size ... ok
[INFO] [stdout] test test_third_mesh_all_subdivisions ... ok
[INFO] [stdout] 
[INFO] [stdout] test result: ok. 20 passed; 0 failed; 0 ignored; 0 measured; 0 filtered out; finished in 0.00s
[INFO] [stdout] 
[INFO] [stderr]      Running tests/error_handling_test.rs (/opt/rustwide/target/release/deps/error_handling_test-21a787658ac1c06a)
[INFO] [stdout] 
[INFO] [stdout] running 19 tests
[INFO] [stdout] test test_coordinate_at_mesh_boundary ... ok
[INFO] [stdout] test test_empty_bounding_box ... ok
[INFO] [stdout] test test_empty_mesh_code ... ok
[INFO] [stdout] test test_floating_point_precision ... ok
[INFO] [stdout] test test_invalid_digit_values ... ok
[INFO] [stdout] test test_invalid_latitude ... ok
[INFO] [stdout] test test_invalid_level_conversion ... ok
[INFO] [stdout] test test_invalid_longitude ... ok
[INFO] [stdout] test test_invalid_mesh_code_length ... ok
[INFO] [stdout] test test_inverted_bounding_box ... ok
[INFO] [stdout] test test_japan_range_boundaries ... ok
[INFO] [stdout] test test_mesh_code_copy_trait ... ok
[INFO] [stdout] test test_mesh_code_with_leading_zeros ... ok
[INFO] [stdout] test test_neighbor_at_boundaries ... ok
[INFO] [stdout] test test_neighbor_out_of_range ... ok
[INFO] [stdout] test test_non_numeric_mesh_code ... ok
[INFO] [stdout] test test_out_of_japan_range ... ok
[INFO] [stdout] test test_valid_level_conversion ... ok
[INFO] [stdout] test test_large_number_of_meshes ... ok
[INFO] [stdout] 
[INFO] [stdout] test result: ok. 19 passed; 0 failed; 0 ignored; 0 measured; 0 filtered out; finished in 0.00s
[INFO] [stdout] 
[INFO] [stderr]      Running tests/integration_test.rs (/opt/rustwide/target/release/deps/integration_test-c572eb51d84f0bb2)
[INFO] [stdout] 
[INFO] [stdout] running 5 tests
[INFO] [stdout] test test_level_conversion ... ok
[INFO] [stdout] test test_neighbor_consistency ... ok
[INFO] [stdout] test test_bbox_iteration ... ok
[INFO] [stdout] test test_parent_child_consistency ... ok
[INFO] [stdout] test test_roundtrip_conversion ... ok
[INFO] [stdout] 
[INFO] [stdout] test result: ok. 5 passed; 0 failed; 0 ignored; 0 measured; 0 filtered out; finished in 0.00s
[INFO] [stdout] 
[INFO] [stderr]      Running tests/jis_spec_test.rs (/opt/rustwide/target/release/deps/jis_spec_test-c9508e9337d9d534)
[INFO] [stdout] 
[INFO] [stdout] running 13 tests
[INFO] [stdout] test test_eighth_mesh_jis_format ... ok
[INFO] [stdout] test test_first_mesh_size ... ok
[INFO] [stdout] test test_fifth_mesh_jis_numbering ... ok
[INFO] [stdout] test test_half_mesh_jis_numbering ... ok
[INFO] [stdout] test test_mesh_code_validation ... ok
[INFO] [stdout] test test_mesh_hierarchy ... ok
[INFO] [stdout] test test_mount_fuji ... ok
[INFO] [stdout] test test_second_mesh_count ... ok
[INFO] [stdout] test test_subdivision_hierarchy ... ok
[INFO] [stdout] test test_third_mesh_count ... ok
[INFO] [stdout] test test_tokyo_station ... ok
[INFO] [stdout] test test_tokyo_tower ... ok
[INFO] [stdout] test test_subdivision_roundtrip_consistency ... ok
[INFO] [stdout] 
[INFO] [stdout] test result: ok. 13 passed; 0 failed; 0 ignored; 0 measured; 0 filtered out; finished in 0.00s
[INFO] [stdout] 
[INFO] [stderr]      Running tests/serde_test.rs (/opt/rustwide/target/release/deps/serde_test-a0cc74f06b2d7187)
[INFO] [stdout] 
[INFO] [stdout] running 0 tests
[INFO] [stdout] 
[INFO] [stdout] test result: ok. 0 passed; 0 failed; 0 ignored; 0 measured; 0 filtered out; finished in 0.00s
[INFO] [stdout] 
[INFO] [stderr]      Running tests/spatial_radius_test.rs (/opt/rustwide/target/release/deps/spatial_radius_test-648e358a7af746a8)
[INFO] [stdout] 
[INFO] [stdout] running 11 tests
[INFO] [stdout] test test_basic_radius_search_1000m ... ok
[INFO] [stdout] test test_distance_accuracy ... ok
[INFO] [stdout] test test_edge_case_japan_boundary ... ok
[INFO] [stdout] test test_increasing_radius ... ok
[INFO] [stdout] test test_different_mesh_levels ... ok
[INFO] [stdout] test test_iterator_pattern ... ok
[INFO] [stdout] test test_mesh_based_radius_search ... ok
[INFO] [stdout] test test_mesh_from_string ... ok
[INFO] [stdout] test test_radius_negative ... ok
[INFO] [stdout] test test_radius_zero ... ok
[INFO] [stdout] test test_large_radius ... ok
[INFO] [stdout] 
[INFO] [stdout] test result: ok. 11 passed; 0 failed; 0 ignored; 0 measured; 0 filtered out; finished in 0.00s
[INFO] [stdout] 
[INFO] [stderr]      Running tests/specific_location_test.rs (/opt/rustwide/target/release/deps/specific_location_test-3bfb11b0bad4bea7)
[INFO] [stdout] 
[INFO] [stdout] running 7 tests
[INFO] [stdout] test test_specific_location_all_levels ... ok
[INFO] [stdout] test test_specific_location_basic ... ok
[INFO] [stdout] test test_specific_location_bounds ... ok
[INFO] [stdout] test test_specific_location_hierarchy ... ok
[INFO] [stdout] test test_specific_location_neighbors ... ok
[INFO] [stdout] test test_specific_location_roundtrip ... ok
[INFO] [stdout] test test_specific_location_surrounding_area ... ok
[INFO] [stdout] 
[INFO] [stdout] test result: ok. 7 passed; 0 failed; 0 ignored; 0 measured; 0 filtered out; finished in 0.00s
[INFO] [stdout] 
[INFO] [stderr]    Doc-tests jismeshcode
[INFO] [stdout] 
[INFO] [stdout] running 25 tests
[INFO] [stdout] test src/lib.rs - (line 110) ... ignored
[INFO] [stdout] test src/lib.rs - (line 130) ... ignored
[INFO] [stdout] test src/lib.rs - (line 153) ... ignored
[INFO] [stdout] test src/lib.rs - (line 173) ... ignored
[INFO] [stdout] test src/lib.rs - (line 186) ... ignored
[INFO] [stdout] test src/lib.rs - (line 199) ... ignored
[INFO] [stdout] test src/lib.rs - (line 209) ... ignored
[INFO] [stdout] test src/lib.rs - (line 237) ... ignored
[INFO] [stdout] test src/lib.rs - (line 82) ... ignored
[INFO] [stdout] test src/lib.rs - (line 97) ... ignored
[INFO] [stdout] test src/lib.rs - (line 250) - compile ... ok
[INFO] [stdout] test src/operations/neighbors.rs - operations::neighbors::neighbors (line 56) ... FAILED
[INFO] [stdout] test src/operations/neighbors.rs - operations::neighbors::neighbor (line 16) ... FAILED
[INFO] [stdout] test src/lib.rs - (line 330) ... FAILED
[INFO] [stdout] test src/spatial/radius.rs - spatial::radius::mesh_codes_in_radius (line 111) ... FAILED
[INFO] [stdout] test src/types/mesh_code.rs - types::mesh_code::MeshCode (line 22) ... ok
[INFO] [stdout] test src/spatial/radius.rs - spatial::radius::mesh_codes_in_radius_from_mesh (line 140) ... ok
[INFO] [stdout] test src/types/coordinate.rs - types::coordinate::Coordinate (line 16) ... ok
[INFO] [stdout] test src/convert/coord_to_mesh.rs - convert::coord_to_mesh::coord_to_mesh (line 19) ... ok
[INFO] [stdout] test src/types/coordinate.rs - types::coordinate::Coordinate::new (line 70) ... ok
[INFO] [stdout] test src/operations/hierarchy.rs - operations::hierarchy::children (line 54) ... ok
[INFO] [stdout] test src/utils/distance.rs - utils::distance::haversine_distance (line 21) ... ok
[INFO] [stdout] test src/types/mesh_code.rs - types::mesh_code::MeshCode::from_str (line 94) ... ok
[INFO] [stdout] test src/spatial/range.rs - spatial::range::mesh_codes_in_bbox (line 67) ... ok
[INFO] [stdout] test src/operations/hierarchy.rs - operations::hierarchy::parent (line 20) ... ok
[INFO] [stdout] 
[INFO] [stdout] failures:
[INFO] [stdout] 
[INFO] [stdout] ---- src/operations/neighbors.rs - operations::neighbors::neighbors (line 56) stdout ----
[INFO] [stdout] Couldn't compile the test.
[INFO] [stdout] ---- src/operations/neighbors.rs - operations::neighbors::neighbor (line 16) stdout ----
[INFO] [stdout] Couldn't compile the test.
[INFO] [stdout] ---- src/lib.rs - (line 330) stdout ----
[INFO] [stdout] Couldn't compile the test.
[INFO] [stdout] ---- src/spatial/radius.rs - spatial::radius::mesh_codes_in_radius (line 111) stdout ----
[INFO] [stdout] Couldn't compile the test.
[INFO] [stdout] 
[INFO] [stdout] failures:
[INFO] [stdout]     src/lib.rs - (line 330)
[INFO] [stdout]     src/operations/neighbors.rs - operations::neighbors::neighbor (line 16)
[INFO] [stdout]     src/operations/neighbors.rs - operations::neighbors::neighbors (line 56)
[INFO] [stdout]     src/spatial/radius.rs - spatial::radius::mesh_codes_in_radius (line 111)
[INFO] [stdout] 
[INFO] [stdout] test result: FAILED. 11 passed; 4 failed; 10 ignored; 0 measured; 0 filtered out; finished in 2.46s
[INFO] [stdout] 
[INFO] [stderr] error: doctest failed, to rerun pass `--doc`
[INFO] running `Command { std: "docker" "inspect" "c3664b6188a5e6646f5ca5688d59e6994d1741df6da26ca533172aadc8ffea10", kill_on_drop: false }`
[INFO] running `Command { std: "docker" "rm" "-f" "c3664b6188a5e6646f5ca5688d59e6994d1741df6da26ca533172aadc8ffea10", kill_on_drop: false }`
[INFO] [stdout] c3664b6188a5e6646f5ca5688d59e6994d1741df6da26ca533172aadc8ffea10
