[INFO] fetching crate framefinery 0.0.3...
[INFO] testing framefinery-0.0.3 against 1.98.0-beta.8+cargoflags=--release for beta-release-1.99-2
[INFO] extracting crate framefinery 0.0.3 into /workspace/builds/worker-0-tc1/source
[INFO] started tweaking crates.io crate framefinery 0.0.3
[INFO] removed 0 missing tests
[INFO] finished tweaking crates.io crate framefinery 0.0.3
[INFO] tweaked toml for crates.io crate framefinery 0.0.3 written to /workspace/builds/worker-0-tc1/source/Cargo.toml
[INFO] validating manifest of crates.io crate framefinery 0.0.3 on toolchain 1.98.0-beta.8
[INFO] running `Command { std: CARGO_HOME="/workspace/cargo-home" RUSTUP_HOME="/workspace/rustup-home" "/workspace/cargo-home/bin/cargo" "+1.98.0-beta.8" "metadata" "--manifest-path" "Cargo.toml" "--no-deps", kill_on_drop: false }`
[INFO] crate crates.io crate framefinery 0.0.3 already has a lockfile, it will not be regenerated
[INFO] running `Command { std: CARGO_HOME="/workspace/cargo-home" RUSTUP_HOME="/workspace/rustup-home" "/workspace/cargo-home/bin/cargo" "+1.98.0-beta.8" "fetch" "--manifest-path" "Cargo.toml", kill_on_drop: false }`
[INFO] [stderr]     Updating crates.io index
[INFO] [stderr]  Downloading crates ...
[INFO] [stderr]   Downloaded framefinery-codecs v0.0.3
[INFO] [stderr]   Downloaded framefinery-api v0.0.3
[INFO] running `Command { std: "docker" "create" "-v" "/var/lib/crater-agent-workspace/builds/worker-0-tc1/source:/opt/rustwide/workdir:ro,Z" "-v" "/var/lib/crater-agent-workspace/builds/worker-0-tc1/target:/opt/rustwide/target:rw,Z" "-v" "/var/lib/crater-agent-workspace/cargo-home:/opt/rustwide/cargo-home:ro,Z" "-v" "/var/lib/crater-agent-workspace/rustup-home:/opt/rustwide/rustup-home:ro,Z" "-m" "1610612736" "--network" "none" "ghcr.io/rust-lang/crates-build-env/linux@sha256:8683fc1fc2eb5c9ac98e0d076ab094b2ffac7f99da555d2b6a2e27f346de2ec7" "sleep" "infinity", kill_on_drop: false }`
[INFO] [stdout] d4b00d41d9b1e87b3f183dcbd97ffd77dfc24d59b4d19edea857ff833d9b58d3
[INFO] running `Command { std: "docker" "start" "d4b00d41d9b1e87b3f183dcbd97ffd77dfc24d59b4d19edea857ff833d9b58d3", kill_on_drop: false }`
[INFO] running `Command { std: "docker" "inspect" "d4b00d41d9b1e87b3f183dcbd97ffd77dfc24d59b4d19edea857ff833d9b58d3", kill_on_drop: false }`
[INFO] running `Command { std: "docker" "exec" "-e" "SOURCE_DIR=/opt/rustwide/workdir" "-e" "CARGO_HOME=/opt/rustwide/cargo-home" "-e" "RUSTUP_HOME=/opt/rustwide/rustup-home" "-e" "CARGO_TARGET_DIR=/opt/rustwide/target" "-w" "/opt/rustwide/workdir" "--user" "0:0" "d4b00d41d9b1e87b3f183dcbd97ffd77dfc24d59b4d19edea857ff833d9b58d3" "/opt/rustwide/cargo-home/bin/cargo" "+1.98.0-beta.8" "metadata" "--no-deps" "--format-version=1", kill_on_drop: false }`
[INFO] running `Command { std: "docker" "inspect" "d4b00d41d9b1e87b3f183dcbd97ffd77dfc24d59b4d19edea857ff833d9b58d3", kill_on_drop: false }`
[INFO] running `Command { std: "docker" "exec" "-e" "SOURCE_DIR=/opt/rustwide/workdir" "-e" "CARGO_HOME=/opt/rustwide/cargo-home" "-e" "RUSTUP_HOME=/opt/rustwide/rustup-home" "-e" "CARGO_TARGET_DIR=/opt/rustwide/target" "-e" "CARGO_INCREMENTAL=0" "-e" "RUST_BACKTRACE=full" "-e" "RUSTFLAGS=--cap-lints=warn" "-e" "RUSTDOCFLAGS=--cap-lints=warn" "-w" "/opt/rustwide/workdir" "--user" "0:0" "d4b00d41d9b1e87b3f183dcbd97ffd77dfc24d59b4d19edea857ff833d9b58d3" "/opt/rustwide/cargo-home/bin/cargo" "+1.98.0-beta.8" "build" "--frozen" "--message-format=json" "--release", kill_on_drop: false }`
[INFO] [stderr]    Compiling framefinery-api v0.0.3
[INFO] [stderr]    Compiling framefinery-codecs v0.0.3
[INFO] [stderr]    Compiling framefinery v0.0.3 (/opt/rustwide/workdir)
[INFO] [stderr]     Finished `release` profile [optimized] target(s) in 13.55s
[INFO] running `Command { std: "docker" "inspect" "d4b00d41d9b1e87b3f183dcbd97ffd77dfc24d59b4d19edea857ff833d9b58d3", kill_on_drop: false }`
[INFO] running `Command { std: "docker" "exec" "-e" "SOURCE_DIR=/opt/rustwide/workdir" "-e" "CARGO_HOME=/opt/rustwide/cargo-home" "-e" "RUSTUP_HOME=/opt/rustwide/rustup-home" "-e" "CARGO_TARGET_DIR=/opt/rustwide/target" "-e" "CARGO_INCREMENTAL=0" "-e" "RUST_BACKTRACE=full" "-e" "RUSTFLAGS=--cap-lints=warn" "-e" "RUSTDOCFLAGS=--cap-lints=warn" "-w" "/opt/rustwide/workdir" "--user" "0:0" "d4b00d41d9b1e87b3f183dcbd97ffd77dfc24d59b4d19edea857ff833d9b58d3" "/opt/rustwide/cargo-home/bin/cargo" "+1.98.0-beta.8" "test" "--frozen" "--no-run" "--message-format=json" "--release", kill_on_drop: false }`
[INFO] [stderr]    Compiling framefinery v0.0.3 (/opt/rustwide/workdir)
[INFO] [stderr]     Finished `release` profile [optimized] target(s) in 1.69s
[INFO] running `Command { std: "docker" "inspect" "d4b00d41d9b1e87b3f183dcbd97ffd77dfc24d59b4d19edea857ff833d9b58d3", kill_on_drop: false }`
[INFO] running `Command { std: "docker" "exec" "-e" "SOURCE_DIR=/opt/rustwide/workdir" "-e" "CARGO_HOME=/opt/rustwide/cargo-home" "-e" "RUSTUP_HOME=/opt/rustwide/rustup-home" "-e" "CARGO_TARGET_DIR=/opt/rustwide/target" "-e" "CARGO_INCREMENTAL=0" "-e" "RUST_BACKTRACE=full" "-e" "RUSTFLAGS=--cap-lints=warn" "-e" "RUSTDOCFLAGS=--cap-lints=warn" "-w" "/opt/rustwide/workdir" "--user" "0:0" "d4b00d41d9b1e87b3f183dcbd97ffd77dfc24d59b4d19edea857ff833d9b58d3" "/opt/rustwide/cargo-home/bin/cargo" "+1.98.0-beta.8" "test" "--frozen" "--release", kill_on_drop: false }`
[INFO] [stderr]     Finished `release` profile [optimized] target(s) in 0.01s
[INFO] [stderr]      Running unittests src/lib.rs (/opt/rustwide/target/release/deps/framefinery-c28466990bb57b74)
[INFO] [stdout] 
[INFO] [stdout] running 52 tests
[INFO] [stdout] test args::tests::accepts_encode_starting_with_source_filter ... ok
[INFO] [stdout] test args::tests::accepts_encode_without_video_spec ... ok
[INFO] [stdout] test args::tests::accepts_numeric_planar_bit_depths_in_video_spec ... ok
[INFO] [stdout] test args::tests::encode_requires_core_io_arguments ... ok
[INFO] [stdout] test args::tests::defaults_bare_yuv_filename_to_yuv420p8 ... ok
[INFO] [stdout] test args::tests::explicit_input_options_override_filename_metadata ... ok
[INFO] [stdout] test args::tests::help_is_owned_by_parser_options ... ok
[INFO] [stdout] test args::tests::infers_ctc_style_fps_from_input_filename ... ok
[INFO] [stdout] test args::tests::infers_dimensions_and_fps_from_input_filename_without_format ... ok
[INFO] [stdout] test args::tests::infers_dimensions_fps_and_format_from_input_filename ... ok
[INFO] [stdout] test args::tests::infers_high_bit_depth_format_from_input_filename ... ok
[INFO] [stdout] test args::tests::parses_encode_command ... ok
[INFO] [stdout] test args::tests::parses_encode_no_progress_option ... ok
[INFO] [stdout] test args::tests::parses_encode_psnr_option ... ok
[INFO] [stdout] test args::tests::parses_optional_help_topics ... ok
[INFO] [stdout] test args::tests::parses_encode_qp_setting ... ok
[INFO] [stdout] test args::tests::rejects_encode_endpoint_without_path ... ok
[INFO] [stdout] test args::tests::rejects_encode_without_encoder_endpoint ... ok
[INFO] [stdout] test args::tests::rejects_malformed_video_spec ... ok
[INFO] [stdout] test args::tests::rejects_multiple_encode_inputs ... ok
[INFO] [stdout] test args::tests::rejects_removed_compatibility_options ... ok
[INFO] [stdout] test args::tests::rejects_unknown_help_topics ... ok
[INFO] [stdout] test command::tests::encode_job_accepts_pattern_source_followed_by_identity_filter ... ok
[INFO] [stdout] test command::tests::encode_job_accepts_crop_filter_and_updates_geometry ... FAILED
[INFO] [stdout] test command::tests::encode_job_accepts_identity_filter_with_file_input ... FAILED
[INFO] [stdout] test command::tests::encode_job_accepts_lossless_gbrp8_for_av2_and_vvc_paths ... FAILED
[INFO] [stdout] test command::tests::encode_job_accepts_lossless_rgb24_for_av2_path ... FAILED
[INFO] [stdout] test command::tests::encode_job_accepts_lossless_yuv420_for_av2_path ... FAILED
[INFO] [stdout] test command::tests::encode_job_accepts_lossless_yuv420_for_vvc_path ... FAILED
[INFO] [stdout] test command::tests::encode_job_accepts_lossless_yuv422_for_av2_without_bit_depth_fallback ... FAILED
[INFO] [stdout] test command::tests::encode_job_accepts_lossless_yuv422_for_vvc_path ... FAILED
[INFO] [stdout] test command::tests::encode_job_accepts_lossy_yuv422_high_depth_for_vvc_path ... FAILED
[INFO] [stdout] test command::tests::encode_job_accepts_non_lossless_rgb24_for_av2_path ... FAILED
[INFO] [stdout] test command::tests::encode_job_accepts_qp_setting ... FAILED
[INFO] [stdout] test command::tests::encode_job_requires_frames_for_pattern_source ... ok
[INFO] [stdout] test command::tests::encode_job_allows_explicit_video_to_override_y4m_header ... FAILED
[INFO] [stdout] test command::tests::frame_psnr_reports_yuv422p8 ... ok
[INFO] [stdout] test command::tests::encode_job_accepts_scale_filter_and_updates_geometry ... FAILED
[INFO] [stdout] test command::tests::frame_psnr_uses_high_bit_depth_peak_sample ... ok
[INFO] [stdout] test command::tests::encode_job_clamps_requested_frames_to_available_file_frames ... FAILED
[INFO] [stdout] test command::tests::encode_job_infers_file_frames_from_eof_when_frames_omitted ... FAILED
[INFO] [stdout] test command::tests::encode_job_accepts_rgb24_for_vvc_path_via_common_repack ... FAILED
[INFO] [stdout] test command::tests::encode_job_infers_y4m_metadata_and_frames_from_header ... FAILED
[INFO] [stdout] test command::tests::encode_job_leaves_codec_setting_conflicts_to_encoder ... FAILED
[INFO] [stdout] test command::tests::encode_job_preserves_high_bit_depth_yuv420_for_av2_path ... FAILED
[INFO] [stdout] test command::tests::encode_job_preserves_high_bit_depth_yuv420_for_vvc_path ... FAILED
[INFO] [stdout] test command::tests::encode_job_preserves_high_bit_depth_yuv444_for_av2_path ... FAILED
[INFO] [stdout] test command::tests::encode_job_preserves_high_bit_depth_yuv444_for_vvc_path ... FAILED
[INFO] [stdout] test command::tests::encode_job_rejects_lossless_without_bit_depth_fallback ... FAILED
[INFO] [stdout] test command::tests::encode_job_rejects_partial_frame_when_frames_omitted ... FAILED
[INFO] [stdout] test command::tests::encode_job_uses_y4m_metadata_before_filename_metadata ... FAILED
[INFO] [stdout] test command::tests::open_job_reader_hides_unselected_file_suffix ... FAILED
[INFO] [stdout] 
[INFO] [stdout] failures:
[INFO] [stdout] 
[INFO] [stdout] ---- command::tests::encode_job_accepts_crop_filter_and_updates_geometry stdout ----
[INFO] [stdout] 
[INFO] [stdout] thread 'command::tests::encode_job_accepts_crop_filter_and_updates_geometry' (391) panicked at src/command.rs:1625:34:
[INFO] [stdout] create test output directory: Os { code: 30, kind: ReadOnlyFilesystem, message: "Read-only file system" }
[INFO] [stdout] stack backtrace:
[INFO] [stdout]    0:     0x61164e7d8431 - <<std[97b98282bc616a66]::sys::backtrace::BacktraceLock>::print::DisplayBacktrace as core[832e9a552fc17241]::fmt::Display>::fmt
[INFO] [stdout]    1:     0x61164e7ecc0a - core[832e9a552fc17241]::fmt::write
[INFO] [stdout]    2:     0x61164e7dc90c - <alloc[3ecab9f82c41dc7d]::vec::Vec<u8> as std[97b98282bc616a66]::io::Write>::write_fmt
[INFO] [stdout]    3:     0x61164e7b5ef6 - std[97b98282bc616a66]::panicking::default_hook::{closure#0}
[INFO] [stdout]    4:     0x61164e7d0579 - std[97b98282bc616a66]::panicking::default_hook
[INFO] [stdout]    5:     0x61164e75e660 - test[39766f3d73431624]::test_main_inner::<test[39766f3d73431624]::test_main_static::{closure#0}>::{closure#0}
[INFO] [stdout]    6:     0x61164e7d0732 - std[97b98282bc616a66]::panicking::panic_with_hook
[INFO] [stdout]    7:     0x61164e7b5fa2 - std[97b98282bc616a66]::panicking::panic_handler::{closure#0}
[INFO] [stdout]    8:     0x61164e7ad7d9 - std[97b98282bc616a66]::sys::backtrace::__rust_end_short_backtrace::<std[97b98282bc616a66]::panicking::panic_handler::{closure#0}, !>
[INFO] [stdout]    9:     0x61164e7b6b9d - __rustc[e3d8617bb01b7f69]::rust_begin_unwind
[INFO] [stdout]   10:     0x61164e7ed33c - core[832e9a552fc17241]::panicking::panic_fmt
[INFO] [stdout]   11:     0x61164e7ed112 - core[832e9a552fc17241]::result::unwrap_failed
[INFO] [stdout]   12:     0x61164e722061 - framefinery[94744f83147b5061]::command::tests::temp_input_path
[INFO] [stdout]   13:     0x61164e7281d1 - framefinery[94744f83147b5061]::command::tests::encode_job_accepts_crop_filter_and_updates_geometry
[INFO] [stdout]   14:     0x61164e74b8b9 - <framefinery[94744f83147b5061]::command::tests::encode_job_accepts_crop_filter_and_updates_geometry::{closure#0} as core[832e9a552fc17241]::ops::function::FnOnce<()>>::call_once
[INFO] [stdout]   15:     0x61164e75199b - test[39766f3d73431624]::__rust_begin_short_backtrace::<core[832e9a552fc17241]::result::Result<(), alloc[3ecab9f82c41dc7d]::string::String>, fn() -> core[832e9a552fc17241]::result::Result<(), alloc[3ecab9f82c41dc7d]::string::String>>
[INFO] [stdout]   16:     0x61164e75efe5 - test[39766f3d73431624]::run_test::{closure#0}
[INFO] [stdout]   17:     0x61164e759a94 - std[97b98282bc616a66]::sys::backtrace::__rust_begin_short_backtrace::<test[39766f3d73431624]::run_test::{closure#1}, ()>
[INFO] [stdout]   18:     0x61164e762132 - <std[97b98282bc616a66]::thread::lifecycle::spawn_unchecked<test[39766f3d73431624]::run_test::{closure#1}, ()>::{closure#1} as core[832e9a552fc17241]::ops::function::FnOnce<()>>::call_once::{shim:vtable#0}
[INFO] [stdout]   19:     0x61164e7d7cbf - <std[97b98282bc616a66]::sys::thread::unix::Thread>::new::thread_start
[INFO] [stdout]   20:     0x7557b79ba07a - <unknown>
[INFO] [stdout]   21:     0x7557b7a4d534 - clone
[INFO] [stdout]   22:                0x0 - <unknown>
[INFO] [stdout] 
[INFO] [stdout] ---- command::tests::encode_job_accepts_identity_filter_with_file_input stdout ----
[INFO] [stdout] 
[INFO] [stdout] thread 'command::tests::encode_job_accepts_identity_filter_with_file_input' (392) panicked at src/command.rs:1625:34:
[INFO] [stdout] create test output directory: Os { code: 30, kind: ReadOnlyFilesystem, message: "Read-only file system" }
[INFO] [stdout] stack backtrace:
[INFO] [stdout]    0:     0x61164e7d8431 - <<std[97b98282bc616a66]::sys::backtrace::BacktraceLock>::print::DisplayBacktrace as core[832e9a552fc17241]::fmt::Display>::fmt
[INFO] [stdout]    1:     0x61164e7ecc0a - core[832e9a552fc17241]::fmt::write
[INFO] [stdout]    2:     0x61164e7dc90c - <alloc[3ecab9f82c41dc7d]::vec::Vec<u8> as std[97b98282bc616a66]::io::Write>::write_fmt
[INFO] [stdout]    3:     0x61164e7b5ef6 - std[97b98282bc616a66]::panicking::default_hook::{closure#0}
[INFO] [stdout]    4:     0x61164e7d0579 - std[97b98282bc616a66]::panicking::default_hook
[INFO] [stdout]    5:     0x61164e75e660 - test[39766f3d73431624]::test_main_inner::<test[39766f3d73431624]::test_main_static::{closure#0}>::{closure#0}
[INFO] [stdout]    6:     0x61164e7d0732 - std[97b98282bc616a66]::panicking::panic_with_hook
[INFO] [stdout]    7:     0x61164e7b5fa2 - std[97b98282bc616a66]::panicking::panic_handler::{closure#0}
[INFO] [stdout]    8:     0x61164e7ad7d9 - std[97b98282bc616a66]::sys::backtrace::__rust_end_short_backtrace::<std[97b98282bc616a66]::panicking::panic_handler::{closure#0}, !>
[INFO] [stdout]    9:     0x61164e7b6b9d - __rustc[e3d8617bb01b7f69]::rust_begin_unwind
[INFO] [stdout]   10:     0x61164e7ed33c - core[832e9a552fc17241]::panicking::panic_fmt
[INFO] [stdout]   11:     0x61164e7ed112 - core[832e9a552fc17241]::result::unwrap_failed
[INFO] [stdout]   12:     0x61164e722061 - framefinery[94744f83147b5061]::command::tests::temp_input_path
[INFO] [stdout]   13:     0x61164e726b4e - framefinery[94744f83147b5061]::command::tests::encode_job_accepts_identity_filter_with_file_input
[INFO] [stdout]   14:     0x61164e74b879 - <framefinery[94744f83147b5061]::command::tests::encode_job_accepts_identity_filter_with_file_input::{closure#0} as core[832e9a552fc17241]::ops::function::FnOnce<()>>::call_once
[INFO] [stdout]   15:     0x61164e75199b - test[39766f3d73431624]::__rust_begin_short_backtrace::<core[832e9a552fc17241]::result::Result<(), alloc[3ecab9f82c41dc7d]::string::String>, fn() -> core[832e9a552fc17241]::result::Result<(), alloc[3ecab9f82c41dc7d]::string::String>>
[INFO] [stdout]   16:     0x61164e75efe5 - test[39766f3d73431624]::run_test::{closure#0}
[INFO] [stdout]   17:     0x61164e759a94 - std[97b98282bc616a66]::sys::backtrace::__rust_begin_short_backtrace::<test[39766f3d73431624]::run_test::{closure#1}, ()>
[INFO] [stdout]   18:     0x61164e762132 - <std[97b98282bc616a66]::thread::lifecycle::spawn_unchecked<test[39766f3d73431624]::run_test::{closure#1}, ()>::{closure#1} as core[832e9a552fc17241]::ops::function::FnOnce<()>>::call_once::{shim:vtable#0}
[INFO] [stdout]   19:     0x61164e7d7cbf - <std[97b98282bc616a66]::sys::thread::unix::Thread>::new::thread_start
[INFO] [stdout]   20:     0x7557b79ba07a - <unknown>
[INFO] [stdout]   21:     0x7557b7a4d534 - clone
[INFO] [stdout]   22:                0x0 - <unknown>
[INFO] [stdout] 
[INFO] [stdout] ---- command::tests::encode_job_accepts_lossless_gbrp8_for_av2_and_vvc_paths stdout ----
[INFO] [stdout] 
[INFO] [stdout] thread 'command::tests::encode_job_accepts_lossless_gbrp8_for_av2_and_vvc_paths' (393) panicked at src/command.rs:1625:34:
[INFO] [stdout] create test output directory: Os { code: 30, kind: ReadOnlyFilesystem, message: "Read-only file system" }
[INFO] [stdout] stack backtrace:
[INFO] [stdout]    0:     0x61164e7d8431 - <<std[97b98282bc616a66]::sys::backtrace::BacktraceLock>::print::DisplayBacktrace as core[832e9a552fc17241]::fmt::Display>::fmt
[INFO] [stdout]    1:     0x61164e7ecc0a - core[832e9a552fc17241]::fmt::write
[INFO] [stdout]    2:     0x61164e7dc90c - <alloc[3ecab9f82c41dc7d]::vec::Vec<u8> as std[97b98282bc616a66]::io::Write>::write_fmt
[INFO] [stdout]    3:     0x61164e7b5ef6 - std[97b98282bc616a66]::panicking::default_hook::{closure#0}
[INFO] [stdout]    4:     0x61164e7d0579 - std[97b98282bc616a66]::panicking::default_hook
[INFO] [stdout]    5:     0x61164e75e660 - test[39766f3d73431624]::test_main_inner::<test[39766f3d73431624]::test_main_static::{closure#0}>::{closure#0}
[INFO] [stdout]    6:     0x61164e7d0732 - std[97b98282bc616a66]::panicking::panic_with_hook
[INFO] [stdout]    7:     0x61164e7b5fa2 - std[97b98282bc616a66]::panicking::panic_handler::{closure#0}
[INFO] [stdout]    8:     0x61164e7ad7d9 - std[97b98282bc616a66]::sys::backtrace::__rust_end_short_backtrace::<std[97b98282bc616a66]::panicking::panic_handler::{closure#0}, !>
[INFO] [stdout]    9:     0x61164e7b6b9d - __rustc[e3d8617bb01b7f69]::rust_begin_unwind
[INFO] [stdout]   10:     0x61164e7ed33c - core[832e9a552fc17241]::panicking::panic_fmt
[INFO] [stdout]   11:     0x61164e7ed112 - core[832e9a552fc17241]::result::unwrap_failed
[INFO] [stdout]   12:     0x61164e722061 - framefinery[94744f83147b5061]::command::tests::temp_input_path
[INFO] [stdout]   13:     0x61164e72d093 - framefinery[94744f83147b5061]::command::tests::encode_job_accepts_lossless_gbrp8_for_av2_and_vvc_paths
[INFO] [stdout]   14:     0x61164e74b999 - <framefinery[94744f83147b5061]::command::tests::encode_job_accepts_lossless_gbrp8_for_av2_and_vvc_paths::{closure#0} as core[832e9a552fc17241]::ops::function::FnOnce<()>>::call_once
[INFO] [stdout]   15:     0x61164e75199b - test[39766f3d73431624]::__rust_begin_short_backtrace::<core[832e9a552fc17241]::result::Result<(), alloc[3ecab9f82c41dc7d]::string::String>, fn() -> core[832e9a552fc17241]::result::Result<(), alloc[3ecab9f82c41dc7d]::string::String>>
[INFO] [stdout]   16:     0x61164e75efe5 - test[39766f3d73431624]::run_test::{closure#0}
[INFO] [stdout]   17:     0x61164e759a94 - std[97b98282bc616a66]::sys::backtrace::__rust_begin_short_backtrace::<test[39766f3d73431624]::run_test::{closure#1}, ()>
[INFO] [stdout]   18:     0x61164e762132 - <std[97b98282bc616a66]::thread::lifecycle::spawn_unchecked<test[39766f3d73431624]::run_test::{closure#1}, ()>::{closure#1} as core[832e9a552fc17241]::ops::function::FnOnce<()>>::call_once::{shim:vtable#0}
[INFO] [stdout]   19:     0x61164e7d7cbf - <std[97b98282bc616a66]::sys::thread::unix::Thread>::new::thread_start
[INFO] [stdout]   20:     0x7557b79ba07a - <unknown>
[INFO] [stdout]   21:     0x7557b7a4d534 - clone
[INFO] [stdout]   22:                0x0 - <unknown>
[INFO] [stdout] 
[INFO] [stdout] ---- command::tests::encode_job_accepts_lossless_rgb24_for_av2_path stdout ----
[INFO] [stdout] 
[INFO] [stderr] error: test failed, to rerun pass `--lib`
[INFO] [stdout] thread 'command::tests::encode_job_accepts_lossless_rgb24_for_av2_path' (394) panicked at src/command.rs:1625:34:
[INFO] [stdout] create test output directory: Os { code: 30, kind: ReadOnlyFilesystem, message: "Read-only file system" }
[INFO] [stdout] stack backtrace:
[INFO] [stdout]    0:     0x61164e7d8431 - <<std[97b98282bc616a66]::sys::backtrace::BacktraceLock>::print::DisplayBacktrace as core[832e9a552fc17241]::fmt::Display>::fmt
[INFO] [stdout]    1:     0x61164e7ecc0a - core[832e9a552fc17241]::fmt::write
[INFO] [stdout]    2:     0x61164e7dc90c - <alloc[3ecab9f82c41dc7d]::vec::Vec<u8> as std[97b98282bc616a66]::io::Write>::write_fmt
[INFO] [stdout]    3:     0x61164e7b5ef6 - std[97b98282bc616a66]::panicking::default_hook::{closure#0}
[INFO] [stdout]    4:     0x61164e7d0579 - std[97b98282bc616a66]::panicking::default_hook
[INFO] [stdout]    5:     0x61164e75e660 - test[39766f3d73431624]::test_main_inner::<test[39766f3d73431624]::test_main_static::{closure#0}>::{closure#0}
[INFO] [stdout]    6:     0x61164e7d0732 - std[97b98282bc616a66]::panicking::panic_with_hook
[INFO] [stdout]    7:     0x61164e7b5fa2 - std[97b98282bc616a66]::panicking::panic_handler::{closure#0}
[INFO] [stdout]    8:     0x61164e7ad7d9 - std[97b98282bc616a66]::sys::backtrace::__rust_end_short_backtrace::<std[97b98282bc616a66]::panicking::panic_handler::{closure#0}, !>
[INFO] [stdout]    9:     0x61164e7b6b9d - __rustc[e3d8617bb01b7f69]::rust_begin_unwind
[INFO] [stdout]   10:     0x61164e7ed33c - core[832e9a552fc17241]::panicking::panic_fmt
[INFO] [stdout]   11:     0x61164e7ed112 - core[832e9a552fc17241]::result::unwrap_failed
[INFO] [stdout]   12:     0x61164e722061 - framefinery[94744f83147b5061]::command::tests::temp_input_path
[INFO] [stdout]   13:     0x61164e72408e - framefinery[94744f83147b5061]::command::tests::encode_job_accepts_lossless_rgb24_for_av2_path
[INFO] [stdout]   14:     0x61164e74b7f9 - <framefinery[94744f83147b5061]::command::tests::encode_job_accepts_lossless_rgb24_for_av2_path::{closure#0} as core[832e9a552fc17241]::ops::function::FnOnce<()>>::call_once
[INFO] [stdout]   15:     0x61164e75199b - test[39766f3d73431624]::__rust_begin_short_backtrace::<core[832e9a552fc17241]::result::Result<(), alloc[3ecab9f82c41dc7d]::string::String>, fn() -> core[832e9a552fc17241]::result::Result<(), alloc[3ecab9f82c41dc7d]::string::String>>
[INFO] [stdout]   16:     0x61164e75efe5 - test[39766f3d73431624]::run_test::{closure#0}
[INFO] [stdout]   17:     0x61164e759a94 - std[97b98282bc616a66]::sys::backtrace::__rust_begin_short_backtrace::<test[39766f3d73431624]::run_test::{closure#1}, ()>
[INFO] [stdout]   18:     0x61164e762132 - <std[97b98282bc616a66]::thread::lifecycle::spawn_unchecked<test[39766f3d73431624]::run_test::{closure#1}, ()>::{closure#1} as core[832e9a552fc17241]::ops::function::FnOnce<()>>::call_once::{shim:vtable#0}
[INFO] [stdout]   19:     0x61164e7d7cbf - <std[97b98282bc616a66]::sys::thread::unix::Thread>::new::thread_start
[INFO] [stdout]   20:     0x7557b79ba07a - <unknown>
[INFO] [stdout]   21:     0x7557b7a4d534 - clone
[INFO] [stdout]   22:                0x0 - <unknown>
[INFO] [stdout] 
[INFO] [stdout] ---- command::tests::encode_job_accepts_lossless_yuv420_for_av2_path stdout ----
[INFO] [stdout] 
[INFO] [stdout] thread 'command::tests::encode_job_accepts_lossless_yuv420_for_av2_path' (395) panicked at src/command.rs:1625:34:
[INFO] [stdout] create test output directory: Os { code: 30, kind: ReadOnlyFilesystem, message: "Read-only file system" }
[INFO] [stdout] stack backtrace:
[INFO] [stdout]    0:     0x61164e7d8431 - <<std[97b98282bc616a66]::sys::backtrace::BacktraceLock>::print::DisplayBacktrace as core[832e9a552fc17241]::fmt::Display>::fmt
[INFO] [stdout]    1:     0x61164e7ecc0a - core[832e9a552fc17241]::fmt::write
[INFO] [stdout]    2:     0x61164e7dc90c - <alloc[3ecab9f82c41dc7d]::vec::Vec<u8> as std[97b98282bc616a66]::io::Write>::write_fmt
[INFO] [stdout]    3:     0x61164e7b5ef6 - std[97b98282bc616a66]::panicking::default_hook::{closure#0}
[INFO] [stdout]    4:     0x61164e7d0579 - std[97b98282bc616a66]::panicking::default_hook
[INFO] [stdout]    5:     0x61164e75e660 - test[39766f3d73431624]::test_main_inner::<test[39766f3d73431624]::test_main_static::{closure#0}>::{closure#0}
[INFO] [stdout]    6:     0x61164e7d0732 - std[97b98282bc616a66]::panicking::panic_with_hook
[INFO] [stdout]    7:     0x61164e7b5fa2 - std[97b98282bc616a66]::panicking::panic_handler::{closure#0}
[INFO] [stdout]    8:     0x61164e7ad7d9 - std[97b98282bc616a66]::sys::backtrace::__rust_end_short_backtrace::<std[97b98282bc616a66]::panicking::panic_handler::{closure#0}, !>
[INFO] [stdout]    9:     0x61164e7b6b9d - __rustc[e3d8617bb01b7f69]::rust_begin_unwind
[INFO] [stdout]   10:     0x61164e7ed33c - core[832e9a552fc17241]::panicking::panic_fmt
[INFO] [stdout]   11:     0x61164e7ed112 - core[832e9a552fc17241]::result::unwrap_failed
[INFO] [stdout]   12:     0x61164e722061 - framefinery[94744f83147b5061]::command::tests::temp_input_path
[INFO] [stdout]   13:     0x61164e724d9a - framefinery[94744f83147b5061]::command::tests::encode_job_accepts_lossless_yuv420_for_av2_path
[INFO] [stdout]   14:     0x61164e74b819 - <framefinery[94744f83147b5061]::command::tests::encode_job_accepts_lossless_yuv420_for_av2_path::{closure#0} as core[832e9a552fc17241]::ops::function::FnOnce<()>>::call_once
[INFO] [stdout]   15:     0x61164e75199b - test[39766f3d73431624]::__rust_begin_short_backtrace::<core[832e9a552fc17241]::result::Result<(), alloc[3ecab9f82c41dc7d]::string::String>, fn() -> core[832e9a552fc17241]::result::Result<(), alloc[3ecab9f82c41dc7d]::string::String>>
[INFO] [stdout]   16:     0x61164e75efe5 - test[39766f3d73431624]::run_test::{closure#0}
[INFO] [stdout]   17:     0x61164e759a94 - std[97b98282bc616a66]::sys::backtrace::__rust_begin_short_backtrace::<test[39766f3d73431624]::run_test::{closure#1}, ()>
[INFO] [stdout]   18:     0x61164e762132 - <std[97b98282bc616a66]::thread::lifecycle::spawn_unchecked<test[39766f3d73431624]::run_test::{closure#1}, ()>::{closure#1} as core[832e9a552fc17241]::ops::function::FnOnce<()>>::call_once::{shim:vtable#0}
[INFO] [stdout]   19:     0x61164e7d7cbf - <std[97b98282bc616a66]::sys::thread::unix::Thread>::new::thread_start
[INFO] [stdout]   20:     0x7557b79ba07a - <unknown>
[INFO] [stdout]   21:     0x7557b7a4d534 - clone
[INFO] [stdout]   22:                0x0 - <unknown>
[INFO] [stdout] 
[INFO] [stdout] ---- command::tests::encode_job_accepts_lossless_yuv420_for_vvc_path stdout ----
[INFO] [stdout] 
[INFO] [stdout] thread 'command::tests::encode_job_accepts_lossless_yuv420_for_vvc_path' (396) panicked at src/command.rs:1625:34:
[INFO] [stdout] create test output directory: Os { code: 30, kind: ReadOnlyFilesystem, message: "Read-only file system" }
[INFO] [stdout] stack backtrace:
[INFO] [stdout]    0:     0x61164e7d8431 - <<std[97b98282bc616a66]::sys::backtrace::BacktraceLock>::print::DisplayBacktrace as core[832e9a552fc17241]::fmt::Display>::fmt
[INFO] [stdout]    1:     0x61164e7ecc0a - core[832e9a552fc17241]::fmt::write
[INFO] [stdout]    2:     0x61164e7dc90c - <alloc[3ecab9f82c41dc7d]::vec::Vec<u8> as std[97b98282bc616a66]::io::Write>::write_fmt
[INFO] [stdout]    3:     0x61164e7b5ef6 - std[97b98282bc616a66]::panicking::default_hook::{closure#0}
[INFO] [stdout]    4:     0x61164e7d0579 - std[97b98282bc616a66]::panicking::default_hook
[INFO] [stdout]    5:     0x61164e75e660 - test[39766f3d73431624]::test_main_inner::<test[39766f3d73431624]::test_main_static::{closure#0}>::{closure#0}
[INFO] [stdout]    6:     0x61164e7d0732 - std[97b98282bc616a66]::panicking::panic_with_hook
[INFO] [stdout]    7:     0x61164e7b5fa2 - std[97b98282bc616a66]::panicking::panic_handler::{closure#0}
[INFO] [stdout]    8:     0x61164e7ad7d9 - std[97b98282bc616a66]::sys::backtrace::__rust_end_short_backtrace::<std[97b98282bc616a66]::panicking::panic_handler::{closure#0}, !>
[INFO] [stdout]    9:     0x61164e7b6b9d - __rustc[e3d8617bb01b7f69]::rust_begin_unwind
[INFO] [stdout]   10:     0x61164e7ed33c - core[832e9a552fc17241]::panicking::panic_fmt
[INFO] [stdout]   11:     0x61164e7ed112 - core[832e9a552fc17241]::result::unwrap_failed
[INFO] [stdout]   12:     0x61164e722061 - framefinery[94744f83147b5061]::command::tests::temp_input_path
[INFO] [stdout]   13:     0x61164e72579a - framefinery[94744f83147b5061]::command::tests::encode_job_accepts_lossless_yuv420_for_vvc_path
[INFO] [stdout]   14:     0x61164e74b839 - <framefinery[94744f83147b5061]::command::tests::encode_job_accepts_lossless_yuv420_for_vvc_path::{closure#0} as core[832e9a552fc17241]::ops::function::FnOnce<()>>::call_once
[INFO] [stdout]   15:     0x61164e75199b - test[39766f3d73431624]::__rust_begin_short_backtrace::<core[832e9a552fc17241]::result::Result<(), alloc[3ecab9f82c41dc7d]::string::String>, fn() -> core[832e9a552fc17241]::result::Result<(), alloc[3ecab9f82c41dc7d]::string::String>>
[INFO] [stdout]   16:     0x61164e75efe5 - test[39766f3d73431624]::run_test::{closure#0}
[INFO] [stdout]   17:     0x61164e759a94 - std[97b98282bc616a66]::sys::backtrace::__rust_begin_short_backtrace::<test[39766f3d73431624]::run_test::{closure#1}, ()>
[INFO] [stdout]   18:     0x61164e762132 - <std[97b98282bc616a66]::thread::lifecycle::spawn_unchecked<test[39766f3d73431624]::run_test::{closure#1}, ()>::{closure#1} as core[832e9a552fc17241]::ops::function::FnOnce<()>>::call_once::{shim:vtable#0}
[INFO] [stdout]   19:     0x61164e7d7cbf - <std[97b98282bc616a66]::sys::thread::unix::Thread>::new::thread_start
[INFO] [stdout]   20:     0x7557b79ba07a - <unknown>
[INFO] [stdout]   21:     0x7557b7a4d534 - clone
[INFO] [stdout]   22:                0x0 - <unknown>
[INFO] [stdout] 
[INFO] [stdout] ---- command::tests::encode_job_accepts_lossless_yuv422_for_av2_without_bit_depth_fallback stdout ----
[INFO] [stdout] 
[INFO] [stdout] thread 'command::tests::encode_job_accepts_lossless_yuv422_for_av2_without_bit_depth_fallback' (397) panicked at src/command.rs:1625:34:
[INFO] [stdout] create test output directory: Os { code: 30, kind: ReadOnlyFilesystem, message: "Read-only file system" }
[INFO] [stdout] stack backtrace:
[INFO] [stdout]    0:     0x61164e7d8431 - <<std[97b98282bc616a66]::sys::backtrace::BacktraceLock>::print::DisplayBacktrace as core[832e9a552fc17241]::fmt::Display>::fmt
[INFO] [stdout]    1:     0x61164e7ecc0a - core[832e9a552fc17241]::fmt::write
[INFO] [stdout]    2:     0x61164e7dc90c - <alloc[3ecab9f82c41dc7d]::vec::Vec<u8> as std[97b98282bc616a66]::io::Write>::write_fmt
[INFO] [stdout]    3:     0x61164e7b5ef6 - std[97b98282bc616a66]::panicking::default_hook::{closure#0}
[INFO] [stdout]    4:     0x61164e7d0579 - std[97b98282bc616a66]::panicking::default_hook
[INFO] [stdout]    5:     0x61164e75e660 - test[39766f3d73431624]::test_main_inner::<test[39766f3d73431624]::test_main_static::{closure#0}>::{closure#0}
[INFO] [stdout]    6:     0x61164e7d0732 - std[97b98282bc616a66]::panicking::panic_with_hook
[INFO] [stdout]    7:     0x61164e7b5fa2 - std[97b98282bc616a66]::panicking::panic_handler::{closure#0}
[INFO] [stdout]    8:     0x61164e7ad7d9 - std[97b98282bc616a66]::sys::backtrace::__rust_end_short_backtrace::<std[97b98282bc616a66]::panicking::panic_handler::{closure#0}, !>
[INFO] [stdout]    9:     0x61164e7b6b9d - __rustc[e3d8617bb01b7f69]::rust_begin_unwind
[INFO] [stdout]   10:     0x61164e7ed33c - core[832e9a552fc17241]::panicking::panic_fmt
[INFO] [stdout]   11:     0x61164e7ed112 - core[832e9a552fc17241]::result::unwrap_failed
[INFO] [stdout]   12:     0x61164e722061 - framefinery[94744f83147b5061]::command::tests::temp_input_path
[INFO] [stdout]   13:     0x61164e73470a - framefinery[94744f83147b5061]::command::tests::encode_job_accepts_lossless_yuv422_for_av2_without_bit_depth_fallback
[INFO] [stdout]   14:     0x61164e74baf9 - <framefinery[94744f83147b5061]::command::tests::encode_job_accepts_lossless_yuv422_for_av2_without_bit_depth_fallback::{closure#0} as core[832e9a552fc17241]::ops::function::FnOnce<()>>::call_once
[INFO] [stdout]   15:     0x61164e75199b - test[39766f3d73431624]::__rust_begin_short_backtrace::<core[832e9a552fc17241]::result::Result<(), alloc[3ecab9f82c41dc7d]::string::String>, fn() -> core[832e9a552fc17241]::result::Result<(), alloc[3ecab9f82c41dc7d]::string::String>>
[INFO] [stdout]   16:     0x61164e75efe5 - test[39766f3d73431624]::run_test::{closure#0}
[INFO] [stdout]   17:     0x61164e759a94 - std[97b98282bc616a66]::sys::backtrace::__rust_begin_short_backtrace::<test[39766f3d73431624]::run_test::{closure#1}, ()>
[INFO] [stdout]   18:     0x61164e762132 - <std[97b98282bc616a66]::thread::lifecycle::spawn_unchecked<test[39766f3d73431624]::run_test::{closure#1}, ()>::{closure#1} as core[832e9a552fc17241]::ops::function::FnOnce<()>>::call_once::{shim:vtable#0}
[INFO] [stdout]   19:     0x61164e7d7cbf - <std[97b98282bc616a66]::sys::thread::unix::Thread>::new::thread_start
[INFO] [stdout]   20:     0x7557b79ba07a - <unknown>
[INFO] [stdout]   21:     0x7557b7a4d534 - clone
[INFO] [stdout]   22:                0x0 - <unknown>
[INFO] [stdout] 
[INFO] [stdout] ---- command::tests::encode_job_accepts_lossless_yuv422_for_vvc_path stdout ----
[INFO] [stdout] 
[INFO] [stdout] thread 'command::tests::encode_job_accepts_lossless_yuv422_for_vvc_path' (398) panicked at src/command.rs:1625:34:
[INFO] [stdout] create test output directory: Os { code: 30, kind: ReadOnlyFilesystem, message: "Read-only file system" }
[INFO] [stdout] stack backtrace:
[INFO] [stdout]    0:     0x61164e7d8431 - <<std[97b98282bc616a66]::sys::backtrace::BacktraceLock>::print::DisplayBacktrace as core[832e9a552fc17241]::fmt::Display>::fmt
[INFO] [stdout]    1:     0x61164e7ecc0a - core[832e9a552fc17241]::fmt::write
[INFO] [stdout]    2:     0x61164e7dc90c - <alloc[3ecab9f82c41dc7d]::vec::Vec<u8> as std[97b98282bc616a66]::io::Write>::write_fmt
[INFO] [stdout]    3:     0x61164e7b5ef6 - std[97b98282bc616a66]::panicking::default_hook::{closure#0}
[INFO] [stdout]    4:     0x61164e7d0579 - std[97b98282bc616a66]::panicking::default_hook
[INFO] [stdout]    5:     0x61164e75e660 - test[39766f3d73431624]::test_main_inner::<test[39766f3d73431624]::test_main_static::{closure#0}>::{closure#0}
[INFO] [stdout]    6:     0x61164e7d0732 - std[97b98282bc616a66]::panicking::panic_with_hook
[INFO] [stdout]    7:     0x61164e7b5fa2 - std[97b98282bc616a66]::panicking::panic_handler::{closure#0}
[INFO] [stdout]    8:     0x61164e7ad7d9 - std[97b98282bc616a66]::sys::backtrace::__rust_end_short_backtrace::<std[97b98282bc616a66]::panicking::panic_handler::{closure#0}, !>
[INFO] [stdout]    9:     0x61164e7b6b9d - __rustc[e3d8617bb01b7f69]::rust_begin_unwind
[INFO] [stdout]   10:     0x61164e7ed33c - core[832e9a552fc17241]::panicking::panic_fmt
[INFO] [stdout]   11:     0x61164e7ed112 - core[832e9a552fc17241]::result::unwrap_failed
[INFO] [stdout]   12:     0x61164e722061 - framefinery[94744f83147b5061]::command::tests::temp_input_path
[INFO] [stdout]   13:     0x61164e72619a - framefinery[94744f83147b5061]::command::tests::encode_job_accepts_lossless_yuv422_for_vvc_path
[INFO] [stdout]   14:     0x61164e74b859 - <framefinery[94744f83147b5061]::command::tests::encode_job_accepts_lossless_yuv422_for_vvc_path::{closure#0} as core[832e9a552fc17241]::ops::function::FnOnce<()>>::call_once
[INFO] [stdout]   15:     0x61164e75199b - test[39766f3d73431624]::__rust_begin_short_backtrace::<core[832e9a552fc17241]::result::Result<(), alloc[3ecab9f82c41dc7d]::string::String>, fn() -> core[832e9a552fc17241]::result::Result<(), alloc[3ecab9f82c41dc7d]::string::String>>
[INFO] [stdout]   16:     0x61164e75efe5 - test[39766f3d73431624]::run_test::{closure#0}
[INFO] [stdout]   17:     0x61164e759a94 - std[97b98282bc616a66]::sys::backtrace::__rust_begin_short_backtrace::<test[39766f3d73431624]::run_test::{closure#1}, ()>
[INFO] [stdout]   18:     0x61164e762132 - <std[97b98282bc616a66]::thread::lifecycle::spawn_unchecked<test[39766f3d73431624]::run_test::{closure#1}, ()>::{closure#1} as core[832e9a552fc17241]::ops::function::FnOnce<()>>::call_once::{shim:vtable#0}
[INFO] [stdout]   19:     0x61164e7d7cbf - <std[97b98282bc616a66]::sys::thread::unix::Thread>::new::thread_start
[INFO] [stdout]   20:     0x7557b79ba07a - <unknown>
[INFO] [stdout]   21:     0x7557b7a4d534 - clone
[INFO] [stdout]   22:                0x0 - <unknown>
[INFO] [stdout] 
[INFO] [stdout] ---- command::tests::encode_job_accepts_lossy_yuv422_high_depth_for_vvc_path stdout ----
[INFO] [stdout] 
[INFO] [stdout] thread 'command::tests::encode_job_accepts_lossy_yuv422_high_depth_for_vvc_path' (399) panicked at src/command.rs:1625:34:
[INFO] [stdout] create test output directory: Os { code: 30, kind: ReadOnlyFilesystem, message: "Read-only file system" }
[INFO] [stdout] stack backtrace:
[INFO] [stdout]    0:     0x61164e7d8431 - <<std[97b98282bc616a66]::sys::backtrace::BacktraceLock>::print::DisplayBacktrace as core[832e9a552fc17241]::fmt::Display>::fmt
[INFO] [stdout]    1:     0x61164e7ecc0a - core[832e9a552fc17241]::fmt::write
[INFO] [stdout]    2:     0x61164e7dc90c - <alloc[3ecab9f82c41dc7d]::vec::Vec<u8> as std[97b98282bc616a66]::io::Write>::write_fmt
[INFO] [stdout]    3:     0x61164e7b5ef6 - std[97b98282bc616a66]::panicking::default_hook::{closure#0}
[INFO] [stdout]    4:     0x61164e7d0579 - std[97b98282bc616a66]::panicking::default_hook
[INFO] [stdout]    5:     0x61164e75e660 - test[39766f3d73431624]::test_main_inner::<test[39766f3d73431624]::test_main_static::{closure#0}>::{closure#0}
[INFO] [stdout]    6:     0x61164e7d0732 - std[97b98282bc616a66]::panicking::panic_with_hook
[INFO] [stdout]    7:     0x61164e7b5fa2 - std[97b98282bc616a66]::panicking::panic_handler::{closure#0}
[INFO] [stdout]    8:     0x61164e7ad7d9 - std[97b98282bc616a66]::sys::backtrace::__rust_end_short_backtrace::<std[97b98282bc616a66]::panicking::panic_handler::{closure#0}, !>
[INFO] [stdout]    9:     0x61164e7b6b9d - __rustc[e3d8617bb01b7f69]::rust_begin_unwind
[INFO] [stdout]   10:     0x61164e7ed33c - core[832e9a552fc17241]::panicking::panic_fmt
[INFO] [stdout]   11:     0x61164e7ed112 - core[832e9a552fc17241]::result::unwrap_failed
[INFO] [stdout]   12:     0x61164e722061 - framefinery[94744f83147b5061]::command::tests::temp_input_path
[INFO] [stdout]   13:     0x61164e72df1a - framefinery[94744f83147b5061]::command::tests::encode_job_accepts_lossy_yuv422_high_depth_for_vvc_path
[INFO] [stdout]   14:     0x61164e74b9b9 - <framefinery[94744f83147b5061]::command::tests::encode_job_accepts_lossy_yuv422_high_depth_for_vvc_path::{closure#0} as core[832e9a552fc17241]::ops::function::FnOnce<()>>::call_once
[INFO] [stdout]   15:     0x61164e75199b - test[39766f3d73431624]::__rust_begin_short_backtrace::<core[832e9a552fc17241]::result::Result<(), alloc[3ecab9f82c41dc7d]::string::String>, fn() -> core[832e9a552fc17241]::result::Result<(), alloc[3ecab9f82c41dc7d]::string::String>>
[INFO] [stdout]   16:     0x61164e75efe5 - test[39766f3d73431624]::run_test::{closure#0}
[INFO] [stdout]   17:     0x61164e759a94 - std[97b98282bc616a66]::sys::backtrace::__rust_begin_short_backtrace::<test[39766f3d73431624]::run_test::{closure#1}, ()>
[INFO] [stdout]   18:     0x61164e762132 - <std[97b98282bc616a66]::thread::lifecycle::spawn_unchecked<test[39766f3d73431624]::run_test::{closure#1}, ()>::{closure#1} as core[832e9a552fc17241]::ops::function::FnOnce<()>>::call_once::{shim:vtable#0}
[INFO] [stdout]   19:     0x61164e7d7cbf - <std[97b98282bc616a66]::sys::thread::unix::Thread>::new::thread_start
[INFO] [stdout]   20:     0x7557b79ba07a - <unknown>
[INFO] [stdout]   21:     0x7557b7a4d534 - clone
[INFO] [stdout]   22:                0x0 - <unknown>
[INFO] [stdout] 
[INFO] [stdout] ---- command::tests::encode_job_accepts_non_lossless_rgb24_for_av2_path stdout ----
[INFO] [stdout] 
[INFO] [stdout] thread 'command::tests::encode_job_accepts_non_lossless_rgb24_for_av2_path' (400) panicked at src/command.rs:1625:34:
[INFO] [stdout] create test output directory: Os { code: 30, kind: ReadOnlyFilesystem, message: "Read-only file system" }
[INFO] [stdout] stack backtrace:
[INFO] [stdout]    0:     0x61164e7d8431 - <<std[97b98282bc616a66]::sys::backtrace::BacktraceLock>::print::DisplayBacktrace as core[832e9a552fc17241]::fmt::Display>::fmt
[INFO] [stdout]    1:     0x61164e7ecc0a - core[832e9a552fc17241]::fmt::write
[INFO] [stdout]    2:     0x61164e7dc90c - <alloc[3ecab9f82c41dc7d]::vec::Vec<u8> as std[97b98282bc616a66]::io::Write>::write_fmt
[INFO] [stdout]    3:     0x61164e7b5ef6 - std[97b98282bc616a66]::panicking::default_hook::{closure#0}
[INFO] [stdout]    4:     0x61164e7d0579 - std[97b98282bc616a66]::panicking::default_hook
[INFO] [stdout]    5:     0x61164e75e660 - test[39766f3d73431624]::test_main_inner::<test[39766f3d73431624]::test_main_static::{closure#0}>::{closure#0}
[INFO] [stdout]    6:     0x61164e7d0732 - std[97b98282bc616a66]::panicking::panic_with_hook
[INFO] [stdout]    7:     0x61164e7b5fa2 - std[97b98282bc616a66]::panicking::panic_handler::{closure#0}
[INFO] [stdout]    8:     0x61164e7ad7d9 - std[97b98282bc616a66]::sys::backtrace::__rust_end_short_backtrace::<std[97b98282bc616a66]::panicking::panic_handler::{closure#0}, !>
[INFO] [stdout]    9:     0x61164e7b6b9d - __rustc[e3d8617bb01b7f69]::rust_begin_unwind
[INFO] [stdout]   10:     0x61164e7ed33c - core[832e9a552fc17241]::panicking::panic_fmt
[INFO] [stdout]   11:     0x61164e7ed112 - core[832e9a552fc17241]::result::unwrap_failed
[INFO] [stdout]   12:     0x61164e722061 - framefinery[94744f83147b5061]::command::tests::temp_input_path
[INFO] [stdout]   13:     0x61164e72779e - framefinery[94744f83147b5061]::command::tests::encode_job_accepts_non_lossless_rgb24_for_av2_path
[INFO] [stdout]   14:     0x61164e74b899 - <framefinery[94744f83147b5061]::command::tests::encode_job_accepts_non_lossless_rgb24_for_av2_path::{closure#0} as core[832e9a552fc17241]::ops::function::FnOnce<()>>::call_once
[INFO] [stdout]   15:     0x61164e75199b - test[39766f3d73431624]::__rust_begin_short_backtrace::<core[832e9a552fc17241]::result::Result<(), alloc[3ecab9f82c41dc7d]::string::String>, fn() -> core[832e9a552fc17241]::result::Result<(), alloc[3ecab9f82c41dc7d]::string::String>>
[INFO] [stdout]   16:     0x61164e75efe5 - test[39766f3d73431624]::run_test::{closure#0}
[INFO] [stdout]   17:     0x61164e759a94 - std[97b98282bc616a66]::sys::backtrace::__rust_begin_short_backtrace::<test[39766f3d73431624]::run_test::{closure#1}, ()>
[INFO] [stdout]   18:     0x61164e762132 - <std[97b98282bc616a66]::thread::lifecycle::spawn_unchecked<test[39766f3d73431624]::run_test::{closure#1}, ()>::{closure#1} as core[832e9a552fc17241]::ops::function::FnOnce<()>>::call_once::{shim:vtable#0}
[INFO] [stdout]   19:     0x61164e7d7cbf - <std[97b98282bc616a66]::sys::thread::unix::Thread>::new::thread_start
[INFO] [stdout]   20:     0x7557b79ba07a - <unknown>
[INFO] [stdout]   21:     0x7557b7a4d534 - clone
[INFO] [stdout]   22:                0x0 - <unknown>
[INFO] [stdout] 
[INFO] [stdout] ---- command::tests::encode_job_accepts_qp_setting stdout ----
[INFO] [stdout] 
[INFO] [stdout] thread 'command::tests::encode_job_accepts_qp_setting' (402) panicked at src/command.rs:1625:34:
[INFO] [stdout] create test output directory: Os { code: 30, kind: ReadOnlyFilesystem, message: "Read-only file system" }
[INFO] [stdout] stack backtrace:
[INFO] [stdout]    0:     0x61164e7d8431 - <<std[97b98282bc616a66]::sys::backtrace::BacktraceLock>::print::DisplayBacktrace as core[832e9a552fc17241]::fmt::Display>::fmt
[INFO] [stdout]    1:     0x61164e7ecc0a - core[832e9a552fc17241]::fmt::write
[INFO] [stdout]    2:     0x61164e7dc90c - <alloc[3ecab9f82c41dc7d]::vec::Vec<u8> as std[97b98282bc616a66]::io::Write>::write_fmt
[INFO] [stdout]    3:     0x61164e7b5ef6 - std[97b98282bc616a66]::panicking::default_hook::{closure#0}
[INFO] [stdout]    4:     0x61164e7d0579 - std[97b98282bc616a66]::panicking::default_hook
[INFO] [stdout]    5:     0x61164e75e660 - test[39766f3d73431624]::test_main_inner::<test[39766f3d73431624]::test_main_static::{closure#0}>::{closure#0}
[INFO] [stdout]    6:     0x61164e7d0732 - std[97b98282bc616a66]::panicking::panic_with_hook
[INFO] [stdout]    7:     0x61164e7b5fa2 - std[97b98282bc616a66]::panicking::panic_handler::{closure#0}
[INFO] [stdout]    8:     0x61164e7ad7d9 - std[97b98282bc616a66]::sys::backtrace::__rust_end_short_backtrace::<std[97b98282bc616a66]::panicking::panic_handler::{closure#0}, !>
[INFO] [stdout]    9:     0x61164e7b6b9d - __rustc[e3d8617bb01b7f69]::rust_begin_unwind
[INFO] [stdout]   10:     0x61164e7ed33c - core[832e9a552fc17241]::panicking::panic_fmt
[INFO] [stdout]   11:     0x61164e7ed112 - core[832e9a552fc17241]::result::unwrap_failed
[INFO] [stdout]   12:     0x61164e722061 - framefinery[94744f83147b5061]::command::tests::temp_input_path
[INFO] [stdout]   13:     0x61164e72295e - framefinery[94744f83147b5061]::command::tests::encode_job_accepts_qp_setting
[INFO] [stdout]   14:     0x61164e74b779 - <framefinery[94744f83147b5061]::command::tests::encode_job_accepts_qp_setting::{closure#0} as core[832e9a552fc17241]::ops::function::FnOnce<()>>::call_once
[INFO] [stdout]   15:     0x61164e75199b - test[39766f3d73431624]::__rust_begin_short_backtrace::<core[832e9a552fc17241]::result::Result<(), alloc[3ecab9f82c41dc7d]::string::String>, fn() -> core[832e9a552fc17241]::result::Result<(), alloc[3ecab9f82c41dc7d]::string::String>>
[INFO] [stdout]   16:     0x61164e75efe5 - test[39766f3d73431624]::run_test::{closure#0}
[INFO] [stdout]   17:     0x61164e759a94 - std[97b98282bc616a66]::sys::backtrace::__rust_begin_short_backtrace::<test[39766f3d73431624]::run_test::{closure#1}, ()>
[INFO] [stdout]   18:     0x61164e762132 - <std[97b98282bc616a66]::thread::lifecycle::spawn_unchecked<test[39766f3d73431624]::run_test::{closure#1}, ()>::{closure#1} as core[832e9a552fc17241]::ops::function::FnOnce<()>>::call_once::{shim:vtable#0}
[INFO] [stdout]   19:     0x61164e7d7cbf - <std[97b98282bc616a66]::sys::thread::unix::Thread>::new::thread_start
[INFO] [stdout]   20:     0x7557b79ba07a - <unknown>
[INFO] [stdout]   21:     0x7557b7a4d534 - clone
[INFO] [stdout]   22:                0x0 - <unknown>
[INFO] [stdout] 
[INFO] [stdout] ---- command::tests::encode_job_allows_explicit_video_to_override_y4m_header stdout ----
[INFO] [stdout] 
[INFO] [stdout] thread 'command::tests::encode_job_allows_explicit_video_to_override_y4m_header' (405) panicked at src/command.rs:1625:34:
[INFO] [stdout] create test output directory: Os { code: 30, kind: ReadOnlyFilesystem, message: "Read-only file system" }
[INFO] [stdout] stack backtrace:
[INFO] [stdout]    0:     0x61164e7d8431 - <<std[97b98282bc616a66]::sys::backtrace::BacktraceLock>::print::DisplayBacktrace as core[832e9a552fc17241]::fmt::Display>::fmt
[INFO] [stdout]    1:     0x61164e7ecc0a - core[832e9a552fc17241]::fmt::write
[INFO] [stdout]    2:     0x61164e7dc90c - <alloc[3ecab9f82c41dc7d]::vec::Vec<u8> as std[97b98282bc616a66]::io::Write>::write_fmt
[INFO] [stdout]    3:     0x61164e7b5ef6 - std[97b98282bc616a66]::panicking::default_hook::{closure#0}
[INFO] [stdout]    4:     0x61164e7d0579 - std[97b98282bc616a66]::panicking::default_hook
[INFO] [stdout]    5:     0x61164e75e660 - test[39766f3d73431624]::test_main_inner::<test[39766f3d73431624]::test_main_static::{closure#0}>::{closure#0}
[INFO] [stdout]    6:     0x61164e7d0732 - std[97b98282bc616a66]::panicking::panic_with_hook
[INFO] [stdout]    7:     0x61164e7b5fa2 - std[97b98282bc616a66]::panicking::panic_handler::{closure#0}
[INFO] [stdout]    8:     0x61164e7ad7d9 - std[97b98282bc616a66]::sys::backtrace::__rust_end_short_backtrace::<std[97b98282bc616a66]::panicking::panic_handler::{closure#0}, !>
[INFO] [stdout]    9:     0x61164e7b6b9d - __rustc[e3d8617bb01b7f69]::rust_begin_unwind
[INFO] [stdout]   10:     0x61164e7ed33c - core[832e9a552fc17241]::panicking::panic_fmt
[INFO] [stdout]   11:     0x61164e7ed112 - core[832e9a552fc17241]::result::unwrap_failed
[INFO] [stdout]   12:     0x61164e722061 - framefinery[94744f83147b5061]::command::tests::temp_input_path
[INFO] [stdout]   13:     0x61164e72f55e - framefinery[94744f83147b5061]::command::tests::encode_job_allows_explicit_video_to_override_y4m_header
[INFO] [stdout]   14:     0x61164e74b9f9 - <framefinery[94744f83147b5061]::command::tests::encode_job_allows_explicit_video_to_override_y4m_header::{closure#0} as core[832e9a552fc17241]::ops::function::FnOnce<()>>::call_once
[INFO] [stdout]   15:     0x61164e75199b - test[39766f3d73431624]::__rust_begin_short_backtrace::<core[832e9a552fc17241]::result::Result<(), alloc[3ecab9f82c41dc7d]::string::String>, fn() -> core[832e9a552fc17241]::result::Result<(), alloc[3ecab9f82c41dc7d]::string::String>>
[INFO] [stdout]   16:     0x61164e75efe5 - test[39766f3d73431624]::run_test::{closure#0}
[INFO] [stdout]   17:     0x61164e759a94 - std[97b98282bc616a66]::sys::backtrace::__rust_begin_short_backtrace::<test[39766f3d73431624]::run_test::{closure#1}, ()>
[INFO] [stdout]   18:     0x61164e762132 - <std[97b98282bc616a66]::thread::lifecycle::spawn_unchecked<test[39766f3d73431624]::run_test::{closure#1}, ()>::{closure#1} as core[832e9a552fc17241]::ops::function::FnOnce<()>>::call_once::{shim:vtable#0}
[INFO] [stdout]   19:     0x61164e7d7cbf - <std[97b98282bc616a66]::sys::thread::unix::Thread>::new::thread_start
[INFO] [stdout]   20:     0x7557b79ba07a - <unknown>
[INFO] [stdout]   21:     0x7557b7a4d534 - clone
[INFO] [stdout]   22:                0x0 - <unknown>
[INFO] [stdout] 
[INFO] [stdout] ---- command::tests::encode_job_accepts_scale_filter_and_updates_geometry stdout ----
[INFO] [stdout] 
[INFO] [stdout] thread 'command::tests::encode_job_accepts_scale_filter_and_updates_geometry' (404) panicked at src/command.rs:1625:34:
[INFO] [stdout] create test output directory: Os { code: 30, kind: ReadOnlyFilesystem, message: "Read-only file system" }
[INFO] [stdout] stack backtrace:
[INFO] [stdout]    0:     0x61164e7d8431 - <<std[97b98282bc616a66]::sys::backtrace::BacktraceLock>::print::DisplayBacktrace as core[832e9a552fc17241]::fmt::Display>::fmt
[INFO] [stdout]    1:     0x61164e7ecc0a - core[832e9a552fc17241]::fmt::write
[INFO] [stdout]    2:     0x61164e7dc90c - <alloc[3ecab9f82c41dc7d]::vec::Vec<u8> as std[97b98282bc616a66]::io::Write>::write_fmt
[INFO] [stdout]    3:     0x61164e7b5ef6 - std[97b98282bc616a66]::panicking::default_hook::{closure#0}
[INFO] [stdout]    4:     0x61164e7d0579 - std[97b98282bc616a66]::panicking::default_hook
[INFO] [stdout]    5:     0x61164e75e660 - test[39766f3d73431624]::test_main_inner::<test[39766f3d73431624]::test_main_static::{closure#0}>::{closure#0}
[INFO] [stdout]    6:     0x61164e7d0732 - std[97b98282bc616a66]::panicking::panic_with_hook
[INFO] [stdout]    7:     0x61164e7b5fa2 - std[97b98282bc616a66]::panicking::panic_handler::{closure#0}
[INFO] [stdout]    8:     0x61164e7ad7d9 - std[97b98282bc616a66]::sys::backtrace::__rust_end_short_backtrace::<std[97b98282bc616a66]::panicking::panic_handler::{closure#0}, !>
[INFO] [stdout]    9:     0x61164e7b6b9d - __rustc[e3d8617bb01b7f69]::rust_begin_unwind
[INFO] [stdout]   10:     0x61164e7ed33c - core[832e9a552fc17241]::panicking::panic_fmt
[INFO] [stdout]   11:     0x61164e7ed112 - core[832e9a552fc17241]::result::unwrap_failed
[INFO] [stdout]   12:     0x61164e722061 - framefinery[94744f83147b5061]::command::tests::temp_input_path
[INFO] [stdout]   13:     0x61164e72960e - framefinery[94744f83147b5061]::command::tests::encode_job_accepts_scale_filter_and_updates_geometry
[INFO] [stdout]   14:     0x61164e74b8d9 - <framefinery[94744f83147b5061]::command::tests::encode_job_accepts_scale_filter_and_updates_geometry::{closure#0} as core[832e9a552fc17241]::ops::function::FnOnce<()>>::call_once
[INFO] [stdout]   15:     0x61164e75199b - test[39766f3d73431624]::__rust_begin_short_backtrace::<core[832e9a552fc17241]::result::Result<(), alloc[3ecab9f82c41dc7d]::string::String>, fn() -> core[832e9a552fc17241]::result::Result<(), alloc[3ecab9f82c41dc7d]::string::String>>
[INFO] [stdout]   16:     0x61164e75efe5 - test[39766f3d73431624]::run_test::{closure#0}
[INFO] [stdout]   17:     0x61164e759a94 - std[97b98282bc616a66]::sys::backtrace::__rust_begin_short_backtrace::<test[39766f3d73431624]::run_test::{closure#1}, ()>
[INFO] [stdout]   18:     0x61164e762132 - <std[97b98282bc616a66]::thread::lifecycle::spawn_unchecked<test[39766f3d73431624]::run_test::{closure#1}, ()>::{closure#1} as core[832e9a552fc17241]::ops::function::FnOnce<()>>::call_once::{shim:vtable#0}
[INFO] [stdout]   19:     0x61164e7d7cbf - <std[97b98282bc616a66]::sys::thread::unix::Thread>::new::thread_start
[INFO] [stdout]   20:     0x7557b79ba07a - <unknown>
[INFO] [stdout]   21:     0x7557b7a4d534 - clone
[INFO] [stdout]   22:                0x0 - <unknown>
[INFO] [stdout] 
[INFO] [stdout] ---- command::tests::encode_job_clamps_requested_frames_to_available_file_frames stdout ----
[INFO] [stdout] 
[INFO] [stdout] thread 'command::tests::encode_job_clamps_requested_frames_to_available_file_frames' (406) panicked at src/command.rs:1625:34:
[INFO] [stdout] create test output directory: Os { code: 30, kind: ReadOnlyFilesystem, message: "Read-only file system" }
[INFO] [stdout] stack backtrace:
[INFO] [stdout]    0:     0x61164e7d8431 - <<std[97b98282bc616a66]::sys::backtrace::BacktraceLock>::print::DisplayBacktrace as core[832e9a552fc17241]::fmt::Display>::fmt
[INFO] [stdout]    1:     0x61164e7ecc0a - core[832e9a552fc17241]::fmt::write
[INFO] [stdout]    2:     0x61164e7dc90c - <alloc[3ecab9f82c41dc7d]::vec::Vec<u8> as std[97b98282bc616a66]::io::Write>::write_fmt
[INFO] [stdout]    3:     0x61164e7b5ef6 - std[97b98282bc616a66]::panicking::default_hook::{closure#0}
[INFO] [stdout]    4:     0x61164e7d0579 - std[97b98282bc616a66]::panicking::default_hook
[INFO] [stdout]    5:     0x61164e75e660 - test[39766f3d73431624]::test_main_inner::<test[39766f3d73431624]::test_main_static::{closure#0}>::{closure#0}
[INFO] [stdout]    6:     0x61164e7d0732 - std[97b98282bc616a66]::panicking::panic_with_hook
[INFO] [stdout]    7:     0x61164e7b5fa2 - std[97b98282bc616a66]::panicking::panic_handler::{closure#0}
[INFO] [stdout]    8:     0x61164e7ad7d9 - std[97b98282bc616a66]::sys::backtrace::__rust_end_short_backtrace::<std[97b98282bc616a66]::panicking::panic_handler::{closure#0}, !>
[INFO] [stdout]    9:     0x61164e7b6b9d - __rustc[e3d8617bb01b7f69]::rust_begin_unwind
[INFO] [stdout]   10:     0x61164e7ed33c - core[832e9a552fc17241]::panicking::panic_fmt
[INFO] [stdout]   11:     0x61164e7ed112 - core[832e9a552fc17241]::result::unwrap_failed
[INFO] [stdout]   12:     0x61164e722061 - framefinery[94744f83147b5061]::command::tests::temp_input_path
[INFO] [stdout]   13:     0x61164e73374e - framefinery[94744f83147b5061]::command::tests::encode_job_clamps_requested_frames_to_available_file_frames
[INFO] [stdout]   14:     0x61164e74bab9 - <framefinery[94744f83147b5061]::command::tests::encode_job_clamps_requested_frames_to_available_file_frames::{closure#0} as core[832e9a552fc17241]::ops::function::FnOnce<()>>::call_once
[INFO] [stdout]   15:     0x61164e75199b - test[39766f3d73431624]::__rust_begin_short_backtrace::<core[832e9a552fc17241]::result::Result<(), alloc[3ecab9f82c41dc7d]::string::String>, fn() -> core[832e9a552fc17241]::result::Result<(), alloc[3ecab9f82c41dc7d]::string::String>>
[INFO] [stdout]   16:     0x61164e75efe5 - test[39766f3d73431624]::run_test::{closure#0}
[INFO] [stdout]   17:     0x61164e759a94 - std[97b98282bc616a66]::sys::backtrace::__rust_begin_short_backtrace::<test[39766f3d73431624]::run_test::{closure#1}, ()>
[INFO] [stdout]   18:     0x61164e762132 - <std[97b98282bc616a66]::thread::lifecycle::spawn_unchecked<test[39766f3d73431624]::run_test::{closure#1}, ()>::{closure#1} as core[832e9a552fc17241]::ops::function::FnOnce<()>>::call_once::{shim:vtable#0}
[INFO] [stdout]   19:     0x61164e7d7cbf - <std[97b98282bc616a66]::sys::thread::unix::Thread>::new::thread_start
[INFO] [stdout]   20:     0x7557b79ba07a - <unknown>
[INFO] [stdout]   21:     0x7557b7a4d534 - clone
[INFO] [stdout]   22:                0x0 - <unknown>
[INFO] [stdout] 
[INFO] [stdout] ---- command::tests::encode_job_infers_file_frames_from_eof_when_frames_omitted stdout ----
[INFO] [stdout] 
[INFO] [stdout] thread 'command::tests::encode_job_infers_file_frames_from_eof_when_frames_omitted' (407) panicked at src/command.rs:1625:34:
[INFO] [stdout] create test output directory: Os { code: 30, kind: ReadOnlyFilesystem, message: "Read-only file system" }
[INFO] [stdout] stack backtrace:
[INFO] [stdout]    0:     0x61164e7d8431 - <<std[97b98282bc616a66]::sys::backtrace::BacktraceLock>::print::DisplayBacktrace as core[832e9a552fc17241]::fmt::Display>::fmt
[INFO] [stdout]    1:     0x61164e7ecc0a - core[832e9a552fc17241]::fmt::write
[INFO] [stdout]    2:     0x61164e7dc90c - <alloc[3ecab9f82c41dc7d]::vec::Vec<u8> as std[97b98282bc616a66]::io::Write>::write_fmt
[INFO] [stdout]    3:     0x61164e7b5ef6 - std[97b98282bc616a66]::panicking::default_hook::{closure#0}
[INFO] [stdout]    4:     0x61164e7d0579 - std[97b98282bc616a66]::panicking::default_hook
[INFO] [stdout]    5:     0x61164e75e660 - test[39766f3d73431624]::test_main_inner::<test[39766f3d73431624]::test_main_static::{closure#0}>::{closure#0}
[INFO] [stdout]    6:     0x61164e7d0732 - std[97b98282bc616a66]::panicking::panic_with_hook
[INFO] [stdout]    7:     0x61164e7b5fa2 - std[97b98282bc616a66]::panicking::panic_handler::{closure#0}
[INFO] [stdout]    8:     0x61164e7ad7d9 - std[97b98282bc616a66]::sys::backtrace::__rust_end_short_backtrace::<std[97b98282bc616a66]::panicking::panic_handler::{closure#0}, !>
[INFO] [stdout]    9:     0x61164e7b6b9d - __rustc[e3d8617bb01b7f69]::rust_begin_unwind
[INFO] [stdout]   10:     0x61164e7ed33c - core[832e9a552fc17241]::panicking::panic_fmt
[INFO] [stdout]   11:     0x61164e7ed112 - core[832e9a552fc17241]::result::unwrap_failed
[INFO] [stdout]   12:     0x61164e722061 - framefinery[94744f83147b5061]::command::tests::temp_input_path
[INFO] [stdout]   13:     0x61164e73301e - framefinery[94744f83147b5061]::command::tests::encode_job_infers_file_frames_from_eof_when_frames_omitted
[INFO] [stdout]   14:     0x61164e74ba99 - <framefinery[94744f83147b5061]::command::tests::encode_job_infers_file_frames_from_eof_when_frames_omitted::{closure#0} as core[832e9a552fc17241]::ops::function::FnOnce<()>>::call_once
[INFO] [stdout]   15:     0x61164e75199b - test[39766f3d73431624]::__rust_begin_short_backtrace::<core[832e9a552fc17241]::result::Result<(), alloc[3ecab9f82c41dc7d]::string::String>, fn() -> core[832e9a552fc17241]::result::Result<(), alloc[3ecab9f82c41dc7d]::string::String>>
[INFO] [stdout]   16:     0x61164e75efe5 - test[39766f3d73431624]::run_test::{closure#0}
[INFO] [stdout]   17:     0x61164e759a94 - std[97b98282bc616a66]::sys::backtrace::__rust_begin_short_backtrace::<test[39766f3d73431624]::run_test::{closure#1}, ()>
[INFO] [stdout]   18:     0x61164e762132 - <std[97b98282bc616a66]::thread::lifecycle::spawn_unchecked<test[39766f3d73431624]::run_test::{closure#1}, ()>::{closure#1} as core[832e9a552fc17241]::ops::function::FnOnce<()>>::call_once::{shim:vtable#0}
[INFO] [stdout]   19:     0x61164e7d7cbf - <std[97b98282bc616a66]::sys::thread::unix::Thread>::new::thread_start
[INFO] [stdout]   20:     0x7557b79ba07a - <unknown>
[INFO] [stdout]   21:     0x7557b7a4d534 - clone
[INFO] [stdout]   22:                0x0 - <unknown>
[INFO] [stdout] 
[INFO] [stdout] ---- command::tests::encode_job_accepts_rgb24_for_vvc_path_via_common_repack stdout ----
[INFO] [stdout] 
[INFO] [stdout] thread 'command::tests::encode_job_accepts_rgb24_for_vvc_path_via_common_repack' (403) panicked at src/command.rs:1625:34:
[INFO] [stdout] create test output directory: Os { code: 30, kind: ReadOnlyFilesystem, message: "Read-only file system" }
[INFO] [stdout] stack backtrace:
[INFO] [stdout]    0:     0x61164e7d8431 - <<std[97b98282bc616a66]::sys::backtrace::BacktraceLock>::print::DisplayBacktrace as core[832e9a552fc17241]::fmt::Display>::fmt
[INFO] [stdout]    1:     0x61164e7ecc0a - core[832e9a552fc17241]::fmt::write
[INFO] [stdout]    2:     0x61164e7dc90c - <alloc[3ecab9f82c41dc7d]::vec::Vec<u8> as std[97b98282bc616a66]::io::Write>::write_fmt
[INFO] [stdout]    3:     0x61164e7b5ef6 - std[97b98282bc616a66]::panicking::default_hook::{closure#0}
[INFO] [stdout]    4:     0x61164e7d0579 - std[97b98282bc616a66]::panicking::default_hook
[INFO] [stdout]    5:     0x61164e75e660 - test[39766f3d73431624]::test_main_inner::<test[39766f3d73431624]::test_main_static::{closure#0}>::{closure#0}
[INFO] [stdout]    6:     0x61164e7d0732 - std[97b98282bc616a66]::panicking::panic_with_hook
[INFO] [stdout]    7:     0x61164e7b5fa2 - std[97b98282bc616a66]::panicking::panic_handler::{closure#0}
[INFO] [stdout]    8:     0x61164e7ad7d9 - std[97b98282bc616a66]::sys::backtrace::__rust_end_short_backtrace::<std[97b98282bc616a66]::panicking::panic_handler::{closure#0}, !>
[INFO] [stdout]    9:     0x61164e7b6b9d - __rustc[e3d8617bb01b7f69]::rust_begin_unwind
[INFO] [stdout]   10:     0x61164e7ed33c - core[832e9a552fc17241]::panicking::panic_fmt
[INFO] [stdout]   11:     0x61164e7ed112 - core[832e9a552fc17241]::result::unwrap_failed
[INFO] [stdout]   12:     0x61164e722061 - framefinery[94744f83147b5061]::command::tests::temp_input_path
[INFO] [stdout]   13:     0x61164e72e79e - framefinery[94744f83147b5061]::command::tests::encode_job_accepts_rgb24_for_vvc_path_via_common_repack
[INFO] [stdout]   14:     0x61164e74b9d9 - <framefinery[94744f83147b5061]::command::tests::encode_job_accepts_rgb24_for_vvc_path_via_common_repack::{closure#0} as core[832e9a552fc17241]::ops::function::FnOnce<()>>::call_once
[INFO] [stdout]   15:     0x61164e75199b - test[39766f3d73431624]::__rust_begin_short_backtrace::<core[832e9a552fc17241]::result::Result<(), alloc[3ecab9f82c41dc7d]::string::String>, fn() -> core[832e9a552fc17241]::result::Result<(), alloc[3ecab9f82c41dc7d]::string::String>>
[INFO] [stdout]   16:     0x61164e75efe5 - test[39766f3d73431624]::run_test::{closure#0}
[INFO] [stdout]   17:     0x61164e759a94 - std[97b98282bc616a66]::sys::backtrace::__rust_begin_short_backtrace::<test[39766f3d73431624]::run_test::{closure#1}, ()>
[INFO] [stdout]   18:     0x61164e762132 - <std[97b98282bc616a66]::thread::lifecycle::spawn_unchecked<test[39766f3d73431624]::run_test::{closure#1}, ()>::{closure#1} as core[832e9a552fc17241]::ops::function::FnOnce<()>>::call_once::{shim:vtable#0}
[INFO] [stdout]   19:     0x61164e7d7cbf - <std[97b98282bc616a66]::sys::thread::unix::Thread>::new::thread_start
[INFO] [stdout]   20:     0x7557b79ba07a - <unknown>
[INFO] [stdout]   21:     0x7557b7a4d534 - clone
[INFO] [stdout]   22:                0x0 - <unknown>
[INFO] [stdout] 
[INFO] [stdout] ---- command::tests::encode_job_infers_y4m_metadata_and_frames_from_header stdout ----
[INFO] [stdout] 
[INFO] [stdout] thread 'command::tests::encode_job_infers_y4m_metadata_and_frames_from_header' (408) panicked at src/command.rs:1625:34:
[INFO] [stdout] create test output directory: Os { code: 30, kind: ReadOnlyFilesystem, message: "Read-only file system" }
[INFO] [stdout] stack backtrace:
[INFO] [stdout]    0:     0x61164e7d8431 - <<std[97b98282bc616a66]::sys::backtrace::BacktraceLock>::print::DisplayBacktrace as core[832e9a552fc17241]::fmt::Display>::fmt
[INFO] [stdout]    1:     0x61164e7ecc0a - core[832e9a552fc17241]::fmt::write
[INFO] [stdout]    2:     0x61164e7dc90c - <alloc[3ecab9f82c41dc7d]::vec::Vec<u8> as std[97b98282bc616a66]::io::Write>::write_fmt
[INFO] [stdout]    3:     0x61164e7b5ef6 - std[97b98282bc616a66]::panicking::default_hook::{closure#0}
[INFO] [stdout]    4:     0x61164e7d0579 - std[97b98282bc616a66]::panicking::default_hook
[INFO] [stdout]    5:     0x61164e75e660 - test[39766f3d73431624]::test_main_inner::<test[39766f3d73431624]::test_main_static::{closure#0}>::{closure#0}
[INFO] [stdout]    6:     0x61164e7d0732 - std[97b98282bc616a66]::panicking::panic_with_hook
[INFO] [stdout]    7:     0x61164e7b5fa2 - std[97b98282bc616a66]::panicking::panic_handler::{closure#0}
[INFO] [stdout]    8:     0x61164e7ad7d9 - std[97b98282bc616a66]::sys::backtrace::__rust_end_short_backtrace::<std[97b98282bc616a66]::panicking::panic_handler::{closure#0}, !>
[INFO] [stdout]    9:     0x61164e7b6b9d - __rustc[e3d8617bb01b7f69]::rust_begin_unwind
[INFO] [stdout]   10:     0x61164e7ed33c - core[832e9a552fc17241]::panicking::panic_fmt
[INFO] [stdout]   11:     0x61164e7ed112 - core[832e9a552fc17241]::result::unwrap_failed
[INFO] [stdout]   12:     0x61164e722061 - framefinery[94744f83147b5061]::command::tests::temp_input_path
[INFO] [stdout]   13:     0x61164e72b17e - framefinery[94744f83147b5061]::command::tests::encode_job_infers_y4m_metadata_and_frames_from_header
[INFO] [stdout]   14:     0x61164e74b939 - <framefinery[94744f83147b5061]::command::tests::encode_job_infers_y4m_metadata_and_frames_from_header::{closure#0} as core[832e9a552fc17241]::ops::function::FnOnce<()>>::call_once
[INFO] [stdout]   15:     0x61164e75199b - test[39766f3d73431624]::__rust_begin_short_backtrace::<core[832e9a552fc17241]::result::Result<(), alloc[3ecab9f82c41dc7d]::string::String>, fn() -> core[832e9a552fc17241]::result::Result<(), alloc[3ecab9f82c41dc7d]::string::String>>
[INFO] [stdout]   16:     0x61164e75efe5 - test[39766f3d73431624]::run_test::{closure#0}
[INFO] [stdout]   17:     0x61164e759a94 - std[97b98282bc616a66]::sys::backtrace::__rust_begin_short_backtrace::<test[39766f3d73431624]::run_test::{closure#1}, ()>
[INFO] [stdout]   18:     0x61164e762132 - <std[97b98282bc616a66]::thread::lifecycle::spawn_unchecked<test[39766f3d73431624]::run_test::{closure#1}, ()>::{closure#1} as core[832e9a552fc17241]::ops::function::FnOnce<()>>::call_once::{shim:vtable#0}
[INFO] [stdout]   19:     0x61164e7d7cbf - <std[97b98282bc616a66]::sys::thread::unix::Thread>::new::thread_start
[INFO] [stdout]   20:     0x7557b79ba07a - <unknown>
[INFO] [stdout]   21:     0x7557b7a4d534 - clone
[INFO] [stdout]   22:                0x0 - <unknown>
[INFO] [stdout] 
[INFO] [stdout] ---- command::tests::encode_job_leaves_codec_setting_conflicts_to_encoder stdout ----
[INFO] [stdout] 
[INFO] [stdout] thread 'command::tests::encode_job_leaves_codec_setting_conflicts_to_encoder' (409) panicked at src/command.rs:1625:34:
[INFO] [stdout] create test output directory: Os { code: 30, kind: ReadOnlyFilesystem, message: "Read-only file system" }
[INFO] [stdout] stack backtrace:
[INFO] [stdout]    0:     0x61164e7d8431 - <<std[97b98282bc616a66]::sys::backtrace::BacktraceLock>::print::DisplayBacktrace as core[832e9a552fc17241]::fmt::Display>::fmt
[INFO] [stdout]    1:     0x61164e7ecc0a - core[832e9a552fc17241]::fmt::write
[INFO] [stdout]    2:     0x61164e7dc90c - <alloc[3ecab9f82c41dc7d]::vec::Vec<u8> as std[97b98282bc616a66]::io::Write>::write_fmt
[INFO] [stdout]    3:     0x61164e7b5ef6 - std[97b98282bc616a66]::panicking::default_hook::{closure#0}
[INFO] [stdout]    4:     0x61164e7d0579 - std[97b98282bc616a66]::panicking::default_hook
[INFO] [stdout]    5:     0x61164e75e660 - test[39766f3d73431624]::test_main_inner::<test[39766f3d73431624]::test_main_static::{closure#0}>::{closure#0}
[INFO] [stdout]    6:     0x61164e7d0732 - std[97b98282bc616a66]::panicking::panic_with_hook
[INFO] [stdout]    7:     0x61164e7b5fa2 - std[97b98282bc616a66]::panicking::panic_handler::{closure#0}
[INFO] [stdout]    8:     0x61164e7ad7d9 - std[97b98282bc616a66]::sys::backtrace::__rust_end_short_backtrace::<std[97b98282bc616a66]::panicking::panic_handler::{closure#0}, !>
[INFO] [stdout]    9:     0x61164e7b6b9d - __rustc[e3d8617bb01b7f69]::rust_begin_unwind
[INFO] [stdout]   10:     0x61164e7ed33c - core[832e9a552fc17241]::panicking::panic_fmt
[INFO] [stdout]   11:     0x61164e7ed112 - core[832e9a552fc17241]::result::unwrap_failed
[INFO] [stdout]   12:     0x61164e722061 - framefinery[94744f83147b5061]::command::tests::temp_input_path
[INFO] [stdout]   13:     0x61164e72a17e - framefinery[94744f83147b5061]::command::tests::encode_job_leaves_codec_setting_conflicts_to_encoder
[INFO] [stdout]   14:     0x61164e74b8f9 - <framefinery[94744f83147b5061]::command::tests::encode_job_leaves_codec_setting_conflicts_to_encoder::{closure#0} as core[832e9a552fc17241]::ops::function::FnOnce<()>>::call_once
[INFO] [stdout]   15:     0x61164e75199b - test[39766f3d73431624]::__rust_begin_short_backtrace::<core[832e9a552fc17241]::result::Result<(), alloc[3ecab9f82c41dc7d]::string::String>, fn() -> core[832e9a552fc17241]::result::Result<(), alloc[3ecab9f82c41dc7d]::string::String>>
[INFO] [stdout]   16:     0x61164e75efe5 - test[39766f3d73431624]::run_test::{closure#0}
[INFO] [stdout]   17:     0x61164e759a94 - std[97b98282bc616a66]::sys::backtrace::__rust_begin_short_backtrace::<test[39766f3d73431624]::run_test::{closure#1}, ()>
[INFO] [stdout]   18:     0x61164e762132 - <std[97b98282bc616a66]::thread::lifecycle::spawn_unchecked<test[39766f3d73431624]::run_test::{closure#1}, ()>::{closure#1} as core[832e9a552fc17241]::ops::function::FnOnce<()>>::call_once::{shim:vtable#0}
[INFO] [stdout]   19:     0x61164e7d7cbf - <std[97b98282bc616a66]::sys::thread::unix::Thread>::new::thread_start
[INFO] [stdout]   20:     0x7557b79ba07a - <unknown>
[INFO] [stdout]   21:     0x7557b7a4d534 - clone
[INFO] [stdout]   22:                0x0 - <unknown>
[INFO] [stdout] 
[INFO] [stdout] ---- command::tests::encode_job_preserves_high_bit_depth_yuv420_for_av2_path stdout ----
[INFO] [stdout] 
[INFO] [stdout] thread 'command::tests::encode_job_preserves_high_bit_depth_yuv420_for_av2_path' (410) panicked at src/command.rs:1625:34:
[INFO] [stdout] create test output directory: Os { code: 30, kind: ReadOnlyFilesystem, message: "Read-only file system" }
[INFO] [stdout] stack backtrace:
[INFO] [stdout]    0:     0x61164e7d8431 - <<std[97b98282bc616a66]::sys::backtrace::BacktraceLock>::print::DisplayBacktrace as core[832e9a552fc17241]::fmt::Display>::fmt
[INFO] [stdout]    1:     0x61164e7ecc0a - core[832e9a552fc17241]::fmt::write
[INFO] [stdout]    2:     0x61164e7dc90c - <alloc[3ecab9f82c41dc7d]::vec::Vec<u8> as std[97b98282bc616a66]::io::Write>::write_fmt
[INFO] [stdout]    3:     0x61164e7b5ef6 - std[97b98282bc616a66]::panicking::default_hook::{closure#0}
[INFO] [stdout]    4:     0x61164e7d0579 - std[97b98282bc616a66]::panicking::default_hook
[INFO] [stdout]    5:     0x61164e75e660 - test[39766f3d73431624]::test_main_inner::<test[39766f3d73431624]::test_main_static::{closure#0}>::{closure#0}
[INFO] [stdout]    6:     0x61164e7d0732 - std[97b98282bc616a66]::panicking::panic_with_hook
[INFO] [stdout]    7:     0x61164e7b5fa2 - std[97b98282bc616a66]::panicking::panic_handler::{closure#0}
[INFO] [stdout]    8:     0x61164e7ad7d9 - std[97b98282bc616a66]::sys::backtrace::__rust_end_short_backtrace::<std[97b98282bc616a66]::panicking::panic_handler::{closure#0}, !>
[INFO] [stdout]    9:     0x61164e7b6b9d - __rustc[e3d8617bb01b7f69]::rust_begin_unwind
[INFO] [stdout]   10:     0x61164e7ed33c - core[832e9a552fc17241]::panicking::panic_fmt
[INFO] [stdout]   11:     0x61164e7ed112 - core[832e9a552fc17241]::result::unwrap_failed
[INFO] [stdout]   12:     0x61164e722061 - framefinery[94744f83147b5061]::command::tests::temp_input_path
[INFO] [stdout]   13:     0x61164e730016 - framefinery[94744f83147b5061]::command::tests::encode_job_preserves_high_bit_depth_yuv420_for_av2_path
[INFO] [stdout]   14:     0x61164e74ba19 - <framefinery[94744f83147b5061]::command::tests::encode_job_preserves_high_bit_depth_yuv420_for_av2_path::{closure#0} as core[832e9a552fc17241]::ops::function::FnOnce<()>>::call_once
[INFO] [stdout]   15:     0x61164e75199b - test[39766f3d73431624]::__rust_begin_short_backtrace::<core[832e9a552fc17241]::result::Result<(), alloc[3ecab9f82c41dc7d]::string::String>, fn() -> core[832e9a552fc17241]::result::Result<(), alloc[3ecab9f82c41dc7d]::string::String>>
[INFO] [stdout]   16:     0x61164e75efe5 - test[39766f3d73431624]::run_test::{closure#0}
[INFO] [stdout]   17:     0x61164e759a94 - std[97b98282bc616a66]::sys::backtrace::__rust_begin_short_backtrace::<test[39766f3d73431624]::run_test::{closure#1}, ()>
[INFO] [stdout]   18:     0x61164e762132 - <std[97b98282bc616a66]::thread::lifecycle::spawn_unchecked<test[39766f3d73431624]::run_test::{closure#1}, ()>::{closure#1} as core[832e9a552fc17241]::ops::function::FnOnce<()>>::call_once::{shim:vtable#0}
[INFO] [stdout]   19:     0x61164e7d7cbf - <std[97b98282bc616a66]::sys::thread::unix::Thread>::new::thread_start
[INFO] [stdout]   20:     0x7557b79ba07a - <unknown>
[INFO] [stdout]   21:     0x7557b7a4d534 - clone
[INFO] [stdout]   22:                0x0 - <unknown>
[INFO] [stdout] 
[INFO] [stdout] ---- command::tests::encode_job_preserves_high_bit_depth_yuv420_for_vvc_path stdout ----
[INFO] [stdout] 
[INFO] [stdout] thread 'command::tests::encode_job_preserves_high_bit_depth_yuv420_for_vvc_path' (411) panicked at src/command.rs:1625:34:
[INFO] [stdout] create test output directory: Os { code: 30, kind: ReadOnlyFilesystem, message: "Read-only file system" }
[INFO] [stdout] stack backtrace:
[INFO] [stdout]    0:     0x61164e7d8431 - <<std[97b98282bc616a66]::sys::backtrace::BacktraceLock>::print::DisplayBacktrace as core[832e9a552fc17241]::fmt::Display>::fmt
[INFO] [stdout]    1:     0x61164e7ecc0a - core[832e9a552fc17241]::fmt::write
[INFO] [stdout]    2:     0x61164e7dc90c - <alloc[3ecab9f82c41dc7d]::vec::Vec<u8> as std[97b98282bc616a66]::io::Write>::write_fmt
[INFO] [stdout]    3:     0x61164e7b5ef6 - std[97b98282bc616a66]::panicking::default_hook::{closure#0}
[INFO] [stdout]    4:     0x61164e7d0579 - std[97b98282bc616a66]::panicking::default_hook
[INFO] [stdout]    5:     0x61164e75e660 - test[39766f3d73431624]::test_main_inner::<test[39766f3d73431624]::test_main_static::{closure#0}>::{closure#0}
[INFO] [stdout]    6:     0x61164e7d0732 - std[97b98282bc616a66]::panicking::panic_with_hook
[INFO] [stdout]    7:     0x61164e7b5fa2 - std[97b98282bc616a66]::panicking::panic_handler::{closure#0}
[INFO] [stdout]    8:     0x61164e7ad7d9 - std[97b98282bc616a66]::sys::backtrace::__rust_end_short_backtrace::<std[97b98282bc616a66]::panicking::panic_handler::{closure#0}, !>
[INFO] [stdout]    9:     0x61164e7b6b9d - __rustc[e3d8617bb01b7f69]::rust_begin_unwind
[INFO] [stdout]   10:     0x61164e7ed33c - core[832e9a552fc17241]::panicking::panic_fmt
[INFO] [stdout]   11:     0x61164e7ed112 - core[832e9a552fc17241]::result::unwrap_failed
[INFO] [stdout]   12:     0x61164e722061 - framefinery[94744f83147b5061]::command::tests::temp_input_path
[INFO] [stdout]   13:     0x61164e730c1e - framefinery[94744f83147b5061]::command::tests::encode_job_preserves_high_bit_depth_yuv420_for_vvc_path
[INFO] [stdout]   14:     0x61164e74ba39 - <framefinery[94744f83147b5061]::command::tests::encode_job_preserves_high_bit_depth_yuv420_for_vvc_path::{closure#0} as core[832e9a552fc17241]::ops::function::FnOnce<()>>::call_once
[INFO] [stdout]   15:     0x61164e75199b - test[39766f3d73431624]::__rust_begin_short_backtrace::<core[832e9a552fc17241]::result::Result<(), alloc[3ecab9f82c41dc7d]::string::String>, fn() -> core[832e9a552fc17241]::result::Result<(), alloc[3ecab9f82c41dc7d]::string::String>>
[INFO] [stdout]   16:     0x61164e75efe5 - test[39766f3d73431624]::run_test::{closure#0}
[INFO] [stdout]   17:     0x61164e759a94 - std[97b98282bc616a66]::sys::backtrace::__rust_begin_short_backtrace::<test[39766f3d73431624]::run_test::{closure#1}, ()>
[INFO] [stdout]   18:     0x61164e762132 - <std[97b98282bc616a66]::thread::lifecycle::spawn_unchecked<test[39766f3d73431624]::run_test::{closure#1}, ()>::{closure#1} as core[832e9a552fc17241]::ops::function::FnOnce<()>>::call_once::{shim:vtable#0}
[INFO] [stdout]   19:     0x61164e7d7cbf - <std[97b98282bc616a66]::sys::thread::unix::Thread>::new::thread_start
[INFO] [stdout]   20:     0x7557b79ba07a - <unknown>
[INFO] [stdout]   21:     0x7557b7a4d534 - clone
[INFO] [stdout]   22:                0x0 - <unknown>
[INFO] [stdout] 
[INFO] [stdout] ---- command::tests::encode_job_preserves_high_bit_depth_yuv444_for_av2_path stdout ----
[INFO] [stdout] 
[INFO] [stdout] thread 'command::tests::encode_job_preserves_high_bit_depth_yuv444_for_av2_path' (412) panicked at src/command.rs:1625:34:
[INFO] [stdout] create test output directory: Os { code: 30, kind: ReadOnlyFilesystem, message: "Read-only file system" }
[INFO] [stdout] stack backtrace:
[INFO] [stdout]    0:     0x61164e7d8431 - <<std[97b98282bc616a66]::sys::backtrace::BacktraceLock>::print::DisplayBacktrace as core[832e9a552fc17241]::fmt::Display>::fmt
[INFO] [stdout]    1:     0x61164e7ecc0a - core[832e9a552fc17241]::fmt::write
[INFO] [stdout]    2:     0x61164e7dc90c - <alloc[3ecab9f82c41dc7d]::vec::Vec<u8> as std[97b98282bc616a66]::io::Write>::write_fmt
[INFO] [stdout]    3:     0x61164e7b5ef6 - std[97b98282bc616a66]::panicking::default_hook::{closure#0}
[INFO] [stdout]    4:     0x61164e7d0579 - std[97b98282bc616a66]::panicking::default_hook
[INFO] [stdout]    5:     0x61164e75e660 - test[39766f3d73431624]::test_main_inner::<test[39766f3d73431624]::test_main_static::{closure#0}>::{closure#0}
[INFO] [stdout]    6:     0x61164e7d0732 - std[97b98282bc616a66]::panicking::panic_with_hook
[INFO] [stdout]    7:     0x61164e7b5fa2 - std[97b98282bc616a66]::panicking::panic_handler::{closure#0}
[INFO] [stdout]    8:     0x61164e7ad7d9 - std[97b98282bc616a66]::sys::backtrace::__rust_end_short_backtrace::<std[97b98282bc616a66]::panicking::panic_handler::{closure#0}, !>
[INFO] [stdout]    9:     0x61164e7b6b9d - __rustc[e3d8617bb01b7f69]::rust_begin_unwind
[INFO] [stdout]   10:     0x61164e7ed33c - core[832e9a552fc17241]::panicking::panic_fmt
[INFO] [stdout]   11:     0x61164e7ed112 - core[832e9a552fc17241]::result::unwrap_failed
[INFO] [stdout]   12:     0x61164e722061 - framefinery[94744f83147b5061]::command::tests::temp_input_path
[INFO] [stdout]   13:     0x61164e731856 - framefinery[94744f83147b5061]::command::tests::encode_job_preserves_high_bit_depth_yuv444_for_av2_path
[INFO] [stdout]   14:     0x61164e74ba59 - <framefinery[94744f83147b5061]::command::tests::encode_job_preserves_high_bit_depth_yuv444_for_av2_path::{closure#0} as core[832e9a552fc17241]::ops::function::FnOnce<()>>::call_once
[INFO] [stdout]   15:     0x61164e75199b - test[39766f3d73431624]::__rust_begin_short_backtrace::<core[832e9a552fc17241]::result::Result<(), alloc[3ecab9f82c41dc7d]::string::String>, fn() -> core[832e9a552fc17241]::result::Result<(), alloc[3ecab9f82c41dc7d]::string::String>>
[INFO] [stdout]   16:     0x61164e75efe5 - test[39766f3d73431624]::run_test::{closure#0}
[INFO] [stdout]   17:     0x61164e759a94 - std[97b98282bc616a66]::sys::backtrace::__rust_begin_short_backtrace::<test[39766f3d73431624]::run_test::{closure#1}, ()>
[INFO] [stdout]   18:     0x61164e762132 - <std[97b98282bc616a66]::thread::lifecycle::spawn_unchecked<test[39766f3d73431624]::run_test::{closure#1}, ()>::{closure#1} as core[832e9a552fc17241]::ops::function::FnOnce<()>>::call_once::{shim:vtable#0}
[INFO] [stdout]   19:     0x61164e7d7cbf - <std[97b98282bc616a66]::sys::thread::unix::Thread>::new::thread_start
[INFO] [stdout]   20:     0x7557b79ba07a - <unknown>
[INFO] [stdout]   21:     0x7557b7a4d534 - clone
[INFO] [stdout]   22:                0x0 - <unknown>
[INFO] [stdout] 
[INFO] [stdout] ---- command::tests::encode_job_preserves_high_bit_depth_yuv444_for_vvc_path stdout ----
[INFO] [stdout] 
[INFO] [stdout] thread 'command::tests::encode_job_preserves_high_bit_depth_yuv444_for_vvc_path' (413) panicked at src/command.rs:1625:34:
[INFO] [stdout] create test output directory: Os { code: 30, kind: ReadOnlyFilesystem, message: "Read-only file system" }
[INFO] [stdout] stack backtrace:
[INFO] [stdout]    0:     0x61164e7d8431 - <<std[97b98282bc616a66]::sys::backtrace::BacktraceLock>::print::DisplayBacktrace as core[832e9a552fc17241]::fmt::Display>::fmt
[INFO] [stdout]    1:     0x61164e7ecc0a - core[832e9a552fc17241]::fmt::write
[INFO] [stdout]    2:     0x61164e7dc90c - <alloc[3ecab9f82c41dc7d]::vec::Vec<u8> as std[97b98282bc616a66]::io::Write>::write_fmt
[INFO] [stdout]    3:     0x61164e7b5ef6 - std[97b98282bc616a66]::panicking::default_hook::{closure#0}
[INFO] [stdout]    4:     0x61164e7d0579 - std[97b98282bc616a66]::panicking::default_hook
[INFO] [stdout]    5:     0x61164e75e660 - test[39766f3d73431624]::test_main_inner::<test[39766f3d73431624]::test_main_static::{closure#0}>::{closure#0}
[INFO] [stdout]    6:     0x61164e7d0732 - std[97b98282bc616a66]::panicking::panic_with_hook
[INFO] [stdout]    7:     0x61164e7b5fa2 - std[97b98282bc616a66]::panicking::panic_handler::{closure#0}
[INFO] [stdout]    8:     0x61164e7ad7d9 - std[97b98282bc616a66]::sys::backtrace::__rust_end_short_backtrace::<std[97b98282bc616a66]::panicking::panic_handler::{closure#0}, !>
[INFO] [stdout]    9:     0x61164e7b6b9d - __rustc[e3d8617bb01b7f69]::rust_begin_unwind
[INFO] [stdout]   10:     0x61164e7ed33c - core[832e9a552fc17241]::panicking::panic_fmt
[INFO] [stdout]   11:     0x61164e7ed112 - core[832e9a552fc17241]::result::unwrap_failed
[INFO] [stdout]   12:     0x61164e722061 - framefinery[94744f83147b5061]::command::tests::temp_input_path
[INFO] [stdout]   13:     0x61164e73246e - framefinery[94744f83147b5061]::command::tests::encode_job_preserves_high_bit_depth_yuv444_for_vvc_path
[INFO] [stdout]   14:     0x61164e74ba79 - <framefinery[94744f83147b5061]::command::tests::encode_job_preserves_high_bit_depth_yuv444_for_vvc_path::{closure#0} as core[832e9a552fc17241]::ops::function::FnOnce<()>>::call_once
[INFO] [stdout]   15:     0x61164e75199b - test[39766f3d73431624]::__rust_begin_short_backtrace::<core[832e9a552fc17241]::result::Result<(), alloc[3ecab9f82c41dc7d]::string::String>, fn() -> core[832e9a552fc17241]::result::Result<(), alloc[3ecab9f82c41dc7d]::string::String>>
[INFO] [stdout]   16:     0x61164e75efe5 - test[39766f3d73431624]::run_test::{closure#0}
[INFO] [stdout]   17:     0x61164e759a94 - std[97b98282bc616a66]::sys::backtrace::__rust_begin_short_backtrace::<test[39766f3d73431624]::run_test::{closure#1}, ()>
[INFO] [stdout]   18:     0x61164e762132 - <std[97b98282bc616a66]::thread::lifecycle::spawn_unchecked<test[39766f3d73431624]::run_test::{closure#1}, ()>::{closure#1} as core[832e9a552fc17241]::ops::function::FnOnce<()>>::call_once::{shim:vtable#0}
[INFO] [stdout]   19:     0x61164e7d7cbf - <std[97b98282bc616a66]::sys::thread::unix::Thread>::new::thread_start
[INFO] [stdout]   20:     0x7557b79ba07a - <unknown>
[INFO] [stdout]   21:     0x7557b7a4d534 - clone
[INFO] [stdout]   22:                0x0 - <unknown>
[INFO] [stdout] 
[INFO] [stdout] ---- command::tests::encode_job_rejects_lossless_without_bit_depth_fallback stdout ----
[INFO] [stdout] 
[INFO] [stdout] thread 'command::tests::encode_job_rejects_lossless_without_bit_depth_fallback' (414) panicked at src/command.rs:1625:34:
[INFO] [stdout] create test output directory: Os { code: 30, kind: ReadOnlyFilesystem, message: "Read-only file system" }
[INFO] [stdout] stack backtrace:
[INFO] [stdout]    0:     0x61164e7d8431 - <<std[97b98282bc616a66]::sys::backtrace::BacktraceLock>::print::DisplayBacktrace as core[832e9a552fc17241]::fmt::Display>::fmt
[INFO] [stdout]    1:     0x61164e7ecc0a - core[832e9a552fc17241]::fmt::write
[INFO] [stdout]    2:     0x61164e7dc90c - <alloc[3ecab9f82c41dc7d]::vec::Vec<u8> as std[97b98282bc616a66]::io::Write>::write_fmt
[INFO] [stdout]    3:     0x61164e7b5ef6 - std[97b98282bc616a66]::panicking::default_hook::{closure#0}
[INFO] [stdout]    4:     0x61164e7d0579 - std[97b98282bc616a66]::panicking::default_hook
[INFO] [stdout]    5:     0x61164e75e660 - test[39766f3d73431624]::test_main_inner::<test[39766f3d73431624]::test_main_static::{closure#0}>::{closure#0}
[INFO] [stdout]    6:     0x61164e7d0732 - std[97b98282bc616a66]::panicking::panic_with_hook
[INFO] [stdout]    7:     0x61164e7b5fa2 - std[97b98282bc616a66]::panicking::panic_handler::{closure#0}
[INFO] [stdout]    8:     0x61164e7ad7d9 - std[97b98282bc616a66]::sys::backtrace::__rust_end_short_backtrace::<std[97b98282bc616a66]::panicking::panic_handler::{closure#0}, !>
[INFO] [stdout]    9:     0x61164e7b6b9d - __rustc[e3d8617bb01b7f69]::rust_begin_unwind
[INFO] [stdout]   10:     0x61164e7ed33c - core[832e9a552fc17241]::panicking::panic_fmt
[INFO] [stdout]   11:     0x61164e7ed112 - core[832e9a552fc17241]::result::unwrap_failed
[INFO] [stdout]   12:     0x61164e722061 - framefinery[94744f83147b5061]::command::tests::temp_input_path
[INFO] [stdout]   13:     0x61164e72c610 - framefinery[94744f83147b5061]::command::tests::encode_job_rejects_lossless_without_bit_depth_fallback
[INFO] [stdout]   14:     0x61164e74b979 - <framefinery[94744f83147b5061]::command::tests::encode_job_rejects_lossless_without_bit_depth_fallback::{closure#0} as core[832e9a552fc17241]::ops::function::FnOnce<()>>::call_once
[INFO] [stdout]   15:     0x61164e75199b - test[39766f3d73431624]::__rust_begin_short_backtrace::<core[832e9a552fc17241]::result::Result<(), alloc[3ecab9f82c41dc7d]::string::String>, fn() -> core[832e9a552fc17241]::result::Result<(), alloc[3ecab9f82c41dc7d]::string::String>>
[INFO] [stdout]   16:     0x61164e75efe5 - test[39766f3d73431624]::run_test::{closure#0}
[INFO] [stdout]   17:     0x61164e759a94 - std[97b98282bc616a66]::sys::backtrace::__rust_begin_short_backtrace::<test[39766f3d73431624]::run_test::{closure#1}, ()>
[INFO] [stdout]   18:     0x61164e762132 - <std[97b98282bc616a66]::thread::lifecycle::spawn_unchecked<test[39766f3d73431624]::run_test::{closure#1}, ()>::{closure#1} as core[832e9a552fc17241]::ops::function::FnOnce<()>>::call_once::{shim:vtable#0}
[INFO] [stdout]   19:     0x61164e7d7cbf - <std[97b98282bc616a66]::sys::thread::unix::Thread>::new::thread_start
[INFO] [stdout]   20:     0x7557b79ba07a - <unknown>
[INFO] [stdout]   21:     0x7557b7a4d534 - clone
[INFO] [stdout]   22:                0x0 - <unknown>
[INFO] [stdout] 
[INFO] [stdout] ---- command::tests::encode_job_rejects_partial_frame_when_frames_omitted stdout ----
[INFO] [stdout] 
[INFO] [stdout] thread 'command::tests::encode_job_rejects_partial_frame_when_frames_omitted' (415) panicked at src/command.rs:1625:34:
[INFO] [stdout] create test output directory: Os { code: 30, kind: ReadOnlyFilesystem, message: "Read-only file system" }
[INFO] [stdout] stack backtrace:
[INFO] [stdout]    0:     0x61164e7d8431 - <<std[97b98282bc616a66]::sys::backtrace::BacktraceLock>::print::DisplayBacktrace as core[832e9a552fc17241]::fmt::Display>::fmt
[INFO] [stdout]    1:     0x61164e7ecc0a - core[832e9a552fc17241]::fmt::write
[INFO] [stdout]    2:     0x61164e7dc90c - <alloc[3ecab9f82c41dc7d]::vec::Vec<u8> as std[97b98282bc616a66]::io::Write>::write_fmt
[INFO] [stdout]    3:     0x61164e7b5ef6 - std[97b98282bc616a66]::panicking::default_hook::{closure#0}
[INFO] [stdout]    4:     0x61164e7d0579 - std[97b98282bc616a66]::panicking::default_hook
[INFO] [stdout]    5:     0x61164e75e660 - test[39766f3d73431624]::test_main_inner::<test[39766f3d73431624]::test_main_static::{closure#0}>::{closure#0}
[INFO] [stdout]    6:     0x61164e7d0732 - std[97b98282bc616a66]::panicking::panic_with_hook
[INFO] [stdout]    7:     0x61164e7b5fa2 - std[97b98282bc616a66]::panicking::panic_handler::{closure#0}
[INFO] [stdout]    8:     0x61164e7ad7d9 - std[97b98282bc616a66]::sys::backtrace::__rust_end_short_backtrace::<std[97b98282bc616a66]::panicking::panic_handler::{closure#0}, !>
[INFO] [stdout]    9:     0x61164e7b6b9d - __rustc[e3d8617bb01b7f69]::rust_begin_unwind
[INFO] [stdout]   10:     0x61164e7ed33c - core[832e9a552fc17241]::panicking::panic_fmt
[INFO] [stdout]   11:     0x61164e7ed112 - core[832e9a552fc17241]::result::unwrap_failed
[INFO] [stdout]   12:     0x61164e722061 - framefinery[94744f83147b5061]::command::tests::temp_input_path
[INFO] [stdout]   13:     0x61164e72aa1e - framefinery[94744f83147b5061]::command::tests::encode_job_rejects_partial_frame_when_frames_omitted
[INFO] [stdout]   14:     0x61164e74b919 - <framefinery[94744f83147b5061]::command::tests::encode_job_rejects_partial_frame_when_frames_omitted::{closure#0} as core[832e9a552fc17241]::ops::function::FnOnce<()>>::call_once
[INFO] [stdout]   15:     0x61164e75199b - test[39766f3d73431624]::__rust_begin_short_backtrace::<core[832e9a552fc17241]::result::Result<(), alloc[3ecab9f82c41dc7d]::string::String>, fn() -> core[832e9a552fc17241]::result::Result<(), alloc[3ecab9f82c41dc7d]::string::String>>
[INFO] [stdout]   16:     0x61164e75efe5 - test[39766f3d73431624]::run_test::{closure#0}
[INFO] [stdout]   17:     0x61164e759a94 - std[97b98282bc616a66]::sys::backtrace::__rust_begin_short_backtrace::<test[39766f3d73431624]::run_test::{closure#1}, ()>
[INFO] [stdout]   18:     0x61164e762132 - <std[97b98282bc616a66]::thread::lifecycle::spawn_unchecked<test[39766f3d73431624]::run_test::{closure#1}, ()>::{closure#1} as core[832e9a552fc17241]::ops::function::FnOnce<()>>::call_once::{shim:vtable#0}
[INFO] [stdout]   19:     0x61164e7d7cbf - <std[97b98282bc616a66]::sys::thread::unix::Thread>::new::thread_start
[INFO] [stdout]   20:     0x7557b79ba07a - <unknown>
[INFO] [stdout]   21:     0x7557b7a4d534 - clone
[INFO] [stdout]   22:                0x0 - <unknown>
[INFO] [stdout] 
[INFO] [stdout] ---- command::tests::encode_job_uses_y4m_metadata_before_filename_metadata stdout ----
[INFO] [stdout] 
[INFO] [stdout] thread 'command::tests::encode_job_uses_y4m_metadata_before_filename_metadata' (417) panicked at src/command.rs:1625:34:
[INFO] [stdout] create test output directory: Os { code: 30, kind: ReadOnlyFilesystem, message: "Read-only file system" }
[INFO] [stdout] stack backtrace:
[INFO] [stdout]    0:     0x61164e7d8431 - <<std[97b98282bc616a66]::sys::backtrace::BacktraceLock>::print::DisplayBacktrace as core[832e9a552fc17241]::fmt::Display>::fmt
[INFO] [stdout]    1:     0x61164e7ecc0a - core[832e9a552fc17241]::fmt::write
[INFO] [stdout]    2:     0x61164e7dc90c - <alloc[3ecab9f82c41dc7d]::vec::Vec<u8> as std[97b98282bc616a66]::io::Write>::write_fmt
[INFO] [stdout]    3:     0x61164e7b5ef6 - std[97b98282bc616a66]::panicking::default_hook::{closure#0}
[INFO] [stdout]    4:     0x61164e7d0579 - std[97b98282bc616a66]::panicking::default_hook
[INFO] [stdout]    5:     0x61164e75e660 - test[39766f3d73431624]::test_main_inner::<test[39766f3d73431624]::test_main_static::{closure#0}>::{closure#0}
[INFO] [stdout]    6:     0x61164e7d0732 - std[97b98282bc616a66]::panicking::panic_with_hook
[INFO] [stdout]    7:     0x61164e7b5fa2 - std[97b98282bc616a66]::panicking::panic_handler::{closure#0}
[INFO] [stdout]    8:     0x61164e7ad7d9 - std[97b98282bc616a66]::sys::backtrace::__rust_end_short_backtrace::<std[97b98282bc616a66]::panicking::panic_handler::{closure#0}, !>
[INFO] [stdout]    9:     0x61164e7b6b9d - __rustc[e3d8617bb01b7f69]::rust_begin_unwind
[INFO] [stdout]   10:     0x61164e7ed33c - core[832e9a552fc17241]::panicking::panic_fmt
[INFO] [stdout]   11:     0x61164e7ed112 - core[832e9a552fc17241]::result::unwrap_failed
[INFO] [stdout]   12:     0x61164e722061 - framefinery[94744f83147b5061]::command::tests::temp_input_path
[INFO] [stdout]   13:     0x61164e72bd8e - framefinery[94744f83147b5061]::command::tests::encode_job_uses_y4m_metadata_before_filename_metadata
[INFO] [stdout]   14:     0x61164e74b959 - <framefinery[94744f83147b5061]::command::tests::encode_job_uses_y4m_metadata_before_filename_metadata::{closure#0} as core[832e9a552fc17241]::ops::function::FnOnce<()>>::call_once
[INFO] [stdout]   15:     0x61164e75199b - test[39766f3d73431624]::__rust_begin_short_backtrace::<core[832e9a552fc17241]::result::Result<(), alloc[3ecab9f82c41dc7d]::string::String>, fn() -> core[832e9a552fc17241]::result::Result<(), alloc[3ecab9f82c41dc7d]::string::String>>
[INFO] [stdout]   16:     0x61164e75efe5 - test[39766f3d73431624]::run_test::{closure#0}
[INFO] [stdout]   17:     0x61164e759a94 - std[97b98282bc616a66]::sys::backtrace::__rust_begin_short_backtrace::<test[39766f3d73431624]::run_test::{closure#1}, ()>
[INFO] [stdout]   18:     0x61164e762132 - <std[97b98282bc616a66]::thread::lifecycle::spawn_unchecked<test[39766f3d73431624]::run_test::{closure#1}, ()>::{closure#1} as core[832e9a552fc17241]::ops::function::FnOnce<()>>::call_once::{shim:vtable#0}
[INFO] [stdout]   19:     0x61164e7d7cbf - <std[97b98282bc616a66]::sys::thread::unix::Thread>::new::thread_start
[INFO] [stdout]   20:     0x7557b79ba07a - <unknown>
[INFO] [stdout]   21:     0x7557b7a4d534 - clone
[INFO] [stdout]   22:                0x0 - <unknown>
[INFO] [stdout] 
[INFO] [stdout] ---- command::tests::open_job_reader_hides_unselected_file_suffix stdout ----
[INFO] [stdout] 
[INFO] [stdout] thread 'command::tests::open_job_reader_hides_unselected_file_suffix' (420) panicked at src/command.rs:1625:34:
[INFO] [stdout] create test output directory: Os { code: 30, kind: ReadOnlyFilesystem, message: "Read-only file system" }
[INFO] [stdout] stack backtrace:
[INFO] [stdout]    0:     0x61164e7d8431 - <<std[97b98282bc616a66]::sys::backtrace::BacktraceLock>::print::DisplayBacktrace as core[832e9a552fc17241]::fmt::Display>::fmt
[INFO] [stdout]    1:     0x61164e7ecc0a - core[832e9a552fc17241]::fmt::write
[INFO] [stdout]    2:     0x61164e7dc90c - <alloc[3ecab9f82c41dc7d]::vec::Vec<u8> as std[97b98282bc616a66]::io::Write>::write_fmt
[INFO] [stdout]    3:     0x61164e7b5ef6 - std[97b98282bc616a66]::panicking::default_hook::{closure#0}
[INFO] [stdout]    4:     0x61164e7d0579 - std[97b98282bc616a66]::panicking::default_hook
[INFO] [stdout]    5:     0x61164e75e660 - test[39766f3d73431624]::test_main_inner::<test[39766f3d73431624]::test_main_static::{closure#0}>::{closure#0}
[INFO] [stdout]    6:     0x61164e7d0732 - std[97b98282bc616a66]::panicking::panic_with_hook
[INFO] [stdout]    7:     0x61164e7b5fa2 - std[97b98282bc616a66]::panicking::panic_handler::{closure#0}
[INFO] [stdout]    8:     0x61164e7ad7d9 - std[97b98282bc616a66]::sys::backtrace::__rust_end_short_backtrace::<std[97b98282bc616a66]::panicking::panic_handler::{closure#0}, !>
[INFO] [stdout]    9:     0x61164e7b6b9d - __rustc[e3d8617bb01b7f69]::rust_begin_unwind
[INFO] [stdout]   10:     0x61164e7ed33c - core[832e9a552fc17241]::panicking::panic_fmt
[INFO] [stdout]   11:     0x61164e7ed112 - core[832e9a552fc17241]::result::unwrap_failed
[INFO] [stdout]   12:     0x61164e722061 - framefinery[94744f83147b5061]::command::tests::temp_input_path
[INFO] [stdout]   13:     0x61164e72359e - framefinery[94744f83147b5061]::command::tests::open_job_reader_hides_unselected_file_suffix
[INFO] [stdout]   14:     0x61164e74b7b9 - <framefinery[94744f83147b5061]::command::tests::open_job_reader_hides_unselected_file_suffix::{closure#0} as core[832e9a552fc17241]::ops::function::FnOnce<()>>::call_once
[INFO] [stdout]   15:     0x61164e75199b - test[39766f3d73431624]::__rust_begin_short_backtrace::<core[832e9a552fc17241]::result::Result<(), alloc[3ecab9f82c41dc7d]::string::String>, fn() -> core[832e9a552fc17241]::result::Result<(), alloc[3ecab9f82c41dc7d]::string::String>>
[INFO] [stdout]   16:     0x61164e75efe5 - test[39766f3d73431624]::run_test::{closure#0}
[INFO] [stdout]   17:     0x61164e759a94 - std[97b98282bc616a66]::sys::backtrace::__rust_begin_short_backtrace::<test[39766f3d73431624]::run_test::{closure#1}, ()>
[INFO] [stdout]   18:     0x61164e762132 - <std[97b98282bc616a66]::thread::lifecycle::spawn_unchecked<test[39766f3d73431624]::run_test::{closure#1}, ()>::{closure#1} as core[832e9a552fc17241]::ops::function::FnOnce<()>>::call_once::{shim:vtable#0}
[INFO] [stdout]   19:     0x61164e7d7cbf - <std[97b98282bc616a66]::sys::thread::unix::Thread>::new::thread_start
[INFO] [stdout]   20:     0x7557b79ba07a - <unknown>
[INFO] [stdout]   21:     0x7557b7a4d534 - clone
[INFO] [stdout]   22:                0x0 - <unknown>
[INFO] [stdout] 
[INFO] [stdout] 
[INFO] [stdout] failures:
[INFO] [stdout]     command::tests::encode_job_accepts_crop_filter_and_updates_geometry
[INFO] [stdout]     command::tests::encode_job_accepts_identity_filter_with_file_input
[INFO] [stdout]     command::tests::encode_job_accepts_lossless_gbrp8_for_av2_and_vvc_paths
[INFO] [stdout]     command::tests::encode_job_accepts_lossless_rgb24_for_av2_path
[INFO] [stdout]     command::tests::encode_job_accepts_lossless_yuv420_for_av2_path
[INFO] [stdout]     command::tests::encode_job_accepts_lossless_yuv420_for_vvc_path
[INFO] [stdout]     command::tests::encode_job_accepts_lossless_yuv422_for_av2_without_bit_depth_fallback
[INFO] [stdout]     command::tests::encode_job_accepts_lossless_yuv422_for_vvc_path
[INFO] [stdout]     command::tests::encode_job_accepts_lossy_yuv422_high_depth_for_vvc_path
[INFO] [stdout]     command::tests::encode_job_accepts_non_lossless_rgb24_for_av2_path
[INFO] [stdout]     command::tests::encode_job_accepts_qp_setting
[INFO] [stdout]     command::tests::encode_job_accepts_rgb24_for_vvc_path_via_common_repack
[INFO] [stdout]     command::tests::encode_job_accepts_scale_filter_and_updates_geometry
[INFO] [stdout]     command::tests::encode_job_allows_explicit_video_to_override_y4m_header
[INFO] [stdout]     command::tests::encode_job_clamps_requested_frames_to_available_file_frames
[INFO] [stdout]     command::tests::encode_job_infers_file_frames_from_eof_when_frames_omitted
[INFO] [stdout]     command::tests::encode_job_infers_y4m_metadata_and_frames_from_header
[INFO] [stdout]     command::tests::encode_job_leaves_codec_setting_conflicts_to_encoder
[INFO] [stdout]     command::tests::encode_job_preserves_high_bit_depth_yuv420_for_av2_path
[INFO] [stdout]     command::tests::encode_job_preserves_high_bit_depth_yuv420_for_vvc_path
[INFO] [stdout]     command::tests::encode_job_preserves_high_bit_depth_yuv444_for_av2_path
[INFO] [stdout]     command::tests::encode_job_preserves_high_bit_depth_yuv444_for_vvc_path
[INFO] [stdout]     command::tests::encode_job_rejects_lossless_without_bit_depth_fallback
[INFO] [stdout]     command::tests::encode_job_rejects_partial_frame_when_frames_omitted
[INFO] [stdout]     command::tests::encode_job_uses_y4m_metadata_before_filename_metadata
[INFO] [stdout]     command::tests::open_job_reader_hides_unselected_file_suffix
[INFO] [stdout] 
[INFO] [stdout] test result: FAILED. 26 passed; 26 failed; 0 ignored; 0 measured; 0 filtered out; finished in 0.00s
[INFO] [stdout] 
[INFO] running `Command { std: "docker" "inspect" "d4b00d41d9b1e87b3f183dcbd97ffd77dfc24d59b4d19edea857ff833d9b58d3", kill_on_drop: false }`
[INFO] running `Command { std: "docker" "rm" "-f" "d4b00d41d9b1e87b3f183dcbd97ffd77dfc24d59b4d19edea857ff833d9b58d3", kill_on_drop: false }`
[INFO] [stdout] d4b00d41d9b1e87b3f183dcbd97ffd77dfc24d59b4d19edea857ff833d9b58d3
