[INFO] cloning repository https://github.com/xi72yow/input-remapper-rs
[INFO] running `Command { std: "git" "-c" "credential.helper=" "-c" "credential.helper=/workspace/cargo-home/bin/git-credential-null" "clone" "--bare" "https://github.com/xi72yow/input-remapper-rs" "/workspace/cache/git-repos/https%3A%2F%2Fgithub.com%2Fxi72yow%2Finput-remapper-rs", kill_on_drop: false }`
[INFO] [stderr] Cloning into bare repository '/workspace/cache/git-repos/https%3A%2F%2Fgithub.com%2Fxi72yow%2Finput-remapper-rs'...
[INFO] running `Command { std: "git" "rev-parse" "HEAD", kill_on_drop: false }`
[INFO] [stdout] 04dc6c546bbdcae6fafcd4b7b421af4c63b701ca
[INFO] testing xi72yow/input-remapper-rs against 1.98.0-beta.8+cargoflags=--release for beta-release-1.99-2
[INFO] running `Command { std: "git" "clone" "/workspace/cache/git-repos/https%3A%2F%2Fgithub.com%2Fxi72yow%2Finput-remapper-rs" "/workspace/builds/worker-5-tc1/source", kill_on_drop: false }`
[INFO] [stderr] Cloning into '/workspace/builds/worker-5-tc1/source'...
[INFO] [stderr] done.
[INFO] started tweaking git repo https://github.com/xi72yow/input-remapper-rs
[INFO] finished tweaking git repo https://github.com/xi72yow/input-remapper-rs
[INFO] tweaked toml for git repo https://github.com/xi72yow/input-remapper-rs written to /workspace/builds/worker-5-tc1/source/Cargo.toml
[INFO] validating manifest of git repo https://github.com/xi72yow/input-remapper-rs on toolchain 1.98.0-beta.8
[INFO] running `Command { std: CARGO_HOME="/workspace/cargo-home" RUSTUP_HOME="/workspace/rustup-home" "/workspace/cargo-home/bin/cargo" "+1.98.0-beta.8" "metadata" "--manifest-path" "Cargo.toml" "--no-deps", kill_on_drop: false }`
[INFO] crate git repo https://github.com/xi72yow/input-remapper-rs already has a lockfile, it will not be regenerated
[INFO] running `Command { std: CARGO_HOME="/workspace/cargo-home" RUSTUP_HOME="/workspace/rustup-home" "/workspace/cargo-home/bin/cargo" "+1.98.0-beta.8" "fetch" "--manifest-path" "Cargo.toml", kill_on_drop: false }`
[INFO] [stderr]     Updating crates.io index
[INFO] [stderr]  Downloading crates ...
[INFO] [stderr]   Downloaded kasuari v0.4.12
[INFO] [stderr]   Downloaded ratatui v0.30.2
[INFO] [stderr]   Downloaded lru v0.18.1
[INFO] [stderr]   Downloaded instability v0.3.12
[INFO] [stderr]   Downloaded ratatui-macros v0.7.2
[INFO] [stderr]   Downloaded mimalloc v0.1.52
[INFO] [stderr]   Downloaded ratatui-crossterm v0.1.2
[INFO] [stderr]   Downloaded ratatui-termwiz v0.1.2
[INFO] [stderr]   Downloaded ratatui-termina v0.1.0
[INFO] [stderr]   Downloaded evdev v0.13.2
[INFO] [stderr]   Downloaded termina v0.3.3
[INFO] [stderr]   Downloaded ratatui-core v0.1.2
[INFO] [stderr]   Downloaded ratatui-widgets v0.3.2
[INFO] [stderr]   Downloaded libmimalloc-sys v0.1.49
[INFO] running `Command { std: "docker" "create" "-v" "/var/lib/crater-agent-workspace/builds/worker-5-tc1/source:/opt/rustwide/workdir:ro,Z" "-v" "/var/lib/crater-agent-workspace/builds/worker-5-tc1/target:/opt/rustwide/target:rw,Z" "-v" "/var/lib/crater-agent-workspace/cargo-home:/opt/rustwide/cargo-home:ro,Z" "-v" "/var/lib/crater-agent-workspace/rustup-home:/opt/rustwide/rustup-home:ro,Z" "-m" "1610612736" "--network" "none" "ghcr.io/rust-lang/crates-build-env/linux@sha256:8683fc1fc2eb5c9ac98e0d076ab094b2ffac7f99da555d2b6a2e27f346de2ec7" "sleep" "infinity", kill_on_drop: false }`
[INFO] [stdout] 3ec383efe16b6a09714653d608095165bd62f74e6fe0f4ba7a122668e65f4eb9
[INFO] running `Command { std: "docker" "start" "3ec383efe16b6a09714653d608095165bd62f74e6fe0f4ba7a122668e65f4eb9", kill_on_drop: false }`
[INFO] running `Command { std: "docker" "inspect" "3ec383efe16b6a09714653d608095165bd62f74e6fe0f4ba7a122668e65f4eb9", kill_on_drop: false }`
[INFO] running `Command { std: "docker" "exec" "-e" "SOURCE_DIR=/opt/rustwide/workdir" "-e" "CARGO_HOME=/opt/rustwide/cargo-home" "-e" "RUSTUP_HOME=/opt/rustwide/rustup-home" "-e" "CARGO_TARGET_DIR=/opt/rustwide/target" "-w" "/opt/rustwide/workdir" "--user" "0:0" "3ec383efe16b6a09714653d608095165bd62f74e6fe0f4ba7a122668e65f4eb9" "/opt/rustwide/cargo-home/bin/cargo" "+1.98.0-beta.8" "metadata" "--no-deps" "--format-version=1", kill_on_drop: false }`
[INFO] running `Command { std: "docker" "inspect" "3ec383efe16b6a09714653d608095165bd62f74e6fe0f4ba7a122668e65f4eb9", kill_on_drop: false }`
[INFO] running `Command { std: "docker" "exec" "-e" "SOURCE_DIR=/opt/rustwide/workdir" "-e" "CARGO_HOME=/opt/rustwide/cargo-home" "-e" "RUSTUP_HOME=/opt/rustwide/rustup-home" "-e" "CARGO_TARGET_DIR=/opt/rustwide/target" "-e" "CARGO_INCREMENTAL=0" "-e" "RUST_BACKTRACE=full" "-e" "RUSTFLAGS=--cap-lints=warn" "-e" "RUSTDOCFLAGS=--cap-lints=warn" "-w" "/opt/rustwide/workdir" "--user" "0:0" "3ec383efe16b6a09714653d608095165bd62f74e6fe0f4ba7a122668e65f4eb9" "/opt/rustwide/cargo-home/bin/cargo" "+1.98.0-beta.8" "build" "--frozen" "--message-format=json" "--release", kill_on_drop: false }`
[INFO] [stderr]    Compiling proc-macro2 v1.0.106
[INFO] [stderr]    Compiling unicode-ident v1.0.24
[INFO] [stderr]    Compiling quote v1.0.45
[INFO] [stderr]    Compiling libc v0.2.189
[INFO] [stderr]    Compiling cfg-if v1.0.4
[INFO] [stderr]    Compiling bitflags v2.13.1
[INFO] [stderr]    Compiling foldhash v0.2.0
[INFO] [stderr]    Compiling equivalent v1.0.2
[INFO] [stderr]    Compiling allocator-api2 v0.2.21
[INFO] [stderr]    Compiling rustversion v1.0.22
[INFO] [stderr]    Compiling ident_case v1.0.1
[INFO] [stderr]    Compiling thiserror v2.0.18
[INFO] [stderr]    Compiling itoa v1.0.18
[INFO] [stderr]    Compiling either v1.15.0
[INFO] [stderr]    Compiling static_assertions v1.1.0
[INFO] [stderr]    Compiling unicode-width v0.2.2
[INFO] [stderr]    Compiling instability v0.3.12
[INFO] [stderr]    Compiling unicode-segmentation v1.12.0
[INFO] [stderr]    Compiling signal-hook v0.3.18
[INFO] [stderr]    Compiling ryu v1.0.23
[INFO] [stderr]    Compiling parking_lot_core v0.9.12
[INFO] [stderr]    Compiling itertools v0.14.0
[INFO] [stderr]    Compiling scopeguard v1.2.0
[INFO] [stderr]    Compiling rustix v1.1.4
[INFO] [stderr]    Compiling find-msvc-tools v0.1.9
[INFO] [stderr]    Compiling indoc v2.0.7
[INFO] [stderr]    Compiling powerfmt v0.2.0
[INFO] [stderr]    Compiling smallvec v1.15.1
[INFO] [stderr]    Compiling critical-section v1.2.0
[INFO] [stderr]    Compiling shlex v1.3.0
[INFO] [stderr]    Compiling log v0.4.29
[INFO] [stderr]    Compiling deranged v0.5.8
[INFO] [stderr]    Compiling lock_api v0.4.14
[INFO] [stderr]    Compiling litrs v1.0.0
[INFO] [stderr]    Compiling linux-raw-sys v0.12.1
[INFO] [stderr]    Compiling convert_case v0.10.0
[INFO] [stderr]    Compiling cc v1.2.57
[INFO] [stderr]    Compiling num-conv v0.2.1
[INFO] [stderr]    Compiling time-core v0.1.8
[INFO] [stderr]    Compiling radium v0.7.0
[INFO] [stderr]    Compiling serde_core v1.0.229
[INFO] [stderr]    Compiling num_threads v0.1.7
[INFO] [stderr]    Compiling castaway v0.2.4
[INFO] [stderr]    Compiling hashbrown v0.16.1
[INFO] [stderr]    Compiling hashbrown v0.17.1
[INFO] [stderr]    Compiling utf8parse v0.2.2
[INFO] [stderr]    Compiling line-clipping v0.3.5
[INFO] [stderr]    Compiling compact_str v0.9.0
[INFO] [stderr]    Compiling anstyle-parse v1.0.0
[INFO] [stderr]    Compiling nix v0.29.0
[INFO] [stderr]    Compiling nix v0.31.3
[INFO] [stderr]    Compiling tap v1.0.1
[INFO] [stderr]    Compiling zmij v1.0.21
[INFO] [stderr]    Compiling anstyle v1.0.14
[INFO] [stderr]    Compiling is_terminal_polyfill v1.70.2
[INFO] [stderr]    Compiling colorchoice v1.0.5
[INFO] [stderr]    Compiling anstyle-query v1.1.5
[INFO] [stderr]    Compiling wyz v0.5.1
[INFO] [stderr]    Compiling document-features v0.2.12
[INFO] [stderr]    Compiling funty v2.0.0
[INFO] [stderr]    Compiling strsim v0.11.1
[INFO] [stderr]    Compiling anstream v1.0.0
[INFO] [stderr]    Compiling syn v2.0.117
[INFO] [stderr]    Compiling syn v3.0.3
[INFO] [stderr]    Compiling serde v1.0.229
[INFO] [stderr]    Compiling lru v0.18.1
[INFO] [stderr]    Compiling clap_lex v1.1.0
[INFO] [stderr]    Compiling serde_json v1.0.151
[INFO] [stderr]    Compiling bitvec v1.0.1
[INFO] [stderr]    Compiling memchr v2.8.0
[INFO] [stderr]    Compiling clap_builder v4.6.2
[INFO] [stderr]    Compiling libmimalloc-sys v0.1.49
[INFO] [stderr]    Compiling unicode-truncate v2.0.1
[INFO] [stderr]    Compiling errno v0.3.14
[INFO] [stderr]    Compiling mio v1.1.1
[INFO] [stderr]    Compiling time v0.3.47
[INFO] [stderr]    Compiling signal-hook-registry v1.4.8
[INFO] [stderr]    Compiling parking_lot v0.12.5
[INFO] [stderr]    Compiling signal-hook-mio v0.2.5
[INFO] [stderr]    Compiling ctrlc v3.5.2
[INFO] [stderr]    Compiling evdev v0.13.2
[INFO] [stderr]    Compiling clap_derive v4.6.4
[INFO] [stderr]    Compiling serde_derive v1.0.229
[INFO] [stderr]    Compiling darling_core v0.23.0
[INFO] [stderr]    Compiling thiserror-impl v2.0.18
[INFO] [stderr]    Compiling strum_macros v0.28.0
[INFO] [stderr]    Compiling derive_more-impl v2.1.1
[INFO] [stderr]    Compiling clap v4.6.4
[INFO] [stderr]    Compiling derive_more v2.1.1
[INFO] [stderr]    Compiling crossterm v0.29.0
[INFO] [stderr]    Compiling darling_macro v0.23.0
[INFO] [stderr]    Compiling strum v0.28.0
[INFO] [stderr]    Compiling kasuari v0.4.12
[INFO] [stderr]    Compiling darling v0.23.0
[INFO] [stderr]    Compiling ratatui-core v0.1.2
[INFO] [stderr]    Compiling ratatui-widgets v0.3.2
[INFO] [stderr]    Compiling ratatui-crossterm v0.1.2
[INFO] [stderr]    Compiling mimalloc v0.1.52
[INFO] [stderr]    Compiling ratatui-macros v0.7.2
[INFO] [stderr]    Compiling ratatui v0.30.2
[INFO] [stderr]    Compiling input-remapper-rs v0.1.0 (/opt/rustwide/workdir)
[INFO] [stderr]     Finished `release` profile [optimized] target(s) in 1m 06s
[INFO] running `Command { std: "docker" "inspect" "3ec383efe16b6a09714653d608095165bd62f74e6fe0f4ba7a122668e65f4eb9", kill_on_drop: false }`
[INFO] running `Command { std: "docker" "exec" "-e" "SOURCE_DIR=/opt/rustwide/workdir" "-e" "CARGO_HOME=/opt/rustwide/cargo-home" "-e" "RUSTUP_HOME=/opt/rustwide/rustup-home" "-e" "CARGO_TARGET_DIR=/opt/rustwide/target" "-e" "CARGO_INCREMENTAL=0" "-e" "RUST_BACKTRACE=full" "-e" "RUSTFLAGS=--cap-lints=warn" "-e" "RUSTDOCFLAGS=--cap-lints=warn" "-w" "/opt/rustwide/workdir" "--user" "0:0" "3ec383efe16b6a09714653d608095165bd62f74e6fe0f4ba7a122668e65f4eb9" "/opt/rustwide/cargo-home/bin/cargo" "+1.98.0-beta.8" "test" "--frozen" "--no-run" "--message-format=json" "--release", kill_on_drop: false }`
[INFO] [stderr]    Compiling rustix v1.1.4
[INFO] [stderr]    Compiling getrandom v0.4.2
[INFO] [stderr]    Compiling once_cell v1.21.4
[INFO] [stderr]    Compiling fastrand v2.3.0
[INFO] [stderr]    Compiling crossterm v0.29.0
[INFO] [stderr]    Compiling tempfile v3.27.0
[INFO] [stderr]    Compiling ratatui-crossterm v0.1.2
[INFO] [stderr]    Compiling ratatui v0.30.2
[INFO] [stderr]    Compiling input-remapper-rs v0.1.0 (/opt/rustwide/workdir)
[INFO] [stderr]     Finished `release` profile [optimized] target(s) in 28.09s
[INFO] running `Command { std: "docker" "inspect" "3ec383efe16b6a09714653d608095165bd62f74e6fe0f4ba7a122668e65f4eb9", kill_on_drop: false }`
[INFO] running `Command { std: "docker" "exec" "-e" "SOURCE_DIR=/opt/rustwide/workdir" "-e" "CARGO_HOME=/opt/rustwide/cargo-home" "-e" "RUSTUP_HOME=/opt/rustwide/rustup-home" "-e" "CARGO_TARGET_DIR=/opt/rustwide/target" "-e" "CARGO_INCREMENTAL=0" "-e" "RUST_BACKTRACE=full" "-e" "RUSTFLAGS=--cap-lints=warn" "-e" "RUSTDOCFLAGS=--cap-lints=warn" "-w" "/opt/rustwide/workdir" "--user" "0:0" "3ec383efe16b6a09714653d608095165bd62f74e6fe0f4ba7a122668e65f4eb9" "/opt/rustwide/cargo-home/bin/cargo" "+1.98.0-beta.8" "test" "--frozen" "--release", kill_on_drop: false }`
[INFO] [stderr]     Finished `release` profile [optimized] target(s) in 0.12s
[INFO] [stderr]      Running unittests src/main.rs (/opt/rustwide/target/release/deps/input_remapper_rs-d4a5fb72a31a0634)
[INFO] [stdout] 
[INFO] [stdout] running 74 tests
[INFO] [stdout] test daemon::manager::tests::get_preset_not_found ... ok
[INFO] [stdout] test daemon::manager::tests::delete_preset_not_found ... ok
[INFO] [stdout] test daemon::manager::tests::autoload_empty_config ... ok
[INFO] [stdout] test daemon::manager::tests::start_injection_rejects_traversal_device ... ok
[INFO] [stdout] test daemon::manager::tests::start_injection_rejects_traversal_preset ... ok
[INFO] [stdout] test daemon::manager::tests::delete_preset_rejects_traversal ... ok
[INFO] [stdout] test daemon::manager::tests::stop_all_with_no_injections ... ok
[INFO] [stdout] test daemon::manager::tests::new_handles_invalid_xmodmap ... ok
[INFO] [stdout] test daemon::manager::tests::new_loads_xmodmap_when_present ... ok
[INFO] [stdout] test daemon::manager::tests::validate_name_rejects_dot_dot ... ok
[INFO] [stdout] test daemon::manager::tests::validate_name_rejects_empty ... ok
[INFO] [stdout] test daemon::manager::tests::validate_name_rejects_null_byte ... ok
[INFO] [stdout] test daemon::service::tests::create_stop_signal_sets_reader ... ok
[INFO] [stdout] test daemon::manager::tests::delete_preset_removes_file ... ok
[INFO] [stdout] test daemon::manager::tests::save_and_get_preset ... ok
[INFO] [stdout] test daemon::service::tests::from_entries_creates_service ... ok
[INFO] [stdout] test daemon::manager::tests::status_empty_returns_no_injections ... ok
[INFO] [stdout] test daemon::manager::tests::list_presets_empty_device_dir ... ok
[INFO] [stdout] test daemon::manager::tests::new_handles_missing_xmodmap ... ok
[INFO] [stdout] test daemon::service::tests::from_entries_empty ... ok
[INFO] [stdout] test daemon::manager::tests::validate_name_accepts_valid_names ... ok
[INFO] [stdout] test daemon::service::tests::multiple_device_paths ... ok
[INFO] [stdout] test daemon::manager::tests::stop_nonexistent_device_returns_error ... ok
[INFO] [stdout] test daemon::manager::tests::start_injection_device_not_found ... ok
[INFO] [stdout] test daemon::manager::tests::save_preset_rejects_traversal ... ok
[INFO] [stdout] test daemon::service::tests::new_with_missing_preset_file ... ok
[INFO] [stdout] test daemon::manager::tests::validate_name_rejects_slash ... ok
[INFO] [stdout] test daemon::manager::tests::list_presets_rejects_path_traversal ... ok
[INFO] [stdout] test daemon::service::tests::new_with_invalid_preset_json ... ok
[INFO] [stdout] test tests::ipc_protocol_serialization ... ok
[INFO] [stdout] test daemon::service::tests::stop_signal_can_be_written_to ... ok
[INFO] [stdout] test daemon::manager::tests::autoload_no_config_returns_error ... ok
[INFO] [stdout] test tests::manager_list_devices ... ok
[INFO] [stdout] test tests::remap_key_to_key ... ok
[INFO] [stdout] test daemon::service::tests::new_with_preset_file ... ok
[INFO] [stdout] test tests::remap_combination_emits_single_syn ... ok
[INFO] [stdout] test tests::remap_passthrough_non_key_events ... ok
[INFO] [stdout] test tests::remap_key_to_combination ... ok
[INFO] [stdout] test tui::app::tests::confirm_delete_mapping_removes_entry ... ok
[INFO] [stdout] test tests::remap_repeat_single_key ... ok
[INFO] [stdout] test tui::app::tests::ctrl_c_quits ... ok
[INFO] [stdout] test tui::app::tests::confirm_delete_last_mapping_adjusts_index ... ok
[INFO] [stdout] test tests::remap_repeat_combination_ignored ... ok
[INFO] [stdout] test tests::remap_passthrough_unmapped_key ... ok
[INFO] [stdout] test tui::app::tests::editor_d_shows_confirm_dialog ... ok
[INFO] [stdout] test tui::app::tests::editor_enter_opens_symbol_search_with_slots ... ok
[INFO] [stdout] test tests::manager_preset_crud ... ok
[INFO] [stdout] test tui::app::tests::editor_enter_on_empty_does_nothing ... ok
[INFO] [stdout] test tui::app::tests::editor_move_down_at_bottom_stays ... ok
[INFO] [stdout] test tui::app::tests::editor_d_on_empty_does_nothing ... ok
[INFO] [stdout] test tui::app::tests::esc_from_editor_goes_to_devices ... ok
[INFO] [stdout] test tui::app::tests::editor_move_down_and_up ... ok
[INFO] [stdout] test tui::app::tests::editor_move_up_at_top_stays ... ok
[INFO] [stdout] test tui::app::tests::filter_symbols_case_insensitive ... ok
[INFO] [stdout] test tui::app::tests::esc_from_presets_goes_to_devices ... ok
[INFO] [stdout] test tui::app::tests::filter_symbols_empty_query_returns_all ... ok
[INFO] [stdout] test tui::app::tests::filter_symbols_exact_match ... ok
[INFO] [stdout] test tui::app::tests::filter_symbols_no_match ... ok
[INFO] [stdout] test tui::app::tests::filter_symbols_prefix_first ... ok
[INFO] [stdout] test tui::app::tests::open_symbol_search_sets_overlay ... ok
[INFO] [stdout] test tui::app::tests::q_with_unsaved_changes_shows_confirm ... ok
[INFO] [stdout] test tui::app::tests::q_without_unsaved_changes_quits ... ok
[INFO] [stdout] test tui::app::tests::record_event_captures_press_deduplicates ... ok
[INFO] [stdout] test tui::app::tests::record_event_ignores_release_in_overlay ... ok
[INFO] [stdout] test tui::app::tests::refilter_symbols_updates_filtered ... ok
[INFO] [stdout] test tui::app::tests::screen_is_config ... ok
[INFO] [stdout] test tui::app::tests::tab_toggles_config_and_status ... ok
[INFO] [stdout] test tests::discover_devices ... FAILED
[INFO] [stdout] test tests::fake_device_roundtrip ... FAILED
[INFO] [stdout] test tui::app::tests::confirm_quit_sets_should_quit ... ok
[INFO] [stdout] test tests::passthrough ... FAILED
[INFO] [stdout] test daemon::manager::tests::list_presets_finds_json_files ... ok
[INFO] [stdout] test tests::remap_end_to_end ... FAILED
[INFO] [stdout] test daemon::manager::tests::handle_request_server_only_requests_return_error ... ok
[INFO] [stdout] 
[INFO] [stdout] failures:
[INFO] [stdout] 
[INFO] [stdout] ---- tests::discover_devices stdout ----
[INFO] [stdout] 
[INFO] [stdout] thread 'tests::discover_devices' (2138) panicked at src/main.rs:552:14:
[INFO] [stdout] called `Result::unwrap()` on an `Err` value: Os { code: 2, kind: NotFound, message: "No such file or directory" }
[INFO] [stdout] stack backtrace:
[INFO] [stdout]    0:     0x597783299d25 - <unknown>
[INFO] [stdout]    1:     0x59778321c66a - <unknown>
[INFO] [stdout]    2:     0x59778329943b - <unknown>
[INFO] [stdout]    3:     0x597783298f3f - <unknown>
[INFO] [stdout]    4:     0x597783298b6a - <unknown>
[INFO] [stdout]    5:     0x5977832986d1 - <unknown>
[INFO] [stdout]    6:     0x5977832c1481 - <unknown>
[INFO] [stdout]    7:     0x5977832c1439 - <unknown>
[INFO] [stdout]    8:     0x5977832c194c - <unknown>
[INFO] [stdout]    9:     0x59778321c4fb - <unknown>
[INFO] [stdout]   10:     0x59778321fa51 - <unknown>
[INFO] [stdout]   11:     0x59778326a789 - <unknown>
[INFO] [stdout]   12:     0x5977832dd46b - <unknown>
[INFO] [stdout]   13:     0x5977832d8f65 - <unknown>
[INFO] [stdout]   14:     0x5977832d89ac - <unknown>
[INFO] [stdout]   15:     0x5977832f480c - <unknown>
[INFO] [stdout]   16:     0x5977832c2df9 - <unknown>
[INFO] [stdout]   17:     0x75b9d3dfa07a - <unknown>
[INFO] [stdout]   18:     0x75b9d3e8d534 - clone
[INFO] [stdout]   19:                0x0 - <unknown>
[INFO] [stdout] 
[INFO] [stdout] ---- tests::fake_device_roundtrip stdout ----
[INFO] [stdout] 
[INFO] [stdout] thread 'tests::fake_device_roundtrip' (2139) panicked at src/main.rs:465:14:
[INFO] [stdout] called `Result::unwrap()` on an `Err` value: Os { code: 2, kind: NotFound, message: "No such file or directory" }
[INFO] [stdout] stack backtrace:
[INFO] [stdout]    0:     0x597783299d25 - <unknown>
[INFO] [stdout]    1:     0x59778321c66a - <unknown>
[INFO] [stdout]    2:     0x59778329943b - <unknown>
[INFO] [stdout]    3:     0x597783298f3f - <unknown>
[INFO] [stdout]    4:     0x597783298b6a - <unknown>
[INFO] [stdout]    5:     0x5977832986d1 - <unknown>
[INFO] [stdout]    6:     0x5977832c1481 - <unknown>
[INFO] [stdout]    7:     0x5977832c1439 - <unknown>
[INFO] [stdout]    8:     0x5977832c194c - <unknown>
[INFO] [stdout]    9:     0x59778321c4fb - <unknown>
[INFO] [stdout]   10:     0x59778321fa51 - <unknown>
[INFO] [stdout]   11:     0x597783269b30 - <unknown>
[INFO] [stdout]   12:     0x5977832dd46b - <unknown>
[INFO] [stdout]   13:     0x5977832d8f65 - <unknown>
[INFO] [stdout]   14:     0x5977832d89ac - <unknown>
[INFO] [stdout]   15:     0x5977832f480c - <unknown>
[INFO] [stdout]   16:     0x5977832c2df9 - <unknown>
[INFO] [stdout]   17:     0x75b9d3dfa07a - <unknown>
[INFO] [stdout]   18:     0x75b9d3e8d534 - clone
[INFO] [stdout]   19:                0x0 - <unknown>
[INFO] [stdout] 
[INFO] [stdout] ---- tests::passthrough stdout ----
[INFO] [stdout] 
[INFO] [stdout] thread 'tests::passthrough' (2143) panicked at src/main.rs:502:14:
[INFO] [stdout] called `Result::unwrap()` on an `Err` value: Os { code: 2, kind: NotFound, message: "No such file or directory" }
[INFO] [stdout] stack backtrace:
[INFO] [stdout]    0:     0x597783299d25 - <unknown>
[INFO] [stdout]    1:     0x59778321c66a - <unknown>
[INFO] [stdout]    2:     0x59778329943b - <unknown>
[INFO] [stdout]    3:     0x597783298f3f - <unknown>
[INFO] [stdout]    4:     0x597783298b6a - <unknown>
[INFO] [stdout]    5:     0x5977832986d1 - <unknown>
[INFO] [stdout]    6:     0x5977832c1481 - <unknown>
[INFO] [stdout]    7:     0x5977832c1439 - <unknown>
[INFO] [stdout]    8:     0x5977832c194c - <unknown>
[INFO] [stdout]    9:     0x59778321c4fb - <unknown>
[INFO] [stdout]   10:     0x59778321fa51 - <unknown>
[INFO] [stdout]   11:     0x5977832666e6 - <unknown>
[INFO] [stdout]   12:     0x5977832dd46b - <unknown>
[INFO] [stdout]   13:     0x5977832d8f65 - <unknown>
[INFO] [stdout]   14:     0x5977832d89ac - <unknown>
[INFO] [stdout]   15:     0x5977832f480c - <unknown>
[INFO] [stdout]   16:     0x5977832c2df9 - <unknown>
[INFO] [stdout]   17:     0x75b9d3dfa07a - <unknown>
[INFO] [stdout]   18:     0x75b9d3e8d534 - clone
[INFO] [stdout]   19:                0x0 - <unknown>
[INFO] [stdout] 
[INFO] [stdout] ---- tests::remap_end_to_end stdout ----
[INFO] [stdout] 
[INFO] [stdout] thread 'tests::remap_end_to_end' (2145) panicked at src/main.rs:697:14:
[INFO] [stdout] called `Result::unwrap()` on an `Err` value: Os { code: 2, kind: NotFound, message: "No such file or directory" }
[INFO] [stdout] stack backtrace:
[INFO] [stdout]    0:     0x597783299d25 - <unknown>
[INFO] [stdout]    1:     0x59778321c66a - <unknown>
[INFO] [stdout]    2:     0x59778329943b - <unknown>
[INFO] [stdout]    3:     0x597783298f3f - <unknown>
[INFO] [stdout]    4:     0x597783298b6a - <unknown>
[INFO] [stdout]    5:     0x5977832986d1 - <unknown>
[INFO] [stdout]    6:     0x5977832c1481 - <unknown>
[INFO] [stdout]    7:     0x5977832c1439 - <unknown>
[INFO] [stdout]    8:     0x5977832c194c - <unknown>
[INFO] [stdout]    9:     0x59778321c4fb - <unknown>
[INFO] [stdout]   10:     0x59778321fa51 - <unknown>
[INFO] [stdout]   11:     0x597783264cd8 - <unknown>
[INFO] [stdout]   12:     0x5977832dd46b - <unknown>
[INFO] [stdout]   13:     0x5977832d8f65 - <unknown>
[INFO] [stdout]   14:     0x5977832d89ac - <unknown>
[INFO] [stdout]   15:     0x5977832f480c - <unknown>
[INFO] [stdout]   16:     0x5977832c2df9 - <unknown>
[INFO] [stdout]   17:     0x75b9d3dfa07a - <unknown>
[INFO] [stdout]   18:     0x75b9d3e8d534 - clone
[INFO] [stdout]   19:                0x0 - <unknown>
[INFO] [stdout] 
[INFO] [stdout] 
[INFO] [stdout] failures:
[INFO] [stdout]     tests::discover_devices
[INFO] [stdout]     tests::fake_device_roundtrip
[INFO] [stdout]     tests::passthrough
[INFO] [stdout]     tests::remap_end_to_end
[INFO] [stdout] 
[INFO] [stdout] test result: FAILED. 70 passed; 4 failed; 0 ignored; 0 measured; 0 filtered out; finished in 0.01s
[INFO] [stdout] 
[INFO] [stderr] error: test failed, to rerun pass `--bin input-remapper-rs`
[INFO] running `Command { std: "docker" "inspect" "3ec383efe16b6a09714653d608095165bd62f74e6fe0f4ba7a122668e65f4eb9", kill_on_drop: false }`
[INFO] running `Command { std: "docker" "rm" "-f" "3ec383efe16b6a09714653d608095165bd62f74e6fe0f4ba7a122668e65f4eb9", kill_on_drop: false }`
[INFO] [stdout] 3ec383efe16b6a09714653d608095165bd62f74e6fe0f4ba7a122668e65f4eb9
