[INFO] cloning repository https://github.com/vvmafra/ong-crowdfunding
[INFO] running `Command { std: "git" "-c" "credential.helper=" "-c" "credential.helper=/workspace/cargo-home/bin/git-credential-null" "clone" "--bare" "https://github.com/vvmafra/ong-crowdfunding" "/workspace/cache/git-repos/https%3A%2F%2Fgithub.com%2Fvvmafra%2Fong-crowdfunding", kill_on_drop: false }`
[INFO] [stderr] Cloning into bare repository '/workspace/cache/git-repos/https%3A%2F%2Fgithub.com%2Fvvmafra%2Fong-crowdfunding'...
[INFO] running `Command { std: "git" "rev-parse" "HEAD", kill_on_drop: false }`
[INFO] [stdout] 8e865fd9fbae9c78c247804a5267467a2ff54201
[INFO] testing vvmafra/ong-crowdfunding against 1.99.0-beta.1+cargoflags=--release for beta-release-1.99-2
[INFO] running `Command { std: "git" "clone" "/workspace/cache/git-repos/https%3A%2F%2Fgithub.com%2Fvvmafra%2Fong-crowdfunding" "/workspace/builds/worker-7-tc2/source", kill_on_drop: false }`
[INFO] [stderr] Cloning into '/workspace/builds/worker-7-tc2/source'...
[INFO] [stderr] done.
[INFO] [stderr] Updating files:  66% (2113/3162)
Updating files:  67% (2119/3162)
Updating files:  68% (2151/3162)
Updating files:  69% (2182/3162)
Updating files:  70% (2214/3162)
Updating files:  71% (2246/3162)
Updating files:  72% (2277/3162)
Updating files:  72% (2284/3162)
Updating files:  73% (2309/3162)
Updating files:  74% (2340/3162)
Updating files:  75% (2372/3162)
Updating files:  76% (2404/3162)
Updating files:  76% (2423/3162)
Updating files:  77% (2435/3162)
Updating files:  78% (2467/3162)
Updating files:  78% (2484/3162)
Updating files:  79% (2498/3162)
Updating files:  80% (2530/3162)
Updating files:  81% (2562/3162)
Updating files:  82% (2593/3162)
Updating files:  83% (2625/3162)
Updating files:  84% (2657/3162)
Updating files:  85% (2688/3162)
Updating files:  86% (2720/3162)
Updating files:  87% (2751/3162)
Updating files:  88% (2783/3162)
Updating files:  89% (2815/3162)
Updating files:  90% (2846/3162)
Updating files:  91% (2878/3162)
Updating files:  92% (2910/3162)
Updating files:  92% (2934/3162)
Updating files:  93% (2941/3162)
Updating files:  94% (2973/3162)
Updating files:  95% (3004/3162)
Updating files:  96% (3036/3162)
Updating files:  97% (3068/3162)
Updating files:  98% (3099/3162)
Updating files:  99% (3131/3162)
Updating files: 100% (3162/3162)
Updating files: 100% (3162/3162), done.
[INFO] started tweaking git repo https://github.com/vvmafra/ong-crowdfunding
[INFO] finished tweaking git repo https://github.com/vvmafra/ong-crowdfunding
[INFO] tweaked toml for git repo https://github.com/vvmafra/ong-crowdfunding written to /workspace/builds/worker-7-tc2/source/Cargo.toml
[INFO] validating manifest of git repo https://github.com/vvmafra/ong-crowdfunding on toolchain 1.99.0-beta.1
[INFO] running `Command { std: CARGO_HOME="/workspace/cargo-home" RUSTUP_HOME="/workspace/rustup-home" "/workspace/cargo-home/bin/cargo" "+1.99.0-beta.1" "metadata" "--manifest-path" "Cargo.toml" "--no-deps", kill_on_drop: false }`
[INFO] crate git repo https://github.com/vvmafra/ong-crowdfunding already has a lockfile, it will not be regenerated
[INFO] running `Command { std: CARGO_HOME="/workspace/cargo-home" RUSTUP_HOME="/workspace/rustup-home" "/workspace/cargo-home/bin/cargo" "+1.99.0-beta.1" "fetch" "--manifest-path" "Cargo.toml", kill_on_drop: false }`
[INFO] running `Command { std: "docker" "create" "-v" "/var/lib/crater-agent-workspace/builds/worker-7-tc2/source:/opt/rustwide/workdir:ro,Z" "-v" "/var/lib/crater-agent-workspace/builds/worker-7-tc2/target:/opt/rustwide/target:rw,Z" "-v" "/var/lib/crater-agent-workspace/cargo-home:/opt/rustwide/cargo-home:ro,Z" "-v" "/var/lib/crater-agent-workspace/rustup-home:/opt/rustwide/rustup-home:ro,Z" "-m" "1610612736" "--network" "none" "ghcr.io/rust-lang/crates-build-env/linux@sha256:8683fc1fc2eb5c9ac98e0d076ab094b2ffac7f99da555d2b6a2e27f346de2ec7" "sleep" "infinity", kill_on_drop: false }`
[INFO] [stdout] 2a79ef1bcd02280f6784dc63d9ef299309bfc71163e70904b0731957a034daf6
[INFO] running `Command { std: "docker" "start" "2a79ef1bcd02280f6784dc63d9ef299309bfc71163e70904b0731957a034daf6", kill_on_drop: false }`
[INFO] running `Command { std: "docker" "inspect" "2a79ef1bcd02280f6784dc63d9ef299309bfc71163e70904b0731957a034daf6", kill_on_drop: false }`
[INFO] running `Command { std: "docker" "exec" "-e" "SOURCE_DIR=/opt/rustwide/workdir" "-e" "CARGO_HOME=/opt/rustwide/cargo-home" "-e" "RUSTUP_HOME=/opt/rustwide/rustup-home" "-e" "CARGO_TARGET_DIR=/opt/rustwide/target" "-w" "/opt/rustwide/workdir" "--user" "0:0" "2a79ef1bcd02280f6784dc63d9ef299309bfc71163e70904b0731957a034daf6" "/opt/rustwide/cargo-home/bin/cargo" "+1.99.0-beta.1" "metadata" "--no-deps" "--format-version=1", kill_on_drop: false }`
[INFO] running `Command { std: "docker" "inspect" "2a79ef1bcd02280f6784dc63d9ef299309bfc71163e70904b0731957a034daf6", kill_on_drop: false }`
[INFO] running `Command { std: "docker" "exec" "-e" "SOURCE_DIR=/opt/rustwide/workdir" "-e" "CARGO_HOME=/opt/rustwide/cargo-home" "-e" "RUSTUP_HOME=/opt/rustwide/rustup-home" "-e" "CARGO_TARGET_DIR=/opt/rustwide/target" "-e" "CARGO_INCREMENTAL=0" "-e" "RUST_BACKTRACE=full" "-e" "RUSTFLAGS=--cap-lints=warn" "-e" "RUSTDOCFLAGS=--cap-lints=warn" "-w" "/opt/rustwide/workdir" "--user" "0:0" "2a79ef1bcd02280f6784dc63d9ef299309bfc71163e70904b0731957a034daf6" "/opt/rustwide/cargo-home/bin/cargo" "+1.99.0-beta.1" "build" "--frozen" "--message-format=json" "--release", kill_on_drop: false }`
[INFO] [stderr]    Compiling smallvec v1.15.1
[INFO] [stderr]    Compiling typenum v1.18.0
[INFO] [stderr]    Compiling unwrap-infallible v0.1.5
[INFO] [stderr]    Compiling endian-type v0.1.2
[INFO] [stderr]    Compiling bitflags v2.9.1
[INFO] [stderr]    Compiling hex-literal v1.0.0
[INFO] [stderr]    Compiling syn v2.0.101
[INFO] [stderr]    Compiling num-traits v0.2.19
[INFO] [stderr]    Compiling nibble_vec v0.1.0
[INFO] [stderr]    Compiling radix_trie v0.2.1
[INFO] [stderr]    Compiling generic-array v1.2.0
[INFO] [stderr]    Compiling multiversx-sc-codec-derive v0.22.1
[INFO] [stderr]    Compiling multiversx-sc-derive v0.58.0
[INFO] [stderr]    Compiling multiversx-sc-codec v0.22.1
[INFO] [stderr]    Compiling multiversx-chain-core v0.15.0
[INFO] [stderr]    Compiling multiversx-sc v0.58.0
[INFO] [stderr]    Compiling ongcrowdfunding v0.0.0 (/opt/rustwide/workdir)
[INFO] [stdout] warning: trailing semicolon in macro used in expression position
[INFO] [stdout]   --> src/ongcrowdfunding.rs:93:18
[INFO] [stdout]    |
[INFO] [stdout] 93 |             _ => sc_panic!("invalid status for claim"),
[INFO] [stdout]    |                  ^^^^^^^^^^^^^^^^^^^^^^^^^^^^^^^^^^^^^
[INFO] [stdout]    |
[INFO] [stdout]    = warning: this was previously accepted by the compiler but is being phased out; it will become a hard error in a future release!
[INFO] [stdout]    = note: for more information, see issue #79813 <https://github.com/rust-lang/rust/issues/79813>
[INFO] [stdout]    = note: `#[warn(semicolon_in_expressions_from_non_local_macros)]` (part of `#[warn(future_incompatible)]`) on by default
[INFO] [stdout]    = note: this warning originates in the macro `sc_panic` (in Nightly builds, run with -Z macro-backtrace for more info)
[INFO] [stdout] 
[INFO] [stdout] 
[INFO] [stderr]     Finished `release` profile [optimized] target(s) in 15.23s
[INFO] [stderr] warning: the following packages contain code that will be rejected by a future version of Rust: ongcrowdfunding v0.0.0 (/opt/rustwide/workdir)
[INFO] [stderr] note: to see what the problems were, use the option `--future-incompat-report`, or run `cargo report future-incompatibilities --id 4`
[INFO] running `Command { std: "docker" "inspect" "2a79ef1bcd02280f6784dc63d9ef299309bfc71163e70904b0731957a034daf6", kill_on_drop: false }`
[INFO] running `Command { std: "docker" "exec" "-e" "SOURCE_DIR=/opt/rustwide/workdir" "-e" "CARGO_HOME=/opt/rustwide/cargo-home" "-e" "RUSTUP_HOME=/opt/rustwide/rustup-home" "-e" "CARGO_TARGET_DIR=/opt/rustwide/target" "-e" "CARGO_INCREMENTAL=0" "-e" "RUST_BACKTRACE=full" "-e" "RUSTFLAGS=--cap-lints=warn" "-e" "RUSTDOCFLAGS=--cap-lints=warn" "-w" "/opt/rustwide/workdir" "--user" "0:0" "2a79ef1bcd02280f6784dc63d9ef299309bfc71163e70904b0731957a034daf6" "/opt/rustwide/cargo-home/bin/cargo" "+1.99.0-beta.1" "test" "--frozen" "--no-run" "--message-format=json" "--release", kill_on_drop: false }`
[INFO] [stderr]    Compiling serde v1.0.219
[INFO] [stderr]    Compiling libc v0.2.172
[INFO] [stderr]    Compiling semver v1.0.26
[INFO] [stderr]    Compiling wasm-encoder v0.233.0
[INFO] [stderr]    Compiling leb128fmt v0.1.0
[INFO] [stderr]    Compiling generic-array v0.14.7
[INFO] [stderr]    Compiling winnow v0.7.10
[INFO] [stderr]    Compiling serde_derive v1.0.219
[INFO] [stderr]    Compiling curve25519-dalek v4.1.3
[INFO] [stderr]    Compiling wasmparser v0.231.0
[INFO] [stderr]    Compiling curve25519-dalek-derive v0.1.1
[INFO] [stderr]    Compiling multiversx-sc-codec v0.22.1
[INFO] [stderr]    Compiling signature v2.2.0
[INFO] [stderr]    Compiling clap_lex v0.7.4
[INFO] [stderr]    Compiling bumpalo v3.18.1
[INFO] [stderr]    Compiling unicode-width v0.2.0
[INFO] [stderr]    Compiling clap_derive v4.5.32
[INFO] [stderr]    Compiling clap_builder v4.5.39
[INFO] [stderr]    Compiling ed25519 v2.2.3
[INFO] [stderr]    Compiling colored v3.0.0
[INFO] [stderr]    Compiling itertools v0.14.0
[INFO] [stderr]    Compiling rustc_version v0.4.1
[INFO] [stderr]    Compiling convert_case v0.8.0
[INFO] [stderr]    Compiling bech32 v0.11.0
[INFO] [stderr]    Compiling simple-error v0.3.1
[INFO] [stderr]    Compiling log v0.4.27
[INFO] [stderr]    Compiling block-buffer v0.10.4
[INFO] [stderr]    Compiling crypto-common v0.1.6
[INFO] [stderr]    Compiling digest v0.10.7
[INFO] [stderr]    Compiling getrandom v0.2.16
[INFO] [stderr]    Compiling sha2 v0.10.9
[INFO] [stderr]    Compiling sha3 v0.10.8
[INFO] [stderr]    Compiling rand_core v0.6.4
[INFO] [stderr]    Compiling multiversx-chain-core v0.15.0
[INFO] [stderr]    Compiling rand_chacha v0.3.1
[INFO] [stderr]    Compiling rand_seeder v0.3.0
[INFO] [stderr]    Compiling wast v233.0.0
[INFO] [stderr]    Compiling rand v0.8.5
[INFO] [stderr]    Compiling multiversx-sc v0.58.0
[INFO] [stderr]    Compiling ed25519-dalek v2.1.1
[INFO] [stderr]    Compiling clap v4.5.39
[INFO] [stderr]    Compiling hashbrown v0.15.4
[INFO] [stderr]    Compiling toml_datetime v0.6.11
[INFO] [stderr]    Compiling serde_spanned v0.6.9
[INFO] [stderr]    Compiling serde_json v1.0.140
[INFO] [stderr]    Compiling ongcrowdfunding v0.0.0 (/opt/rustwide/workdir)
[INFO] [stdout] warning: trailing semicolon in macro used in expression position
[INFO] [stdout]   --> src/ongcrowdfunding.rs:93:18
[INFO] [stdout]    |
[INFO] [stdout] 93 |             _ => sc_panic!("invalid status for claim"),
[INFO] [stdout]    |                  ^^^^^^^^^^^^^^^^^^^^^^^^^^^^^^^^^^^^^
[INFO] [stdout]    |
[INFO] [stdout]    = warning: this was previously accepted by the compiler but is being phased out; it will become a hard error in a future release!
[INFO] [stdout]    = note: for more information, see issue #79813 <https://github.com/rust-lang/rust/issues/79813>
[INFO] [stdout]    = note: `#[warn(semicolon_in_expressions_from_non_local_macros)]` (part of `#[warn(future_incompatible)]`) on by default
[INFO] [stdout]    = note: this warning originates in the macro `sc_panic` (in Nightly builds, run with -Z macro-backtrace for more info)
[INFO] [stdout] 
[INFO] [stdout] 
[INFO] [stderr]    Compiling indexmap v2.9.0
[INFO] [stderr]    Compiling multiversx-chain-scenario-format v0.23.1
[INFO] [stderr]    Compiling toml_edit v0.22.27
[INFO] [stderr]    Compiling toml_edit v0.19.15
[INFO] [stderr]    Compiling wat v1.233.0
[INFO] [stderr]    Compiling toml v0.7.8
[INFO] [stderr]    Compiling toml v0.8.23
[INFO] [stderr]    Compiling multiversx-chain-vm-executor v0.4.0
[INFO] [stderr]    Compiling multiversx-chain-vm v0.15.0
[INFO] [stderr]    Compiling wasmprinter v0.231.0
[INFO] [stderr]    Compiling multiversx-sc-meta-lib v0.58.0
[INFO] [stderr]    Compiling multiversx-sc-scenario v0.58.0
[INFO] [stdout] warning: trailing semicolon in macro used in expression position
[INFO] [stdout]   --> src/ongcrowdfunding.rs:93:18
[INFO] [stdout]    |
[INFO] [stdout] 93 |             _ => sc_panic!("invalid status for claim"),
[INFO] [stdout]    |                  ^^^^^^^^^^^^^^^^^^^^^^^^^^^^^^^^^^^^^
[INFO] [stdout]    |
[INFO] [stdout]    = warning: this was previously accepted by the compiler but is being phased out; it will become a hard error in a future release!
[INFO] [stdout]    = note: for more information, see issue #79813 <https://github.com/rust-lang/rust/issues/79813>
[INFO] [stdout]    = note: `#[warn(semicolon_in_expressions_from_non_local_macros)]` (part of `#[warn(future_incompatible)]`) on by default
[INFO] [stdout]    = note: this warning originates in the macro `sc_panic` (in Nightly builds, run with -Z macro-backtrace for more info)
[INFO] [stdout] 
[INFO] [stdout] 
[INFO] [stderr]     Finished `release` profile [optimized] target(s) in 1m 58s
[INFO] [stderr] warning: the following packages contain code that will be rejected by a future version of Rust: ongcrowdfunding v0.0.0 (/opt/rustwide/workdir)
[INFO] [stderr] note: to see what the problems were, use the option `--future-incompat-report`, or run `cargo report future-incompatibilities --id 5`
[INFO] running `Command { std: "docker" "inspect" "2a79ef1bcd02280f6784dc63d9ef299309bfc71163e70904b0731957a034daf6", kill_on_drop: false }`
[INFO] running `Command { std: "docker" "exec" "-e" "SOURCE_DIR=/opt/rustwide/workdir" "-e" "CARGO_HOME=/opt/rustwide/cargo-home" "-e" "RUSTUP_HOME=/opt/rustwide/rustup-home" "-e" "CARGO_TARGET_DIR=/opt/rustwide/target" "-e" "CARGO_INCREMENTAL=0" "-e" "RUST_BACKTRACE=full" "-e" "RUSTFLAGS=--cap-lints=warn" "-e" "RUSTDOCFLAGS=--cap-lints=warn" "-w" "/opt/rustwide/workdir" "--user" "0:0" "2a79ef1bcd02280f6784dc63d9ef299309bfc71163e70904b0731957a034daf6" "/opt/rustwide/cargo-home/bin/cargo" "+1.99.0-beta.1" "test" "--frozen" "--release", kill_on_drop: false }`
[INFO] [stderr] warning: trailing semicolon in macro used in expression position
[INFO] [stderr]   --> src/ongcrowdfunding.rs:93:18
[INFO] [stderr]    |
[INFO] [stderr] 93 |             _ => sc_panic!("invalid status for claim"),
[INFO] [stderr]    |                  ^^^^^^^^^^^^^^^^^^^^^^^^^^^^^^^^^^^^^
[INFO] [stderr]    |
[INFO] [stderr]    = warning: this was previously accepted by the compiler but is being phased out; it will become a hard error in a future release!
[INFO] [stderr]    = note: for more information, see issue #79813 <https://github.com/rust-lang/rust/issues/79813>
[INFO] [stderr]    = note: `#[warn(semicolon_in_expressions_from_non_local_macros)]` (part of `#[warn(future_incompatible)]`) on by default
[INFO] [stderr]    = note: this warning originates in the macro `sc_panic` (in Nightly builds, run with -Z macro-backtrace for more info)
[INFO] [stderr] 
[INFO] [stderr] warning: `ongcrowdfunding` (lib) generated 1 warning
[INFO] [stderr] warning: `ongcrowdfunding` (lib test) generated 1 warning (1 duplicate)
[INFO] [stderr]     Finished `release` profile [optimized] target(s) in 0.21s
[INFO] [stderr] warning: the following packages contain code that will be rejected by a future version of Rust: ongcrowdfunding v0.0.0 (/opt/rustwide/workdir)
[INFO] [stderr] note: to see what the problems were, use the option `--future-incompat-report`, or run `cargo report future-incompatibilities --id 5`
[INFO] [stderr]      Running unittests src/ongcrowdfunding.rs (/opt/rustwide/target/release/deps/ongcrowdfunding-b111d313a19e6bfc)
[INFO] [stdout] 
[INFO] [stdout] running 0 tests
[INFO] [stdout] 
[INFO] [stdout] test result: ok. 0 passed; 0 failed; 0 ignored; 0 measured; 0 filtered out; finished in 0.00s
[INFO] [stdout] 
[INFO] [stderr]      Running tests/crowdfunding_blackbox_test.rs (/opt/rustwide/target/release/deps/crowdfunding_blackbox_test-f5dc37d09479e21b)
[INFO] [stdout] 
[INFO] [stdout] running 6 tests
[INFO] [stdout] test crowdfunding_claim_failed_test ... ok
[INFO] [stdout] test crowdfunding_status_test ... ok
[INFO] [stdout] test crowdfunding_claim_successful_test ... ok
[INFO] [stdout] test crowdfunding_claim_before_realize_test ... ok
[INFO] [stdout] test crowdfunding_deploy_test ... ok
[INFO] [stderr]      Running tests/ongcrowdfunding_scenario_go_test.rs (/opt/rustwide/target/release/deps/ongcrowdfunding_scenario_go_test-943dad37875964af)
[INFO] [stdout] test crowdfunding_fund_test ... ok
[INFO] [stdout] 
[INFO] [stdout] test result: ok. 6 passed; 0 failed; 0 ignored; 0 measured; 0 filtered out; finished in 0.06s
[INFO] [stdout] 
[INFO] [stdout] 
[INFO] [stdout] running 1 test
[INFO] [stdout] test empty_go ... ok
[INFO] [stderr]      Running tests/ongcrowdfunding_scenario_rs_test.rs (/opt/rustwide/target/release/deps/ongcrowdfunding_scenario_rs_test-003021f2689273ac)
[INFO] [stdout] 
[INFO] [stdout] test result: ok. 1 passed; 0 failed; 0 ignored; 0 measured; 0 filtered out; finished in 0.00s
[INFO] [stdout] 
[INFO] [stdout] 
[INFO] [stdout] running 1 test
[INFO] [stdout] test empty_rs ... FAILED
[INFO] [stdout] 
[INFO] [stdout] failures:
[INFO] [stdout] 
[INFO] [stdout] ---- empty_rs stdout ----
[INFO] [stdout] wrong number of arguments
[INFO] [stdout] 
[INFO] [stdout] thread 'empty_rs' (1666) panicked at /opt/rustwide/cargo-home/registry/src/index.crates.io-1949cf8c6b5b557f/multiversx-sc-scenario-0.58.0/src/executor/debug/contract_debug_instance_state.rs:42:9:
[INFO] [stdout] Box<dyn Any>
[INFO] [stdout] stack backtrace:
[INFO] [stdout]    0:     0x5e54e82b78c1 - <<std[104cf6e2632825ea]::sys::backtrace::BacktraceLock>::print::DisplayBacktrace as core[7c831bd917ebf35f]::fmt::Display>::fmt
[INFO] [stdout]    1:     0x5e54e82ccaea - core[7c831bd917ebf35f]::fmt::write
[INFO] [stdout]    2:     0x5e54e82bbe0c - <alloc[2fdc3f7464fcf288]::vec::Vec<u8> as core[7c831bd917ebf35f]::io::write::Write>::write_fmt
[INFO] [stdout]    3:     0x5e54e82935b6 - std[104cf6e2632825ea]::panicking::default_hook::{closure#0}
[INFO] [stdout]    4:     0x5e54e82af929 - std[104cf6e2632825ea]::panicking::default_hook
[INFO] [stdout]    5:     0x5e54e8136710 - test[73009c9f9aebf890]::test_main_inner::<test[73009c9f9aebf890]::test_main_static::{closure#0}>::{closure#0}
[INFO] [stdout]    6:     0x5e54e82afae2 - std[104cf6e2632825ea]::panicking::panic_with_hook
[INFO] [stdout]    7:     0x5e54e81f392f - std[104cf6e2632825ea]::panicking::begin_panic::<multiversx_chain_vm_executor[42215d74276a1657]::new_traits::vm_hooks_early_exit::VMHooksEarlyExit>::{closure#0}
[INFO] [stdout]    8:     0x5e54e81f03e6 - std[104cf6e2632825ea]::sys::backtrace::__rust_end_short_backtrace::<std[104cf6e2632825ea]::panicking::begin_panic<multiversx_chain_vm_executor[42215d74276a1657]::new_traits::vm_hooks_early_exit::VMHooksEarlyExit>::{closure#0}, !>
[INFO] [stdout]    9:     0x5e54e81d2f97 - std[104cf6e2632825ea]::panicking::begin_panic::<multiversx_chain_vm_executor[42215d74276a1657]::new_traits::vm_hooks_early_exit::VMHooksEarlyExit>
[INFO] [stdout]   10:     0x5e54e82121be - <multiversx_sc_scenario[110e562c0b4bcc52]::executor::debug::contract_debug_instance_state::ContractDebugInstanceState>::early_exit_panic
[INFO] [stdout]   11:     0x5e54e8121a56 - <multiversx_sc_scenario[110e562c0b4bcc52]::api::impl_vh::debug_api::DebugApiBackend as multiversx_sc_scenario[110e562c0b4bcc52]::api::impl_vh::vm_hooks_backend::VMHooksApiBackend>::with_vm_hooks::<(), <multiversx_sc_scenario[110e562c0b4bcc52]::api::impl_vh::vm_hooks_api::VMHooksApi<multiversx_sc_scenario[110e562c0b4bcc52]::api::impl_vh::debug_api::DebugApiBackend> as multiversx_sc[dca22e45bf69dd9d]::api::error_api::ErrorApiImpl>::signal_error::{closure#0}>
[INFO] [stdout]   12:     0x5e54e811ab8d - <multiversx_sc_scenario[110e562c0b4bcc52]::api::impl_vh::vm_hooks_api::VMHooksApi<multiversx_sc_scenario[110e562c0b4bcc52]::api::impl_vh::debug_api::DebugApiBackend> as multiversx_sc[dca22e45bf69dd9d]::api::error_api::ErrorApiImpl>::signal_error
[INFO] [stdout]   13:     0x5e54e811b6dc - multiversx_sc[dca22e45bf69dd9d]::io::arg_nested_tuple::check_num_arguments_eq::<multiversx_sc_scenario[110e562c0b4bcc52]::api::impl_vh::vm_hooks_api::VMHooksApi<multiversx_sc_scenario[110e562c0b4bcc52]::api::impl_vh::debug_api::DebugApiBackend>>
[INFO] [stdout]   14:     0x5e54e811cb6f - <multiversx_sc[dca22e45bf69dd9d]::contract_base::universal_contract_obj::UniversalContractObj<multiversx_sc_scenario[110e562c0b4bcc52]::api::impl_vh::vm_hooks_api::VMHooksApi<multiversx_sc_scenario[110e562c0b4bcc52]::api::impl_vh::debug_api::DebugApiBackend>> as ongcrowdfunding[58eb32d7175e2e]::EndpointWrappers>::call
[INFO] [stdout]   15:     0x5e54e810decb - <ongcrowdfunding[58eb32d7175e2e]::ContractObj<multiversx_sc_scenario[110e562c0b4bcc52]::api::impl_vh::vm_hooks_api::VMHooksApi<multiversx_sc_scenario[110e562c0b4bcc52]::api::impl_vh::debug_api::DebugApiBackend>> as multiversx_sc[dca22e45bf69dd9d]::contract_base::callable_contract::CallableContract>::call
[INFO] [stdout]   16:     0x5e54e81f6442 - multiversx_sc_scenario[110e562c0b4bcc52]::executor::debug::catch_tx_panic::catch_tx_panic::<<multiversx_sc_scenario[110e562c0b4bcc52]::executor::debug::contract_debug_instance::ContractDebugInstance>::call_endpoint::{closure#0}>
[INFO] [stdout]   17:     0x5e54e81df6b6 - <multiversx_sc_scenario[110e562c0b4bcc52]::executor::debug::contract_debug_instance::ContractDebugInstance as multiversx_chain_vm_executor[42215d74276a1657]::new_traits::instance_new::Instance>::call
[INFO] [stdout]   18:     0x5e54e82358a1 - <multiversx_chain_vm[6a973b9b63c7d1cd]::host::runtime::runtime_instance_call_default::RuntimeInstanceCallLambdaDefault as multiversx_chain_vm[6a973b9b63c7d1cd]::host::runtime::runtime_instance_call::RuntimeInstanceCallLambda>::call
[INFO] [stderr] error: test failed, to rerun pass `--test ongcrowdfunding_scenario_rs_test`
[INFO] [stdout]   19:     0x5e54e81d2084 - <multiversx_chain_vm[6a973b9b63c7d1cd]::host::runtime::RuntimeRef>::execute::<multiversx_chain_vm[6a973b9b63c7d1cd]::host::runtime::runtime_instance_call_default::RuntimeInstanceCallLambdaDefault>
[INFO] [stdout]   20:     0x5e54e81f0a61 - multiversx_chain_vm[6a973b9b63c7d1cd]::host::execution::exec_create::commit_deploy::<multiversx_chain_vm[6a973b9b63c7d1cd]::host::runtime::runtime_instance_call_default::RuntimeInstanceCallLambdaDefault>
[INFO] [stdout]   21:     0x5e54e81dea73 - <multiversx_sc_scenario[110e562c0b4bcc52]::scenario::run_vm::vm_runner::ScenarioVMRunner>::perform_sc_deploy_update_results
[INFO] [stdout]   22:     0x5e54e81f3d46 - <multiversx_sc_scenario[110e562c0b4bcc52]::facade::debugger_backend::DebuggerBackend>::run_scenario_file
[INFO] [stdout]   23:     0x5e54e810fc66 - <multiversx_sc_scenario[110e562c0b4bcc52]::facade::scenario_world::ScenarioWorld>::run::<&str>
[INFO] [stdout]   24:     0x5e54e8115f53 - <ongcrowdfunding_scenario_rs_test[ae91548780d7e6f0]::empty_rs::{closure#0} as core[7c831bd917ebf35f]::ops::function::FnOnce<()>>::call_once
[INFO] [stdout]   25:     0x5e54e81299fb - test[73009c9f9aebf890]::__rust_begin_short_backtrace::<core[7c831bd917ebf35f]::result::Result<(), alloc[2fdc3f7464fcf288]::string::String>, fn() -> core[7c831bd917ebf35f]::result::Result<(), alloc[2fdc3f7464fcf288]::string::String>>
[INFO] [stdout]   26:     0x5e54e8137065 - test[73009c9f9aebf890]::run_test::{closure#0}
[INFO] [stdout]   27:     0x5e54e8130424 - std[104cf6e2632825ea]::sys::backtrace::__rust_begin_short_backtrace::<test[73009c9f9aebf890]::run_test::{closure#1}, ()>
[INFO] [stdout]   28:     0x5e54e813a1c2 - <std[104cf6e2632825ea]::thread::lifecycle::spawn_unchecked<test[73009c9f9aebf890]::run_test::{closure#1}, ()>::{closure#1} as core[7c831bd917ebf35f]::ops::function::FnOnce<()>>::call_once::{shim:vtable#0}
[INFO] [stdout]   29:     0x5e54e82b6b09 - <std[104cf6e2632825ea]::sys::thread::unix::Thread>::new::thread_start
[INFO] [stdout]   30:     0x75de210f407a - <unknown>
[INFO] [stdout]   31:     0x75de21187534 - clone
[INFO] [stdout]   32:                0x0 - <unknown>
[INFO] [stdout] 
[INFO] [stdout] thread 'empty_rs' (1666) panicked at /opt/rustwide/cargo-home/registry/src/index.crates.io-1949cf8c6b5b557f/multiversx-sc-scenario-0.58.0/src/scenario/run_vm/tx_output_check.rs:13:5:
[INFO] [stdout] 
[INFO] [stdout]     Error: result code mismatch.
[INFO] [stdout]     Tx id: 'deploy'
[INFO] [stdout]     Want: ""
[INFO] [stdout]     Have: 4
[INFO] [stdout]     Message: wrong number of arguments
[INFO] [stdout] stack backtrace:
[INFO] [stdout]    0:     0x5e54e82b78c1 - <<std[104cf6e2632825ea]::sys::backtrace::BacktraceLock>::print::DisplayBacktrace as core[7c831bd917ebf35f]::fmt::Display>::fmt
[INFO] [stdout]    1:     0x5e54e82ccaea - core[7c831bd917ebf35f]::fmt::write
[INFO] [stdout]    2:     0x5e54e82bbe0c - <alloc[2fdc3f7464fcf288]::vec::Vec<u8> as core[7c831bd917ebf35f]::io::write::Write>::write_fmt
[INFO] [stdout]    3:     0x5e54e82935b6 - std[104cf6e2632825ea]::panicking::default_hook::{closure#0}
[INFO] [stdout]    4:     0x5e54e82af929 - std[104cf6e2632825ea]::panicking::default_hook
[INFO] [stdout]    5:     0x5e54e8136710 - test[73009c9f9aebf890]::test_main_inner::<test[73009c9f9aebf890]::test_main_static::{closure#0}>::{closure#0}
[INFO] [stdout]    6:     0x5e54e82afae2 - std[104cf6e2632825ea]::panicking::panic_with_hook
[INFO] [stdout]    7:     0x5e54e8293662 - std[104cf6e2632825ea]::panicking::panic_handler::{closure#0}
[INFO] [stdout]    8:     0x5e54e828ba89 - std[104cf6e2632825ea]::sys::backtrace::__rust_end_short_backtrace::<std[104cf6e2632825ea]::panicking::panic_handler::{closure#0}, !>
[INFO] [stdout]    9:     0x5e54e829425d - __rustc[b0d56fa5b193ad05]::rust_begin_unwind
[INFO] [stdout]   10:     0x5e54e82cd24c - core[7c831bd917ebf35f]::panicking::panic_fmt
[INFO] [stdout]   11:     0x5e54e8215d62 - multiversx_sc_scenario[110e562c0b4bcc52]::scenario::run_vm::tx_output_check::check_tx_output
[INFO] [stdout]   12:     0x5e54e81deb49 - <multiversx_sc_scenario[110e562c0b4bcc52]::scenario::run_vm::vm_runner::ScenarioVMRunner>::perform_sc_deploy_update_results
[INFO] [stdout]   13:     0x5e54e81f3d46 - <multiversx_sc_scenario[110e562c0b4bcc52]::facade::debugger_backend::DebuggerBackend>::run_scenario_file
[INFO] [stdout]   14:     0x5e54e810fc66 - <multiversx_sc_scenario[110e562c0b4bcc52]::facade::scenario_world::ScenarioWorld>::run::<&str>
[INFO] [stdout]   15:     0x5e54e8115f53 - <ongcrowdfunding_scenario_rs_test[ae91548780d7e6f0]::empty_rs::{closure#0} as core[7c831bd917ebf35f]::ops::function::FnOnce<()>>::call_once
[INFO] [stdout]   16:     0x5e54e81299fb - test[73009c9f9aebf890]::__rust_begin_short_backtrace::<core[7c831bd917ebf35f]::result::Result<(), alloc[2fdc3f7464fcf288]::string::String>, fn() -> core[7c831bd917ebf35f]::result::Result<(), alloc[2fdc3f7464fcf288]::string::String>>
[INFO] [stdout]   17:     0x5e54e8137065 - test[73009c9f9aebf890]::run_test::{closure#0}
[INFO] [stdout]   18:     0x5e54e8130424 - std[104cf6e2632825ea]::sys::backtrace::__rust_begin_short_backtrace::<test[73009c9f9aebf890]::run_test::{closure#1}, ()>
[INFO] [stdout]   19:     0x5e54e813a1c2 - <std[104cf6e2632825ea]::thread::lifecycle::spawn_unchecked<test[73009c9f9aebf890]::run_test::{closure#1}, ()>::{closure#1} as core[7c831bd917ebf35f]::ops::function::FnOnce<()>>::call_once::{shim:vtable#0}
[INFO] [stdout]   20:     0x5e54e82b6b09 - <std[104cf6e2632825ea]::sys::thread::unix::Thread>::new::thread_start
[INFO] [stdout]   21:     0x75de210f407a - <unknown>
[INFO] [stdout]   22:     0x75de21187534 - clone
[INFO] [stdout]   23:                0x0 - <unknown>
[INFO] [stdout] 
[INFO] [stdout] 
[INFO] [stdout] failures:
[INFO] [stdout]     empty_rs
[INFO] [stdout] 
[INFO] [stdout] test result: FAILED. 0 passed; 1 failed; 0 ignored; 0 measured; 0 filtered out; finished in 0.00s
[INFO] [stdout] 
[INFO] running `Command { std: "docker" "inspect" "2a79ef1bcd02280f6784dc63d9ef299309bfc71163e70904b0731957a034daf6", kill_on_drop: false }`
[INFO] running `Command { std: "docker" "rm" "-f" "2a79ef1bcd02280f6784dc63d9ef299309bfc71163e70904b0731957a034daf6", kill_on_drop: false }`
[INFO] [stdout] 2a79ef1bcd02280f6784dc63d9ef299309bfc71163e70904b0731957a034daf6
