[INFO] cloning repository https://github.com/violetdivine/supplement_p2_6
[INFO] running `Command { std: "git" "-c" "credential.helper=" "-c" "credential.helper=/workspace/cargo-home/bin/git-credential-null" "clone" "--bare" "https://github.com/violetdivine/supplement_p2_6" "/workspace/cache/git-repos/https%3A%2F%2Fgithub.com%2Fvioletdivine%2Fsupplement_p2_6", kill_on_drop: false }`
[INFO] [stderr] Cloning into bare repository '/workspace/cache/git-repos/https%3A%2F%2Fgithub.com%2Fvioletdivine%2Fsupplement_p2_6'...
[INFO] running `Command { std: "git" "rev-parse" "HEAD", kill_on_drop: false }`
[INFO] [stdout] 947cbfade2673262a1d4d7f8c78202739c7f20a8
[INFO] testing violetdivine/supplement_p2_6 against 1.99.0-beta.1+cargoflags=--release for beta-release-1.99-2
[INFO] running `Command { std: "git" "clone" "/workspace/cache/git-repos/https%3A%2F%2Fgithub.com%2Fvioletdivine%2Fsupplement_p2_6" "/workspace/builds/worker-3-tc2/source", kill_on_drop: false }`
[INFO] [stderr] Cloning into '/workspace/builds/worker-3-tc2/source'...
[INFO] [stderr] done.
[INFO] started tweaking git repo https://github.com/violetdivine/supplement_p2_6
[INFO] finished tweaking git repo https://github.com/violetdivine/supplement_p2_6
[INFO] tweaked toml for git repo https://github.com/violetdivine/supplement_p2_6 written to /workspace/builds/worker-3-tc2/source/Cargo.toml
[INFO] validating manifest of git repo https://github.com/violetdivine/supplement_p2_6 on toolchain 1.99.0-beta.1
[INFO] running `Command { std: CARGO_HOME="/workspace/cargo-home" RUSTUP_HOME="/workspace/rustup-home" "/workspace/cargo-home/bin/cargo" "+1.99.0-beta.1" "metadata" "--manifest-path" "Cargo.toml" "--no-deps", kill_on_drop: false }`
[INFO] crate git repo https://github.com/violetdivine/supplement_p2_6 already has a lockfile, it will not be regenerated
[INFO] running `Command { std: CARGO_HOME="/workspace/cargo-home" RUSTUP_HOME="/workspace/rustup-home" "/workspace/cargo-home/bin/cargo" "+1.99.0-beta.1" "fetch" "--manifest-path" "Cargo.toml", kill_on_drop: false }`
[INFO] running `Command { std: "docker" "create" "-v" "/var/lib/crater-agent-workspace/builds/worker-3-tc2/source:/opt/rustwide/workdir:ro,Z" "-v" "/var/lib/crater-agent-workspace/builds/worker-3-tc2/target:/opt/rustwide/target:rw,Z" "-v" "/var/lib/crater-agent-workspace/cargo-home:/opt/rustwide/cargo-home:ro,Z" "-v" "/var/lib/crater-agent-workspace/rustup-home:/opt/rustwide/rustup-home:ro,Z" "-m" "1610612736" "--network" "none" "ghcr.io/rust-lang/crates-build-env/linux@sha256:8683fc1fc2eb5c9ac98e0d076ab094b2ffac7f99da555d2b6a2e27f346de2ec7" "sleep" "infinity", kill_on_drop: false }`
[INFO] [stdout] 481b0ac7ff76cc441fb9aded889bf585b5623072cbde61d9b578918802847413
[INFO] running `Command { std: "docker" "start" "481b0ac7ff76cc441fb9aded889bf585b5623072cbde61d9b578918802847413", kill_on_drop: false }`
[INFO] running `Command { std: "docker" "inspect" "481b0ac7ff76cc441fb9aded889bf585b5623072cbde61d9b578918802847413", kill_on_drop: false }`
[INFO] running `Command { std: "docker" "exec" "-e" "SOURCE_DIR=/opt/rustwide/workdir" "-e" "CARGO_HOME=/opt/rustwide/cargo-home" "-e" "RUSTUP_HOME=/opt/rustwide/rustup-home" "-e" "CARGO_TARGET_DIR=/opt/rustwide/target" "-w" "/opt/rustwide/workdir" "--user" "0:0" "481b0ac7ff76cc441fb9aded889bf585b5623072cbde61d9b578918802847413" "/opt/rustwide/cargo-home/bin/cargo" "+1.99.0-beta.1" "metadata" "--no-deps" "--format-version=1", kill_on_drop: false }`
[INFO] running `Command { std: "docker" "inspect" "481b0ac7ff76cc441fb9aded889bf585b5623072cbde61d9b578918802847413", kill_on_drop: false }`
[INFO] running `Command { std: "docker" "exec" "-e" "SOURCE_DIR=/opt/rustwide/workdir" "-e" "CARGO_HOME=/opt/rustwide/cargo-home" "-e" "RUSTUP_HOME=/opt/rustwide/rustup-home" "-e" "CARGO_TARGET_DIR=/opt/rustwide/target" "-e" "CARGO_INCREMENTAL=0" "-e" "RUST_BACKTRACE=full" "-e" "RUSTFLAGS=--cap-lints=warn" "-e" "RUSTDOCFLAGS=--cap-lints=warn" "-w" "/opt/rustwide/workdir" "--user" "0:0" "481b0ac7ff76cc441fb9aded889bf585b5623072cbde61d9b578918802847413" "/opt/rustwide/cargo-home/bin/cargo" "+1.99.0-beta.1" "build" "--frozen" "--message-format=json" "--release", kill_on_drop: false }`
[INFO] [stderr]    Compiling supplement_p2_6 v0.1.0 (/opt/rustwide/workdir)
[INFO] [stdout] warning: unused imports: `is_palindrome`, `most_common_char`, and `reverse_string`
[INFO] [stdout]  --> src/test.rs:1:13
[INFO] [stdout]   |
[INFO] [stdout] 1 | use crate::{is_palindrome, reverse_string, most_common_char};
[INFO] [stdout]   |             ^^^^^^^^^^^^^  ^^^^^^^^^^^^^^  ^^^^^^^^^^^^^^^^
[INFO] [stdout]   |
[INFO] [stdout] help: if this is a test module, consider adding a `#[cfg(test)]` to the containing module
[INFO] [stdout]  --> src/lib.rs:3:1
[INFO] [stdout]   |
[INFO] [stdout] 3 | mod test;
[INFO] [stdout]   | ^^^^^^^^^
[INFO] [stdout]   = note: `#[warn(unused_imports)]` (part of `#[warn(unused)]`) on by default
[INFO] [stdout] 
[INFO] [stdout] 
[INFO] [stdout] warning: function `main` is never used
[INFO] [stdout]  --> src/lib2.rs:6:4
[INFO] [stdout]   |
[INFO] [stdout] 6 | fn main(){
[INFO] [stdout]   |    ^^^^
[INFO] [stdout]   |
[INFO] [stdout]   = note: `#[warn(dead_code)]` (part of `#[warn(unused)]`) on by default
[INFO] [stdout] 
[INFO] [stdout] 
[INFO] [stderr]     Finished `release` profile [optimized] target(s) in 0.52s
[INFO] running `Command { std: "docker" "inspect" "481b0ac7ff76cc441fb9aded889bf585b5623072cbde61d9b578918802847413", kill_on_drop: false }`
[INFO] running `Command { std: "docker" "exec" "-e" "SOURCE_DIR=/opt/rustwide/workdir" "-e" "CARGO_HOME=/opt/rustwide/cargo-home" "-e" "RUSTUP_HOME=/opt/rustwide/rustup-home" "-e" "CARGO_TARGET_DIR=/opt/rustwide/target" "-e" "CARGO_INCREMENTAL=0" "-e" "RUST_BACKTRACE=full" "-e" "RUSTFLAGS=--cap-lints=warn" "-e" "RUSTDOCFLAGS=--cap-lints=warn" "-w" "/opt/rustwide/workdir" "--user" "0:0" "481b0ac7ff76cc441fb9aded889bf585b5623072cbde61d9b578918802847413" "/opt/rustwide/cargo-home/bin/cargo" "+1.99.0-beta.1" "test" "--frozen" "--no-run" "--message-format=json" "--release", kill_on_drop: false }`
[INFO] [stderr]    Compiling supplement_p2_6 v0.1.0 (/opt/rustwide/workdir)
[INFO] [stdout] warning: unused imports: `is_palindrome`, `most_common_char`, and `reverse_string`
[INFO] [stdout]  --> src/test.rs:1:13
[INFO] [stdout]   |
[INFO] [stdout] 1 | use crate::{is_palindrome, reverse_string, most_common_char};
[INFO] [stdout]   |             ^^^^^^^^^^^^^  ^^^^^^^^^^^^^^  ^^^^^^^^^^^^^^^^
[INFO] [stdout]   |
[INFO] [stdout] help: if this is a test module, consider adding a `#[cfg(test)]` to the containing module
[INFO] [stdout]  --> src/lib.rs:3:1
[INFO] [stdout]   |
[INFO] [stdout] 3 | mod test;
[INFO] [stdout]   | ^^^^^^^^^
[INFO] [stdout]   = note: `#[warn(unused_imports)]` (part of `#[warn(unused)]`) on by default
[INFO] [stdout] 
[INFO] [stdout] 
[INFO] [stdout] warning: function `main` is never used
[INFO] [stdout]  --> src/lib2.rs:6:4
[INFO] [stdout]   |
[INFO] [stdout] 6 | fn main(){
[INFO] [stdout]   |    ^^^^
[INFO] [stdout]   |
[INFO] [stdout]   = note: `#[warn(dead_code)]` (part of `#[warn(unused)]`) on by default
[INFO] [stdout] 
[INFO] [stdout] 
[INFO] [stdout] warning: function `main` is never used
[INFO] [stdout]  --> src/lib2.rs:6:4
[INFO] [stdout]   |
[INFO] [stdout] 6 | fn main(){
[INFO] [stdout]   |    ^^^^
[INFO] [stdout]   |
[INFO] [stdout]   = note: `#[warn(dead_code)]` (part of `#[warn(unused)]`) on by default
[INFO] [stdout] 
[INFO] [stdout] 
[INFO] [stderr]     Finished `release` profile [optimized] target(s) in 0.58s
[INFO] running `Command { std: "docker" "inspect" "481b0ac7ff76cc441fb9aded889bf585b5623072cbde61d9b578918802847413", kill_on_drop: false }`
[INFO] running `Command { std: "docker" "exec" "-e" "SOURCE_DIR=/opt/rustwide/workdir" "-e" "CARGO_HOME=/opt/rustwide/cargo-home" "-e" "RUSTUP_HOME=/opt/rustwide/rustup-home" "-e" "CARGO_TARGET_DIR=/opt/rustwide/target" "-e" "CARGO_INCREMENTAL=0" "-e" "RUST_BACKTRACE=full" "-e" "RUSTFLAGS=--cap-lints=warn" "-e" "RUSTDOCFLAGS=--cap-lints=warn" "-w" "/opt/rustwide/workdir" "--user" "0:0" "481b0ac7ff76cc441fb9aded889bf585b5623072cbde61d9b578918802847413" "/opt/rustwide/cargo-home/bin/cargo" "+1.99.0-beta.1" "test" "--frozen" "--release", kill_on_drop: false }`
[INFO] [stderr] warning: unused imports: `is_palindrome`, `most_common_char`, and `reverse_string`
[INFO] [stderr]  --> src/test.rs:1:13
[INFO] [stderr]   |
[INFO] [stderr] 1 | use crate::{is_palindrome, reverse_string, most_common_char};
[INFO] [stderr]   |             ^^^^^^^^^^^^^  ^^^^^^^^^^^^^^  ^^^^^^^^^^^^^^^^
[INFO] [stderr]   |
[INFO] [stderr] help: if this is a test module, consider adding a `#[cfg(test)]` to the containing module
[INFO] [stderr]  --> src/lib.rs:3:1
[INFO] [stderr]   |
[INFO] [stderr] 3 | mod test;
[INFO] [stderr]   | ^^^^^^^^^
[INFO] [stderr]   = note: `#[warn(unused_imports)]` (part of `#[warn(unused)]`) on by default
[INFO] [stderr] 
[INFO] [stderr] warning: function `main` is never used
[INFO] [stderr]  --> src/lib2.rs:6:4
[INFO] [stderr]   |
[INFO] [stderr] 6 | fn main(){
[INFO] [stderr]   |    ^^^^
[INFO] [stderr]   |
[INFO] [stderr]   = note: `#[warn(dead_code)]` (part of `#[warn(unused)]`) on by default
[INFO] [stderr] 
[INFO] [stderr] warning: `supplement_p2_6` (lib) generated 2 warnings (run `cargo fix --lib -p supplement_p2_6` to apply 1 suggestion)
[INFO] [stderr] warning: `supplement_p2_6` (lib test) generated 1 warning (1 duplicate)
[INFO] [stderr]     Finished `release` profile [optimized] target(s) in 0.01s
[INFO] [stderr]      Running unittests src/lib.rs (/opt/rustwide/target/release/deps/supplement_p2_6-a2720a60099e7ce6)
[INFO] [stdout] 
[INFO] [stdout] running 3 tests
[INFO] [stdout] test test::should_test_if_string_is_a_palindrome ... ok
[INFO] [stdout] test test::should_test_most_used_character ... FAILED
[INFO] [stdout] test test::should_test_reversing_a_string ... ok
[INFO] [stdout] 
[INFO] [stdout] failures:
[INFO] [stdout] 
[INFO] [stdout] ---- test::should_test_most_used_character stdout ----
[INFO] [stdout] 
[INFO] [stdout] thread 'test::should_test_most_used_character' (147) panicked at src/test.rs:23:5:
[INFO] [stdout] assertion `left == right` failed
[INFO] [stdout]   left: [('a', 1), ('c', 1), ('b', 1)]
[INFO] [stdout]  right: [('a', 1), ('b', 1), ('c', 1)]
[INFO] [stdout] stack backtrace:
[INFO] [stdout]    0:     0x6174bd2fed51 - <<std[104cf6e2632825ea]::sys::backtrace::BacktraceLock>::print::DisplayBacktrace as core[7c831bd917ebf35f]::fmt::Display>::fmt
[INFO] [stdout]    1:     0x6174bd31313a - core[7c831bd917ebf35f]::fmt::write
[INFO] [stdout]    2:     0x6174bd3031ec - <alloc[2fdc3f7464fcf288]::vec::Vec<u8> as core[7c831bd917ebf35f]::io::write::Write>::write_fmt
[INFO] [stdout]    3:     0x6174bd2db336 - std[104cf6e2632825ea]::panicking::default_hook::{closure#0}
[INFO] [stdout]    4:     0x6174bd2f7469 - std[104cf6e2632825ea]::panicking::default_hook
[INFO] [stdout]    5:     0x6174bd293920 - test[73009c9f9aebf890]::test_main_inner::<test[73009c9f9aebf890]::test_main_static::{closure#0}>::{closure#0}
[INFO] [stdout]    6:     0x6174bd2f7622 - std[104cf6e2632825ea]::panicking::panic_with_hook
[INFO] [stdout]    7:     0x6174bd2db3e2 - std[104cf6e2632825ea]::panicking::panic_handler::{closure#0}
[INFO] [stdout]    8:     0x6174bd2d3d89 - std[104cf6e2632825ea]::sys::backtrace::__rust_end_short_backtrace::<std[104cf6e2632825ea]::panicking::panic_handler::{closure#0}, !>
[INFO] [stdout]    9:     0x6174bd2dbfdd - __rustc[b0d56fa5b193ad05]::rust_begin_unwind
[INFO] [stdout]   10:     0x6174bd31386c - core[7c831bd917ebf35f]::panicking::panic_fmt
[INFO] [stdout]   11:     0x6174bd313783 - core[7c831bd917ebf35f]::panicking::assert_failed_inner
[INFO] [stdout]   12:     0x6174bd285677 - core[7c831bd917ebf35f]::panicking::assert_failed::<alloc[2fdc3f7464fcf288]::vec::Vec<(char, usize)>, alloc[2fdc3f7464fcf288]::vec::Vec<(char, usize)>>
[INFO] [stdout]   13:     0x6174bd28699f - <supplement_p2_6[a3d3ed1198498747]::test::should_test_most_used_character::{closure#0} as core[7c831bd917ebf35f]::ops::function::FnOnce<()>>::call_once
[INFO] [stdout]   14:     0x6174bd286c0b - test[73009c9f9aebf890]::__rust_begin_short_backtrace::<core[7c831bd917ebf35f]::result::Result<(), alloc[2fdc3f7464fcf288]::string::String>, fn() -> core[7c831bd917ebf35f]::result::Result<(), alloc[2fdc3f7464fcf288]::string::String>>
[INFO] [stdout]   15:     0x6174bd294275 - test[73009c9f9aebf890]::run_test::{closure#0}
[INFO] [stdout]   16:     0x6174bd28d634 - std[104cf6e2632825ea]::sys::backtrace::__rust_begin_short_backtrace::<test[73009c9f9aebf890]::run_test::{closure#1}, ()>
[INFO] [stdout]   17:     0x6174bd2973d2 - <std[104cf6e2632825ea]::thread::lifecycle::spawn_unchecked<test[73009c9f9aebf890]::run_test::{closure#1}, ()>::{closure#1} as core[7c831bd917ebf35f]::ops::function::FnOnce<()>>::call_once::{shim:vtable#0}
[INFO] [stdout]   18:     0x6174bd2fe629 - <std[104cf6e2632825ea]::sys::thread::unix::Thread>::new::thread_start
[INFO] [stdout]   19:     0x74792565f07a - <unknown>
[INFO] [stdout]   20:     0x7479256f2534 - clone
[INFO] [stdout]   21:                0x0 - <unknown>
[INFO] [stdout] 
[INFO] [stdout] 
[INFO] [stdout] failures:
[INFO] [stdout]     test::should_test_most_used_character
[INFO] [stdout] 
[INFO] [stdout] test result: FAILED. 2 passed; 1 failed; 0 ignored; 0 measured; 0 filtered out; finished in 0.00s
[INFO] [stdout] 
[INFO] [stderr] error: test failed, to rerun pass `--lib`
[INFO] running `Command { std: "docker" "inspect" "481b0ac7ff76cc441fb9aded889bf585b5623072cbde61d9b578918802847413", kill_on_drop: false }`
[INFO] running `Command { std: "docker" "rm" "-f" "481b0ac7ff76cc441fb9aded889bf585b5623072cbde61d9b578918802847413", kill_on_drop: false }`
[INFO] [stdout] 481b0ac7ff76cc441fb9aded889bf585b5623072cbde61d9b578918802847413
