[INFO] cloning repository https://github.com/sinofseven/oidc-jwks-converter
[INFO] running `Command { std: "git" "-c" "credential.helper=" "-c" "credential.helper=/workspace/cargo-home/bin/git-credential-null" "clone" "--bare" "https://github.com/sinofseven/oidc-jwks-converter" "/workspace/cache/git-repos/https%3A%2F%2Fgithub.com%2Fsinofseven%2Foidc-jwks-converter", kill_on_drop: false }`
[INFO] [stderr] Cloning into bare repository '/workspace/cache/git-repos/https%3A%2F%2Fgithub.com%2Fsinofseven%2Foidc-jwks-converter'...
[INFO] running `Command { std: "git" "rev-parse" "HEAD", kill_on_drop: false }`
[INFO] [stdout] 682ff425d86878f1395b01257808ded21cd78140
[INFO] testing sinofseven/oidc-jwks-converter against 1.99.0-beta.1+cargoflags=--release for beta-release-1.99-2
[INFO] running `Command { std: "git" "clone" "/workspace/cache/git-repos/https%3A%2F%2Fgithub.com%2Fsinofseven%2Foidc-jwks-converter" "/workspace/builds/worker-2-tc2/source", kill_on_drop: false }`
[INFO] [stderr] Cloning into '/workspace/builds/worker-2-tc2/source'...
[INFO] [stderr] done.
[INFO] started tweaking git repo https://github.com/sinofseven/oidc-jwks-converter
[INFO] finished tweaking git repo https://github.com/sinofseven/oidc-jwks-converter
[INFO] tweaked toml for git repo https://github.com/sinofseven/oidc-jwks-converter written to /workspace/builds/worker-2-tc2/source/Cargo.toml
[INFO] validating manifest of git repo https://github.com/sinofseven/oidc-jwks-converter on toolchain 1.99.0-beta.1
[INFO] running `Command { std: CARGO_HOME="/workspace/cargo-home" RUSTUP_HOME="/workspace/rustup-home" "/workspace/cargo-home/bin/cargo" "+1.99.0-beta.1" "metadata" "--manifest-path" "Cargo.toml" "--no-deps", kill_on_drop: false }`
[INFO] crate git repo https://github.com/sinofseven/oidc-jwks-converter already has a lockfile, it will not be regenerated
[INFO] running `Command { std: CARGO_HOME="/workspace/cargo-home" RUSTUP_HOME="/workspace/rustup-home" "/workspace/cargo-home/bin/cargo" "+1.99.0-beta.1" "fetch" "--manifest-path" "Cargo.toml", kill_on_drop: false }`
[INFO] running `Command { std: "docker" "create" "-v" "/var/lib/crater-agent-workspace/builds/worker-2-tc2/source:/opt/rustwide/workdir:ro,Z" "-v" "/var/lib/crater-agent-workspace/builds/worker-2-tc2/target:/opt/rustwide/target:rw,Z" "-v" "/var/lib/crater-agent-workspace/cargo-home:/opt/rustwide/cargo-home:ro,Z" "-v" "/var/lib/crater-agent-workspace/rustup-home:/opt/rustwide/rustup-home:ro,Z" "-m" "1610612736" "--network" "none" "ghcr.io/rust-lang/crates-build-env/linux@sha256:8683fc1fc2eb5c9ac98e0d076ab094b2ffac7f99da555d2b6a2e27f346de2ec7" "sleep" "infinity", kill_on_drop: false }`
[INFO] [stdout] abb4c37bd809c47f55c1e20a41b74f704f3273c53a8eee46a07fcd35adf20f89
[INFO] running `Command { std: "docker" "start" "abb4c37bd809c47f55c1e20a41b74f704f3273c53a8eee46a07fcd35adf20f89", kill_on_drop: false }`
[INFO] running `Command { std: "docker" "inspect" "abb4c37bd809c47f55c1e20a41b74f704f3273c53a8eee46a07fcd35adf20f89", kill_on_drop: false }`
[INFO] running `Command { std: "docker" "exec" "-e" "SOURCE_DIR=/opt/rustwide/workdir" "-e" "CARGO_HOME=/opt/rustwide/cargo-home" "-e" "RUSTUP_HOME=/opt/rustwide/rustup-home" "-e" "CARGO_TARGET_DIR=/opt/rustwide/target" "-w" "/opt/rustwide/workdir" "--user" "0:0" "abb4c37bd809c47f55c1e20a41b74f704f3273c53a8eee46a07fcd35adf20f89" "/opt/rustwide/cargo-home/bin/cargo" "+1.99.0-beta.1" "metadata" "--no-deps" "--format-version=1", kill_on_drop: false }`
[INFO] running `Command { std: "docker" "inspect" "abb4c37bd809c47f55c1e20a41b74f704f3273c53a8eee46a07fcd35adf20f89", kill_on_drop: false }`
[INFO] running `Command { std: "docker" "exec" "-e" "SOURCE_DIR=/opt/rustwide/workdir" "-e" "CARGO_HOME=/opt/rustwide/cargo-home" "-e" "RUSTUP_HOME=/opt/rustwide/rustup-home" "-e" "CARGO_TARGET_DIR=/opt/rustwide/target" "-e" "CARGO_INCREMENTAL=0" "-e" "RUST_BACKTRACE=full" "-e" "RUSTFLAGS=--cap-lints=warn" "-e" "RUSTDOCFLAGS=--cap-lints=warn" "-w" "/opt/rustwide/workdir" "--user" "0:0" "abb4c37bd809c47f55c1e20a41b74f704f3273c53a8eee46a07fcd35adf20f89" "/opt/rustwide/cargo-home/bin/cargo" "+1.99.0-beta.1" "build" "--frozen" "--message-format=json" "--release", kill_on_drop: false }`
[INFO] [stderr]    Compiling syn v2.0.117
[INFO] [stderr]    Compiling subtle v2.6.1
[INFO] [stderr]    Compiling generic-array v0.14.9
[INFO] [stderr]    Compiling const-oid v0.9.6
[INFO] [stderr]    Compiling jobserver v0.1.34
[INFO] [stderr]    Compiling pem-rfc7468 v0.7.0
[INFO] [stderr]    Compiling aws-lc-rs v1.17.0
[INFO] [stderr]    Compiling libm v0.2.16
[INFO] [stderr]    Compiling slab v0.4.12
[INFO] [stderr]    Compiling num-traits v0.2.19
[INFO] [stderr]    Compiling rustls v0.23.40
[INFO] [stderr]    Compiling ppv-lite86 v0.2.21
[INFO] [stderr]    Compiling tracing-core v0.1.36
[INFO] [stderr]    Compiling spin v0.9.8
[INFO] [stderr]    Compiling num-bigint-dig v0.8.6
[INFO] [stderr]    Compiling rustls-native-certs v0.8.3
[INFO] [stderr]    Compiling lazy_static v1.5.0
[INFO] [stderr]    Compiling bitflags v2.11.1
[INFO] [stderr]    Compiling log v0.4.29
[INFO] [stderr]    Compiling der v0.7.10
[INFO] [stderr]    Compiling ff v0.13.1
[INFO] [stderr]    Compiling memchr v2.8.0
[INFO] [stderr]    Compiling clap_builder v4.6.0
[INFO] [stderr]    Compiling cc v1.2.62
[INFO] [stderr]    Compiling futures-util v0.3.32
[INFO] [stderr]    Compiling group v0.13.0
[INFO] [stderr]    Compiling tracing v0.1.44
[INFO] [stderr]    Compiling rand_chacha v0.3.1
[INFO] [stderr]    Compiling block-buffer v0.10.4
[INFO] [stderr]    Compiling crypto-common v0.1.6
[INFO] [stderr]    Compiling crypto-bigint v0.5.5
[INFO] [stderr]    Compiling serde_json v1.0.149
[INFO] [stderr]    Compiling digest v0.10.7
[INFO] [stderr]    Compiling rand v0.8.6
[INFO] [stderr]    Compiling hmac v0.12.1
[INFO] [stderr]    Compiling signature v2.2.0
[INFO] [stderr]    Compiling sha2 v0.10.9
[INFO] [stderr]    Compiling rfc6979 v0.4.0
[INFO] [stderr]    Compiling cmake v0.1.58
[INFO] [stderr]    Compiling spki v0.7.3
[INFO] [stderr]    Compiling aws-lc-sys v0.41.0
[INFO] [stderr]    Compiling pkcs8 v0.10.2
[INFO] [stderr]    Compiling num-integer v0.1.46
[INFO] [stderr]    Compiling sec1 v0.7.3
[INFO] [stderr]    Compiling pkcs1 v0.7.5
[INFO] [stderr]    Compiling num-iter v0.1.45
[INFO] [stderr]    Compiling elliptic-curve v0.13.8
[INFO] [stderr]    Compiling ecdsa v0.16.9
[INFO] [stderr]    Compiling primeorder v0.13.6
[INFO] [stderr]    Compiling p256 v0.13.2
[INFO] [stderr]    Compiling rsa v0.9.10
[INFO] [stderr]    Compiling synstructure v0.13.2
[INFO] [stderr]    Compiling zerofrom-derive v0.1.7
[INFO] [stderr]    Compiling yoke-derive v0.8.2
[INFO] [stderr]    Compiling zerovec-derive v0.11.3
[INFO] [stderr]    Compiling displaydoc v0.2.5
[INFO] [stderr]    Compiling tokio-macros v2.7.0
[INFO] [stderr]    Compiling serde_derive v1.0.228
[INFO] [stderr]    Compiling clap_derive v4.6.1
[INFO] [stderr]    Compiling thiserror-impl v2.0.18
[INFO] [stderr]    Compiling tokio v1.52.3
[INFO] [stderr]    Compiling zerofrom v0.1.8
[INFO] [stderr]    Compiling yoke v0.8.2
[INFO] [stderr]    Compiling zerotrie v0.2.4
[INFO] [stderr]    Compiling zerovec v0.11.6
[INFO] [stderr]    Compiling thiserror v2.0.18
[INFO] [stderr]    Compiling tinystr v0.8.3
[INFO] [stderr]    Compiling potential_utf v0.1.5
[INFO] [stderr]    Compiling icu_collections v2.2.0
[INFO] [stderr]    Compiling icu_locale_core v2.2.0
[INFO] [stderr]    Compiling clap v4.6.1
[INFO] [stderr]    Compiling serde v1.0.228
[INFO] [stderr]    Compiling icu_provider v2.2.0
[INFO] [stderr]    Compiling icu_normalizer v2.2.0
[INFO] [stderr]    Compiling icu_properties v2.2.0
[INFO] [stderr]    Compiling idna_adapter v1.2.2
[INFO] [stderr]    Compiling idna v1.1.0
[INFO] [stderr]    Compiling url v2.5.8
[INFO] [stderr]    Compiling hyper v1.9.0
[INFO] [stderr]    Compiling tower v0.5.3
[INFO] [stderr]    Compiling tower-http v0.6.10
[INFO] [stderr]    Compiling hyper-util v0.1.20
[INFO] [stderr]    Compiling rustls-webpki v0.103.13
[INFO] [stderr]    Compiling tokio-rustls v0.26.4
[INFO] [stderr]    Compiling rustls-platform-verifier v0.7.0
[INFO] [stderr]    Compiling hyper-rustls v0.27.9
[INFO] [stderr]    Compiling reqwest v0.13.3
[INFO] [stderr]    Compiling oidc-jwks-converter v0.2.0 (/opt/rustwide/workdir)
[INFO] [stderr]     Finished `release` profile [optimized] target(s) in 2m 21s
[INFO] running `Command { std: "docker" "inspect" "abb4c37bd809c47f55c1e20a41b74f704f3273c53a8eee46a07fcd35adf20f89", kill_on_drop: false }`
[INFO] running `Command { std: "docker" "exec" "-e" "SOURCE_DIR=/opt/rustwide/workdir" "-e" "CARGO_HOME=/opt/rustwide/cargo-home" "-e" "RUSTUP_HOME=/opt/rustwide/rustup-home" "-e" "CARGO_TARGET_DIR=/opt/rustwide/target" "-e" "CARGO_INCREMENTAL=0" "-e" "RUST_BACKTRACE=full" "-e" "RUSTFLAGS=--cap-lints=warn" "-e" "RUSTDOCFLAGS=--cap-lints=warn" "-w" "/opt/rustwide/workdir" "--user" "0:0" "abb4c37bd809c47f55c1e20a41b74f704f3273c53a8eee46a07fcd35adf20f89" "/opt/rustwide/cargo-home/bin/cargo" "+1.99.0-beta.1" "test" "--frozen" "--no-run" "--message-format=json" "--release", kill_on_drop: false }`
[INFO] [stderr]    Compiling oidc-jwks-converter v0.2.0 (/opt/rustwide/workdir)
[INFO] [stderr]     Finished `release` profile [optimized] target(s) in 2.22s
[INFO] running `Command { std: "docker" "inspect" "abb4c37bd809c47f55c1e20a41b74f704f3273c53a8eee46a07fcd35adf20f89", kill_on_drop: false }`
[INFO] running `Command { std: "docker" "exec" "-e" "SOURCE_DIR=/opt/rustwide/workdir" "-e" "CARGO_HOME=/opt/rustwide/cargo-home" "-e" "RUSTUP_HOME=/opt/rustwide/rustup-home" "-e" "CARGO_TARGET_DIR=/opt/rustwide/target" "-e" "CARGO_INCREMENTAL=0" "-e" "RUST_BACKTRACE=full" "-e" "RUSTFLAGS=--cap-lints=warn" "-e" "RUSTDOCFLAGS=--cap-lints=warn" "-w" "/opt/rustwide/workdir" "--user" "0:0" "abb4c37bd809c47f55c1e20a41b74f704f3273c53a8eee46a07fcd35adf20f89" "/opt/rustwide/cargo-home/bin/cargo" "+1.99.0-beta.1" "test" "--frozen" "--release", kill_on_drop: false }`
[INFO] [stderr]     Finished `release` profile [optimized] target(s) in 0.24s
[INFO] [stderr]      Running unittests src/main.rs (/opt/rustwide/target/release/deps/oidc_jwks_converter-99e8c15b42070ab5)
[INFO] [stdout] 
[INFO] [stdout] running 14 tests
[INFO] [stdout] test converter::tests::test_convert_ec_missing_x ... ok
[INFO] [stdout] test converter::tests::test_convert_ec_missing_y ... ok
[INFO] [stdout] test converter::tests::test_convert_ec_valid ... ok
[INFO] [stdout] test converter::tests::test_convert_jwk_to_pem_ec ... ok
[INFO] [stdout] test converter::tests::test_convert_jwk_to_pem_rsa ... ok
[INFO] [stdout] test converter::tests::test_convert_rsa_invalid_base64 ... ok
[INFO] [stdout] test converter::tests::test_convert_rsa_missing_e ... ok
[INFO] [stdout] test converter::tests::test_convert_rsa_missing_n ... ok
[INFO] [stdout] test converter::tests::test_convert_rsa_valid ... ok
[INFO] [stdout] test jwks::tests::test_jwk_use_field_rename ... ok
[INFO] [stdout] test jwks::tests::test_jwk_optional_fields ... ok
[INFO] [stdout] test converter::tests::test_convert_jwk_to_pem_unsupported_type ... ok
[INFO] [stdout] test jwks::tests::test_jwks_response_deserialize ... ok
[INFO] [stdout] test jwks::tests::test_jwks_response_multiple_keys ... ok
[INFO] [stdout] 
[INFO] [stdout] test result: ok. 14 passed; 0 failed; 0 ignored; 0 measured; 0 filtered out; finished in 0.00s
[INFO] [stdout] 
[INFO] [stderr]      Running tests/integration_test.rs (/opt/rustwide/target/release/deps/integration_test-2ee1ed2b1f34976d)
[INFO] [stdout] 
[INFO] [stdout] running 3 tests
[INFO] [stdout] test test_help_option has been running for over 60 seconds
[INFO] [stdout] test test_missing_url_argument has been running for over 60 seconds
[INFO] [stdout] test test_version_option has been running for over 60 seconds
[INFO] [stdout] test test_missing_url_argument ... ok
[INFO] [stdout] test test_help_option ... ok
[INFO] [stdout] test test_version_option ... FAILED
[INFO] [stdout] 
[INFO] [stdout] failures:
[INFO] [stdout] 
[INFO] [stdout] ---- test_version_option stdout ----
[INFO] [stdout] 
[INFO] [stdout] thread 'test_version_option' (2923) panicked at tests/integration_test.rs:24:5:
[INFO] [stdout] assertion failed: stdout.contains("0.1.0")
[INFO] [stdout] stack backtrace:
[INFO] [stdout]    0:     0x622bb87c9b51 - <<std[104cf6e2632825ea]::sys::backtrace::BacktraceLock>::print::DisplayBacktrace as core[7c831bd917ebf35f]::fmt::Display>::fmt
[INFO] [stdout]    1:     0x622bb87ddd2a - core[7c831bd917ebf35f]::fmt::write
[INFO] [stdout]    2:     0x622bb87cdfec - <alloc[2fdc3f7464fcf288]::vec::Vec<u8> as core[7c831bd917ebf35f]::io::write::Write>::write_fmt
[INFO] [stdout]    3:     0x622bb87a6036 - std[104cf6e2632825ea]::panicking::default_hook::{closure#0}
[INFO] [stdout]    4:     0x622bb87c2269 - std[104cf6e2632825ea]::panicking::default_hook
[INFO] [stdout]    5:     0x622bb875e620 - test[73009c9f9aebf890]::test_main_inner::<test[73009c9f9aebf890]::test_main_static::{closure#0}>::{closure#0}
[INFO] [stdout]    6:     0x622bb87c2422 - std[104cf6e2632825ea]::panicking::panic_with_hook
[INFO] [stderr] error: test failed, to rerun pass `--test integration_test`
[INFO] [stdout]    7:     0x622bb87a6114 - std[104cf6e2632825ea]::panicking::panic_handler::{closure#0}
[INFO] [stdout]    8:     0x622bb879ea89 - std[104cf6e2632825ea]::sys::backtrace::__rust_end_short_backtrace::<std[104cf6e2632825ea]::panicking::panic_handler::{closure#0}, !>
[INFO] [stdout]    9:     0x622bb87a6cdd - __rustc[b0d56fa5b193ad05]::rust_begin_unwind
[INFO] [stdout]   10:     0x622bb87de45c - core[7c831bd917ebf35f]::panicking::panic_fmt
[INFO] [stdout]   11:     0x622bb87de422 - core[7c831bd917ebf35f]::panicking::panic
[INFO] [stdout]   12:     0x622bb875160e - <integration_test[59f935ceff7bf6e0]::test_version_option::{closure#0} as core[7c831bd917ebf35f]::ops::function::FnOnce<()>>::call_once
[INFO] [stdout]   13:     0x622bb875190b - test[73009c9f9aebf890]::__rust_begin_short_backtrace::<core[7c831bd917ebf35f]::result::Result<(), alloc[2fdc3f7464fcf288]::string::String>, fn() -> core[7c831bd917ebf35f]::result::Result<(), alloc[2fdc3f7464fcf288]::string::String>>
[INFO] [stdout]   14:     0x622bb875ef75 - test[73009c9f9aebf890]::run_test::{closure#0}
[INFO] [stdout]   15:     0x622bb8758334 - std[104cf6e2632825ea]::sys::backtrace::__rust_begin_short_backtrace::<test[73009c9f9aebf890]::run_test::{closure#1}, ()>
[INFO] [stdout]   16:     0x622bb87620d2 - <std[104cf6e2632825ea]::thread::lifecycle::spawn_unchecked<test[73009c9f9aebf890]::run_test::{closure#1}, ()>::{closure#1} as core[7c831bd917ebf35f]::ops::function::FnOnce<()>>::call_once::{shim:vtable#0}
[INFO] [stdout]   17:     0x622bb87c9429 - <std[104cf6e2632825ea]::sys::thread::unix::Thread>::new::thread_start
[INFO] [stdout]   18:     0x79e8f54d807a - <unknown>
[INFO] [stdout]   19:     0x79e8f556b534 - clone
[INFO] [stdout]   20:                0x0 - <unknown>
[INFO] [stdout] 
[INFO] [stdout] 
[INFO] [stdout] failures:
[INFO] [stdout]     test_version_option
[INFO] [stdout] 
[INFO] [stdout] test result: FAILED. 2 passed; 1 failed; 0 ignored; 0 measured; 0 filtered out; finished in 79.54s
[INFO] [stdout] 
[INFO] running `Command { std: "docker" "inspect" "abb4c37bd809c47f55c1e20a41b74f704f3273c53a8eee46a07fcd35adf20f89", kill_on_drop: false }`
[INFO] running `Command { std: "docker" "rm" "-f" "abb4c37bd809c47f55c1e20a41b74f704f3273c53a8eee46a07fcd35adf20f89", kill_on_drop: false }`
[INFO] [stdout] abb4c37bd809c47f55c1e20a41b74f704f3273c53a8eee46a07fcd35adf20f89
