[INFO] cloning repository https://github.com/r-near/zorsh-gen-rs
[INFO] running `Command { std: "git" "-c" "credential.helper=" "-c" "credential.helper=/workspace/cargo-home/bin/git-credential-null" "clone" "--bare" "https://github.com/r-near/zorsh-gen-rs" "/workspace/cache/git-repos/https%3A%2F%2Fgithub.com%2Fr-near%2Fzorsh-gen-rs", kill_on_drop: false }`
[INFO] [stderr] Cloning into bare repository '/workspace/cache/git-repos/https%3A%2F%2Fgithub.com%2Fr-near%2Fzorsh-gen-rs'...
[INFO] running `Command { std: "git" "rev-parse" "HEAD", kill_on_drop: false }`
[INFO] [stdout] fc4f914eb9214e6058b29d32ed3bfbcfb933817e
[INFO] testing r-near/zorsh-gen-rs against 1.98.0-beta.8+cargoflags=--release for beta-release-1.99-2
[INFO] running `Command { std: "git" "clone" "/workspace/cache/git-repos/https%3A%2F%2Fgithub.com%2Fr-near%2Fzorsh-gen-rs" "/workspace/builds/worker-7-tc1/source", kill_on_drop: false }`
[INFO] [stderr] Cloning into '/workspace/builds/worker-7-tc1/source'...
[INFO] [stderr] done.
[INFO] started tweaking git repo https://github.com/r-near/zorsh-gen-rs
[INFO] removed 0 missing tests
[INFO] finished tweaking git repo https://github.com/r-near/zorsh-gen-rs
[INFO] tweaked toml for git repo https://github.com/r-near/zorsh-gen-rs written to /workspace/builds/worker-7-tc1/source/Cargo.toml
[INFO] validating manifest of git repo https://github.com/r-near/zorsh-gen-rs on toolchain 1.98.0-beta.8
[INFO] running `Command { std: CARGO_HOME="/workspace/cargo-home" RUSTUP_HOME="/workspace/rustup-home" "/workspace/cargo-home/bin/cargo" "+1.98.0-beta.8" "metadata" "--manifest-path" "Cargo.toml" "--no-deps", kill_on_drop: false }`
[INFO] crate git repo https://github.com/r-near/zorsh-gen-rs already has a lockfile, it will not be regenerated
[INFO] running `Command { std: CARGO_HOME="/workspace/cargo-home" RUSTUP_HOME="/workspace/rustup-home" "/workspace/cargo-home/bin/cargo" "+1.98.0-beta.8" "fetch" "--manifest-path" "Cargo.toml", kill_on_drop: false }`
[INFO] [stderr]     Updating crates.io index
[INFO] [stderr]  Downloading crates ...
[INFO] [stderr]   Downloaded once_cell v1.20.3
[INFO] [stderr]   Downloaded bitflags v2.8.0
[INFO] [stderr]   Downloaded clap_lex v0.7.4
[INFO] [stderr]   Downloaded tempfile v3.17.1
[INFO] [stderr]   Downloaded errno v0.3.10
[INFO] [stderr]   Downloaded is_terminal_polyfill v1.70.1
[INFO] [stderr]   Downloaded colorchoice v1.0.3
[INFO] [stderr]   Downloaded anstyle v1.0.10
[INFO] [stderr]   Downloaded env_filter v0.1.3
[INFO] [stderr]   Downloaded wit-bindgen-rt v0.33.0
[INFO] [stderr]   Downloaded anstyle-wincon v3.0.7
[INFO] [stderr]   Downloaded anstyle-query v1.1.2
[INFO] [stderr]   Downloaded serde_derive v1.0.218
[INFO] [stderr]   Downloaded anstream v0.6.18
[INFO] [stderr]   Downloaded pin-project-internal v1.1.9
[INFO] [stderr]   Downloaded env_logger v0.11.6
[INFO] [stderr]   Downloaded anstyle-parse v0.2.6
[INFO] [stderr]   Downloaded console v0.15.10
[INFO] [stderr]   Downloaded fixedbitset v0.5.7
[INFO] [stderr]   Downloaded unicode-ident v1.0.17
[INFO] [stderr]   Downloaded clap_derive v4.5.28
[INFO] [stderr]   Downloaded pin-project v1.1.9
[INFO] [stderr]   Downloaded anyhow v1.0.96
[INFO] [stderr]   Downloaded getrandom v0.3.1
[INFO] [stderr]   Downloaded pretty_assertions v1.4.1
[INFO] [stderr]   Downloaded clap v4.5.30
[INFO] [stderr]   Downloaded serde v1.0.218
[INFO] [stderr]   Downloaded indexmap v2.7.1
[INFO] [stderr]   Downloaded insta v1.42.1
[INFO] [stderr]   Downloaded hashbrown v0.15.2
[INFO] [stderr]   Downloaded wasi v0.13.3+wasi-0.2.2
[INFO] [stderr]   Downloaded serde_json v1.0.139
[INFO] [stderr]   Downloaded clap_builder v4.5.30
[INFO] [stderr]   Downloaded regex v1.11.1
[INFO] [stderr]   Downloaded regex-syntax v0.8.5
[INFO] [stderr]   Downloaded regex-automata v0.4.9
[INFO] [stderr]   Downloaded libc v0.2.169
[INFO] [stderr]   Downloaded petgraph v0.7.1
[INFO] running `Command { std: "docker" "create" "-v" "/var/lib/crater-agent-workspace/builds/worker-7-tc1/source:/opt/rustwide/workdir:ro,Z" "-v" "/var/lib/crater-agent-workspace/builds/worker-7-tc1/target:/opt/rustwide/target:rw,Z" "-v" "/var/lib/crater-agent-workspace/cargo-home:/opt/rustwide/cargo-home:ro,Z" "-v" "/var/lib/crater-agent-workspace/rustup-home:/opt/rustwide/rustup-home:ro,Z" "-m" "1610612736" "--network" "none" "ghcr.io/rust-lang/crates-build-env/linux@sha256:8683fc1fc2eb5c9ac98e0d076ab094b2ffac7f99da555d2b6a2e27f346de2ec7" "sleep" "infinity", kill_on_drop: false }`
[INFO] [stdout] 68a687bcfc3655df49990b813843047302ce312299913ffaf1d567be75ecc472
[INFO] running `Command { std: "docker" "start" "68a687bcfc3655df49990b813843047302ce312299913ffaf1d567be75ecc472", kill_on_drop: false }`
[INFO] running `Command { std: "docker" "inspect" "68a687bcfc3655df49990b813843047302ce312299913ffaf1d567be75ecc472", kill_on_drop: false }`
[INFO] running `Command { std: "docker" "exec" "-e" "SOURCE_DIR=/opt/rustwide/workdir" "-e" "CARGO_HOME=/opt/rustwide/cargo-home" "-e" "RUSTUP_HOME=/opt/rustwide/rustup-home" "-e" "CARGO_TARGET_DIR=/opt/rustwide/target" "-w" "/opt/rustwide/workdir" "--user" "0:0" "68a687bcfc3655df49990b813843047302ce312299913ffaf1d567be75ecc472" "/opt/rustwide/cargo-home/bin/cargo" "+1.98.0-beta.8" "metadata" "--no-deps" "--format-version=1", kill_on_drop: false }`
[INFO] running `Command { std: "docker" "inspect" "68a687bcfc3655df49990b813843047302ce312299913ffaf1d567be75ecc472", kill_on_drop: false }`
[INFO] running `Command { std: "docker" "exec" "-e" "SOURCE_DIR=/opt/rustwide/workdir" "-e" "CARGO_HOME=/opt/rustwide/cargo-home" "-e" "RUSTUP_HOME=/opt/rustwide/rustup-home" "-e" "CARGO_TARGET_DIR=/opt/rustwide/target" "-e" "CARGO_INCREMENTAL=0" "-e" "RUST_BACKTRACE=full" "-e" "RUSTFLAGS=--cap-lints=warn" "-e" "RUSTDOCFLAGS=--cap-lints=warn" "-w" "/opt/rustwide/workdir" "--user" "0:0" "68a687bcfc3655df49990b813843047302ce312299913ffaf1d567be75ecc472" "/opt/rustwide/cargo-home/bin/cargo" "+1.98.0-beta.8" "build" "--frozen" "--message-format=json" "--release", kill_on_drop: false }`
[INFO] [stderr]    Compiling proc-macro2 v1.0.93
[INFO] [stderr]    Compiling unicode-ident v1.0.17
[INFO] [stderr]    Compiling anstyle v1.0.10
[INFO] [stderr]    Compiling anstyle-query v1.1.2
[INFO] [stderr]    Compiling colorchoice v1.0.3
[INFO] [stderr]    Compiling regex-syntax v0.8.5
[INFO] [stderr]    Compiling serde v1.0.218
[INFO] [stderr]    Compiling hashbrown v0.15.2
[INFO] [stderr]    Compiling log v0.4.26
[INFO] [stderr]    Compiling anyhow v1.0.96
[INFO] [stderr]    Compiling clap_lex v0.7.4
[INFO] [stderr]    Compiling aho-corasick v1.1.3
[INFO] [stderr]    Compiling anstyle-parse v0.2.6
[INFO] [stderr]    Compiling serde_json v1.0.139
[INFO] [stderr]    Compiling humantime v2.1.0
[INFO] [stderr]    Compiling fixedbitset v0.5.7
[INFO] [stderr]    Compiling ryu v1.0.19
[INFO] [stderr]    Compiling itoa v1.0.14
[INFO] [stderr]    Compiling anstream v0.6.18
[INFO] [stderr]    Compiling clap_builder v4.5.30
[INFO] [stderr]    Compiling quote v1.0.38
[INFO] [stderr]    Compiling indexmap v2.7.1
[INFO] [stderr]    Compiling syn v2.0.98
[INFO] [stderr]    Compiling regex-automata v0.4.9
[INFO] [stderr]    Compiling petgraph v0.7.1
[INFO] [stderr]    Compiling serde_derive v1.0.218
[INFO] [stderr]    Compiling clap_derive v4.5.28
[INFO] [stderr]    Compiling regex v1.11.1
[INFO] [stderr]    Compiling env_filter v0.1.3
[INFO] [stderr]    Compiling clap v4.5.30
[INFO] [stderr]    Compiling env_logger v0.11.6
[INFO] [stderr]    Compiling zorsh-gen-rs v0.1.4 (/opt/rustwide/workdir)
[INFO] [stderr]     Finished `release` profile [optimized] target(s) in 53.85s
[INFO] running `Command { std: "docker" "inspect" "68a687bcfc3655df49990b813843047302ce312299913ffaf1d567be75ecc472", kill_on_drop: false }`
[INFO] running `Command { std: "docker" "exec" "-e" "SOURCE_DIR=/opt/rustwide/workdir" "-e" "CARGO_HOME=/opt/rustwide/cargo-home" "-e" "RUSTUP_HOME=/opt/rustwide/rustup-home" "-e" "CARGO_TARGET_DIR=/opt/rustwide/target" "-e" "CARGO_INCREMENTAL=0" "-e" "RUST_BACKTRACE=full" "-e" "RUSTFLAGS=--cap-lints=warn" "-e" "RUSTDOCFLAGS=--cap-lints=warn" "-w" "/opt/rustwide/workdir" "--user" "0:0" "68a687bcfc3655df49990b813843047302ce312299913ffaf1d567be75ecc472" "/opt/rustwide/cargo-home/bin/cargo" "+1.98.0-beta.8" "test" "--frozen" "--no-run" "--message-format=json" "--release", kill_on_drop: false }`
[INFO] [stderr]    Compiling libc v0.2.169
[INFO] [stderr]    Compiling getrandom v0.3.1
[INFO] [stderr]    Compiling rustix v0.38.44
[INFO] [stderr]    Compiling once_cell v1.20.3
[INFO] [stderr]    Compiling bitflags v2.8.0
[INFO] [stderr]    Compiling syn v2.0.98
[INFO] [stderr]    Compiling similar v2.7.0
[INFO] [stderr]    Compiling yansi v1.0.1
[INFO] [stderr]    Compiling diff v0.1.13
[INFO] [stderr]    Compiling pretty_assertions v1.4.1
[INFO] [stderr]    Compiling console v0.15.10
[INFO] [stderr]    Compiling tempfile v3.17.1
[INFO] [stderr]    Compiling serde_derive v1.0.218
[INFO] [stderr]    Compiling clap_derive v4.5.28
[INFO] [stderr]    Compiling pin-project-internal v1.1.9
[INFO] [stderr]    Compiling pin-project v1.1.9
[INFO] [stderr]    Compiling clap v4.5.30
[INFO] [stderr]    Compiling serde v1.0.218
[INFO] [stderr]    Compiling serde_json v1.0.139
[INFO] [stderr]    Compiling insta v1.42.1
[INFO] [stderr]    Compiling zorsh-gen-rs v0.1.4 (/opt/rustwide/workdir)
[INFO] [stderr]     Finished `release` profile [optimized] target(s) in 30.46s
[INFO] running `Command { std: "docker" "inspect" "68a687bcfc3655df49990b813843047302ce312299913ffaf1d567be75ecc472", kill_on_drop: false }`
[INFO] running `Command { std: "docker" "exec" "-e" "SOURCE_DIR=/opt/rustwide/workdir" "-e" "CARGO_HOME=/opt/rustwide/cargo-home" "-e" "RUSTUP_HOME=/opt/rustwide/rustup-home" "-e" "CARGO_TARGET_DIR=/opt/rustwide/target" "-e" "CARGO_INCREMENTAL=0" "-e" "RUST_BACKTRACE=full" "-e" "RUSTFLAGS=--cap-lints=warn" "-e" "RUSTDOCFLAGS=--cap-lints=warn" "-w" "/opt/rustwide/workdir" "--user" "0:0" "68a687bcfc3655df49990b813843047302ce312299913ffaf1d567be75ecc472" "/opt/rustwide/cargo-home/bin/cargo" "+1.98.0-beta.8" "test" "--frozen" "--release", kill_on_drop: false }`
[INFO] [stderr]     Finished `release` profile [optimized] target(s) in 0.10s
[INFO] [stderr]      Running unittests src/lib.rs (/opt/rustwide/target/release/deps/zorsh_gen_rs-8f34c5307fdefb4a)
[INFO] [stdout] 
[INFO] [stdout] running 2 tests
[INFO] [stdout] test tests::test_basic_struct ... ok
[INFO] [stdout] test tests::test_complex_types ... ok
[INFO] [stdout] 
[INFO] [stdout] test result: ok. 2 passed; 0 failed; 0 ignored; 0 measured; 0 filtered out; finished in 0.00s
[INFO] [stdout] 
[INFO] [stderr]      Running unittests src/main.rs (/opt/rustwide/target/release/deps/zorsh_gen_rs-a17c87fd16a998a3)
[INFO] [stdout] 
[INFO] [stdout] running 0 tests
[INFO] [stdout] 
[INFO] [stdout] test result: ok. 0 passed; 0 failed; 0 ignored; 0 measured; 0 filtered out; finished in 0.00s
[INFO] [stdout] 
[INFO] [stderr]      Running tests/integration_tests/mod.rs (/opt/rustwide/target/release/deps/integration-7e22c14ab480a8cc)
[INFO] [stdout] 
[INFO] [stdout] running 19 tests
[INFO] [stdout] test module_structure::test_module_imports ... ok
[INFO] [stdout] test module_structure::test_multiple_files_same_module ... ok
[INFO] [stdout] test module_structure::test_visibility_and_derives ... ok
[INFO] [stdout] test config_tests::test_ignored_patterns_config ... ok
[INFO] [stdout] test config_tests::test_only_annotated_config ... ok
[INFO] [stdout] test config_tests::test_output_structure_config ... ok
[INFO] [stdout] test complex_types::test_optional_and_nested_types ... ok
[INFO] [stdout] test basic_types::test_string_types ... ok
[INFO] [stdout] test basic_types::test_primitive_types ... ok
[INFO] [stdout] test complex_types::test_collections ... ok
[INFO] [stdout] test complex_types::test_complex_enums ... ok
[INFO] [stdout] test basic_types::test_basic_enums ... ok
[INFO] [stdout] test complex_types::test_nested_structs ... ok
[INFO] [stdout] test type_aliases::test_array_aliases ... ok
[INFO] [stdout] test type_aliases::test_enum_with_type_aliases ... ok
[INFO] [stdout] test type_aliases::test_primitive_aliases ... ok
[INFO] [stdout] test type_aliases::test_complex_nested_aliases ... ok
[INFO] [stdout] test type_aliases::test_nested_type_aliases ... ok
[INFO] [stdout] test basic_types::test_unit_structs ... FAILED
[INFO] [stdout] 
[INFO] [stdout] failures:
[INFO] [stdout] 
[INFO] [stdout] ---- basic_types::test_unit_structs stdout ----
[INFO] [stdout] ━━━━━━━━━━━━━━━━━━━━━━━━━━━━━━━ Snapshot Summary ━━━━━━━━━━━━━━━━━━━━━━━━━━━━━━━
[INFO] [stdout] Snapshot file: tests/integration_tests/snapshots/integration__basic_types__unit_structs.snap
[INFO] [stdout] Snapshot: unit_structs
[INFO] [stdout] Source: tests/integration_tests/basic_types.rs:52
[INFO] [stdout] ────────────────────────────────────────────────────────────────────────────────
[INFO] [stdout] Expression: output
[INFO] [stdout] ────────────────────────────────────────────────────────────────────────────────
[INFO] [stdout] -old snapshot
[INFO] [stdout] +new results
[INFO] [stdout] ────────────┬───────────────────────────────────────────────────────────────────
[INFO] [stdout]     0     0 │ import { b } from '@zorsh/zorsh';
[INFO] [stdout]     1     1 │ 
[INFO] [stdout]           2 │+export const EmptySchema = b.struct({
[INFO] [stdout]           3 │+
[INFO] [stdout]           4 │+});
[INFO] [stdout]           5 │+export type Empty = b.infer<typeof EmptySchema>;
[INFO] [stdout]           6 │+
[INFO] [stdout]     2     7 │ export const EmptyBracesSchema = b.struct({
[INFO] [stdout]     3     8 │ 
[INFO] [stdout]     4     9 │ });
[INFO] [stdout]     5       │-export type EmptyBraces = b.infer<typeof EmptyBracesSchema>;
[INFO] [stdout]     6       │-
[INFO] [stdout]     7       │-export const EmptySchema = b.struct({
[INFO] [stdout]     8       │-
[INFO] [stdout]     9       │-});
[INFO] [stdout]    10       │-export type Empty = b.infer<typeof EmptySchema>;
[INFO] [stdout]          10 │+export type EmptyBraces = b.infer<typeof EmptyBracesSchema>;
[INFO] [stdout] ────────────┴───────────────────────────────────────────────────────────────────
[INFO] [stdout] 
[INFO] [stdout] thread 'basic_types::test_unit_structs' (1613) panicked at tests/integration_tests/basic_types.rs:52:5:
[INFO] [stdout] called `Result::unwrap()` on an `Err` value: FileIo(Os { code: 30, kind: ReadOnlyFilesystem, message: "Read-only file system" }, "/opt/rustwide/workdir/tests/integration_tests/snapshots/integration__basic_types__unit_structs.snap.new")
[INFO] [stdout] stack backtrace:
[INFO] [stdout]    0:     0x571cff682051 - <<std[97b98282bc616a66]::sys::backtrace::BacktraceLock>::print::DisplayBacktrace as core[832e9a552fc17241]::fmt::Display>::fmt
[INFO] [stdout]    1:     0x571cff69bb2a - core[832e9a552fc17241]::fmt::write
[INFO] [stdout]    2:     0x571cff68863c - <alloc[3ecab9f82c41dc7d]::vec::Vec<u8> as std[97b98282bc616a66]::io::Write>::write_fmt
[INFO] [stdout]    3:     0x571cff65c816 - std[97b98282bc616a66]::panicking::default_hook::{closure#0}
[INFO] [stdout]    4:     0x571cff678949 - std[97b98282bc616a66]::panicking::default_hook
[INFO] [stdout]    5:     0x571cff498db0 - test[39766f3d73431624]::test_main_inner::<test[39766f3d73431624]::test_main_static::{closure#0}>::{closure#0}
[INFO] [stdout]    6:     0x571cff678c72 - std[97b98282bc616a66]::panicking::panic_with_hook
[INFO] [stdout]    7:     0x571cff65c8c2 - std[97b98282bc616a66]::panicking::panic_handler::{closure#0}
[INFO] [stdout]    8:     0x571cff653769 - std[97b98282bc616a66]::sys::backtrace::__rust_end_short_backtrace::<std[97b98282bc616a66]::panicking::panic_handler::{closure#0}, !>
[INFO] [stdout]    9:     0x571cff65d66d - __rustc[e3d8617bb01b7f69]::rust_begin_unwind
[INFO] [stdout]   10:     0x571cff69c30c - core[832e9a552fc17241]::panicking::panic_fmt
[INFO] [stdout]   11:     0x571cff69c0e2 - core[832e9a552fc17241]::result::unwrap_failed
[INFO] [stdout]   12:     0x571cff354baa - integration[24f68e755e9c0ffc]::basic_types::test_unit_structs
[INFO] [stdout]   13:     0x571cff34f50f - <integration[24f68e755e9c0ffc]::basic_types::test_unit_structs::{closure#0} as core[832e9a552fc17241]::ops::function::FnOnce<()>>::call_once
[INFO] [stdout]   14:     0x571cff48c0eb - test[39766f3d73431624]::__rust_begin_short_backtrace::<core[832e9a552fc17241]::result::Result<(), alloc[3ecab9f82c41dc7d]::string::String>, fn() -> core[832e9a552fc17241]::result::Result<(), alloc[3ecab9f82c41dc7d]::string::String>>
[INFO] [stdout]   15:     0x571cff499735 - test[39766f3d73431624]::run_test::{closure#0}
[INFO] [stdout]   16:     0x571cff4941e4 - std[97b98282bc616a66]::sys::backtrace::__rust_begin_short_backtrace::<test[39766f3d73431624]::run_test::{closure#1}, ()>
[INFO] [stdout]   17:     0x571cff49c882 - <std[97b98282bc616a66]::thread::lifecycle::spawn_unchecked<test[39766f3d73431624]::run_test::{closure#1}, ()>::{closure#1} as core[832e9a552fc17241]::ops::function::FnOnce<()>>::call_once::{shim:vtable#0}
[INFO] [stdout]   18:     0x571cff68100f - <std[97b98282bc616a66]::sys::thread::unix::Thread>::new::thread_start
[INFO] [stdout]   19:     0x78c5f6bb107a - <unknown>
[INFO] [stdout]   20:     0x78c5f6c44534 - clone
[INFO] [stdout]   21:                0x0 - <unknown>
[INFO] [stdout] 
[INFO] [stdout] 
[INFO] [stdout] failures:
[INFO] [stdout]     basic_types::test_unit_structs
[INFO] [stdout] 
[INFO] [stdout] test result: FAILED. 18 passed; 1 failed; 0 ignored; 0 measured; 0 filtered out; finished in 0.45s
[INFO] [stdout] 
[INFO] [stderr] error: test failed, to rerun pass `--test integration`
[INFO] running `Command { std: "docker" "inspect" "68a687bcfc3655df49990b813843047302ce312299913ffaf1d567be75ecc472", kill_on_drop: false }`
[INFO] running `Command { std: "docker" "rm" "-f" "68a687bcfc3655df49990b813843047302ce312299913ffaf1d567be75ecc472", kill_on_drop: false }`
[INFO] [stdout] 68a687bcfc3655df49990b813843047302ce312299913ffaf1d567be75ecc472
