[INFO] cloning repository https://github.com/mihneabranzeu/Football-Court-Renting-Smart-Contract
[INFO] running `Command { std: "git" "-c" "credential.helper=" "-c" "credential.helper=/workspace/cargo-home/bin/git-credential-null" "clone" "--bare" "https://github.com/mihneabranzeu/Football-Court-Renting-Smart-Contract" "/workspace/cache/git-repos/https%3A%2F%2Fgithub.com%2Fmihneabranzeu%2FFootball-Court-Renting-Smart-Contract", kill_on_drop: false }`
[INFO] [stderr] Cloning into bare repository '/workspace/cache/git-repos/https%3A%2F%2Fgithub.com%2Fmihneabranzeu%2FFootball-Court-Renting-Smart-Contract'...
[INFO] running `Command { std: "git" "rev-parse" "HEAD", kill_on_drop: false }`
[INFO] [stdout] 63771cdb60e4ad9c2fea0b0985415d6171315381
[INFO] testing mihneabranzeu/Football-Court-Renting-Smart-Contract against 1.98.0-beta.8+cargoflags=--release for beta-release-1.99-2
[INFO] running `Command { std: "git" "clone" "/workspace/cache/git-repos/https%3A%2F%2Fgithub.com%2Fmihneabranzeu%2FFootball-Court-Renting-Smart-Contract" "/workspace/builds/worker-1-tc1/source", kill_on_drop: false }`
[INFO] [stderr] Cloning into '/workspace/builds/worker-1-tc1/source'...
[INFO] [stderr] done.
[INFO] started tweaking git repo https://github.com/mihneabranzeu/Football-Court-Renting-Smart-Contract
[INFO] finished tweaking git repo https://github.com/mihneabranzeu/Football-Court-Renting-Smart-Contract
[INFO] tweaked toml for git repo https://github.com/mihneabranzeu/Football-Court-Renting-Smart-Contract written to /workspace/builds/worker-1-tc1/source/Cargo.toml
[INFO] validating manifest of git repo https://github.com/mihneabranzeu/Football-Court-Renting-Smart-Contract on toolchain 1.98.0-beta.8
[INFO] running `Command { std: CARGO_HOME="/workspace/cargo-home" RUSTUP_HOME="/workspace/rustup-home" "/workspace/cargo-home/bin/cargo" "+1.98.0-beta.8" "metadata" "--manifest-path" "Cargo.toml" "--no-deps", kill_on_drop: false }`
[INFO] crate git repo https://github.com/mihneabranzeu/Football-Court-Renting-Smart-Contract already has a lockfile, it will not be regenerated
[INFO] running `Command { std: CARGO_HOME="/workspace/cargo-home" RUSTUP_HOME="/workspace/rustup-home" "/workspace/cargo-home/bin/cargo" "+1.98.0-beta.8" "fetch" "--manifest-path" "Cargo.toml", kill_on_drop: false }`
[INFO] [stderr]     Blocking waiting for file lock on package cache
[INFO] [stderr]     Updating crates.io index
[INFO] [stderr]     Blocking waiting for file lock on package cache
[INFO] [stderr]  Downloading crates ...
[INFO] [stderr]   Downloaded toml_writer v1.0.4
[INFO] [stderr]   Downloaded serde_spanned v1.0.3
[INFO] [stderr]   Downloaded toml v0.9.8
[INFO] [stderr]   Downloaded multiversx-sc-snippets v0.62.1
[INFO] [stderr]   Downloaded multiversx-sdk-http v0.12.1
[INFO] [stderr]   Downloaded multiversx-sdk v0.12.1
[INFO] [stderr]   Downloaded multiversx-chain-core v0.19.1
[INFO] [stderr]   Downloaded multiversx-sc-codec v0.23.1
[INFO] [stderr]   Downloaded unwrap-infallible v0.1.5
[INFO] [stderr]   Downloaded multiversx-sc-codec-derive v0.23.1
[INFO] [stderr]   Downloaded wat v1.243.0
[INFO] [stderr]   Downloaded simple-error v0.3.2
[INFO] [stderr]   Downloaded multiversx-sc-scenario v0.62.1
[INFO] [stderr]   Downloaded wasm-encoder v0.243.0
[INFO] [stderr]   Downloaded wasmprinter v0.239.0
[INFO] [stderr]   Downloaded endian-type v0.2.0
[INFO] [stderr]   Downloaded convert_case v0.8.0
[INFO] [stderr]   Downloaded multiversx-sc-meta-lib v0.62.1
[INFO] [stderr]   Downloaded hex-literal v1.1.0
[INFO] [stderr]   Downloaded rand_seeder v0.3.0
[INFO] [stderr]   Downloaded wasmparser v0.243.0
[INFO] [stderr]   Downloaded multiversx-chain-scenario-format v0.23.1
[INFO] [stderr]   Downloaded multiversx-chain-vm-executor v0.5.0
[INFO] [stderr]   Downloaded generic-array v1.3.5
[INFO] [stderr]   Downloaded multiversx-sc-derive v0.62.1
[INFO] [stderr]   Downloaded wast v243.0.0
[INFO] [stderr]   Downloaded multiversx-chain-vm v0.19.1
[INFO] [stderr]   Downloaded wasmparser v0.239.0
[INFO] [stderr]   Downloaded multiversx-sc v0.62.1
[INFO] [stderr]   Downloaded radix_trie v0.3.0
[INFO] running `Command { std: "docker" "create" "-v" "/var/lib/crater-agent-workspace/builds/worker-1-tc1/source:/opt/rustwide/workdir:ro,Z" "-v" "/var/lib/crater-agent-workspace/builds/worker-1-tc1/target:/opt/rustwide/target:rw,Z" "-v" "/var/lib/crater-agent-workspace/cargo-home:/opt/rustwide/cargo-home:ro,Z" "-v" "/var/lib/crater-agent-workspace/rustup-home:/opt/rustwide/rustup-home:ro,Z" "-m" "1610612736" "--network" "none" "ghcr.io/rust-lang/crates-build-env/linux@sha256:8683fc1fc2eb5c9ac98e0d076ab094b2ffac7f99da555d2b6a2e27f346de2ec7" "sleep" "infinity", kill_on_drop: false }`
[INFO] [stdout] 3af9fe50194a2f28ceeabdb8d619911cf2f5156c09b091f2858c9d43df1a969e
[INFO] running `Command { std: "docker" "start" "3af9fe50194a2f28ceeabdb8d619911cf2f5156c09b091f2858c9d43df1a969e", kill_on_drop: false }`
[INFO] running `Command { std: "docker" "inspect" "3af9fe50194a2f28ceeabdb8d619911cf2f5156c09b091f2858c9d43df1a969e", kill_on_drop: false }`
[INFO] running `Command { std: "docker" "exec" "-e" "SOURCE_DIR=/opt/rustwide/workdir" "-e" "CARGO_HOME=/opt/rustwide/cargo-home" "-e" "RUSTUP_HOME=/opt/rustwide/rustup-home" "-e" "CARGO_TARGET_DIR=/opt/rustwide/target" "-w" "/opt/rustwide/workdir" "--user" "0:0" "3af9fe50194a2f28ceeabdb8d619911cf2f5156c09b091f2858c9d43df1a969e" "/opt/rustwide/cargo-home/bin/cargo" "+1.98.0-beta.8" "metadata" "--no-deps" "--format-version=1", kill_on_drop: false }`
[INFO] running `Command { std: "docker" "inspect" "3af9fe50194a2f28ceeabdb8d619911cf2f5156c09b091f2858c9d43df1a969e", kill_on_drop: false }`
[INFO] running `Command { std: "docker" "exec" "-e" "SOURCE_DIR=/opt/rustwide/workdir" "-e" "CARGO_HOME=/opt/rustwide/cargo-home" "-e" "RUSTUP_HOME=/opt/rustwide/rustup-home" "-e" "CARGO_TARGET_DIR=/opt/rustwide/target" "-e" "CARGO_INCREMENTAL=0" "-e" "RUST_BACKTRACE=full" "-e" "RUSTFLAGS=--cap-lints=warn" "-e" "RUSTDOCFLAGS=--cap-lints=warn" "-w" "/opt/rustwide/workdir" "--user" "0:0" "3af9fe50194a2f28ceeabdb8d619911cf2f5156c09b091f2858c9d43df1a969e" "/opt/rustwide/cargo-home/bin/cargo" "+1.98.0-beta.8" "build" "--frozen" "--message-format=json" "--release", kill_on_drop: false }`
[INFO] [stderr]    Compiling proc-macro2 v1.0.103
[INFO] [stderr]    Compiling quote v1.0.42
[INFO] [stderr]    Compiling hex v0.4.3
[INFO] [stderr]    Compiling typenum v1.19.0
[INFO] [stderr]    Compiling smallvec v1.15.1
[INFO] [stderr]    Compiling arrayvec v0.7.6
[INFO] [stderr]    Compiling unwrap-infallible v0.1.5
[INFO] [stderr]    Compiling endian-type v0.2.0
[INFO] [stderr]    Compiling bitflags v2.10.0
[INFO] [stderr]    Compiling hex-literal v1.1.0
[INFO] [stderr]    Compiling num-traits v0.2.19
[INFO] [stderr]    Compiling nibble_vec v0.1.0
[INFO] [stderr]    Compiling radix_trie v0.3.0
[INFO] [stderr]    Compiling syn v2.0.111
[INFO] [stderr]    Compiling generic-array v1.3.5
[INFO] [stderr]    Compiling multiversx-sc-codec-derive v0.23.1
[INFO] [stderr]    Compiling multiversx-sc-derive v0.62.1
[INFO] [stderr]    Compiling multiversx-sc-codec v0.23.1
[INFO] [stderr]    Compiling multiversx-chain-core v0.19.1
[INFO] [stderr]    Compiling multiversx-sc v0.62.1
[INFO] [stderr]    Compiling football v0.0.0 (/opt/rustwide/workdir)
[INFO] [stderr]     Finished `release` profile [optimized] target(s) in 19.49s
[INFO] running `Command { std: "docker" "inspect" "3af9fe50194a2f28ceeabdb8d619911cf2f5156c09b091f2858c9d43df1a969e", kill_on_drop: false }`
[INFO] running `Command { std: "docker" "exec" "-e" "SOURCE_DIR=/opt/rustwide/workdir" "-e" "CARGO_HOME=/opt/rustwide/cargo-home" "-e" "RUSTUP_HOME=/opt/rustwide/rustup-home" "-e" "CARGO_TARGET_DIR=/opt/rustwide/target" "-e" "CARGO_INCREMENTAL=0" "-e" "RUST_BACKTRACE=full" "-e" "RUSTFLAGS=--cap-lints=warn" "-e" "RUSTDOCFLAGS=--cap-lints=warn" "-w" "/opt/rustwide/workdir" "--user" "0:0" "3af9fe50194a2f28ceeabdb8d619911cf2f5156c09b091f2858c9d43df1a969e" "/opt/rustwide/cargo-home/bin/cargo" "+1.98.0-beta.8" "test" "--frozen" "--no-run" "--message-format=json" "--release", kill_on_drop: false }`
[INFO] [stderr]    Compiling serde v1.0.228
[INFO] [stderr]    Compiling hashbrown v0.16.1
[INFO] [stderr]    Compiling libc v0.2.178
[INFO] [stderr]    Compiling bech32 v0.11.1
[INFO] [stderr]    Compiling hex v0.4.3
[INFO] [stderr]    Compiling semver v1.0.27
[INFO] [stderr]    Compiling zerocopy v0.8.31
[INFO] [stderr]    Compiling memchr v2.7.6
[INFO] [stderr]    Compiling anyhow v1.0.100
[INFO] [stderr]    Compiling generic-array v0.14.7
[INFO] [stderr]    Compiling wasm-encoder v0.243.0
[INFO] [stderr]    Compiling serde_derive v1.0.228
[INFO] [stderr]    Compiling anstyle-parse v0.2.7
[INFO] [stderr]    Compiling num-bigint v0.4.6
[INFO] [stderr]    Compiling leb128fmt v0.1.0
[INFO] [stderr]    Compiling serde_json v1.0.145
[INFO] [stderr]    Compiling colorchoice v1.0.4
[INFO] [stderr]    Compiling wasmparser v0.239.0
[INFO] [stderr]    Compiling winnow v0.5.40
[INFO] [stderr]    Compiling winnow v0.7.14
[INFO] [stderr]    Compiling rustc_version v0.4.1
[INFO] [stderr]    Compiling anstream v0.6.21
[INFO] [stderr]    Compiling curve25519-dalek-derive v0.1.1
[INFO] [stderr]    Compiling curve25519-dalek v4.1.3
[INFO] [stderr]    Compiling serde_spanned v1.0.3
[INFO] [stderr]    Compiling toml_datetime v0.7.3
[INFO] [stderr]    Compiling indexmap v2.12.1
[INFO] [stderr]    Compiling ryu v1.0.20
[INFO] [stderr]    Compiling zeroize v1.8.2
[INFO] [stderr]    Compiling bumpalo v3.19.0
[INFO] [stderr]    Compiling itoa v1.0.15
[INFO] [stderr]    Compiling clap_lex v0.7.6
[INFO] [stderr]    Compiling signature v2.2.0
[INFO] [stderr]    Compiling toml_writer v1.0.4
[INFO] [stderr]    Compiling clap_derive v4.5.49
[INFO] [stderr]    Compiling clap_builder v4.5.53
[INFO] [stderr]    Compiling ed25519 v2.2.3
[INFO] [stderr]    Compiling crypto-common v0.1.7
[INFO] [stderr]    Compiling block-buffer v0.10.4
[INFO] [stderr]    Compiling getrandom v0.2.16
[INFO] [stderr]    Compiling unicode-segmentation v1.12.0
[INFO] [stderr]    Compiling digest v0.10.7
[INFO] [stderr]    Compiling termcolor v1.4.1
[INFO] [stderr]    Compiling itertools v0.14.0
[INFO] [stderr]    Compiling rand_core v0.6.4
[INFO] [stderr]    Compiling sha3 v0.10.8
[INFO] [stderr]    Compiling sha2 v0.10.9
[INFO] [stderr]    Compiling multiversx-sc-codec v0.23.1
[INFO] [stderr]    Compiling convert_case v0.8.0
[INFO] [stderr]    Compiling rand_seeder v0.3.0
[INFO] [stderr]    Compiling wast v243.0.0
[INFO] [stderr]    Compiling pathdiff v0.2.3
[INFO] [stderr]    Compiling simple-error v0.3.2
[INFO] [stderr]    Compiling toml_parser v1.0.4
[INFO] [stderr]    Compiling ppv-lite86 v0.2.21
[INFO] [stderr]    Compiling toml v0.9.8
[INFO] [stderr]    Compiling ed25519-dalek v2.2.0
[INFO] [stderr]    Compiling rand_chacha v0.3.1
[INFO] [stderr]    Compiling rand v0.8.5
[INFO] [stderr]    Compiling multiversx-chain-core v0.19.1
[INFO] [stderr]    Compiling serde_spanned v0.6.9
[INFO] [stderr]    Compiling toml_datetime v0.6.11
[INFO] [stderr]    Compiling hashbrown v0.15.5
[INFO] [stderr]    Compiling multiversx-chain-scenario-format v0.23.1
[INFO] [stderr]    Compiling toml_edit v0.19.15
[INFO] [stderr]    Compiling clap v4.5.53
[INFO] [stderr]    Compiling multiversx-sc v0.62.1
[INFO] [stderr]    Compiling toml v0.7.8
[INFO] [stderr]    Compiling multiversx-chain-vm-executor v0.5.0
[INFO] [stderr]    Compiling wat v1.243.0
[INFO] [stderr]    Compiling multiversx-chain-vm v0.19.1
[INFO] [stderr]    Compiling football v0.0.0 (/opt/rustwide/workdir)
[INFO] [stderr]    Compiling wasmprinter v0.239.0
[INFO] [stderr]    Compiling multiversx-sc-meta-lib v0.62.1
[INFO] [stderr]    Compiling multiversx-sc-scenario v0.62.1
[INFO] [stderr]     Finished `release` profile [optimized] target(s) in 2m 40s
[INFO] running `Command { std: "docker" "inspect" "3af9fe50194a2f28ceeabdb8d619911cf2f5156c09b091f2858c9d43df1a969e", kill_on_drop: false }`
[INFO] running `Command { std: "docker" "exec" "-e" "SOURCE_DIR=/opt/rustwide/workdir" "-e" "CARGO_HOME=/opt/rustwide/cargo-home" "-e" "RUSTUP_HOME=/opt/rustwide/rustup-home" "-e" "CARGO_TARGET_DIR=/opt/rustwide/target" "-e" "CARGO_INCREMENTAL=0" "-e" "RUST_BACKTRACE=full" "-e" "RUSTFLAGS=--cap-lints=warn" "-e" "RUSTDOCFLAGS=--cap-lints=warn" "-w" "/opt/rustwide/workdir" "--user" "0:0" "3af9fe50194a2f28ceeabdb8d619911cf2f5156c09b091f2858c9d43df1a969e" "/opt/rustwide/cargo-home/bin/cargo" "+1.98.0-beta.8" "test" "--frozen" "--release", kill_on_drop: false }`
[INFO] [stderr]     Finished `release` profile [optimized] target(s) in 0.34s
[INFO] [stderr]      Running unittests src/football.rs (/opt/rustwide/target/release/deps/football-73d3506c3d60036b)
[INFO] [stderr]      Running tests/football_scenario_go_test.rs (/opt/rustwide/target/release/deps/football_scenario_go_test-e2e5fd631ea26658)
[INFO] [stdout] 
[INFO] [stdout] running 0 tests
[INFO] [stdout] 
[INFO] [stdout] test result: ok. 0 passed; 0 failed; 0 ignored; 0 measured; 0 filtered out; finished in 0.00s
[INFO] [stdout] 
[INFO] [stdout] 
[INFO] [stdout] running 1 test
[INFO] [stdout] test empty_go ... ok
[INFO] [stdout] 
[INFO] [stdout] test result: ok. 1 passed; 0 failed; 0 ignored; 0 measured; 0 filtered out; finished in 0.00s
[INFO] [stdout] 
[INFO] [stderr]      Running tests/football_scenario_rs_test.rs (/opt/rustwide/target/release/deps/football_scenario_rs_test-b01838626ce5cd33)
[INFO] [stdout] 
[INFO] [stdout] running 1 test
[INFO] [stdout] test empty_rs ... FAILED
[INFO] [stdout] 
[INFO] [stdout] failures:
[INFO] [stdout] 
[INFO] [stdout] ---- empty_rs stdout ----
[INFO] [stdout] wrong number of arguments
[INFO] [stdout] 
[INFO] [stdout] thread 'empty_rs' (2135) panicked at /opt/rustwide/cargo-home/registry/src/index.crates.io-1949cf8c6b5b557f/multiversx-sc-scenario-0.62.1/src/executor/debug/contract_debug_instance_state.rs:42:9:
[INFO] [stdout] Box<dyn Any>
[INFO] [stdout] stack backtrace:
[INFO] [stdout]    0:     0x5d1fa7e19cc1 - <<std[97b98282bc616a66]::sys::backtrace::BacktraceLock>::print::DisplayBacktrace as core[832e9a552fc17241]::fmt::Display>::fmt
[INFO] [stdout]    1:     0x5d1fa7e2e83a - core[832e9a552fc17241]::fmt::write
[INFO] [stdout]    2:     0x5d1fa7e1e17c - <alloc[3ecab9f82c41dc7d]::vec::Vec<u8> as std[97b98282bc616a66]::io::Write>::write_fmt
[INFO] [stdout]    3:     0x5d1fa7df7af6 - std[97b98282bc616a66]::panicking::default_hook::{closure#0}
[INFO] [stdout]    4:     0x5d1fa7e11839 - std[97b98282bc616a66]::panicking::default_hook
[INFO] [stdout]    5:     0x5d1fa7c9a310 - test[39766f3d73431624]::test_main_inner::<test[39766f3d73431624]::test_main_static::{closure#0}>::{closure#0}
[INFO] [stdout]    6:     0x5d1fa7e119f2 - std[97b98282bc616a66]::panicking::panic_with_hook
[INFO] [stdout]    7:     0x5d1fa7cd39a1 - std[97b98282bc616a66]::panicking::begin_panic::<multiversx_chain_vm_executor[600c03ba50b16438]::new_traits::vm_hooks_early_exit::VMHooksEarlyExit>::{closure#0}
[INFO] [stdout]    8:     0x5d1fa7cd03b6 - std[97b98282bc616a66]::sys::backtrace::__rust_end_short_backtrace::<std[97b98282bc616a66]::panicking::begin_panic<multiversx_chain_vm_executor[600c03ba50b16438]::new_traits::vm_hooks_early_exit::VMHooksEarlyExit>::{closure#0}, !>
[INFO] [stdout]    9:     0x5d1fa7d52610 - std[97b98282bc616a66]::panicking::begin_panic::<multiversx_chain_vm_executor[600c03ba50b16438]::new_traits::vm_hooks_early_exit::VMHooksEarlyExit>
[INFO] [stdout]   10:     0x5d1fa7d5a1ae - <multiversx_sc_scenario[2609e2ce4bdc5522]::executor::debug::contract_debug_instance_state::ContractDebugInstanceState>::early_exit_panic
[INFO] [stdout]   11:     0x5d1fa7c89476 - <multiversx_sc_scenario[2609e2ce4bdc5522]::api::impl_vh::debug_api::DebugApiBackend as multiversx_sc_scenario[2609e2ce4bdc5522]::api::impl_vh::vm_hooks_backend::VMHooksApiBackend>::with_vm_hooks::<(), <multiversx_sc_scenario[2609e2ce4bdc5522]::api::impl_vh::vm_hooks_api::VMHooksApi<multiversx_sc_scenario[2609e2ce4bdc5522]::api::impl_vh::debug_api::DebugApiBackend> as multiversx_sc[f6d4d5c1949d247c]::api::error_api::ErrorApiImpl>::signal_error::{closure#0}>
[INFO] [stdout]   12:     0x5d1fa7c8d12d - <multiversx_sc_scenario[2609e2ce4bdc5522]::api::impl_vh::vm_hooks_api::VMHooksApi<multiversx_sc_scenario[2609e2ce4bdc5522]::api::impl_vh::debug_api::DebugApiBackend> as multiversx_sc[f6d4d5c1949d247c]::api::error_api::ErrorApiImpl>::signal_error
[INFO] [stdout]   13:     0x5d1fa7c81b6c - multiversx_sc[f6d4d5c1949d247c]::io::arg_nested_tuple::check_num_arguments_eq::<multiversx_sc_scenario[2609e2ce4bdc5522]::api::impl_vh::vm_hooks_api::VMHooksApi<multiversx_sc_scenario[2609e2ce4bdc5522]::api::impl_vh::debug_api::DebugApiBackend>>
[INFO] [stdout]   14:     0x5d1fa7c784cc - <multiversx_sc[f6d4d5c1949d247c]::contract_base::universal_contract_obj::UniversalContractObj<multiversx_sc_scenario[2609e2ce4bdc5522]::api::impl_vh::vm_hooks_api::VMHooksApi<multiversx_sc_scenario[2609e2ce4bdc5522]::api::impl_vh::debug_api::DebugApiBackend>> as football[f3ce416e7a24a4f2]::EndpointWrappers>::call
[INFO] [stdout]   15:     0x5d1fa7c7e50b - <football[f3ce416e7a24a4f2]::ContractObj<multiversx_sc_scenario[2609e2ce4bdc5522]::api::impl_vh::vm_hooks_api::VMHooksApi<multiversx_sc_scenario[2609e2ce4bdc5522]::api::impl_vh::debug_api::DebugApiBackend>> as multiversx_sc[f6d4d5c1949d247c]::contract_base::callable_contract::CallableContract>::call
[INFO] [stdout]   16:     0x5d1fa7d3cfc2 - <multiversx_sc_scenario[2609e2ce4bdc5522]::executor::debug::contract_debug_instance::ContractDebugInstance as multiversx_chain_vm_executor[600c03ba50b16438]::new_traits::instance_new::Instance>::call
[INFO] [stdout]   17:     0x5d1fa7d9e241 - <multiversx_chain_vm[460082a99ac3a8d4]::host::runtime::runtime_instance_call_default::RuntimeInstanceCallLambdaDefault as multiversx_chain_vm[460082a99ac3a8d4]::host::runtime::runtime_instance_call::RuntimeInstanceCallLambda>::call
[INFO] [stdout]   18:     0x5d1fa7d489fd - <multiversx_chain_vm[460082a99ac3a8d4]::host::runtime::RuntimeRef>::execute::<multiversx_chain_vm[460082a99ac3a8d4]::host::runtime::runtime_instance_call_default::RuntimeInstanceCallLambdaDefault>
[INFO] [stdout]   19:     0x5d1fa7d52f9a - multiversx_chain_vm[460082a99ac3a8d4]::host::execution::exec_create::commit_deploy::<multiversx_chain_vm[460082a99ac3a8d4]::host::runtime::runtime_instance_call_default::RuntimeInstanceCallLambdaDefault>
[INFO] [stdout]   20:     0x5d1fa7d7c973 - <multiversx_sc_scenario[2609e2ce4bdc5522]::scenario::run_vm::vm_runner::ScenarioVMRunner>::perform_sc_deploy_update_results
[INFO] [stdout]   21:     0x5d1fa7d472e7 - <multiversx_sc_scenario[2609e2ce4bdc5522]::facade::debugger_backend::DebuggerBackend>::run_scenario_file
[INFO] [stdout]   22:     0x5d1fa7c7e916 - <multiversx_sc_scenario[2609e2ce4bdc5522]::facade::scenario_world::ScenarioWorld>::run::<&str>
[INFO] [stdout]   23:     0x5d1fa7c84bd3 - <football_scenario_rs_test[a24b033c7d087abc]::empty_rs::{closure#0} as core[832e9a552fc17241]::ops::function::FnOnce<()>>::call_once
[INFO] [stdout]   24:     0x5d1fa7c8d64b - test[39766f3d73431624]::__rust_begin_short_backtrace::<core[832e9a552fc17241]::result::Result<(), alloc[3ecab9f82c41dc7d]::string::String>, fn() -> core[832e9a552fc17241]::result::Result<(), alloc[3ecab9f82c41dc7d]::string::String>>
[INFO] [stdout]   25:     0x5d1fa7c9ac95 - test[39766f3d73431624]::run_test::{closure#0}
[INFO] [stdout]   26:     0x5d1fa7c95744 - std[97b98282bc616a66]::sys::backtrace::__rust_begin_short_backtrace::<test[39766f3d73431624]::run_test::{closure#1}, ()>
[INFO] [stdout]   27:     0x5d1fa7c9dde2 - <std[97b98282bc616a66]::thread::lifecycle::spawn_unchecked<test[39766f3d73431624]::run_test::{closure#1}, ()>::{closure#1} as core[832e9a552fc17241]::ops::function::FnOnce<()>>::call_once::{shim:vtable#0}
[INFO] [stdout]   28:     0x5d1fa7e18ebf - <std[97b98282bc616a66]::sys::thread::unix::Thread>::new::thread_start
[INFO] [stdout]   29:     0x7630feea807a - <unknown>
[INFO] [stdout]   30:     0x7630fef3b534 - clone
[INFO] [stdout]   31:                0x0 - <unknown>
[INFO] [stdout] 
[INFO] [stdout] thread 'empty_rs' (2135) panicked at /opt/rustwide/cargo-home/registry/src/index.crates.io-1949cf8c6b5b557f/multiversx-sc-scenario-0.62.1/src/scenario/run_vm/tx_output_check.rs:13:5:
[INFO] [stdout] 
[INFO] [stdout]     Error: result code mismatch.
[INFO] [stdout]     Tx id: 'deploy'
[INFO] [stdout]     Want: ""
[INFO] [stdout]     Have: 4
[INFO] [stdout]     Message: wrong number of arguments
[INFO] [stdout] stack backtrace:
[INFO] [stdout]    0:     0x5d1fa7e19cc1 - <<std[97b98282bc616a66]::sys::backtrace::BacktraceLock>::print::DisplayBacktrace as core[832e9a552fc17241]::fmt::Display>::fmt
[INFO] [stdout]    1:     0x5d1fa7e2e83a - core[832e9a552fc17241]::fmt::write
[INFO] [stdout]    2:     0x5d1fa7e1e17c - <alloc[3ecab9f82c41dc7d]::vec::Vec<u8> as std[97b98282bc616a66]::io::Write>::write_fmt
[INFO] [stdout]    3:     0x5d1fa7df7af6 - std[97b98282bc616a66]::panicking::default_hook::{closure#0}
[INFO] [stdout]    4:     0x5d1fa7e11839 - std[97b98282bc616a66]::panicking::default_hook
[INFO] [stdout]    5:     0x5d1fa7c9a310 - test[39766f3d73431624]::test_main_inner::<test[39766f3d73431624]::test_main_static::{closure#0}>::{closure#0}
[INFO] [stdout]    6:     0x5d1fa7e119f2 - std[97b98282bc616a66]::panicking::panic_with_hook
[INFO] [stdout]    7:     0x5d1fa7df7ba2 - std[97b98282bc616a66]::panicking::panic_handler::{closure#0}
[INFO] [stdout]    8:     0x5d1fa7def369 - std[97b98282bc616a66]::sys::backtrace::__rust_end_short_backtrace::<std[97b98282bc616a66]::panicking::panic_handler::{closure#0}, !>
[INFO] [stdout]    9:     0x5d1fa7df879d - __rustc[e3d8617bb01b7f69]::rust_begin_unwind
[INFO] [stdout]   10:     0x5d1fa7e2ef9c - core[832e9a552fc17241]::panicking::panic_fmt
[INFO] [stdout]   11:     0x5d1fa7d849d2 - multiversx_sc_scenario[2609e2ce4bdc5522]::scenario::run_vm::tx_output_check::check_tx_output
[INFO] [stdout]   12:     0x5d1fa7d7ca69 - <multiversx_sc_scenario[2609e2ce4bdc5522]::scenario::run_vm::vm_runner::ScenarioVMRunner>::perform_sc_deploy_update_results
[INFO] [stdout]   13:     0x5d1fa7d472e7 - <multiversx_sc_scenario[2609e2ce4bdc5522]::facade::debugger_backend::DebuggerBackend>::run_scenario_file
[INFO] [stdout]   14:     0x5d1fa7c7e916 - <multiversx_sc_scenario[2609e2ce4bdc5522]::facade::scenario_world::ScenarioWorld>::run::<&str>
[INFO] [stdout]   15:     0x5d1fa7c84bd3 - <football_scenario_rs_test[a24b033c7d087abc]::empty_rs::{closure#0} as core[832e9a552fc17241]::ops::function::FnOnce<()>>::call_once
[INFO] [stdout]   16:     0x5d1fa7c8d64b - test[39766f3d73431624]::__rust_begin_short_backtrace::<core[832e9a552fc17241]::result::Result<(), alloc[3ecab9f82c41dc7d]::string::String>, fn() -> core[832e9a552fc17241]::result::Result<(), alloc[3ecab9f82c41dc7d]::string::String>>
[INFO] [stdout]   17:     0x5d1fa7c9ac95 - test[39766f3d73431624]::run_test::{closure#0}
[INFO] [stdout]   18:     0x5d1fa7c95744 - std[97b98282bc616a66]::sys::backtrace::__rust_begin_short_backtrace::<test[39766f3d73431624]::run_test::{closure#1}, ()>
[INFO] [stdout]   19:     0x5d1fa7c9dde2 - <std[97b98282bc616a66]::thread::lifecycle::spawn_unchecked<test[39766f3d73431624]::run_test::{closure#1}, ()>::{closure#1} as core[832e9a552fc17241]::ops::function::FnOnce<()>>::call_once::{shim:vtable#0}
[INFO] [stdout]   20:     0x5d1fa7e18ebf - <std[97b98282bc616a66]::sys::thread::unix::Thread>::new::thread_start
[INFO] [stdout]   21:     0x7630feea807a - <unknown>
[INFO] [stdout]   22:     0x7630fef3b534 - clone
[INFO] [stdout]   23:                0x0 - <unknown>
[INFO] [stdout] 
[INFO] [stdout] 
[INFO] [stdout] failures:
[INFO] [stdout]     empty_rs
[INFO] [stdout] 
[INFO] [stdout] test result: FAILED. 0 passed; 1 failed; 0 ignored; 0 measured; 0 filtered out; finished in 0.00s
[INFO] [stdout] 
[INFO] [stderr] error: test failed, to rerun pass `--test football_scenario_rs_test`
[INFO] running `Command { std: "docker" "inspect" "3af9fe50194a2f28ceeabdb8d619911cf2f5156c09b091f2858c9d43df1a969e", kill_on_drop: false }`
[INFO] running `Command { std: "docker" "rm" "-f" "3af9fe50194a2f28ceeabdb8d619911cf2f5156c09b091f2858c9d43df1a969e", kill_on_drop: false }`
[INFO] [stdout] 3af9fe50194a2f28ceeabdb8d619911cf2f5156c09b091f2858c9d43df1a969e
