[INFO] cloning repository https://github.com/megamen32/grepmesh
[INFO] running `Command { std: "git" "-c" "credential.helper=" "-c" "credential.helper=/workspace/cargo-home/bin/git-credential-null" "clone" "--bare" "https://github.com/megamen32/grepmesh" "/workspace/cache/git-repos/https%3A%2F%2Fgithub.com%2Fmegamen32%2Fgrepmesh", kill_on_drop: false }`
[INFO] [stderr] Cloning into bare repository '/workspace/cache/git-repos/https%3A%2F%2Fgithub.com%2Fmegamen32%2Fgrepmesh'...
[INFO] running `Command { std: "git" "rev-parse" "HEAD", kill_on_drop: false }`
[INFO] [stdout] 2cdf4e86f8e33409f589462ffb9d6c532180391d
[INFO] testing megamen32/grepmesh against 1.99.0-beta.1+cargoflags=--release for beta-release-1.99-2
[INFO] running `Command { std: "git" "clone" "/workspace/cache/git-repos/https%3A%2F%2Fgithub.com%2Fmegamen32%2Fgrepmesh" "/workspace/builds/worker-1-tc2/source", kill_on_drop: false }`
[INFO] [stderr] Cloning into '/workspace/builds/worker-1-tc2/source'...
[INFO] [stderr] done.
[INFO] started tweaking git repo https://github.com/megamen32/grepmesh
[INFO] finished tweaking git repo https://github.com/megamen32/grepmesh
[INFO] tweaked toml for git repo https://github.com/megamen32/grepmesh written to /workspace/builds/worker-1-tc2/source/Cargo.toml
[INFO] validating manifest of git repo https://github.com/megamen32/grepmesh on toolchain 1.99.0-beta.1
[INFO] running `Command { std: CARGO_HOME="/workspace/cargo-home" RUSTUP_HOME="/workspace/rustup-home" "/workspace/cargo-home/bin/cargo" "+1.99.0-beta.1" "metadata" "--manifest-path" "Cargo.toml" "--no-deps", kill_on_drop: false }`
[INFO] crate git repo https://github.com/megamen32/grepmesh already has a lockfile, it will not be regenerated
[INFO] running `Command { std: CARGO_HOME="/workspace/cargo-home" RUSTUP_HOME="/workspace/rustup-home" "/workspace/cargo-home/bin/cargo" "+1.99.0-beta.1" "fetch" "--manifest-path" "Cargo.toml", kill_on_drop: false }`
[INFO] running `Command { std: "docker" "create" "-v" "/var/lib/crater-agent-workspace/builds/worker-1-tc2/source:/opt/rustwide/workdir:ro,Z" "-v" "/var/lib/crater-agent-workspace/builds/worker-1-tc2/target:/opt/rustwide/target:rw,Z" "-v" "/var/lib/crater-agent-workspace/cargo-home:/opt/rustwide/cargo-home:ro,Z" "-v" "/var/lib/crater-agent-workspace/rustup-home:/opt/rustwide/rustup-home:ro,Z" "-m" "1610612736" "--network" "none" "ghcr.io/rust-lang/crates-build-env/linux@sha256:8683fc1fc2eb5c9ac98e0d076ab094b2ffac7f99da555d2b6a2e27f346de2ec7" "sleep" "infinity", kill_on_drop: false }`
[INFO] [stdout] 8ef795cbbf2f29b6f09906b3f8a9ec103af76bd311f2575be1327135200c3149
[INFO] running `Command { std: "docker" "start" "8ef795cbbf2f29b6f09906b3f8a9ec103af76bd311f2575be1327135200c3149", kill_on_drop: false }`
[INFO] running `Command { std: "docker" "inspect" "8ef795cbbf2f29b6f09906b3f8a9ec103af76bd311f2575be1327135200c3149", kill_on_drop: false }`
[INFO] running `Command { std: "docker" "exec" "-e" "SOURCE_DIR=/opt/rustwide/workdir" "-e" "CARGO_HOME=/opt/rustwide/cargo-home" "-e" "RUSTUP_HOME=/opt/rustwide/rustup-home" "-e" "CARGO_TARGET_DIR=/opt/rustwide/target" "-w" "/opt/rustwide/workdir" "--user" "0:0" "8ef795cbbf2f29b6f09906b3f8a9ec103af76bd311f2575be1327135200c3149" "/opt/rustwide/cargo-home/bin/cargo" "+1.99.0-beta.1" "metadata" "--no-deps" "--format-version=1", kill_on_drop: false }`
[INFO] running `Command { std: "docker" "inspect" "8ef795cbbf2f29b6f09906b3f8a9ec103af76bd311f2575be1327135200c3149", kill_on_drop: false }`
[INFO] running `Command { std: "docker" "exec" "-e" "SOURCE_DIR=/opt/rustwide/workdir" "-e" "CARGO_HOME=/opt/rustwide/cargo-home" "-e" "RUSTUP_HOME=/opt/rustwide/rustup-home" "-e" "CARGO_TARGET_DIR=/opt/rustwide/target" "-e" "CARGO_INCREMENTAL=0" "-e" "RUST_BACKTRACE=full" "-e" "RUSTFLAGS=--cap-lints=warn" "-e" "RUSTDOCFLAGS=--cap-lints=warn" "-w" "/opt/rustwide/workdir" "--user" "0:0" "8ef795cbbf2f29b6f09906b3f8a9ec103af76bd311f2575be1327135200c3149" "/opt/rustwide/cargo-home/bin/cargo" "+1.99.0-beta.1" "build" "--frozen" "--message-format=json" "--release", kill_on_drop: false }`
[INFO] [stderr]    Compiling proc-macro2 v1.0.107
[INFO] [stderr]    Compiling quote v1.0.47
[INFO] [stderr]    Compiling libc v0.2.189
[INFO] [stderr]    Compiling futures-core v0.3.33
[INFO] [stderr]    Compiling find-msvc-tools v0.1.10
[INFO] [stderr]    Compiling log v0.4.33
[INFO] [stderr]    Compiling futures-sink v0.3.33
[INFO] [stderr]    Compiling tracing-core v0.1.36
[INFO] [stderr]    Compiling futures-channel v0.3.33
[INFO] [stderr]    Compiling slab v0.4.12
[INFO] [stderr]    Compiling futures-io v0.3.33
[INFO] [stderr]    Compiling cc v1.4.2
[INFO] [stderr]    Compiling futures-task v0.3.33
[INFO] [stderr]    Compiling http v1.5.0
[INFO] [stderr]    Compiling serde_core v1.0.229
[INFO] [stderr]    Compiling rustls-pki-types v1.15.1
[INFO] [stderr]    Compiling version_check v0.9.5
[INFO] [stderr]    Compiling zerocopy v0.8.56
[INFO] [stderr]    Compiling ahash v0.8.12
[INFO] [stderr]    Compiling sync_wrapper v1.0.2
[INFO] [stderr]    Compiling syn v2.0.119
[INFO] [stderr]    Compiling syn v3.0.3
[INFO] [stderr]    Compiling serde v1.0.229
[INFO] [stderr]    Compiling rustls v0.23.43
[INFO] [stderr]    Compiling zmij v1.0.23
[INFO] [stderr]    Compiling http-body v1.1.0
[INFO] [stderr]    Compiling ring v0.17.14
[INFO] [stderr]    Compiling aho-corasick v1.1.5
[INFO] [stderr]    Compiling errno v0.3.14
[INFO] [stderr]    Compiling signal-hook-registry v1.4.8
[INFO] [stderr]    Compiling mio v1.2.2
[INFO] [stderr]    Compiling socket2 v0.6.5
[INFO] [stderr]    Compiling getrandom v0.2.17
[INFO] [stderr]    Compiling vcpkg v0.2.15
[INFO] [stderr]    Compiling serde_json v1.0.151
[INFO] [stderr]    Compiling ipnet v2.12.1
[INFO] [stderr]    Compiling inotify-sys v0.1.8
[INFO] [stderr]    Compiling regex-syntax v0.8.11
[INFO] [stderr]    Compiling crossbeam-utils v0.8.22
[INFO] [stderr]    Compiling rustversion v1.0.23
[INFO] [stderr]    Compiling libsqlite3-sys v0.30.1
[INFO] [stderr]    Compiling anstyle-parse v1.0.0
[INFO] [stderr]    Compiling http-body-util v0.1.4
[INFO] [stderr]    Compiling anstyle v1.0.14
[INFO] [stderr]    Compiling bitflags v2.13.1
[INFO] [stderr]    Compiling colorchoice v1.0.5
[INFO] [stderr]    Compiling regex-automata v0.4.18
[INFO] [stderr]    Compiling anstream v1.0.0
[INFO] [stderr]    Compiling displaydoc v0.2.7
[INFO] [stderr]    Compiling synstructure v0.13.2
[INFO] [stderr]    Compiling tokio-macros v2.7.2
[INFO] [stderr]    Compiling serde_derive v1.0.229
[INFO] [stderr]    Compiling hashbrown v0.14.5
[INFO] [stderr]    Compiling tokio v1.53.1
[INFO] [stderr]    Compiling async-trait v0.1.92
[INFO] [stderr]    Compiling zerofrom-derive v0.1.7
[INFO] [stderr]    Compiling yoke-derive v0.8.2
[INFO] [stderr]    Compiling zerofrom v0.1.8
[INFO] [stderr]    Compiling zerovec-derive v0.11.3
[INFO] [stderr]    Compiling futures-macro v0.3.33
[INFO] [stderr]    Compiling yoke v0.8.3
[INFO] [stderr]    Compiling tracing-attributes v0.1.31
[INFO] [stderr]    Compiling futures-util v0.3.33
[INFO] [stderr]    Compiling zerovec v0.11.6
[INFO] [stderr]    Compiling zerotrie v0.2.4
[INFO] [stderr]    Compiling tinystr v0.8.3
[INFO] [stderr]    Compiling tracing v0.1.44
[INFO] [stderr]    Compiling icu_locale_core v2.2.0
[INFO] [stderr]    Compiling potential_utf v0.1.5
[INFO] [stderr]    Compiling icu_collections v2.2.0
[INFO] [stderr]    Compiling serde_urlencoded v0.7.1
[INFO] [stderr]    Compiling icu_provider v2.2.0
[INFO] [stderr]    Compiling icu_normalizer v2.2.0
[INFO] [stderr]    Compiling icu_properties v2.2.0
[INFO] [stderr]    Compiling hyper v1.11.0
[INFO] [stderr]    Compiling tower v0.5.3
[INFO] [stderr]    Compiling idna_adapter v1.2.2
[INFO] [stderr]    Compiling idna v1.1.0
[INFO] [stderr]    Compiling hyper-util v0.1.20
[INFO] [stderr]    Compiling rustls-webpki v0.103.13
[INFO] [stderr]    Compiling url v2.5.8
[INFO] [stderr]    Compiling webpki-roots v1.0.9
[INFO] [stderr]    Compiling mime v0.3.17
[INFO] [stderr]    Compiling anyhow v1.0.104
[INFO] [stderr]    Compiling clap_lex v1.1.0
[INFO] [stderr]    Compiling tower-http v0.6.11
[INFO] [stderr]    Compiling clap_builder v4.6.6
[INFO] [stderr]    Compiling inotify v0.9.6
[INFO] [stderr]    Compiling axum-core v0.4.5
[INFO] [stderr]    Compiling sharded-slab v0.1.7
[INFO] [stderr]    Compiling clap_derive v4.6.4
[INFO] [stderr]    Compiling crossbeam-channel v0.5.16
[INFO] [stderr]    Compiling futures-executor v0.3.33
[INFO] [stderr]    Compiling tokio-util v0.7.19
[INFO] [stderr]    Compiling matchers v0.2.0
[INFO] [stderr]    Compiling hashlink v0.9.1
[INFO] [stderr]    Compiling tokio-rustls v0.26.4
[INFO] [stderr]    Compiling serde_path_to_error v0.1.20
[INFO] [stderr]    Compiling hyper-rustls v0.27.9
[INFO] [stderr]    Compiling mio v0.8.11
[INFO] [stderr]    Compiling filetime v0.2.29
[INFO] [stderr]    Compiling tracing-log v0.2.0
[INFO] [stderr]    Compiling thread_local v1.1.10
[INFO] [stderr]    Compiling bstr v1.13.0
[INFO] [stderr]    Compiling fallible-streaming-iterator v0.1.9
[INFO] [stderr]    Compiling fallible-iterator v0.3.0
[INFO] [stderr]    Compiling matchit v0.7.3
[INFO] [stderr]    Compiling nu-ansi-term v0.50.3
[INFO] [stderr]    Compiling axum v0.7.9
[INFO] [stderr]    Compiling globset v0.4.20
[INFO] [stderr]    Compiling tracing-subscriber v0.3.23
[INFO] [stderr]    Compiling notify v6.1.1
[INFO] [stderr]    Compiling reqwest v0.12.28
[INFO] [stderr]    Compiling clap v4.6.6
[INFO] [stderr]    Compiling futures v0.3.33
[INFO] [stderr]    Compiling getrandom v0.4.3
[INFO] [stderr]    Compiling rusqlite v0.32.1
[INFO] [stderr]    Compiling grepmesh v0.2.1 (/opt/rustwide/workdir)
[INFO] [stderr]     Finished `release` profile [optimized] target(s) in 5m 22s
[INFO] running `Command { std: "docker" "inspect" "8ef795cbbf2f29b6f09906b3f8a9ec103af76bd311f2575be1327135200c3149", kill_on_drop: false }`
[INFO] running `Command { std: "docker" "exec" "-e" "SOURCE_DIR=/opt/rustwide/workdir" "-e" "CARGO_HOME=/opt/rustwide/cargo-home" "-e" "RUSTUP_HOME=/opt/rustwide/rustup-home" "-e" "CARGO_TARGET_DIR=/opt/rustwide/target" "-e" "CARGO_INCREMENTAL=0" "-e" "RUST_BACKTRACE=full" "-e" "RUSTFLAGS=--cap-lints=warn" "-e" "RUSTDOCFLAGS=--cap-lints=warn" "-w" "/opt/rustwide/workdir" "--user" "0:0" "8ef795cbbf2f29b6f09906b3f8a9ec103af76bd311f2575be1327135200c3149" "/opt/rustwide/cargo-home/bin/cargo" "+1.99.0-beta.1" "test" "--frozen" "--no-run" "--message-format=json" "--release", kill_on_drop: false }`
[INFO] [stderr]    Compiling bitflags v2.13.1
[INFO] [stderr]    Compiling tower-http v0.6.11
[INFO] [stderr]    Compiling rustix v1.1.4
[INFO] [stderr]    Compiling rusqlite v0.32.1
[INFO] [stderr]    Compiling linux-raw-sys v0.12.1
[INFO] [stderr]    Compiling fastrand v2.5.0
[INFO] [stderr]    Compiling reqwest v0.12.28
[INFO] [stderr]    Compiling grepmesh v0.2.1 (/opt/rustwide/workdir)
[INFO] [stderr]    Compiling tempfile v3.27.0
[INFO] [stderr]     Finished `release` profile [optimized] target(s) in 1m 56s
[INFO] running `Command { std: "docker" "inspect" "8ef795cbbf2f29b6f09906b3f8a9ec103af76bd311f2575be1327135200c3149", kill_on_drop: false }`
[INFO] running `Command { std: "docker" "exec" "-e" "SOURCE_DIR=/opt/rustwide/workdir" "-e" "CARGO_HOME=/opt/rustwide/cargo-home" "-e" "RUSTUP_HOME=/opt/rustwide/rustup-home" "-e" "CARGO_TARGET_DIR=/opt/rustwide/target" "-e" "CARGO_INCREMENTAL=0" "-e" "RUST_BACKTRACE=full" "-e" "RUSTFLAGS=--cap-lints=warn" "-e" "RUSTDOCFLAGS=--cap-lints=warn" "-w" "/opt/rustwide/workdir" "--user" "0:0" "8ef795cbbf2f29b6f09906b3f8a9ec103af76bd311f2575be1327135200c3149" "/opt/rustwide/cargo-home/bin/cargo" "+1.99.0-beta.1" "test" "--frozen" "--release", kill_on_drop: false }`
[INFO] [stderr]     Finished `release` profile [optimized] target(s) in 0.17s
[INFO] [stderr]      Running unittests src/lib.rs (/opt/rustwide/target/release/deps/grepmesh-f30a5b6e14892780)
[INFO] [stdout] 
[INFO] [stdout] running 27 tests
[INFO] [stdout] test backend::tests::malformed_queries_are_not_misclassified_as_traversal_errors ... ok
[INFO] [stdout] test backend::tests::only_permission_diagnostics_are_safe_to_ignore ... ok
[INFO] [stdout] test config::tests::defaults_exclude_runtime_pseudo_filesystems ... ok
[INFO] [stdout] test gptadmin::tests::endpoint_only_discovery_record_is_usable_for_both_urls ... ok
[INFO] [stdout] test index::tests::permission_denied_subtree_does_not_degrade_the_entire_index ... ok
[INFO] [stdout] test index::tests::roots_prioritize_home_before_other_named_roots ... ok
[INFO] [stdout] test gptadmin::tests::topology_response_excludes_local_and_preserves_peer_url ... ok
[INFO] [stdout] test index::tests::directory_exclusion_prunes_the_directory_itself ... ok
[INFO] [stdout] test jobs::tests::limit_is_stable_arrival_first_across_running_and_final_deltas ... ok
[INFO] [stdout] test jobs::tests::terminal_partial_host_completes_job_with_partial_results ... ok
[INFO] [stdout] test mcp::tests::gptadmin_proxy_url_rejects_non_root_path ... ok
[INFO] [stdout] test mcp::tests::legacy_peer_status_is_normalized_for_read_browse_and_status_responses ... ok
[INFO] [stdout] test backend::tests::non_readable_traversal_errors_have_one_safe_diagnostic_for_text_and_paths ... ok
[INFO] [stdout] test mcp::tests::outbound_reqwest_error_summary_is_classified_and_redacted ... ok
[INFO] [stdout] test mcp::tests::verbose_search_text_keeps_legacy_raw_results_and_matches_alias ... ok
[INFO] [stdout] test gptadmin::tests::fetch_reads_only_the_control_plane_topology_projection ... ok
[INFO] [stdout] test mcp::tests::search_text_defaults_to_compact_host_path_ranges ... ok
[INFO] [stdout] test server::tests::compact_job_response_keeps_only_the_opaque_artifact_reference ... ok
[INFO] [stdout] test server::tests::peer_auth_requires_exact_bearer_token ... ok
[INFO] [stdout] test jobs::tests::polling_flood_keeps_only_the_cursor_cap ... ok
[INFO] [stdout] test server::tests::initialize_routes_known_local_searches_to_rg ... ok
[INFO] [stdout] test jobs::tests::cursor_bookkeeping_is_bounded_and_artifacts_expire ... ok
[INFO] [stdout] test server::tests::protocol_negotiation_keeps_current_version_when_explicit ... ok
[INFO] [stdout] test server::tests::protocol_negotiation_prefers_client_supported_version ... ok
[INFO] [stdout] test index::tests::special_files_do_not_break_the_entire_index ... ok
[INFO] [stdout] test jobs::tests::private_store_and_artifact_modes_ignore_umask ... ok
[INFO] [stdout] test index::tests::persistent_index_replaces_documents_and_survives_reopen ... ok
[INFO] [stderr]      Running unittests src/main.rs (/opt/rustwide/target/release/deps/grepmesh_mcp-21e40e9785ac3676)
[INFO] [stdout] 
[INFO] [stderr]      Running tests/backup_catalog.rs (/opt/rustwide/target/release/deps/backup_catalog-a7e62c8422b939c5)
[INFO] [stdout] test result: ok. 27 passed; 0 failed; 0 ignored; 0 measured; 0 filtered out; finished in 0.17s
[INFO] [stdout] 
[INFO] [stdout] 
[INFO] [stdout] running 0 tests
[INFO] [stdout] 
[INFO] [stdout] test result: ok. 0 passed; 0 failed; 0 ignored; 0 measured; 0 filtered out; finished in 0.00s
[INFO] [stdout] 
[INFO] [stdout] 
[INFO] [stdout] running 5 tests
[INFO] [stdout] test absent_backup_configuration_is_explicitly_unconfigured ... ok
[INFO] [stderr]      Running tests/console_api.rs (/opt/rustwide/target/release/deps/console_api-6b1c60329083e0b7)
[INFO] [stdout] test configured_catalog_without_a_fixture_is_still_unconfigured ... ok
[INFO] [stdout] test serialized_response_contains_only_browser_safe_catalog_metadata ... ok
[INFO] [stdout] test fixture_metadata_maps_to_available_and_stale_independently_of_live_search ... ok
[INFO] [stdout] test missing_or_malformed_fixture_is_unavailable_without_a_read_error ... ok
[INFO] [stdout] 
[INFO] [stdout] test result: ok. 5 passed; 0 failed; 0 ignored; 0 measured; 0 filtered out; finished in 0.00s
[INFO] [stdout] 
[INFO] [stdout] 
[INFO] [stdout] running 5 tests
[INFO] [stdout] test backup_availability_is_local_only_and_separate_from_search_results ... ok
[INFO] [stdout] test local_console_ui_and_catalog_have_a_browser_safe_success_shape ... ok
[INFO] [stdout] test local_search_keeps_running_partial_truncated_and_host_status_fields ... ok
[INFO] [stdout] test local_console_browse_lists_immediate_safe_entries_for_a_catalog_root ... ok
[INFO] [stdout] test preview_requires_an_opaque_search_result_handle_not_an_arbitrary_path ... ok
[INFO] [stdout] 
[INFO] [stdout] test result: ok. 5 passed; 0 failed; 0 ignored; 0 measured; 0 filtered out; finished in 0.07s
[INFO] [stdout] 
[INFO] [stderr]      Running tests/mesh.rs (/opt/rustwide/target/release/deps/mesh-d683cc91efed8a6f)
[INFO] [stdout] 
[INFO] [stdout] running 17 tests
[INFO] [stdout] test normalize_wildcard_hop_and_dedup_rules ... ok
[INFO] [stdout] test missing_search_job_is_explicitly_expired_without_result_payload ... ok
[INFO] [stdout] test malformed_search_inputs_are_failed_partial_mcp_results ... FAILED
[INFO] [stdout] test read_text_routes_by_host_and_path ... ok
[INFO] [stdout] test permission_denied_descendants_do_not_fail_a_readable_root ... ok
[INFO] [stdout] test permission_denied_descendants_do_not_fail_path_search ... FAILED
[INFO] [stdout] test one_failed_root_continues_other_roots_for_path_search ... FAILED
[INFO] [stdout] test one_failed_root_continues_other_roots_and_reports_partial ... FAILED
[INFO] [stdout] test unreadable_root_remains_a_failed_partial_path_search ... ok
[INFO] [stdout] test unreadable_root_remains_a_failed_partial_text_search ... FAILED
[INFO] [stdout] test browse_lists_configured_locations_and_immediate_safe_entries ... ok
[INFO] [stdout] test search_with_sufficient_wait_returns_the_complete_result_directly ... ok
[INFO] [stdout] test search_text_tool_defaults_to_compact_ranges_with_verbose_raw_opt_in ... ok
[INFO] [stdout] test remote_partial_status_and_local_results_survive_fanout ... ok
[INFO] [stdout] test black_box_two_process_peer_fanout_and_partial_results ... FAILED
[INFO] [stdout] test stalled_peer_body_keeps_completed_local_results ... ok
[INFO] [stdout] test async_search_status_returns_a_bounded_final_page ... ok
[INFO] [stdout] 
[INFO] [stdout] failures:
[INFO] [stdout] 
[INFO] [stdout] ---- malformed_search_inputs_are_failed_partial_mcp_results stdout ----
[INFO] [stdout] 
[INFO] [stdout] thread 'malformed_search_inputs_are_failed_partial_mcp_results' (3149) panicked at tests/mesh.rs:170:9:
[INFO] [stdout] invalid-regex
[INFO] [stdout] stack backtrace:
[INFO] [stdout]    0:     0x64403f672761 - <<std[104cf6e2632825ea]::sys::backtrace::BacktraceLock>::print::DisplayBacktrace as core[7c831bd917ebf35f]::fmt::Display>::fmt
[INFO] [stdout]    1:     0x64403f68aa8a - core[7c831bd917ebf35f]::fmt::write
[INFO] [stdout]    2:     0x64403f677ffc - <alloc[2fdc3f7464fcf288]::vec::Vec<u8> as core[7c831bd917ebf35f]::io::write::Write>::write_fmt
[INFO] [stdout]    3:     0x64403f649646 - std[104cf6e2632825ea]::panicking::default_hook::{closure#0}
[INFO] [stdout]    4:     0x64403f668a99 - std[104cf6e2632825ea]::panicking::default_hook
[INFO] [stdout]    5:     0x64403f0e64e0 - test[73009c9f9aebf890]::test_main_inner::<test[73009c9f9aebf890]::test_main_static::{closure#0}>::{closure#0}
[INFO] [stdout]    6:     0x64403f668dc2 - std[104cf6e2632825ea]::panicking::panic_with_hook
[INFO] [stdout]    7:     0x64403f6496f2 - std[104cf6e2632825ea]::panicking::panic_handler::{closure#0}
[INFO] [stdout]    8:     0x64403f6412b9 - std[104cf6e2632825ea]::sys::backtrace::__rust_end_short_backtrace::<std[104cf6e2632825ea]::panicking::panic_handler::{closure#0}, !>
[INFO] [stdout]    9:     0x64403f64a79d - __rustc[b0d56fa5b193ad05]::rust_begin_unwind
[INFO] [stdout]   10:     0x64403f68b26c - core[7c831bd917ebf35f]::panicking::panic_fmt
[INFO] [stdout]   11:     0x64403f059f54 - mesh[b3138ba93df5fd8c]::malformed_search_inputs_are_failed_partial_mcp_results::{closure#0}
[INFO] [stdout]   12:     0x64403f0c2fb3 - <tokio[1b8d7195f7cd7ded]::runtime::scheduler::current_thread::Context>::enter::<core[7c831bd917ebf35f]::task::poll::Poll<()>, <tokio[1b8d7195f7cd7ded]::runtime::scheduler::current_thread::CoreGuard>::block_on<core[7c831bd917ebf35f]::pin::Pin<&mut core[7c831bd917ebf35f]::pin::Pin<&mut dyn core[7c831bd917ebf35f]::future::future::Future<Output = ()>>>>::{closure#0}::{closure#0}>
[INFO] [stdout]   13:     0x64403f0ce67c - <tokio[1b8d7195f7cd7ded]::runtime::context::scoped::Scoped<tokio[1b8d7195f7cd7ded]::runtime::scheduler::Context>>::set::<<tokio[1b8d7195f7cd7ded]::runtime::scheduler::current_thread::CoreGuard>::enter<<tokio[1b8d7195f7cd7ded]::runtime::scheduler::current_thread::CoreGuard>::block_on<core[7c831bd917ebf35f]::pin::Pin<&mut core[7c831bd917ebf35f]::pin::Pin<&mut dyn core[7c831bd917ebf35f]::future::future::Future<Output = ()>>>>::{closure#0}, core[7c831bd917ebf35f]::option::Option<()>>::{closure#0}, (alloc[2fdc3f7464fcf288]::boxed::Box<tokio[1b8d7195f7cd7ded]::runtime::scheduler::current_thread::Core>, core[7c831bd917ebf35f]::option::Option<()>)>
[INFO] [stdout]   14:     0x64403f0c3157 - <tokio[1b8d7195f7cd7ded]::runtime::scheduler::current_thread::CoreGuard>::block_on::<core[7c831bd917ebf35f]::pin::Pin<&mut core[7c831bd917ebf35f]::pin::Pin<&mut dyn core[7c831bd917ebf35f]::future::future::Future<Output = ()>>>>
[INFO] [stdout]   15:     0x64403f0a940d - tokio[1b8d7195f7cd7ded]::runtime::context::runtime::enter_runtime::<<tokio[1b8d7195f7cd7ded]::runtime::scheduler::current_thread::CurrentThread>::block_on<core[7c831bd917ebf35f]::pin::Pin<&mut dyn core[7c831bd917ebf35f]::future::future::Future<Output = ()>>>::{closure#0}, ()>
[INFO] [stdout]   16:     0x64403f0aa255 - <tokio[1b8d7195f7cd7ded]::runtime::runtime::Runtime>::block_on::<core[7c831bd917ebf35f]::pin::Pin<&mut dyn core[7c831bd917ebf35f]::future::future::Future<Output = ()>>>
[INFO] [stdout]   17:     0x64403f06bb3e - <mesh[b3138ba93df5fd8c]::malformed_search_inputs_are_failed_partial_mcp_results::{closure#0} as core[7c831bd917ebf35f]::ops::function::FnOnce<()>>::call_once
[INFO] [stdout]   18:     0x64403f0d97cb - test[73009c9f9aebf890]::__rust_begin_short_backtrace::<core[7c831bd917ebf35f]::result::Result<(), alloc[2fdc3f7464fcf288]::string::String>, fn() -> core[7c831bd917ebf35f]::result::Result<(), alloc[2fdc3f7464fcf288]::string::String>>
[INFO] [stdout]   19:     0x64403f0e6e35 - test[73009c9f9aebf890]::run_test::{closure#0}
[INFO] [stdout]   20:     0x64403f0e01f4 - std[104cf6e2632825ea]::sys::backtrace::__rust_begin_short_backtrace::<test[73009c9f9aebf890]::run_test::{closure#1}, ()>
[INFO] [stdout]   21:     0x64403f0e9f92 - <std[104cf6e2632825ea]::thread::lifecycle::spawn_unchecked<test[73009c9f9aebf890]::run_test::{closure#1}, ()>::{closure#1} as core[7c831bd917ebf35f]::ops::function::FnOnce<()>>::call_once::{shim:vtable#0}
[INFO] [stdout]   22:     0x64403f6711b9 - <std[104cf6e2632825ea]::sys::thread::unix::Thread>::new::thread_start
[INFO] [stdout]   23:     0x74584fd9d07a - <unknown>
[INFO] [stdout]   24:     0x74584fe30534 - clone
[INFO] [stdout]   25:                0x0 - <unknown>
[INFO] [stdout] 
[INFO] [stdout] ---- permission_denied_descendants_do_not_fail_path_search stdout ----
[INFO] [stdout] 
[INFO] [stdout] thread 'permission_denied_descendants_do_not_fail_path_search' (3161) panicked at tests/mesh.rs:279:5:
[INFO] [stdout] assertion failed: !result.partial
[INFO] [stdout] stack backtrace:
[INFO] [stdout]    0:     0x64403f672761 - <<std[104cf6e2632825ea]::sys::backtrace::BacktraceLock>::print::DisplayBacktrace as core[7c831bd917ebf35f]::fmt::Display>::fmt
[INFO] [stdout]    1:     0x64403f68aa8a - core[7c831bd917ebf35f]::fmt::write
[INFO] [stdout]    2:     0x64403f677ffc - <alloc[2fdc3f7464fcf288]::vec::Vec<u8> as core[7c831bd917ebf35f]::io::write::Write>::write_fmt
[INFO] [stdout]    3:     0x64403f649646 - std[104cf6e2632825ea]::panicking::default_hook::{closure#0}
[INFO] [stdout]    4:     0x64403f668a99 - std[104cf6e2632825ea]::panicking::default_hook
[INFO] [stdout]    5:     0x64403f0e64e0 - test[73009c9f9aebf890]::test_main_inner::<test[73009c9f9aebf890]::test_main_static::{closure#0}>::{closure#0}
[INFO] [stdout]    6:     0x64403f668dc2 - std[104cf6e2632825ea]::panicking::panic_with_hook
[INFO] [stdout]    7:     0x64403f649724 - std[104cf6e2632825ea]::panicking::panic_handler::{closure#0}
[INFO] [stdout]    8:     0x64403f6412b9 - std[104cf6e2632825ea]::sys::backtrace::__rust_end_short_backtrace::<std[104cf6e2632825ea]::panicking::panic_handler::{closure#0}, !>
[INFO] [stdout]    9:     0x64403f64a79d - __rustc[b0d56fa5b193ad05]::rust_begin_unwind
[INFO] [stdout]   10:     0x64403f68b26c - core[7c831bd917ebf35f]::panicking::panic_fmt
[INFO] [stdout]   11:     0x64403f68b232 - core[7c831bd917ebf35f]::panicking::panic
[INFO] [stdout]   12:     0x64403f05900a - mesh[b3138ba93df5fd8c]::permission_denied_descendants_do_not_fail_path_search::{closure#0}
[INFO] [stdout]   13:     0x64403f0c2fb3 - <tokio[1b8d7195f7cd7ded]::runtime::scheduler::current_thread::Context>::enter::<core[7c831bd917ebf35f]::task::poll::Poll<()>, <tokio[1b8d7195f7cd7ded]::runtime::scheduler::current_thread::CoreGuard>::block_on<core[7c831bd917ebf35f]::pin::Pin<&mut core[7c831bd917ebf35f]::pin::Pin<&mut dyn core[7c831bd917ebf35f]::future::future::Future<Output = ()>>>>::{closure#0}::{closure#0}>
[INFO] [stdout]   14:     0x64403f0ce67c - <tokio[1b8d7195f7cd7ded]::runtime::context::scoped::Scoped<tokio[1b8d7195f7cd7ded]::runtime::scheduler::Context>>::set::<<tokio[1b8d7195f7cd7ded]::runtime::scheduler::current_thread::CoreGuard>::enter<<tokio[1b8d7195f7cd7ded]::runtime::scheduler::current_thread::CoreGuard>::block_on<core[7c831bd917ebf35f]::pin::Pin<&mut core[7c831bd917ebf35f]::pin::Pin<&mut dyn core[7c831bd917ebf35f]::future::future::Future<Output = ()>>>>::{closure#0}, core[7c831bd917ebf35f]::option::Option<()>>::{closure#0}, (alloc[2fdc3f7464fcf288]::boxed::Box<tokio[1b8d7195f7cd7ded]::runtime::scheduler::current_thread::Core>, core[7c831bd917ebf35f]::option::Option<()>)>
[INFO] [stdout]   15:     0x64403f0c3157 - <tokio[1b8d7195f7cd7ded]::runtime::scheduler::current_thread::CoreGuard>::block_on::<core[7c831bd917ebf35f]::pin::Pin<&mut core[7c831bd917ebf35f]::pin::Pin<&mut dyn core[7c831bd917ebf35f]::future::future::Future<Output = ()>>>>
[INFO] [stdout]   16:     0x64403f0a940d - tokio[1b8d7195f7cd7ded]::runtime::context::runtime::enter_runtime::<<tokio[1b8d7195f7cd7ded]::runtime::scheduler::current_thread::CurrentThread>::block_on<core[7c831bd917ebf35f]::pin::Pin<&mut dyn core[7c831bd917ebf35f]::future::future::Future<Output = ()>>>::{closure#0}, ()>
[INFO] [stdout]   17:     0x64403f0aa255 - <tokio[1b8d7195f7cd7ded]::runtime::runtime::Runtime>::block_on::<core[7c831bd917ebf35f]::pin::Pin<&mut dyn core[7c831bd917ebf35f]::future::future::Future<Output = ()>>>
[INFO] [stdout]   18:     0x64403f06b9de - <mesh[b3138ba93df5fd8c]::permission_denied_descendants_do_not_fail_path_search::{closure#0} as core[7c831bd917ebf35f]::ops::function::FnOnce<()>>::call_once
[INFO] [stdout]   19:     0x64403f0d97cb - test[73009c9f9aebf890]::__rust_begin_short_backtrace::<core[7c831bd917ebf35f]::result::Result<(), alloc[2fdc3f7464fcf288]::string::String>, fn() -> core[7c831bd917ebf35f]::result::Result<(), alloc[2fdc3f7464fcf288]::string::String>>
[INFO] [stdout]   20:     0x64403f0e6e35 - test[73009c9f9aebf890]::run_test::{closure#0}
[INFO] [stdout]   21:     0x64403f0e01f4 - std[104cf6e2632825ea]::sys::backtrace::__rust_begin_short_backtrace::<test[73009c9f9aebf890]::run_test::{closure#1}, ()>
[INFO] [stdout]   22:     0x64403f0e9f92 - <std[104cf6e2632825ea]::thread::lifecycle::spawn_unchecked<test[73009c9f9aebf890]::run_test::{closure#1}, ()>::{closure#1} as core[7c831bd917ebf35f]::ops::function::FnOnce<()>>::call_once::{shim:vtable#0}
[INFO] [stdout]   23:     0x64403f6711b9 - <std[104cf6e2632825ea]::sys::thread::unix::Thread>::new::thread_start
[INFO] [stdout]   24:     0x74584fd9d07a - <unknown>
[INFO] [stdout]   25:     0x74584fe30534 - clone
[INFO] [stdout]   26:                0x0 - <unknown>
[INFO] [stdout] 
[INFO] [stdout] ---- one_failed_root_continues_other_roots_for_path_search stdout ----
[INFO] [stdout] 
[INFO] [stdout] thread 'one_failed_root_continues_other_roots_for_path_search' (3155) panicked at tests/mesh.rs:482:5:
[INFO] [stdout] assertion `left == right` failed
[INFO] [stdout]   left: 0
[INFO] [stdout]  right: 1
[INFO] [stdout] stack backtrace:
[INFO] [stdout]    0:     0x64403f672761 - <<std[104cf6e2632825ea]::sys::backtrace::BacktraceLock>::print::DisplayBacktrace as core[7c831bd917ebf35f]::fmt::Display>::fmt
[INFO] [stdout]    1:     0x64403f68aa8a - core[7c831bd917ebf35f]::fmt::write
[INFO] [stderr] error: test failed, to rerun pass `--test mesh`
[INFO] [stdout]    2:     0x64403f677ffc - <alloc[2fdc3f7464fcf288]::vec::Vec<u8> as core[7c831bd917ebf35f]::io::write::Write>::write_fmt
[INFO] [stdout]    3:     0x64403f649646 - std[104cf6e2632825ea]::panicking::default_hook::{closure#0}
[INFO] [stdout]    4:     0x64403f668a99 - std[104cf6e2632825ea]::panicking::default_hook
[INFO] [stdout]    5:     0x64403f0e64e0 - test[73009c9f9aebf890]::test_main_inner::<test[73009c9f9aebf890]::test_main_static::{closure#0}>::{closure#0}
[INFO] [stdout]    6:     0x64403f668dc2 - std[104cf6e2632825ea]::panicking::panic_with_hook
[INFO] [stdout]    7:     0x64403f6496f2 - std[104cf6e2632825ea]::panicking::panic_handler::{closure#0}
[INFO] [stdout]    8:     0x64403f6412b9 - std[104cf6e2632825ea]::sys::backtrace::__rust_end_short_backtrace::<std[104cf6e2632825ea]::panicking::panic_handler::{closure#0}, !>
[INFO] [stdout]    9:     0x64403f64a79d - __rustc[b0d56fa5b193ad05]::rust_begin_unwind
[INFO] [stdout]   10:     0x64403f68b26c - core[7c831bd917ebf35f]::panicking::panic_fmt
[INFO] [stdout]   11:     0x64403f68b183 - core[7c831bd917ebf35f]::panicking::assert_failed_inner
[INFO] [stdout]   12:     0x64403f6857fd - core[7c831bd917ebf35f]::panicking::assert_failed::<usize, usize>
[INFO] [stdout]   13:     0x64403f05836b - mesh[b3138ba93df5fd8c]::one_failed_root_continues_other_roots_for_path_search::{closure#0}
[INFO] [stdout]   14:     0x64403f0c2fb3 - <tokio[1b8d7195f7cd7ded]::runtime::scheduler::current_thread::Context>::enter::<core[7c831bd917ebf35f]::task::poll::Poll<()>, <tokio[1b8d7195f7cd7ded]::runtime::scheduler::current_thread::CoreGuard>::block_on<core[7c831bd917ebf35f]::pin::Pin<&mut core[7c831bd917ebf35f]::pin::Pin<&mut dyn core[7c831bd917ebf35f]::future::future::Future<Output = ()>>>>::{closure#0}::{closure#0}>
[INFO] [stdout]   15:     0x64403f0ce67c - <tokio[1b8d7195f7cd7ded]::runtime::context::scoped::Scoped<tokio[1b8d7195f7cd7ded]::runtime::scheduler::Context>>::set::<<tokio[1b8d7195f7cd7ded]::runtime::scheduler::current_thread::CoreGuard>::enter<<tokio[1b8d7195f7cd7ded]::runtime::scheduler::current_thread::CoreGuard>::block_on<core[7c831bd917ebf35f]::pin::Pin<&mut core[7c831bd917ebf35f]::pin::Pin<&mut dyn core[7c831bd917ebf35f]::future::future::Future<Output = ()>>>>::{closure#0}, core[7c831bd917ebf35f]::option::Option<()>>::{closure#0}, (alloc[2fdc3f7464fcf288]::boxed::Box<tokio[1b8d7195f7cd7ded]::runtime::scheduler::current_thread::Core>, core[7c831bd917ebf35f]::option::Option<()>)>
[INFO] [stdout]   16:     0x64403f0c3157 - <tokio[1b8d7195f7cd7ded]::runtime::scheduler::current_thread::CoreGuard>::block_on::<core[7c831bd917ebf35f]::pin::Pin<&mut core[7c831bd917ebf35f]::pin::Pin<&mut dyn core[7c831bd917ebf35f]::future::future::Future<Output = ()>>>>
[INFO] [stdout]   17:     0x64403f0a940d - tokio[1b8d7195f7cd7ded]::runtime::context::runtime::enter_runtime::<<tokio[1b8d7195f7cd7ded]::runtime::scheduler::current_thread::CurrentThread>::block_on<core[7c831bd917ebf35f]::pin::Pin<&mut dyn core[7c831bd917ebf35f]::future::future::Future<Output = ()>>>::{closure#0}, ()>
[INFO] [stdout]   18:     0x64403f0aa255 - <tokio[1b8d7195f7cd7ded]::runtime::runtime::Runtime>::block_on::<core[7c831bd917ebf35f]::pin::Pin<&mut dyn core[7c831bd917ebf35f]::future::future::Future<Output = ()>>>
[INFO] [stdout]   19:     0x64403f06b87e - <mesh[b3138ba93df5fd8c]::one_failed_root_continues_other_roots_for_path_search::{closure#0} as core[7c831bd917ebf35f]::ops::function::FnOnce<()>>::call_once
[INFO] [stdout]   20:     0x64403f0d97cb - test[73009c9f9aebf890]::__rust_begin_short_backtrace::<core[7c831bd917ebf35f]::result::Result<(), alloc[2fdc3f7464fcf288]::string::String>, fn() -> core[7c831bd917ebf35f]::result::Result<(), alloc[2fdc3f7464fcf288]::string::String>>
[INFO] [stdout]   21:     0x64403f0e6e35 - test[73009c9f9aebf890]::run_test::{closure#0}
[INFO] [stdout]   22:     0x64403f0e01f4 - std[104cf6e2632825ea]::sys::backtrace::__rust_begin_short_backtrace::<test[73009c9f9aebf890]::run_test::{closure#1}, ()>
[INFO] [stdout]   23:     0x64403f0e9f92 - <std[104cf6e2632825ea]::thread::lifecycle::spawn_unchecked<test[73009c9f9aebf890]::run_test::{closure#1}, ()>::{closure#1} as core[7c831bd917ebf35f]::ops::function::FnOnce<()>>::call_once::{shim:vtable#0}
[INFO] [stdout]   24:     0x64403f6711b9 - <std[104cf6e2632825ea]::sys::thread::unix::Thread>::new::thread_start
[INFO] [stdout]   25:     0x74584fd9d07a - <unknown>
[INFO] [stdout]   26:     0x74584fe30534 - clone
[INFO] [stdout]   27:                0x0 - <unknown>
[INFO] [stdout] 
[INFO] [stdout] ---- one_failed_root_continues_other_roots_and_reports_partial stdout ----
[INFO] [stdout] 
[INFO] [stdout] thread 'one_failed_root_continues_other_roots_and_reports_partial' (3154) panicked at tests/mesh.rs:427:5:
[INFO] [stdout] assertion failed: result.partial
[INFO] [stdout] stack backtrace:
[INFO] [stdout]    0:     0x64403f672761 - <<std[104cf6e2632825ea]::sys::backtrace::BacktraceLock>::print::DisplayBacktrace as core[7c831bd917ebf35f]::fmt::Display>::fmt
[INFO] [stdout]    1:     0x64403f68aa8a - core[7c831bd917ebf35f]::fmt::write
[INFO] [stdout]    2:     0x64403f677ffc - <alloc[2fdc3f7464fcf288]::vec::Vec<u8> as core[7c831bd917ebf35f]::io::write::Write>::write_fmt
[INFO] [stdout]    3:     0x64403f649646 - std[104cf6e2632825ea]::panicking::default_hook::{closure#0}
[INFO] [stdout]    4:     0x64403f668a99 - std[104cf6e2632825ea]::panicking::default_hook
[INFO] [stdout]    5:     0x64403f0e64e0 - test[73009c9f9aebf890]::test_main_inner::<test[73009c9f9aebf890]::test_main_static::{closure#0}>::{closure#0}
[INFO] [stdout]    6:     0x64403f668dc2 - std[104cf6e2632825ea]::panicking::panic_with_hook
[INFO] [stdout]    7:     0x64403f649724 - std[104cf6e2632825ea]::panicking::panic_handler::{closure#0}
[INFO] [stdout]    8:     0x64403f6412b9 - std[104cf6e2632825ea]::sys::backtrace::__rust_end_short_backtrace::<std[104cf6e2632825ea]::panicking::panic_handler::{closure#0}, !>
[INFO] [stdout]    9:     0x64403f64a79d - __rustc[b0d56fa5b193ad05]::rust_begin_unwind
[INFO] [stdout]   10:     0x64403f68b26c - core[7c831bd917ebf35f]::panicking::panic_fmt
[INFO] [stdout]   11:     0x64403f68b232 - core[7c831bd917ebf35f]::panicking::panic
[INFO] [stdout]   12:     0x64403f05d46d - mesh[b3138ba93df5fd8c]::one_failed_root_continues_other_roots_and_reports_partial::{closure#0}
[INFO] [stdout]   13:     0x64403f0c2fb3 - <tokio[1b8d7195f7cd7ded]::runtime::scheduler::current_thread::Context>::enter::<core[7c831bd917ebf35f]::task::poll::Poll<()>, <tokio[1b8d7195f7cd7ded]::runtime::scheduler::current_thread::CoreGuard>::block_on<core[7c831bd917ebf35f]::pin::Pin<&mut core[7c831bd917ebf35f]::pin::Pin<&mut dyn core[7c831bd917ebf35f]::future::future::Future<Output = ()>>>>::{closure#0}::{closure#0}>
[INFO] [stdout]   14:     0x64403f0ce67c - <tokio[1b8d7195f7cd7ded]::runtime::context::scoped::Scoped<tokio[1b8d7195f7cd7ded]::runtime::scheduler::Context>>::set::<<tokio[1b8d7195f7cd7ded]::runtime::scheduler::current_thread::CoreGuard>::enter<<tokio[1b8d7195f7cd7ded]::runtime::scheduler::current_thread::CoreGuard>::block_on<core[7c831bd917ebf35f]::pin::Pin<&mut core[7c831bd917ebf35f]::pin::Pin<&mut dyn core[7c831bd917ebf35f]::future::future::Future<Output = ()>>>>::{closure#0}, core[7c831bd917ebf35f]::option::Option<()>>::{closure#0}, (alloc[2fdc3f7464fcf288]::boxed::Box<tokio[1b8d7195f7cd7ded]::runtime::scheduler::current_thread::Core>, core[7c831bd917ebf35f]::option::Option<()>)>
[INFO] [stdout]   15:     0x64403f0c3157 - <tokio[1b8d7195f7cd7ded]::runtime::scheduler::current_thread::CoreGuard>::block_on::<core[7c831bd917ebf35f]::pin::Pin<&mut core[7c831bd917ebf35f]::pin::Pin<&mut dyn core[7c831bd917ebf35f]::future::future::Future<Output = ()>>>>
[INFO] [stdout]   16:     0x64403f0a940d - tokio[1b8d7195f7cd7ded]::runtime::context::runtime::enter_runtime::<<tokio[1b8d7195f7cd7ded]::runtime::scheduler::current_thread::CurrentThread>::block_on<core[7c831bd917ebf35f]::pin::Pin<&mut dyn core[7c831bd917ebf35f]::future::future::Future<Output = ()>>>::{closure#0}, ()>
[INFO] [stdout]   17:     0x64403f0aa255 - <tokio[1b8d7195f7cd7ded]::runtime::runtime::Runtime>::block_on::<core[7c831bd917ebf35f]::pin::Pin<&mut dyn core[7c831bd917ebf35f]::future::future::Future<Output = ()>>>
[INFO] [stdout]   18:     0x64403f06be0e - <mesh[b3138ba93df5fd8c]::one_failed_root_continues_other_roots_and_reports_partial::{closure#0} as core[7c831bd917ebf35f]::ops::function::FnOnce<()>>::call_once
[INFO] [stdout]   19:     0x64403f0d97cb - test[73009c9f9aebf890]::__rust_begin_short_backtrace::<core[7c831bd917ebf35f]::result::Result<(), alloc[2fdc3f7464fcf288]::string::String>, fn() -> core[7c831bd917ebf35f]::result::Result<(), alloc[2fdc3f7464fcf288]::string::String>>
[INFO] [stdout]   20:     0x64403f0e6e35 - test[73009c9f9aebf890]::run_test::{closure#0}
[INFO] [stdout]   21:     0x64403f0e01f4 - std[104cf6e2632825ea]::sys::backtrace::__rust_begin_short_backtrace::<test[73009c9f9aebf890]::run_test::{closure#1}, ()>
[INFO] [stdout]   22:     0x64403f0e9f92 - <std[104cf6e2632825ea]::thread::lifecycle::spawn_unchecked<test[73009c9f9aebf890]::run_test::{closure#1}, ()>::{closure#1} as core[7c831bd917ebf35f]::ops::function::FnOnce<()>>::call_once::{shim:vtable#0}
[INFO] [stdout]   23:     0x64403f6711b9 - <std[104cf6e2632825ea]::sys::thread::unix::Thread>::new::thread_start
[INFO] [stdout]   24:     0x74584fd9d07a - <unknown>
[INFO] [stdout]   25:     0x74584fe30534 - clone
[INFO] [stdout]   26:                0x0 - <unknown>
[INFO] [stdout] 
[INFO] [stdout] ---- unreadable_root_remains_a_failed_partial_text_search stdout ----
[INFO] [stdout] 
[INFO] [stdout] thread 'unreadable_root_remains_a_failed_partial_text_search' (3221) panicked at tests/mesh.rs:321:9:
[INFO] [stdout] mode 111
[INFO] [stdout] stack backtrace:
[INFO] [stdout]    0:     0x64403f672761 - <<std[104cf6e2632825ea]::sys::backtrace::BacktraceLock>::print::DisplayBacktrace as core[7c831bd917ebf35f]::fmt::Display>::fmt
[INFO] [stdout]    1:     0x64403f68aa8a - core[7c831bd917ebf35f]::fmt::write
[INFO] [stdout]    2:     0x64403f677ffc - <alloc[2fdc3f7464fcf288]::vec::Vec<u8> as core[7c831bd917ebf35f]::io::write::Write>::write_fmt
[INFO] [stdout]    3:     0x64403f649646 - std[104cf6e2632825ea]::panicking::default_hook::{closure#0}
[INFO] [stdout]    4:     0x64403f668a99 - std[104cf6e2632825ea]::panicking::default_hook
[INFO] [stdout]    5:     0x64403f0e64e0 - test[73009c9f9aebf890]::test_main_inner::<test[73009c9f9aebf890]::test_main_static::{closure#0}>::{closure#0}
[INFO] [stdout]    6:     0x64403f668dc2 - std[104cf6e2632825ea]::panicking::panic_with_hook
[INFO] [stdout]    7:     0x64403f6496f2 - std[104cf6e2632825ea]::panicking::panic_handler::{closure#0}
[INFO] [stdout]    8:     0x64403f6412b9 - std[104cf6e2632825ea]::sys::backtrace::__rust_end_short_backtrace::<std[104cf6e2632825ea]::panicking::panic_handler::{closure#0}, !>
[INFO] [stdout]    9:     0x64403f64a79d - __rustc[b0d56fa5b193ad05]::rust_begin_unwind
[INFO] [stdout]   10:     0x64403f68b26c - core[7c831bd917ebf35f]::panicking::panic_fmt
[INFO] [stdout]   11:     0x64403f050b6c - mesh[b3138ba93df5fd8c]::unreadable_root_remains_a_failed_partial_text_search::{closure#0}
[INFO] [stdout]   12:     0x64403f0c2fb3 - <tokio[1b8d7195f7cd7ded]::runtime::scheduler::current_thread::Context>::enter::<core[7c831bd917ebf35f]::task::poll::Poll<()>, <tokio[1b8d7195f7cd7ded]::runtime::scheduler::current_thread::CoreGuard>::block_on<core[7c831bd917ebf35f]::pin::Pin<&mut core[7c831bd917ebf35f]::pin::Pin<&mut dyn core[7c831bd917ebf35f]::future::future::Future<Output = ()>>>>::{closure#0}::{closure#0}>
[INFO] [stdout]   13:     0x64403f0ce67c - <tokio[1b8d7195f7cd7ded]::runtime::context::scoped::Scoped<tokio[1b8d7195f7cd7ded]::runtime::scheduler::Context>>::set::<<tokio[1b8d7195f7cd7ded]::runtime::scheduler::current_thread::CoreGuard>::enter<<tokio[1b8d7195f7cd7ded]::runtime::scheduler::current_thread::CoreGuard>::block_on<core[7c831bd917ebf35f]::pin::Pin<&mut core[7c831bd917ebf35f]::pin::Pin<&mut dyn core[7c831bd917ebf35f]::future::future::Future<Output = ()>>>>::{closure#0}, core[7c831bd917ebf35f]::option::Option<()>>::{closure#0}, (alloc[2fdc3f7464fcf288]::boxed::Box<tokio[1b8d7195f7cd7ded]::runtime::scheduler::current_thread::Core>, core[7c831bd917ebf35f]::option::Option<()>)>
[INFO] [stdout]   14:     0x64403f0c3157 - <tokio[1b8d7195f7cd7ded]::runtime::scheduler::current_thread::CoreGuard>::block_on::<core[7c831bd917ebf35f]::pin::Pin<&mut core[7c831bd917ebf35f]::pin::Pin<&mut dyn core[7c831bd917ebf35f]::future::future::Future<Output = ()>>>>
[INFO] [stdout]   15:     0x64403f0a940d - tokio[1b8d7195f7cd7ded]::runtime::context::runtime::enter_runtime::<<tokio[1b8d7195f7cd7ded]::runtime::scheduler::current_thread::CurrentThread>::block_on<core[7c831bd917ebf35f]::pin::Pin<&mut dyn core[7c831bd917ebf35f]::future::future::Future<Output = ()>>>::{closure#0}, ()>
[INFO] [stdout]   16:     0x64403f0aa255 - <tokio[1b8d7195f7cd7ded]::runtime::runtime::Runtime>::block_on::<core[7c831bd917ebf35f]::pin::Pin<&mut dyn core[7c831bd917ebf35f]::future::future::Future<Output = ()>>>
[INFO] [stdout]   17:     0x64403f06b5ae - <mesh[b3138ba93df5fd8c]::unreadable_root_remains_a_failed_partial_text_search::{closure#0} as core[7c831bd917ebf35f]::ops::function::FnOnce<()>>::call_once
[INFO] [stdout]   18:     0x64403f0d97cb - test[73009c9f9aebf890]::__rust_begin_short_backtrace::<core[7c831bd917ebf35f]::result::Result<(), alloc[2fdc3f7464fcf288]::string::String>, fn() -> core[7c831bd917ebf35f]::result::Result<(), alloc[2fdc3f7464fcf288]::string::String>>
[INFO] [stdout]   19:     0x64403f0e6e35 - test[73009c9f9aebf890]::run_test::{closure#0}
[INFO] [stdout]   20:     0x64403f0e01f4 - std[104cf6e2632825ea]::sys::backtrace::__rust_begin_short_backtrace::<test[73009c9f9aebf890]::run_test::{closure#1}, ()>
[INFO] [stdout]   21:     0x64403f0e9f92 - <std[104cf6e2632825ea]::thread::lifecycle::spawn_unchecked<test[73009c9f9aebf890]::run_test::{closure#1}, ()>::{closure#1} as core[7c831bd917ebf35f]::ops::function::FnOnce<()>>::call_once::{shim:vtable#0}
[INFO] [stdout]   22:     0x64403f6711b9 - <std[104cf6e2632825ea]::sys::thread::unix::Thread>::new::thread_start
[INFO] [stdout]   23:     0x74584fd9d07a - <unknown>
[INFO] [stdout]   24:     0x74584fe30534 - clone
[INFO] [stdout]   25:                0x0 - <unknown>
[INFO] [stdout] 
[INFO] [stdout] ---- black_box_two_process_peer_fanout_and_partial_results stdout ----
[INFO] [stdout] 
[INFO] [stdout] thread 'black_box_two_process_peer_fanout_and_partial_results' (3147) panicked at tests/mesh.rs:653:5:
[INFO] [stdout] assertion failed: paths_value["paths"].as_array().unwrap().iter().any(|path|
[INFO] [stdout]         {
[INFO] [stdout]             path["host"] == "A" &&
[INFO] [stdout]                 path["path"].as_str().unwrap().ends_with("a-canary.txt")
[INFO] [stdout]         })
[INFO] [stdout] stack backtrace:
[INFO] [stdout]    0:     0x64403f672761 - <<std[104cf6e2632825ea]::sys::backtrace::BacktraceLock>::print::DisplayBacktrace as core[7c831bd917ebf35f]::fmt::Display>::fmt
[INFO] [stdout]    1:     0x64403f68aa8a - core[7c831bd917ebf35f]::fmt::write
[INFO] [stdout]    2:     0x64403f677ffc - <alloc[2fdc3f7464fcf288]::vec::Vec<u8> as core[7c831bd917ebf35f]::io::write::Write>::write_fmt
[INFO] [stdout]    3:     0x64403f649646 - std[104cf6e2632825ea]::panicking::default_hook::{closure#0}
[INFO] [stdout]    4:     0x64403f668a99 - std[104cf6e2632825ea]::panicking::default_hook
[INFO] [stdout]    5:     0x64403f0e64e0 - test[73009c9f9aebf890]::test_main_inner::<test[73009c9f9aebf890]::test_main_static::{closure#0}>::{closure#0}
[INFO] [stdout]    6:     0x64403f668dc2 - std[104cf6e2632825ea]::panicking::panic_with_hook
[INFO] [stdout]    7:     0x64403f649724 - std[104cf6e2632825ea]::panicking::panic_handler::{closure#0}
[INFO] [stdout]    8:     0x64403f6412b9 - std[104cf6e2632825ea]::sys::backtrace::__rust_end_short_backtrace::<std[104cf6e2632825ea]::panicking::panic_handler::{closure#0}, !>
[INFO] [stdout]    9:     0x64403f64a79d - __rustc[b0d56fa5b193ad05]::rust_begin_unwind
[INFO] [stdout]   10:     0x64403f68b26c - core[7c831bd917ebf35f]::panicking::panic_fmt
[INFO] [stdout]   11:     0x64403f68b232 - core[7c831bd917ebf35f]::panicking::panic
[INFO] [stdout]   12:     0x64403f053a20 - mesh[b3138ba93df5fd8c]::black_box_two_process_peer_fanout_and_partial_results::{closure#0}
[INFO] [stdout]   13:     0x64403f0a8ef1 - tokio[1b8d7195f7cd7ded]::runtime::context::runtime::enter_runtime::<<tokio[1b8d7195f7cd7ded]::runtime::scheduler::multi_thread::MultiThread>::block_on<core[7c831bd917ebf35f]::pin::Pin<&mut dyn core[7c831bd917ebf35f]::future::future::Future<Output = ()>>>::{closure#0}, ()>
[INFO] [stdout]   14:     0x64403f0aa21a - <tokio[1b8d7195f7cd7ded]::runtime::runtime::Runtime>::block_on::<core[7c831bd917ebf35f]::pin::Pin<&mut dyn core[7c831bd917ebf35f]::future::future::Future<Output = ()>>>
[INFO] [stdout]   15:     0x64403f06b722 - <mesh[b3138ba93df5fd8c]::black_box_two_process_peer_fanout_and_partial_results::{closure#0} as core[7c831bd917ebf35f]::ops::function::FnOnce<()>>::call_once
[INFO] [stdout]   16:     0x64403f0d97cb - test[73009c9f9aebf890]::__rust_begin_short_backtrace::<core[7c831bd917ebf35f]::result::Result<(), alloc[2fdc3f7464fcf288]::string::String>, fn() -> core[7c831bd917ebf35f]::result::Result<(), alloc[2fdc3f7464fcf288]::string::String>>
[INFO] [stdout]   17:     0x64403f0e6e35 - test[73009c9f9aebf890]::run_test::{closure#0}
[INFO] [stdout]   18:     0x64403f0e01f4 - std[104cf6e2632825ea]::sys::backtrace::__rust_begin_short_backtrace::<test[73009c9f9aebf890]::run_test::{closure#1}, ()>
[INFO] [stdout]   19:     0x64403f0e9f92 - <std[104cf6e2632825ea]::thread::lifecycle::spawn_unchecked<test[73009c9f9aebf890]::run_test::{closure#1}, ()>::{closure#1} as core[7c831bd917ebf35f]::ops::function::FnOnce<()>>::call_once::{shim:vtable#0}
[INFO] [stdout]   20:     0x64403f6711b9 - <std[104cf6e2632825ea]::sys::thread::unix::Thread>::new::thread_start
[INFO] [stdout]   21:     0x74584fd9d07a - <unknown>
[INFO] [stdout]   22:     0x74584fe30534 - clone
[INFO] [stdout]   23:                0x0 - <unknown>
[INFO] [stdout] 
[INFO] [stdout] 
[INFO] [stdout] failures:
[INFO] [stdout]     black_box_two_process_peer_fanout_and_partial_results
[INFO] [stdout]     malformed_search_inputs_are_failed_partial_mcp_results
[INFO] [stdout]     one_failed_root_continues_other_roots_and_reports_partial
[INFO] [stdout]     one_failed_root_continues_other_roots_for_path_search
[INFO] [stdout]     permission_denied_descendants_do_not_fail_path_search
[INFO] [stdout]     unreadable_root_remains_a_failed_partial_text_search
[INFO] [stdout] 
[INFO] [stdout] test result: FAILED. 11 passed; 6 failed; 0 ignored; 0 measured; 0 filtered out; finished in 1.29s
[INFO] [stdout] 
[INFO] running `Command { std: "docker" "inspect" "8ef795cbbf2f29b6f09906b3f8a9ec103af76bd311f2575be1327135200c3149", kill_on_drop: false }`
[INFO] running `Command { std: "docker" "rm" "-f" "8ef795cbbf2f29b6f09906b3f8a9ec103af76bd311f2575be1327135200c3149", kill_on_drop: false }`
[INFO] [stdout] 8ef795cbbf2f29b6f09906b3f8a9ec103af76bd311f2575be1327135200c3149
