[INFO] cloning repository https://github.com/maxperea/aoc2023
[INFO] running `Command { std: "git" "-c" "credential.helper=" "-c" "credential.helper=/workspace/cargo-home/bin/git-credential-null" "clone" "--bare" "https://github.com/maxperea/aoc2023" "/workspace/cache/git-repos/https%3A%2F%2Fgithub.com%2Fmaxperea%2Faoc2023", kill_on_drop: false }`
[INFO] [stderr] Cloning into bare repository '/workspace/cache/git-repos/https%3A%2F%2Fgithub.com%2Fmaxperea%2Faoc2023'...
[INFO] running `Command { std: "git" "rev-parse" "HEAD", kill_on_drop: false }`
[INFO] [stdout] d5815fe47763306c54ec4f74eae3e2878664cf4e
[INFO] testing maxperea/aoc2023 against 1.99.0-beta.1+cargoflags=--release for beta-release-1.99-2
[INFO] running `Command { std: "git" "clone" "/workspace/cache/git-repos/https%3A%2F%2Fgithub.com%2Fmaxperea%2Faoc2023" "/workspace/builds/worker-1-tc2/source", kill_on_drop: false }`
[INFO] [stderr] Cloning into '/workspace/builds/worker-1-tc2/source'...
[INFO] [stderr] done.
[INFO] removed /workspace/builds/worker-1-tc2/source/.cargo/config.toml
[INFO] started tweaking git repo https://github.com/maxperea/aoc2023
[INFO] finished tweaking git repo https://github.com/maxperea/aoc2023
[INFO] tweaked toml for git repo https://github.com/maxperea/aoc2023 written to /workspace/builds/worker-1-tc2/source/Cargo.toml
[INFO] validating manifest of git repo https://github.com/maxperea/aoc2023 on toolchain 1.99.0-beta.1
[INFO] running `Command { std: CARGO_HOME="/workspace/cargo-home" RUSTUP_HOME="/workspace/rustup-home" "/workspace/cargo-home/bin/cargo" "+1.99.0-beta.1" "metadata" "--manifest-path" "Cargo.toml" "--no-deps", kill_on_drop: false }`
[INFO] crate git repo https://github.com/maxperea/aoc2023 already has a lockfile, it will not be regenerated
[INFO] running `Command { std: CARGO_HOME="/workspace/cargo-home" RUSTUP_HOME="/workspace/rustup-home" "/workspace/cargo-home/bin/cargo" "+1.99.0-beta.1" "fetch" "--manifest-path" "Cargo.toml", kill_on_drop: false }`
[INFO] running `Command { std: "docker" "create" "-v" "/var/lib/crater-agent-workspace/builds/worker-1-tc2/source:/opt/rustwide/workdir:ro,Z" "-v" "/var/lib/crater-agent-workspace/builds/worker-1-tc2/target:/opt/rustwide/target:rw,Z" "-v" "/var/lib/crater-agent-workspace/cargo-home:/opt/rustwide/cargo-home:ro,Z" "-v" "/var/lib/crater-agent-workspace/rustup-home:/opt/rustwide/rustup-home:ro,Z" "-m" "1610612736" "--network" "none" "ghcr.io/rust-lang/crates-build-env/linux@sha256:8683fc1fc2eb5c9ac98e0d076ab094b2ffac7f99da555d2b6a2e27f346de2ec7" "sleep" "infinity", kill_on_drop: false }`
[INFO] [stdout] 2cc5a019f279019159842cb7375506d55be24ee6d29a37d8ddf55873454fb7bb
[INFO] running `Command { std: "docker" "start" "2cc5a019f279019159842cb7375506d55be24ee6d29a37d8ddf55873454fb7bb", kill_on_drop: false }`
[INFO] running `Command { std: "docker" "inspect" "2cc5a019f279019159842cb7375506d55be24ee6d29a37d8ddf55873454fb7bb", kill_on_drop: false }`
[INFO] running `Command { std: "docker" "exec" "-e" "SOURCE_DIR=/opt/rustwide/workdir" "-e" "CARGO_HOME=/opt/rustwide/cargo-home" "-e" "RUSTUP_HOME=/opt/rustwide/rustup-home" "-e" "CARGO_TARGET_DIR=/opt/rustwide/target" "-w" "/opt/rustwide/workdir" "--user" "0:0" "2cc5a019f279019159842cb7375506d55be24ee6d29a37d8ddf55873454fb7bb" "/opt/rustwide/cargo-home/bin/cargo" "+1.99.0-beta.1" "metadata" "--no-deps" "--format-version=1", kill_on_drop: false }`
[INFO] running `Command { std: "docker" "inspect" "2cc5a019f279019159842cb7375506d55be24ee6d29a37d8ddf55873454fb7bb", kill_on_drop: false }`
[INFO] running `Command { std: "docker" "exec" "-e" "SOURCE_DIR=/opt/rustwide/workdir" "-e" "CARGO_HOME=/opt/rustwide/cargo-home" "-e" "RUSTUP_HOME=/opt/rustwide/rustup-home" "-e" "CARGO_TARGET_DIR=/opt/rustwide/target" "-e" "CARGO_INCREMENTAL=0" "-e" "RUST_BACKTRACE=full" "-e" "RUSTFLAGS=--cap-lints=warn" "-e" "RUSTDOCFLAGS=--cap-lints=warn" "-w" "/opt/rustwide/workdir" "--user" "0:0" "2cc5a019f279019159842cb7375506d55be24ee6d29a37d8ddf55873454fb7bb" "/opt/rustwide/cargo-home/bin/cargo" "+1.99.0-beta.1" "build" "--frozen" "--message-format=json" "--release", kill_on_drop: false }`
[INFO] [stderr]    Compiling num-traits v0.2.17
[INFO] [stderr]    Compiling memchr v2.6.4
[INFO] [stderr]    Compiling num-integer v0.1.45
[INFO] [stderr]    Compiling regex-syntax v0.8.2
[INFO] [stderr]    Compiling either v1.9.0
[INFO] [stderr]    Compiling itertools v0.12.0
[INFO] [stderr]    Compiling aho-corasick v1.1.2
[INFO] [stderr]    Compiling regex-automata v0.4.3
[INFO] [stderr]    Compiling regex v1.10.2
[INFO] [stderr]    Compiling advent_of_code v0.9.2 (/opt/rustwide/workdir)
[INFO] [stdout] warning: type alias `Position` is never used
[INFO] [stdout]    --> src/bin/10.rs:151:6
[INFO] [stdout]     |
[INFO] [stdout] 151 | type Position = (usize, usize);
[INFO] [stdout]     |      ^^^^^^^^
[INFO] [stdout]     |
[INFO] [stdout]     = note: `#[warn(dead_code)]` (part of `#[warn(unused)]`) on by default
[INFO] [stdout] 
[INFO] [stdout] 
[INFO] [stdout] warning: function `part_two_math` is never used
[INFO] [stdout]    --> src/bin/10.rs:153:4
[INFO] [stdout]     |
[INFO] [stdout] 153 | fn part_two_math(input: &str) -> Option<u32> {
[INFO] [stdout]     |    ^^^^^^^^^^^^^
[INFO] [stdout] 
[INFO] [stdout] 
[INFO] [stdout] warning: function `get_loop_vec` is never used
[INFO] [stdout]    --> src/bin/10.rs:157:4
[INFO] [stdout]     |
[INFO] [stdout] 157 | fn get_loop_vec(map: &Vec<Vec<Pipe>>) -> Vec<Position> {
[INFO] [stdout]     |    ^^^^^^^^^^^^
[INFO] [stdout] 
[INFO] [stdout] 
[INFO] [stdout] warning: function `calc_interior` is never used
[INFO] [stdout]    --> src/bin/10.rs:171:4
[INFO] [stdout]     |
[INFO] [stdout] 171 | fn calc_interior(pipe_loop: &[Position]) -> u32 {
[INFO] [stdout]     |    ^^^^^^^^^^^^^
[INFO] [stdout] 
[INFO] [stdout] 
[INFO] [stderr]     Finished `release` profile [optimized] target(s) in 20.09s
[INFO] running `Command { std: "docker" "inspect" "2cc5a019f279019159842cb7375506d55be24ee6d29a37d8ddf55873454fb7bb", kill_on_drop: false }`
[INFO] running `Command { std: "docker" "exec" "-e" "SOURCE_DIR=/opt/rustwide/workdir" "-e" "CARGO_HOME=/opt/rustwide/cargo-home" "-e" "RUSTUP_HOME=/opt/rustwide/rustup-home" "-e" "CARGO_TARGET_DIR=/opt/rustwide/target" "-e" "CARGO_INCREMENTAL=0" "-e" "RUST_BACKTRACE=full" "-e" "RUSTFLAGS=--cap-lints=warn" "-e" "RUSTDOCFLAGS=--cap-lints=warn" "-w" "/opt/rustwide/workdir" "--user" "0:0" "2cc5a019f279019159842cb7375506d55be24ee6d29a37d8ddf55873454fb7bb" "/opt/rustwide/cargo-home/bin/cargo" "+1.99.0-beta.1" "test" "--frozen" "--no-run" "--message-format=json" "--release", kill_on_drop: false }`
[INFO] [stderr]    Compiling advent_of_code v0.9.2 (/opt/rustwide/workdir)
[INFO] [stdout] warning: unused import: `super::*`
[INFO] [stdout]    --> src/bin/10.rs:192:9
[INFO] [stdout]     |
[INFO] [stdout] 192 |     use super::*;
[INFO] [stdout]     |         ^^^^^^^^
[INFO] [stdout]     |
[INFO] [stdout]     = note: `#[warn(unused_imports)]` (part of `#[warn(unused)]`) on by default
[INFO] [stdout] 
[INFO] [stdout] 
[INFO] [stdout] warning: type alias `Position` is never used
[INFO] [stdout]    --> src/bin/10.rs:151:6
[INFO] [stdout]     |
[INFO] [stdout] 151 | type Position = (usize, usize);
[INFO] [stdout]     |      ^^^^^^^^
[INFO] [stdout]     |
[INFO] [stdout]     = note: `#[warn(dead_code)]` (part of `#[warn(unused)]`) on by default
[INFO] [stdout] 
[INFO] [stdout] 
[INFO] [stdout] warning: function `part_two_math` is never used
[INFO] [stdout]    --> src/bin/10.rs:153:4
[INFO] [stdout]     |
[INFO] [stdout] 153 | fn part_two_math(input: &str) -> Option<u32> {
[INFO] [stdout]     |    ^^^^^^^^^^^^^
[INFO] [stdout] 
[INFO] [stdout] 
[INFO] [stdout] warning: function `get_loop_vec` is never used
[INFO] [stdout]    --> src/bin/10.rs:157:4
[INFO] [stdout]     |
[INFO] [stdout] 157 | fn get_loop_vec(map: &Vec<Vec<Pipe>>) -> Vec<Position> {
[INFO] [stdout]     |    ^^^^^^^^^^^^
[INFO] [stdout] 
[INFO] [stdout] 
[INFO] [stdout] warning: function `calc_interior` is never used
[INFO] [stdout]    --> src/bin/10.rs:171:4
[INFO] [stdout]     |
[INFO] [stdout] 171 | fn calc_interior(pipe_loop: &[Position]) -> u32 {
[INFO] [stdout]     |    ^^^^^^^^^^^^^
[INFO] [stdout] 
[INFO] [stdout] 
[INFO] [stderr]     Finished `release` profile [optimized] target(s) in 3.02s
[INFO] running `Command { std: "docker" "inspect" "2cc5a019f279019159842cb7375506d55be24ee6d29a37d8ddf55873454fb7bb", kill_on_drop: false }`
[INFO] running `Command { std: "docker" "exec" "-e" "SOURCE_DIR=/opt/rustwide/workdir" "-e" "CARGO_HOME=/opt/rustwide/cargo-home" "-e" "RUSTUP_HOME=/opt/rustwide/rustup-home" "-e" "CARGO_TARGET_DIR=/opt/rustwide/target" "-e" "CARGO_INCREMENTAL=0" "-e" "RUST_BACKTRACE=full" "-e" "RUSTFLAGS=--cap-lints=warn" "-e" "RUSTDOCFLAGS=--cap-lints=warn" "-w" "/opt/rustwide/workdir" "--user" "0:0" "2cc5a019f279019159842cb7375506d55be24ee6d29a37d8ddf55873454fb7bb" "/opt/rustwide/cargo-home/bin/cargo" "+1.99.0-beta.1" "test" "--frozen" "--release", kill_on_drop: false }`
[INFO] [stderr] warning: unused import: `super::*`
[INFO] [stdout] 
[INFO] [stderr]    --> src/bin/10.rs:192:9
[INFO] [stdout] running 0 tests
[INFO] [stderr]     |
[INFO] [stdout] 
[INFO] [stderr] 192 |     use super::*;
[INFO] [stdout] test result: ok. 0 passed; 0 failed; 0 ignored; 0 measured; 0 filtered out; finished in 0.00s
[INFO] [stderr]     |         ^^^^^^^^
[INFO] [stdout] 
[INFO] [stderr]     |
[INFO] [stdout] 
[INFO] [stderr]     = note: `#[warn(unused_imports)]` (part of `#[warn(unused)]`) on by default
[INFO] [stdout] running 2 tests
[INFO] [stderr] 
[INFO] [stdout] test tests::test_part_one ... FAILED
[INFO] [stderr] warning: type alias `Position` is never used
[INFO] [stdout] test tests::test_part_two ... FAILED
[INFO] [stderr]    --> src/bin/10.rs:151:6
[INFO] [stdout] 
[INFO] [stderr]     |
[INFO] [stdout] failures:
[INFO] [stderr] 151 | type Position = (usize, usize);
[INFO] [stdout] 
[INFO] [stderr]     |      ^^^^^^^^
[INFO] [stdout] ---- tests::test_part_one stdout ----
[INFO] [stderr]     |
[INFO] [stdout] 
[INFO] [stderr]     = note: `#[warn(dead_code)]` (part of `#[warn(unused)]`) on by default
[INFO] [stdout] thread 'tests::test_part_one' (1259) panicked at src/template/mod.rs:19:7:
[INFO] [stderr] 
[INFO] [stdout] could not open input file: Os { code: 2, kind: NotFound, message: "No such file or directory" }
[INFO] [stderr] warning: function `part_two_math` is never used
[INFO] [stdout] stack backtrace:
[INFO] [stderr]    --> src/bin/10.rs:153:4
[INFO] [stdout]    0:     0x5db487c97c31 - <<std[104cf6e2632825ea]::sys::backtrace::BacktraceLock>::print::DisplayBacktrace as core[7c831bd917ebf35f]::fmt::Display>::fmt
[INFO] [stderr]     |
[INFO] [stdout]    1:     0x5db487cabe7a - core[7c831bd917ebf35f]::fmt::write
[INFO] [stderr] 153 | fn part_two_math(input: &str) -> Option<u32> {
[INFO] [stdout]    2:     0x5db487c9c0cc - <alloc[2fdc3f7464fcf288]::vec::Vec<u8> as core[7c831bd917ebf35f]::io::write::Write>::write_fmt
[INFO] [stderr]     |    ^^^^^^^^^^^^^
[INFO] [stdout]    3:     0x5db487c73d16 - std[104cf6e2632825ea]::panicking::default_hook::{closure#0}
[INFO] [stderr] 
[INFO] [stdout]    4:     0x5db487c8ffd9 - std[104cf6e2632825ea]::panicking::default_hook
[INFO] [stderr] warning: function `get_loop_vec` is never used
[INFO] [stdout]    5:     0x5db487c2ba70 - test[73009c9f9aebf890]::test_main_inner::<test[73009c9f9aebf890]::test_main_static::{closure#0}>::{closure#0}
[INFO] [stderr]    --> src/bin/10.rs:157:4
[INFO] [stdout]    6:     0x5db487c90192 - std[104cf6e2632825ea]::panicking::panic_with_hook
[INFO] [stderr]     |
[INFO] [stdout]    7:     0x5db487c73dc2 - std[104cf6e2632825ea]::panicking::panic_handler::{closure#0}
[INFO] [stderr] 157 | fn get_loop_vec(map: &Vec<Vec<Pipe>>) -> Vec<Position> {
[INFO] [stdout]    8:     0x5db487c6c219 - std[104cf6e2632825ea]::sys::backtrace::__rust_end_short_backtrace::<std[104cf6e2632825ea]::panicking::panic_handler::{closure#0}, !>
[INFO] [stderr]     |    ^^^^^^^^^^^^
[INFO] [stdout]    9:     0x5db487c749bd - __rustc[b0d56fa5b193ad05]::rust_begin_unwind
[INFO] [stderr] 
[INFO] [stdout]   10:     0x5db487cac5ac - core[7c831bd917ebf35f]::panicking::panic_fmt
[INFO] [stderr] warning: function `calc_interior` is never used
[INFO] [stdout]   11:     0x5db487cac382 - core[7c831bd917ebf35f]::result::unwrap_failed
[INFO] [stderr]    --> src/bin/10.rs:171:4
[INFO] [stdout]   12:     0x5db487c5fcbe - advent_of_code[ed21b086989f88e8]::template::read_file
[INFO] [stderr]     |
[INFO] [stdout]   13:     0x5db487c1df27 - <01[dc11192e91b7ff38]::tests::test_part_one::{closure#0} as core[7c831bd917ebf35f]::ops::function::FnOnce<()>>::call_once
[INFO] [stderr] 171 | fn calc_interior(pipe_loop: &[Position]) -> u32 {
[INFO] [stdout]   14:     0x5db487c1ed5b - test[73009c9f9aebf890]::__rust_begin_short_backtrace::<core[7c831bd917ebf35f]::result::Result<(), alloc[2fdc3f7464fcf288]::string::String>, fn() -> core[7c831bd917ebf35f]::result::Result<(), alloc[2fdc3f7464fcf288]::string::String>>
[INFO] [stderr]     |    ^^^^^^^^^^^^^
[INFO] [stdout]   15:     0x5db487c2c3c5 - test[73009c9f9aebf890]::run_test::{closure#0}
[INFO] [stderr] 
[INFO] [stdout]   16:     0x5db487c25784 - std[104cf6e2632825ea]::sys::backtrace::__rust_begin_short_backtrace::<test[73009c9f9aebf890]::run_test::{closure#1}, ()>
[INFO] [stderr] warning: `advent_of_code` (bin "10" test) generated 5 warnings (run `cargo fix --bin "10" -p advent_of_code --tests` to apply 1 suggestion)
[INFO] [stdout]   17:     0x5db487c2f522 - <std[104cf6e2632825ea]::thread::lifecycle::spawn_unchecked<test[73009c9f9aebf890]::run_test::{closure#1}, ()>::{closure#1} as core[7c831bd917ebf35f]::ops::function::FnOnce<()>>::call_once::{shim:vtable#0}
[INFO] [stderr]     Finished `release` profile [optimized] target(s) in 0.02s
[INFO] [stdout]   18:     0x5db487c97199 - <std[104cf6e2632825ea]::sys::thread::unix::Thread>::new::thread_start
[INFO] [stderr]      Running unittests src/lib.rs (/opt/rustwide/target/release/deps/advent_of_code-ab630a5eef5ef03e)
[INFO] [stdout]   19:     0x783582d1b07a - <unknown>
[INFO] [stderr]      Running unittests src/bin/01.rs (/opt/rustwide/target/release/deps/01-2c50373f64725177)
[INFO] [stdout]   20:     0x783582dae534 - clone
[INFO] [stderr] error: test failed, to rerun pass `--bin 01`
[INFO] [stdout]   21:                0x0 - <unknown>
[INFO] [stdout] 
[INFO] [stdout] ---- tests::test_part_two stdout ----
[INFO] [stdout] 
[INFO] [stdout] thread 'tests::test_part_two' (1260) panicked at src/template/mod.rs:19:7:
[INFO] [stdout] could not open input file: Os { code: 2, kind: NotFound, message: "No such file or directory" }
[INFO] [stdout] stack backtrace:
[INFO] [stdout]    0:     0x5db487c97c31 - <<std[104cf6e2632825ea]::sys::backtrace::BacktraceLock>::print::DisplayBacktrace as core[7c831bd917ebf35f]::fmt::Display>::fmt
[INFO] [stdout]    1:     0x5db487cabe7a - core[7c831bd917ebf35f]::fmt::write
[INFO] [stdout]    2:     0x5db487c9c0cc - <alloc[2fdc3f7464fcf288]::vec::Vec<u8> as core[7c831bd917ebf35f]::io::write::Write>::write_fmt
[INFO] [stdout]    3:     0x5db487c73d16 - std[104cf6e2632825ea]::panicking::default_hook::{closure#0}
[INFO] [stdout]    4:     0x5db487c8ffd9 - std[104cf6e2632825ea]::panicking::default_hook
[INFO] [stdout]    5:     0x5db487c2ba70 - test[73009c9f9aebf890]::test_main_inner::<test[73009c9f9aebf890]::test_main_static::{closure#0}>::{closure#0}
[INFO] [stdout]    6:     0x5db487c90192 - std[104cf6e2632825ea]::panicking::panic_with_hook
[INFO] [stdout]    7:     0x5db487c73dc2 - std[104cf6e2632825ea]::panicking::panic_handler::{closure#0}
[INFO] [stdout]    8:     0x5db487c6c219 - std[104cf6e2632825ea]::sys::backtrace::__rust_end_short_backtrace::<std[104cf6e2632825ea]::panicking::panic_handler::{closure#0}, !>
[INFO] [stdout]    9:     0x5db487c749bd - __rustc[b0d56fa5b193ad05]::rust_begin_unwind
[INFO] [stdout]   10:     0x5db487cac5ac - core[7c831bd917ebf35f]::panicking::panic_fmt
[INFO] [stdout]   11:     0x5db487cac382 - core[7c831bd917ebf35f]::result::unwrap_failed
[INFO] [stdout]   12:     0x5db487c5fcbe - advent_of_code[ed21b086989f88e8]::template::read_file
[INFO] [stdout]   13:     0x5db487c1dfe3 - <01[dc11192e91b7ff38]::tests::test_part_two::{closure#0} as core[7c831bd917ebf35f]::ops::function::FnOnce<()>>::call_once
[INFO] [stdout]   14:     0x5db487c1ed5b - test[73009c9f9aebf890]::__rust_begin_short_backtrace::<core[7c831bd917ebf35f]::result::Result<(), alloc[2fdc3f7464fcf288]::string::String>, fn() -> core[7c831bd917ebf35f]::result::Result<(), alloc[2fdc3f7464fcf288]::string::String>>
[INFO] [stdout]   15:     0x5db487c2c3c5 - test[73009c9f9aebf890]::run_test::{closure#0}
[INFO] [stdout]   16:     0x5db487c25784 - std[104cf6e2632825ea]::sys::backtrace::__rust_begin_short_backtrace::<test[73009c9f9aebf890]::run_test::{closure#1}, ()>
[INFO] [stdout]   17:     0x5db487c2f522 - <std[104cf6e2632825ea]::thread::lifecycle::spawn_unchecked<test[73009c9f9aebf890]::run_test::{closure#1}, ()>::{closure#1} as core[7c831bd917ebf35f]::ops::function::FnOnce<()>>::call_once::{shim:vtable#0}
[INFO] [stdout]   18:     0x5db487c97199 - <std[104cf6e2632825ea]::sys::thread::unix::Thread>::new::thread_start
[INFO] [stdout]   19:     0x783582d1b07a - <unknown>
[INFO] [stdout]   20:     0x783582dae534 - clone
[INFO] [stdout]   21:                0x0 - <unknown>
[INFO] [stdout] 
[INFO] [stdout] 
[INFO] [stdout] failures:
[INFO] [stdout]     tests::test_part_one
[INFO] [stdout]     tests::test_part_two
[INFO] [stdout] 
[INFO] [stdout] test result: FAILED. 0 passed; 2 failed; 0 ignored; 0 measured; 0 filtered out; finished in 0.00s
[INFO] [stdout] 
[INFO] running `Command { std: "docker" "inspect" "2cc5a019f279019159842cb7375506d55be24ee6d29a37d8ddf55873454fb7bb", kill_on_drop: false }`
[INFO] running `Command { std: "docker" "rm" "-f" "2cc5a019f279019159842cb7375506d55be24ee6d29a37d8ddf55873454fb7bb", kill_on_drop: false }`
[INFO] [stdout] 2cc5a019f279019159842cb7375506d55be24ee6d29a37d8ddf55873454fb7bb
