[INFO] cloning repository https://github.com/matias-ferrero/Sistema-YPF-Ruta
[INFO] running `Command { std: "git" "-c" "credential.helper=" "-c" "credential.helper=/workspace/cargo-home/bin/git-credential-null" "clone" "--bare" "https://github.com/matias-ferrero/Sistema-YPF-Ruta" "/workspace/cache/git-repos/https%3A%2F%2Fgithub.com%2Fmatias-ferrero%2FSistema-YPF-Ruta", kill_on_drop: false }`
[INFO] [stderr] Cloning into bare repository '/workspace/cache/git-repos/https%3A%2F%2Fgithub.com%2Fmatias-ferrero%2FSistema-YPF-Ruta'...
[INFO] running `Command { std: "git" "rev-parse" "HEAD", kill_on_drop: false }`
[INFO] [stdout] 2ccc293531804f1fc3e0ebcd949f2f1aaf4526f7
[INFO] testing matias-ferrero/Sistema-YPF-Ruta against 1.98.0-beta.8+cargoflags=--release for beta-release-1.99-2
[INFO] running `Command { std: "git" "clone" "/workspace/cache/git-repos/https%3A%2F%2Fgithub.com%2Fmatias-ferrero%2FSistema-YPF-Ruta" "/workspace/builds/worker-1-tc1/source", kill_on_drop: false }`
[INFO] [stderr] Cloning into '/workspace/builds/worker-1-tc1/source'...
[INFO] [stderr] done.
[INFO] started tweaking git repo https://github.com/matias-ferrero/Sistema-YPF-Ruta
[INFO] finished tweaking git repo https://github.com/matias-ferrero/Sistema-YPF-Ruta
[INFO] tweaked toml for git repo https://github.com/matias-ferrero/Sistema-YPF-Ruta written to /workspace/builds/worker-1-tc1/source/Cargo.toml
[INFO] validating manifest of git repo https://github.com/matias-ferrero/Sistema-YPF-Ruta on toolchain 1.98.0-beta.8
[INFO] running `Command { std: CARGO_HOME="/workspace/cargo-home" RUSTUP_HOME="/workspace/rustup-home" "/workspace/cargo-home/bin/cargo" "+1.98.0-beta.8" "metadata" "--manifest-path" "Cargo.toml" "--no-deps", kill_on_drop: false }`
[INFO] crate git repo https://github.com/matias-ferrero/Sistema-YPF-Ruta already has a lockfile, it will not be regenerated
[INFO] running `Command { std: CARGO_HOME="/workspace/cargo-home" RUSTUP_HOME="/workspace/rustup-home" "/workspace/cargo-home/bin/cargo" "+1.98.0-beta.8" "fetch" "--manifest-path" "Cargo.toml", kill_on_drop: false }`
[INFO] [stderr]     Updating crates.io index
[INFO] [stderr]  Downloading crates ...
[INFO] [stderr]   Downloaded quinn-udp v0.4.1
[INFO] [stderr]   Downloaded quinn v0.10.2
[INFO] [stderr]   Downloaded actix_async_handler v0.1.0
[INFO] [stderr]   Downloaded env_filter v0.1.4
[INFO] [stderr]   Downloaded rust-format v0.3.4
[INFO] [stderr]   Downloaded jiff-static v0.2.16
[INFO] [stderr]   Downloaded rcgen v0.11.3
[INFO] [stderr]   Downloaded quinn-proto v0.10.6
[INFO] [stderr]   Downloaded jiff v0.2.16
[INFO] running `Command { std: "docker" "create" "-v" "/var/lib/crater-agent-workspace/builds/worker-1-tc1/source:/opt/rustwide/workdir:ro,Z" "-v" "/var/lib/crater-agent-workspace/builds/worker-1-tc1/target:/opt/rustwide/target:rw,Z" "-v" "/var/lib/crater-agent-workspace/cargo-home:/opt/rustwide/cargo-home:ro,Z" "-v" "/var/lib/crater-agent-workspace/rustup-home:/opt/rustwide/rustup-home:ro,Z" "-m" "1610612736" "--network" "none" "ghcr.io/rust-lang/crates-build-env/linux@sha256:8683fc1fc2eb5c9ac98e0d076ab094b2ffac7f99da555d2b6a2e27f346de2ec7" "sleep" "infinity", kill_on_drop: false }`
[INFO] [stdout] b97dcc6ceaf0531165d094a41aff2e05bbf2b514650b96e5f67f87c3a28c10ec
[INFO] running `Command { std: "docker" "start" "b97dcc6ceaf0531165d094a41aff2e05bbf2b514650b96e5f67f87c3a28c10ec", kill_on_drop: false }`
[INFO] running `Command { std: "docker" "inspect" "b97dcc6ceaf0531165d094a41aff2e05bbf2b514650b96e5f67f87c3a28c10ec", kill_on_drop: false }`
[INFO] running `Command { std: "docker" "exec" "-e" "SOURCE_DIR=/opt/rustwide/workdir" "-e" "CARGO_HOME=/opt/rustwide/cargo-home" "-e" "RUSTUP_HOME=/opt/rustwide/rustup-home" "-e" "CARGO_TARGET_DIR=/opt/rustwide/target" "-w" "/opt/rustwide/workdir" "--user" "0:0" "b97dcc6ceaf0531165d094a41aff2e05bbf2b514650b96e5f67f87c3a28c10ec" "/opt/rustwide/cargo-home/bin/cargo" "+1.98.0-beta.8" "metadata" "--no-deps" "--format-version=1", kill_on_drop: false }`
[INFO] running `Command { std: "docker" "inspect" "b97dcc6ceaf0531165d094a41aff2e05bbf2b514650b96e5f67f87c3a28c10ec", kill_on_drop: false }`
[INFO] running `Command { std: "docker" "exec" "-e" "SOURCE_DIR=/opt/rustwide/workdir" "-e" "CARGO_HOME=/opt/rustwide/cargo-home" "-e" "RUSTUP_HOME=/opt/rustwide/rustup-home" "-e" "CARGO_TARGET_DIR=/opt/rustwide/target" "-e" "CARGO_INCREMENTAL=0" "-e" "RUST_BACKTRACE=full" "-e" "RUSTFLAGS=--cap-lints=warn" "-e" "RUSTDOCFLAGS=--cap-lints=warn" "-w" "/opt/rustwide/workdir" "--user" "0:0" "b97dcc6ceaf0531165d094a41aff2e05bbf2b514650b96e5f67f87c3a28c10ec" "/opt/rustwide/cargo-home/bin/cargo" "+1.98.0-beta.8" "build" "--frozen" "--message-format=json" "--release", kill_on_drop: false }`
[INFO] [stderr]    Compiling libc v0.2.177
[INFO] [stderr]    Compiling zerocopy v0.8.30
[INFO] [stderr]    Compiling log v0.4.28
[INFO] [stderr]    Compiling cc v1.2.47
[INFO] [stderr]    Compiling tracing-core v0.1.34
[INFO] [stderr]    Compiling serde_core v1.0.228
[INFO] [stderr]    Compiling rustls v0.21.12
[INFO] [stderr]    Compiling aho-corasick v1.1.4
[INFO] [stderr]    Compiling openssl-probe v0.1.6
[INFO] [stderr]    Compiling syn v2.0.111
[INFO] [stderr]    Compiling typeid v1.0.3
[INFO] [stderr]    Compiling regex-syntax v0.8.8
[INFO] [stderr]    Compiling tinyvec v1.10.0
[INFO] [stderr]    Compiling futures-sink v0.3.31
[INFO] [stderr]    Compiling erased-serde v0.4.9
[INFO] [stderr]    Compiling futures-task v0.3.31
[INFO] [stderr]    Compiling crossbeam-channel v0.5.15
[INFO] [stderr]    Compiling rustls-native-certs v0.6.3
[INFO] [stderr]    Compiling futures-util v0.3.31
[INFO] [stderr]    Compiling rust-format v0.3.4
[INFO] [stderr]    Compiling humantime v2.3.0
[INFO] [stderr]    Compiling anstream v0.6.21
[INFO] [stderr]    Compiling jiff v0.2.16
[INFO] [stderr]    Compiling deranged v0.5.5
[INFO] [stderr]    Compiling time-core v0.1.6
[INFO] [stderr]    Compiling anyhow v1.0.100
[INFO] [stderr]    Compiling pem v3.0.6
[INFO] [stderr]    Compiling syn v1.0.109
[INFO] [stderr]    Compiling iana-time-zone v0.1.64
[INFO] [stderr]    Compiling time v0.3.44
[INFO] [stderr]    Compiling ring v0.17.14
[INFO] [stderr]    Compiling ring v0.16.20
[INFO] [stderr]    Compiling getrandom v0.2.16
[INFO] [stderr]    Compiling parking_lot_core v0.9.12
[INFO] [stderr]    Compiling signal-hook-registry v1.4.7
[INFO] [stderr]    Compiling mio v1.1.0
[INFO] [stderr]    Compiling socket2 v0.6.1
[INFO] [stderr]    Compiling socket2 v0.5.10
[INFO] [stderr]    Compiling rand_core v0.6.4
[INFO] [stderr]    Compiling parking_lot v0.12.5
[INFO] [stderr]    Compiling is-terminal v0.4.17
[INFO] [stderr]    Compiling serde_json v1.0.145
[INFO] [stderr]    Compiling regex-automata v0.4.13
[INFO] [stderr]    Compiling getrandom v0.3.4
[INFO] [stderr]    Compiling ppv-lite86 v0.2.21
[INFO] [stderr]    Compiling yasna v0.5.2
[INFO] [stderr]    Compiling rand_core v0.9.3
[INFO] [stderr]    Compiling rand_chacha v0.3.1
[INFO] [stderr]    Compiling rand_chacha v0.9.0
[INFO] [stderr]    Compiling rand v0.8.5
[INFO] [stderr]    Compiling rand v0.9.2
[INFO] [stderr]    Compiling tokio-macros v1.8.2
[INFO] [stderr]    Compiling tokio-macros v2.6.0
[INFO] [stderr]    Compiling tracing-attributes v0.1.30
[INFO] [stderr]    Compiling thiserror-impl v1.0.69
[INFO] [stderr]    Compiling serde_derive v1.0.228
[INFO] [stderr]    Compiling actix-macros v0.2.4
[INFO] [stderr]    Compiling actix_derive v0.6.2
[INFO] [stderr]    Compiling actix_async_handler v0.1.0
[INFO] [stderr]    Compiling num-derive v0.4.2
[INFO] [stderr]    Compiling regex v1.12.2
[INFO] [stderr]    Compiling tokio v1.48.0
[INFO] [stderr]    Compiling env_logger v0.10.2
[INFO] [stderr]    Compiling env_filter v0.1.4
[INFO] [stderr]    Compiling thiserror v1.0.69
[INFO] [stderr]    Compiling env_logger v0.11.8
[INFO] [stderr]    Compiling tracing v0.1.41
[INFO] [stderr]    Compiling quinn-udp v0.4.1
[INFO] [stderr]    Compiling serde v1.0.228
[INFO] [stderr]    Compiling chrono v0.4.42
[INFO] [stderr]    Compiling rcgen v0.11.3
[INFO] [stderr]    Compiling tokio-util v0.7.17
[INFO] [stderr]    Compiling actix-rt v2.11.0
[INFO] [stderr]    Compiling tokio-stream v0.1.17
[INFO] [stderr]    Compiling actix v0.13.5
[INFO] [stderr]    Compiling sct v0.7.1
[INFO] [stderr]    Compiling rustls-webpki v0.101.7
[INFO] [stderr]    Compiling quinn-proto v0.10.6
[INFO] [stderr]    Compiling quinn v0.10.2
[INFO] [stderr]    Compiling common v0.1.0 (/opt/rustwide/workdir/common)
[INFO] [stderr]    Compiling company v0.1.0 (/opt/rustwide/workdir/company)
[INFO] [stderr]    Compiling card v0.1.0 (/opt/rustwide/workdir/card)
[INFO] [stderr]    Compiling company_admin v0.1.0 (/opt/rustwide/workdir/company_admin)
[INFO] [stderr]    Compiling regional_admin v0.1.0 (/opt/rustwide/workdir/regional_admin)
[INFO] [stdout] warning: unused import: `debug`
[INFO] [stdout]  --> regional_admin/src/connection_actor.rs:5:11
[INFO] [stdout]   |
[INFO] [stdout] 5 | use log::{debug, error};
[INFO] [stdout]   |           ^^^^^
[INFO] [stdout]   |
[INFO] [stdout]   = note: `#[warn(unused_imports)]` (part of `#[warn(unused)]`) on by default
[INFO] [stdout] 
[INFO] [stdout] 
[INFO] [stdout] warning: unused import: `log::debug`
[INFO] [stdout]  --> regional_admin/src/regional_admin.rs:7:5
[INFO] [stdout]   |
[INFO] [stdout] 7 | use log::debug;
[INFO] [stdout]   |     ^^^^^^^^^^
[INFO] [stdout] 
[INFO] [stdout] 
[INFO] [stderr]    Compiling gas_pump v0.1.0 (/opt/rustwide/workdir/gas_pump)
[INFO] [stdout] warning: unused import: `info`
[INFO] [stdout]   --> gas_pump/src/pump.rs:26:18
[INFO] [stdout]    |
[INFO] [stdout] 26 | use log::{error, info};
[INFO] [stdout]    |                  ^^^^
[INFO] [stdout]    |
[INFO] [stdout]    = note: `#[warn(unused_imports)]` (part of `#[warn(unused)]`) on by default
[INFO] [stdout] 
[INFO] [stdout] 
[INFO] [stdout] warning: unused import: `debug`
[INFO] [stdout]  --> regional_admin/src/connection_actor.rs:5:11
[INFO] [stdout]   |
[INFO] [stdout] 5 | use log::{debug, error};
[INFO] [stdout]   |           ^^^^^
[INFO] [stdout]   |
[INFO] [stdout]   = note: `#[warn(unused_imports)]` (part of `#[warn(unused)]`) on by default
[INFO] [stdout] 
[INFO] [stdout] 
[INFO] [stdout] warning: unused import: `log::debug`
[INFO] [stdout]  --> regional_admin/src/regional_admin.rs:7:5
[INFO] [stdout]   |
[INFO] [stdout] 7 | use log::debug;
[INFO] [stdout]   |     ^^^^^^^^^^
[INFO] [stdout] 
[INFO] [stdout] 
[INFO] [stderr]    Compiling tests v0.1.0 (/opt/rustwide/workdir/tests)
[INFO] [stdout] warning: unused import: `info`
[INFO] [stdout]   --> gas_pump/src/pump.rs:26:18
[INFO] [stdout]    |
[INFO] [stdout] 26 | use log::{error, info};
[INFO] [stdout]    |                  ^^^^
[INFO] [stdout]    |
[INFO] [stdout]    = note: `#[warn(unused_imports)]` (part of `#[warn(unused)]`) on by default
[INFO] [stdout] 
[INFO] [stdout] 
[INFO] [stderr]     Finished `release` profile [optimized] target(s) in 2m 45s
[INFO] running `Command { std: "docker" "inspect" "b97dcc6ceaf0531165d094a41aff2e05bbf2b514650b96e5f67f87c3a28c10ec", kill_on_drop: false }`
[INFO] running `Command { std: "docker" "exec" "-e" "SOURCE_DIR=/opt/rustwide/workdir" "-e" "CARGO_HOME=/opt/rustwide/cargo-home" "-e" "RUSTUP_HOME=/opt/rustwide/rustup-home" "-e" "CARGO_TARGET_DIR=/opt/rustwide/target" "-e" "CARGO_INCREMENTAL=0" "-e" "RUST_BACKTRACE=full" "-e" "RUSTFLAGS=--cap-lints=warn" "-e" "RUSTDOCFLAGS=--cap-lints=warn" "-w" "/opt/rustwide/workdir" "--user" "0:0" "b97dcc6ceaf0531165d094a41aff2e05bbf2b514650b96e5f67f87c3a28c10ec" "/opt/rustwide/cargo-home/bin/cargo" "+1.98.0-beta.8" "test" "--frozen" "--no-run" "--message-format=json" "--release", kill_on_drop: false }`
[INFO] [stderr]    Compiling common v0.1.0 (/opt/rustwide/workdir/common)
[INFO] [stderr]    Compiling company v0.1.0 (/opt/rustwide/workdir/company)
[INFO] [stderr]    Compiling company_admin v0.1.0 (/opt/rustwide/workdir/company_admin)
[INFO] [stdout] warning: unused import: `debug`
[INFO] [stdout]  --> regional_admin/src/connection_actor.rs:5:11
[INFO] [stdout]   |
[INFO] [stdout] 5 | use log::{debug, error};
[INFO] [stdout]   |           ^^^^^
[INFO] [stdout]   |
[INFO] [stdout]   = note: `#[warn(unused_imports)]` (part of `#[warn(unused)]`) on by default
[INFO] [stdout] 
[INFO] [stdout] 
[INFO] [stdout] warning: unused import: `log::debug`
[INFO] [stdout]  --> regional_admin/src/regional_admin.rs:7:5
[INFO] [stdout]   |
[INFO] [stdout] 7 | use log::debug;
[INFO] [stdout]   |     ^^^^^^^^^^
[INFO] [stdout] 
[INFO] [stdout] 
[INFO] [stderr]    Compiling card v0.1.0 (/opt/rustwide/workdir/card)
[INFO] [stderr]    Compiling regional_admin v0.1.0 (/opt/rustwide/workdir/regional_admin)
[INFO] [stderr]    Compiling gas_pump v0.1.0 (/opt/rustwide/workdir/gas_pump)
[INFO] [stderr]    Compiling tests v0.1.0 (/opt/rustwide/workdir/tests)
[INFO] [stdout] warning: unused import: `info`
[INFO] [stdout]   --> gas_pump/src/pump.rs:26:18
[INFO] [stdout]    |
[INFO] [stdout] 26 | use log::{error, info};
[INFO] [stdout]    |                  ^^^^
[INFO] [stdout]    |
[INFO] [stdout]    = note: `#[warn(unused_imports)]` (part of `#[warn(unused)]`) on by default
[INFO] [stdout] 
[INFO] [stdout] 
[INFO] [stdout] warning: unused import: `debug`
[INFO] [stdout]  --> regional_admin/src/connection_actor.rs:5:11
[INFO] [stdout]   |
[INFO] [stdout] 5 | use log::{debug, error};
[INFO] [stdout]   |           ^^^^^
[INFO] [stdout]   |
[INFO] [stdout]   = note: `#[warn(unused_imports)]` (part of `#[warn(unused)]`) on by default
[INFO] [stdout] 
[INFO] [stdout] 
[INFO] [stdout] warning: unused import: `log::debug`
[INFO] [stdout]  --> regional_admin/src/regional_admin.rs:7:5
[INFO] [stdout]   |
[INFO] [stdout] 7 | use log::debug;
[INFO] [stdout]   |     ^^^^^^^^^^
[INFO] [stdout] 
[INFO] [stdout] 
[INFO] [stdout] warning: unused import: `info`
[INFO] [stdout]   --> gas_pump/src/pump.rs:26:18
[INFO] [stdout]    |
[INFO] [stdout] 26 | use log::{error, info};
[INFO] [stdout]    |                  ^^^^
[INFO] [stdout]    |
[INFO] [stdout]    = note: `#[warn(unused_imports)]` (part of `#[warn(unused)]`) on by default
[INFO] [stdout] 
[INFO] [stdout] 
[INFO] [stdout] warning: unused import: `info`
[INFO] [stdout]   --> gas_pump/src/pump.rs:26:18
[INFO] [stdout]    |
[INFO] [stdout] 26 | use log::{error, info};
[INFO] [stdout]    |                  ^^^^
[INFO] [stdout]    |
[INFO] [stdout]    = note: `#[warn(unused_imports)]` (part of `#[warn(unused)]`) on by default
[INFO] [stdout] 
[INFO] [stdout] 
[INFO] [stdout] warning: unused import: `debug`
[INFO] [stdout]  --> regional_admin/src/connection_actor.rs:5:11
[INFO] [stdout]   |
[INFO] [stdout] 5 | use log::{debug, error};
[INFO] [stdout]   |           ^^^^^
[INFO] [stdout]   |
[INFO] [stdout]   = note: `#[warn(unused_imports)]` (part of `#[warn(unused)]`) on by default
[INFO] [stdout] 
[INFO] [stdout] 
[INFO] [stdout] warning: unused import: `log::debug`
[INFO] [stdout]  --> regional_admin/src/regional_admin.rs:7:5
[INFO] [stdout]   |
[INFO] [stdout] 7 | use log::debug;
[INFO] [stdout]   |     ^^^^^^^^^^
[INFO] [stdout] 
[INFO] [stdout] 
[INFO] [stderr]     Finished `release` profile [optimized] target(s) in 10.46s
[INFO] running `Command { std: "docker" "inspect" "b97dcc6ceaf0531165d094a41aff2e05bbf2b514650b96e5f67f87c3a28c10ec", kill_on_drop: false }`
[INFO] running `Command { std: "docker" "exec" "-e" "SOURCE_DIR=/opt/rustwide/workdir" "-e" "CARGO_HOME=/opt/rustwide/cargo-home" "-e" "RUSTUP_HOME=/opt/rustwide/rustup-home" "-e" "CARGO_TARGET_DIR=/opt/rustwide/target" "-e" "CARGO_INCREMENTAL=0" "-e" "RUST_BACKTRACE=full" "-e" "RUSTFLAGS=--cap-lints=warn" "-e" "RUSTDOCFLAGS=--cap-lints=warn" "-w" "/opt/rustwide/workdir" "--user" "0:0" "b97dcc6ceaf0531165d094a41aff2e05bbf2b514650b96e5f67f87c3a28c10ec" "/opt/rustwide/cargo-home/bin/cargo" "+1.98.0-beta.8" "test" "--frozen" "--release", kill_on_drop: false }`
[INFO] [stderr] warning: unused import: `debug`
[INFO] [stderr]  --> regional_admin/src/connection_actor.rs:5:11
[INFO] [stderr]   |
[INFO] [stderr] 5 | use log::{debug, error};
[INFO] [stderr]   |           ^^^^^
[INFO] [stderr]   |
[INFO] [stderr]   = note: `#[warn(unused_imports)]` (part of `#[warn(unused)]`) on by default
[INFO] [stderr] 
[INFO] [stderr] warning: unused import: `log::debug`
[INFO] [stderr]  --> regional_admin/src/regional_admin.rs:7:5
[INFO] [stderr]   |
[INFO] [stderr] 7 | use log::debug;
[INFO] [stderr]   |     ^^^^^^^^^^
[INFO] [stderr] 
[INFO] [stderr] warning: `regional_admin` (lib) generated 2 warnings (run `cargo fix --lib -p regional_admin` to apply 2 suggestions)
[INFO] [stderr] warning: `regional_admin` (lib test) generated 2 warnings (2 duplicates)
[INFO] [stderr] warning: `regional_admin` (bin "regional_admin" test) generated 2 warnings (2 duplicates)
[INFO] [stderr] warning: unused import: `info`
[INFO] [stderr]   --> gas_pump/src/pump.rs:26:18
[INFO] [stderr]    |
[INFO] [stderr] 26 | use log::{error, info};
[INFO] [stderr]    |                  ^^^^
[INFO] [stderr]    |
[INFO] [stderr]    = note: `#[warn(unused_imports)]` (part of `#[warn(unused)]`) on by default
[INFO] [stderr] 
[INFO] [stderr] warning: `gas_pump` (lib) generated 1 warning (run `cargo fix --lib -p gas_pump` to apply 1 suggestion)
[INFO] [stderr] warning: `gas_pump` (lib test) generated 1 warning (1 duplicate)
[INFO] [stderr] warning: `gas_pump` (bin "gas_pump" test) generated 1 warning (1 duplicate)
[INFO] [stderr]     Finished `release` profile [optimized] target(s) in 0.21s
[INFO] [stderr]      Running unittests src/lib.rs (/opt/rustwide/target/release/deps/card-84b511a6bb110b6c)
[INFO] [stdout] 
[INFO] [stdout] running 0 tests
[INFO] [stdout] 
[INFO] [stdout] test result: ok. 0 passed; 0 failed; 0 ignored; 0 measured; 0 filtered out; finished in 0.00s
[INFO] [stdout] 
[INFO] [stderr]      Running unittests src/main.rs (/opt/rustwide/target/release/deps/card-669ff41b59eada3e)
[INFO] [stdout] 
[INFO] [stdout] running 0 tests
[INFO] [stdout] 
[INFO] [stdout] test result: ok. 0 passed; 0 failed; 0 ignored; 0 measured; 0 filtered out; finished in 0.00s
[INFO] [stdout] 
[INFO] [stderr]      Running unittests src/lib.rs (/opt/rustwide/target/release/deps/common-503f5f734b8b6343)
[INFO] [stdout] 
[INFO] [stdout] running 0 tests
[INFO] [stdout] 
[INFO] [stderr]      Running unittests src/main.rs (/opt/rustwide/target/release/deps/common-1dd27f80630d84a2)
[INFO] [stdout] test result: ok. 0 passed; 0 failed; 0 ignored; 0 measured; 0 filtered out; finished in 0.00s
[INFO] [stdout] 
[INFO] [stdout] 
[INFO] [stdout] running 0 tests
[INFO] [stdout] 
[INFO] [stdout] test result: ok. 0 passed; 0 failed; 0 ignored; 0 measured; 0 filtered out; finished in 0.00s
[INFO] [stdout] 
[INFO] [stderr]      Running unittests src/lib.rs (/opt/rustwide/target/release/deps/company-ee1dfd1a33e5c429)
[INFO] [stdout] 
[INFO] [stdout] running 5 tests
[INFO] [stdout] test company::tests::test_transaction_amount_zero_invalid ... ok
[INFO] [stdout] test company::tests::test_transaction_limit_exceeded ... ok
[INFO] [stdout] test company::tests::test_transaction_global_balance_insufficient ... ok
[INFO] [stdout] test company::tests::test_transaction_creates_card_if_missing ... ok
[INFO] [stdout] test company::tests::test_transaction_success ... ok
[INFO] [stdout] 
[INFO] [stdout] test result: ok. 5 passed; 0 failed; 0 ignored; 0 measured; 0 filtered out; finished in 0.00s
[INFO] [stdout] 
[INFO] [stderr]      Running unittests src/main.rs (/opt/rustwide/target/release/deps/company-d2be780020525d5b)
[INFO] [stdout] 
[INFO] [stdout] running 0 tests
[INFO] [stdout] 
[INFO] [stdout] test result: ok. 0 passed; 0 failed; 0 ignored; 0 measured; 0 filtered out; finished in 0.00s
[INFO] [stdout] 
[INFO] [stderr]      Running unittests src/lib.rs (/opt/rustwide/target/release/deps/company_admin-01f63653e0c605b3)
[INFO] [stderr]      Running unittests src/main.rs (/opt/rustwide/target/release/deps/company_admin-d1ccc34317dff184)
[INFO] [stdout] 
[INFO] [stdout] running 0 tests
[INFO] [stdout] 
[INFO] [stdout] test result: ok. 0 passed; 0 failed; 0 ignored; 0 measured; 0 filtered out; finished in 0.00s
[INFO] [stdout] 
[INFO] [stdout] 
[INFO] [stdout] running 0 tests
[INFO] [stdout] 
[INFO] [stdout] test result: ok. 0 passed; 0 failed; 0 ignored; 0 measured; 0 filtered out; finished in 0.00s
[INFO] [stdout] 
[INFO] [stderr]      Running unittests src/lib.rs (/opt/rustwide/target/release/deps/gas_pump-e6784b72b114868e)
[INFO] [stdout] 
[INFO] [stderr]      Running unittests src/main.rs (/opt/rustwide/target/release/deps/gas_pump-93164a01bfc1b6a8)
[INFO] [stdout] running 0 tests
[INFO] [stdout] 
[INFO] [stdout] test result: ok. 0 passed; 0 failed; 0 ignored; 0 measured; 0 filtered out; finished in 0.00s
[INFO] [stdout] 
[INFO] [stdout] 
[INFO] [stdout] running 0 tests
[INFO] [stdout] 
[INFO] [stdout] test result: ok. 0 passed; 0 failed; 0 ignored; 0 measured; 0 filtered out; finished in 0.00s
[INFO] [stdout] 
[INFO] [stderr]      Running unittests src/lib.rs (/opt/rustwide/target/release/deps/regional_admin-241615ac58a1149e)
[INFO] [stdout] 
[INFO] [stdout] running 0 tests
[INFO] [stdout] 
[INFO] [stdout] test result: ok. 0 passed; 0 failed; 0 ignored; 0 measured; 0 filtered out; finished in 0.00s
[INFO] [stdout] 
[INFO] [stderr]      Running unittests src/main.rs (/opt/rustwide/target/release/deps/regional_admin-7fd5a13554c5dc8d)
[INFO] [stderr]      Running unittests src/lib.rs (/opt/rustwide/target/release/deps/integration_tests-5ae16782974fabd0)
[INFO] [stdout] 
[INFO] [stdout] running 0 tests
[INFO] [stdout] 
[INFO] [stdout] test result: ok. 0 passed; 0 failed; 0 ignored; 0 measured; 0 filtered out; finished in 0.00s
[INFO] [stdout] 
[INFO] [stdout] 
[INFO] [stdout] running 28 tests
[INFO] [stdout] test bully_tests::test_global_bully_algorithm ... ok
[INFO] [stdout] test communication_test::test_card_pump_communication_only ... ok
[INFO] [stdout] test expense_tests::test_expense_recovery_basic ... ok
[INFO] [stdout] test bully_tests::test_large_network_election ... ok
[INFO] [stdout] test pending_results_test::test_basic_pending_result_storage ... ok
[INFO] [stdout] test communication_test::test_regional_admin_pump_connection ... ok
[INFO] [stdout] test pending_results_test::test_multiple_cards_pending_results ... ok
[INFO] [stdout] test bully_tests::test_concurrent_elections ... ok
[INFO] [stdout] test pending_results_test::test_pending_result_removal ... ok
[INFO] [stdout] test pending_results_test::test_pending_result_on_connection_failure ... ok
[INFO] [stdout] test communication_test::test_company_expense_processing ... ok
[INFO] [stdout] test pending_results_test::test_pending_result_survives_pump_restart ... ok
[INFO] [stdout] test tests::it_works ... ok
[INFO] [stdout] test pending_results_test::test_card_reconnection_with_pending_result ... ok
[INFO] [stdout] test expense_tests::test_expense_consistency_during_crash ... ok
[INFO] [stdout] test pending_results_test::test_regional_admin_sequential_failover ... ok
[INFO] [stderr]     Blocking waiting for file lock on build directory
[INFO] [stderr]    Compiling libc v0.2.177
[INFO] [stderr]    Compiling proc-macro2 v1.0.103
[INFO] [stderr]    Compiling unicode-ident v1.0.22
[INFO] [stderr]    Compiling quote v1.0.42
[INFO] [stderr]    Compiling cfg-if v1.0.4
[INFO] [stderr]    Compiling shlex v1.3.0
[INFO] [stderr]    Compiling find-msvc-tools v0.1.5
[INFO] [stderr]    Compiling pin-project-lite v0.2.16
[INFO] [stderr]    Compiling parking_lot_core v0.9.12
[INFO] [stderr]    Compiling bytes v1.11.0
[INFO] [stderr]    Compiling scopeguard v1.2.0
[INFO] [stderr]    Compiling smallvec v1.15.1
[INFO] [stderr]    Compiling zerocopy v0.8.30
[INFO] [stderr]    Compiling log v0.4.28
[INFO] [stderr]    Compiling once_cell v1.21.3
[INFO] [stderr]    Compiling untrusted v0.9.0
[INFO] [stderr]    Compiling lock_api v0.4.14
[INFO] [stderr]    Compiling futures-core v0.3.31
[INFO] [stderr]    Compiling serde_core v1.0.228
[INFO] [stderr]    Compiling memchr v2.7.6
[INFO] [stdout] test bully_tests::test_leader_crash_recovery ... ok
[INFO] [stderr]    Compiling tracing-core v0.1.34
[INFO] [stderr]    Compiling crossbeam-utils v0.8.21
[INFO] [stderr]    Compiling base64 v0.21.7
[INFO] [stderr]    Compiling thiserror v1.0.69
[INFO] [stdout] test communication_test::test_communication_during_leader_change ... ok
[INFO] [stdout] test communication_test::test_pump_leader_communication ... ok
[INFO] [stderr]    Compiling rustls v0.21.12
[INFO] [stderr]    Compiling cc v1.2.47
[INFO] [stderr]    Compiling typeid v1.0.3
[INFO] [stderr]    Compiling spin v0.5.2
[INFO] [stdout] test communication_test::test_complete_communication_flow ... ok
[INFO] [stdout] test expense_tests::test_high_volume_expenses ... ok
[INFO] [stderr]    Compiling tinyvec_macros v0.1.1
[INFO] [stderr]    Compiling openssl-probe v0.1.6
[INFO] [stderr]    Compiling autocfg v1.5.0
[INFO] [stderr]    Compiling untrusted v0.7.1
[INFO] [stderr]    Compiling tinyvec v1.10.0
[INFO] [stdout] test integration_tests::test_system_resilience ... ok
[INFO] [stdout] test integration_tests::test_complete_system_end_to_end ... ok
[INFO] [stderr]    Compiling pin-utils v0.1.0
[INFO] [stderr]    Compiling futures-sink v0.3.31
[INFO] [stderr]    Compiling futures-task v0.3.31
[INFO] [stderr]    Compiling slab v0.4.11
[INFO] [stderr]    Compiling erased-serde v0.4.9
[INFO] [stdout] test communication_test::test_stress_communication ... ok
[INFO] [stderr]    Compiling regex-syntax v0.8.8
[INFO] [stderr]    Compiling serde_json v1.0.145
[INFO] [stderr]    Compiling rustc-hash v1.1.0
[INFO] [stderr]    Compiling aho-corasick v1.1.4
[INFO] [stderr]    Compiling rustls-pemfile v1.0.4
[INFO] [stderr]    Compiling serde v1.0.228
[INFO] [stderr]    Compiling num-traits v0.2.19
[INFO] [stderr]    Compiling futures-util v0.3.31
[INFO] [stderr]    Compiling rustls-native-certs v0.6.3
[INFO] [stderr]    Compiling itoa v1.0.15
[INFO] [stderr]    Compiling lazy_static v1.5.0
[INFO] [stderr]     Blocking waiting for file lock on build directory
[INFO] [stderr]    Compiling ryu v1.0.20
[INFO] [stdout] test integration_tests::test_extreme_stress ... ok
[INFO] [stderr]    Compiling bitflags v2.10.0
[INFO] [stderr]    Compiling colored v2.2.0
[INFO] [stderr]    Compiling humantime v2.3.0
[INFO] [stderr]    Compiling termcolor v1.4.1
[INFO] [stderr]    Compiling rust-format v0.3.4
[INFO] [stderr]    Compiling crossbeam-channel v0.5.15
[INFO] [stderr]    Compiling syn v2.0.111
[INFO] [stderr]     Blocking waiting for file lock on build directory
[INFO] [stderr]    Compiling getrandom v0.2.16
[INFO] [stderr]    Compiling signal-hook-registry v1.4.7
[INFO] [stderr]    Compiling socket2 v0.6.1
[INFO] [stderr]    Compiling mio v1.1.0
[INFO] [stderr]    Compiling socket2 v0.5.10
[INFO] [stderr]    Compiling is-terminal v0.4.17
[INFO] [stderr]    Compiling ring v0.17.14
[INFO] [stderr]    Compiling ring v0.16.20
[INFO] [stderr]    Compiling rand_core v0.6.4
[INFO] [stderr]    Compiling parking_lot v0.12.5
[INFO] [stderr]     Blocking waiting for file lock on build directory
[INFO] [stderr]    Compiling regex-automata v0.4.13
[INFO] [stderr]    Compiling ppv-lite86 v0.2.21
[INFO] [stdout] test pending_results_test::test_regional_admin_sequential_failover_with_connection_test ... ok
[INFO] [stderr]    Compiling rand_chacha v0.3.1
[INFO] [stderr]    Compiling rand v0.8.5
[INFO] [stderr]     Blocking waiting for file lock on build directory
[INFO] [stderr]    Compiling rustls-webpki v0.101.7
[INFO] [stderr]    Compiling sct v0.7.1
[INFO] [stderr]    Compiling regex v1.12.2
[INFO] [stderr]    Compiling env_logger v0.10.2
[INFO] [stderr]    Compiling tokio-macros v2.6.0
[INFO] [stderr]    Compiling tracing-attributes v0.1.30
[INFO] [stderr]    Compiling thiserror-impl v1.0.69
[INFO] [stderr]    Compiling actix-macros v0.2.4
[INFO] [stderr]    Compiling actix_derive v0.6.2
[INFO] [stderr]    Compiling serde_derive v1.0.228
[INFO] [stderr]    Compiling num-derive v0.4.2
[INFO] [stderr]    Compiling actix_async_handler v0.1.0
[INFO] [stdout] test performance_tests::test_system_minimal ... ok
[INFO] [stderr]    Compiling tokio-macros v2.6.0
[INFO] [stderr]    Compiling tracing-attributes v0.1.30
[INFO] [stderr]    Compiling thiserror-impl v1.0.69
[INFO] [stderr]    Compiling serde_derive v1.0.228
[INFO] [stderr]    Compiling rustls v0.21.12
[INFO] [stderr]    Compiling actix_async_handler v0.1.0
[INFO] [stderr]    Compiling num-derive v0.4.2
[INFO] [stderr]    Compiling tokio v1.48.0
[INFO] [stderr]    Compiling tracing v0.1.41
[INFO] [stderr]    Compiling thiserror v1.0.69
[INFO] [stderr]    Compiling quinn-udp v0.4.1
[INFO] [stderr]    Compiling serde v1.0.228
[INFO] [stderr]    Compiling quinn-proto v0.10.6
[INFO] [stderr]    Compiling tokio-util v0.7.17
[INFO] [stderr]    Compiling actix-rt v2.11.0
[INFO] [stderr]    Compiling quinn v0.10.2
[INFO] [stderr]    Compiling tokio-stream v0.1.17
[INFO] [stderr]    Compiling actix v0.13.5
[INFO] [stderr]    Compiling common v0.1.0 (/opt/rustwide/workdir/common)
[INFO] [stderr]    Compiling company v0.1.0 (/opt/rustwide/workdir/company)
[INFO] [stderr]     Finished `dev` profile [unoptimized + debuginfo] target(s) in 51.76s
[INFO] [stderr]      Running `/opt/rustwide/target/debug/company`
[INFO] [stdout] test performance_tests::test_system_load has been running for over 60 seconds
[INFO] [stderr] error: test failed, to rerun pass `-p tests --lib`
[INFO] [stdout] test performance_tests::test_system_load ... FAILED
[INFO] [stdout] 
[INFO] [stdout] failures:
[INFO] [stdout] 
[INFO] [stdout] ---- performance_tests::test_system_load stdout ----
[INFO] [stdout] 
[INFO] [stdout] thread 'performance_tests::test_system_load' (3047) panicked at tests/src/performance_tests.rs:163:13:
[INFO] [stdout] ❌ No se pudo iniciar el servidor.
[INFO] [stdout] stack backtrace:
[INFO] [stdout]    0:     0x5cb8321eb7c1 - <<std[97b98282bc616a66]::sys::backtrace::BacktraceLock>::print::DisplayBacktrace as core[832e9a552fc17241]::fmt::Display>::fmt
[INFO] [stdout]    1:     0x5cb832203c2a - core[832e9a552fc17241]::fmt::write
[INFO] [stdout]    2:     0x5cb8321f0ddc - <alloc[3ecab9f82c41dc7d]::vec::Vec<u8> as std[97b98282bc616a66]::io::Write>::write_fmt
[INFO] [stdout]    3:     0x5cb8321c81d6 - std[97b98282bc616a66]::panicking::default_hook::{closure#0}
[INFO] [stdout]    4:     0x5cb8321e2eb9 - std[97b98282bc616a66]::panicking::default_hook
[INFO] [stdout]    5:     0x5cb831f2bdd0 - test[39766f3d73431624]::test_main_inner::<test[39766f3d73431624]::test_main_static::{closure#0}>::{closure#0}
[INFO] [stdout]    6:     0x5cb8321e31e2 - std[97b98282bc616a66]::panicking::panic_with_hook
[INFO] [stdout]    7:     0x5cb8321c82b4 - std[97b98282bc616a66]::panicking::panic_handler::{closure#0}
[INFO] [stdout]    8:     0x5cb8321bf559 - std[97b98282bc616a66]::sys::backtrace::__rust_end_short_backtrace::<std[97b98282bc616a66]::panicking::panic_handler::{closure#0}, !>
[INFO] [stdout]    9:     0x5cb8321c917d - __rustc[e3d8617bb01b7f69]::rust_begin_unwind
[INFO] [stdout]   10:     0x5cb83220440c - core[832e9a552fc17241]::panicking::panic_fmt
[INFO] [stdout]   11:     0x5cb831e26bc5 - integration_tests[aac06c4e30ec385b]::performance_tests::test_system_load
[INFO] [stdout]   12:     0x5cb831e49509 - <integration_tests[aac06c4e30ec385b]::performance_tests::test_system_load::{closure#0} as core[832e9a552fc17241]::ops::function::FnOnce<()>>::call_once
[INFO] [stdout]   13:     0x5cb831f1f10b - test[39766f3d73431624]::__rust_begin_short_backtrace::<core[832e9a552fc17241]::result::Result<(), alloc[3ecab9f82c41dc7d]::string::String>, fn() -> core[832e9a552fc17241]::result::Result<(), alloc[3ecab9f82c41dc7d]::string::String>>
[INFO] [stdout]   14:     0x5cb831f2c755 - test[39766f3d73431624]::run_test::{closure#0}
[INFO] [stdout]   15:     0x5cb831f27204 - std[97b98282bc616a66]::sys::backtrace::__rust_begin_short_backtrace::<test[39766f3d73431624]::run_test::{closure#1}, ()>
[INFO] [stdout]   16:     0x5cb831f2f8a2 - <std[97b98282bc616a66]::thread::lifecycle::spawn_unchecked<test[39766f3d73431624]::run_test::{closure#1}, ()>::{closure#1} as core[832e9a552fc17241]::ops::function::FnOnce<()>>::call_once::{shim:vtable#0}
[INFO] [stdout]   17:     0x5cb8321ea97f - <std[97b98282bc616a66]::sys::thread::unix::Thread>::new::thread_start
[INFO] [stdout]   18:     0x715e1f84e07a - <unknown>
[INFO] [stdout]   19:     0x715e1f8e1534 - clone
[INFO] [stdout]   20:                0x0 - <unknown>
[INFO] [stdout] 
[INFO] [stdout] 
[INFO] [stdout] failures:
[INFO] [stdout]     performance_tests::test_system_load
[INFO] [stdout] 
[INFO] [stdout] test result: FAILED. 27 passed; 1 failed; 0 ignored; 0 measured; 0 filtered out; finished in 62.39s
[INFO] [stdout] 
[INFO] running `Command { std: "docker" "inspect" "b97dcc6ceaf0531165d094a41aff2e05bbf2b514650b96e5f67f87c3a28c10ec", kill_on_drop: false }`
[INFO] running `Command { std: "docker" "rm" "-f" "b97dcc6ceaf0531165d094a41aff2e05bbf2b514650b96e5f67f87c3a28c10ec", kill_on_drop: false }`
[INFO] [stdout] b97dcc6ceaf0531165d094a41aff2e05bbf2b514650b96e5f67f87c3a28c10ec
