[INFO] cloning repository https://github.com/markrai/obsidenc
[INFO] running `Command { std: "git" "-c" "credential.helper=" "-c" "credential.helper=/workspace/cargo-home/bin/git-credential-null" "clone" "--bare" "https://github.com/markrai/obsidenc" "/workspace/cache/git-repos/https%3A%2F%2Fgithub.com%2Fmarkrai%2Fobsidenc", kill_on_drop: false }`
[INFO] [stderr] Cloning into bare repository '/workspace/cache/git-repos/https%3A%2F%2Fgithub.com%2Fmarkrai%2Fobsidenc'...
[INFO] running `Command { std: "git" "rev-parse" "HEAD", kill_on_drop: false }`
[INFO] [stdout] b1e741e6892bb096bee3dc936bf2de5a8d180a0d
[INFO] testing markrai/obsidenc against 1.99.0-beta.1+cargoflags=--release for beta-release-1.99-2
[INFO] running `Command { std: "git" "clone" "/workspace/cache/git-repos/https%3A%2F%2Fgithub.com%2Fmarkrai%2Fobsidenc" "/workspace/builds/worker-6-tc2/source", kill_on_drop: false }`
[INFO] [stderr] Cloning into '/workspace/builds/worker-6-tc2/source'...
[INFO] [stderr] done.
[INFO] started tweaking git repo https://github.com/markrai/obsidenc
[INFO] finished tweaking git repo https://github.com/markrai/obsidenc
[INFO] tweaked toml for git repo https://github.com/markrai/obsidenc written to /workspace/builds/worker-6-tc2/source/Cargo.toml
[INFO] validating manifest of git repo https://github.com/markrai/obsidenc on toolchain 1.99.0-beta.1
[INFO] running `Command { std: CARGO_HOME="/workspace/cargo-home" RUSTUP_HOME="/workspace/rustup-home" "/workspace/cargo-home/bin/cargo" "+1.99.0-beta.1" "metadata" "--manifest-path" "Cargo.toml" "--no-deps", kill_on_drop: false }`
[INFO] crate git repo https://github.com/markrai/obsidenc already has a lockfile, it will not be regenerated
[INFO] running `Command { std: CARGO_HOME="/workspace/cargo-home" RUSTUP_HOME="/workspace/rustup-home" "/workspace/cargo-home/bin/cargo" "+1.99.0-beta.1" "fetch" "--manifest-path" "Cargo.toml", kill_on_drop: false }`
[INFO] running `Command { std: "docker" "create" "-v" "/var/lib/crater-agent-workspace/builds/worker-6-tc2/source:/opt/rustwide/workdir:ro,Z" "-v" "/var/lib/crater-agent-workspace/builds/worker-6-tc2/target:/opt/rustwide/target:rw,Z" "-v" "/var/lib/crater-agent-workspace/cargo-home:/opt/rustwide/cargo-home:ro,Z" "-v" "/var/lib/crater-agent-workspace/rustup-home:/opt/rustwide/rustup-home:ro,Z" "-m" "1610612736" "--network" "none" "ghcr.io/rust-lang/crates-build-env/linux@sha256:8683fc1fc2eb5c9ac98e0d076ab094b2ffac7f99da555d2b6a2e27f346de2ec7" "sleep" "infinity", kill_on_drop: false }`
[INFO] [stdout] 33a551978f59160b24cce42bbc29adb09ee372c2355326448074b310178c7d68
[INFO] running `Command { std: "docker" "start" "33a551978f59160b24cce42bbc29adb09ee372c2355326448074b310178c7d68", kill_on_drop: false }`
[INFO] running `Command { std: "docker" "inspect" "33a551978f59160b24cce42bbc29adb09ee372c2355326448074b310178c7d68", kill_on_drop: false }`
[INFO] running `Command { std: "docker" "exec" "-e" "SOURCE_DIR=/opt/rustwide/workdir" "-e" "CARGO_HOME=/opt/rustwide/cargo-home" "-e" "RUSTUP_HOME=/opt/rustwide/rustup-home" "-e" "CARGO_TARGET_DIR=/opt/rustwide/target" "-w" "/opt/rustwide/workdir" "--user" "0:0" "33a551978f59160b24cce42bbc29adb09ee372c2355326448074b310178c7d68" "/opt/rustwide/cargo-home/bin/cargo" "+1.99.0-beta.1" "metadata" "--no-deps" "--format-version=1", kill_on_drop: false }`
[INFO] running `Command { std: "docker" "inspect" "33a551978f59160b24cce42bbc29adb09ee372c2355326448074b310178c7d68", kill_on_drop: false }`
[INFO] running `Command { std: "docker" "exec" "-e" "SOURCE_DIR=/opt/rustwide/workdir" "-e" "CARGO_HOME=/opt/rustwide/cargo-home" "-e" "RUSTUP_HOME=/opt/rustwide/rustup-home" "-e" "CARGO_TARGET_DIR=/opt/rustwide/target" "-e" "CARGO_INCREMENTAL=0" "-e" "RUST_BACKTRACE=full" "-e" "RUSTFLAGS=--cap-lints=warn" "-e" "RUSTDOCFLAGS=--cap-lints=warn" "-w" "/opt/rustwide/workdir" "--user" "0:0" "33a551978f59160b24cce42bbc29adb09ee372c2355326448074b310178c7d68" "/opt/rustwide/cargo-home/bin/cargo" "+1.99.0-beta.1" "build" "--frozen" "--message-format=json" "--release", kill_on_drop: false }`
[INFO] [stderr]    Compiling libc v0.2.178
[INFO] [stderr]    Compiling cfg-if v1.0.4
[INFO] [stderr]    Compiling version_check v0.9.5
[INFO] [stderr]    Compiling typenum v1.19.0
[INFO] [stderr]    Compiling subtle v2.6.1
[INFO] [stderr]    Compiling proc-macro2 v1.0.103
[INFO] [stderr]    Compiling quote v1.0.42
[INFO] [stderr]    Compiling crossbeam-utils v0.8.21
[INFO] [stderr]    Compiling unicode-ident v1.0.22
[INFO] [stderr]    Compiling cpufeatures v0.2.17
[INFO] [stderr]    Compiling bitflags v2.10.0
[INFO] [stderr]    Compiling rayon-core v1.13.0
[INFO] [stderr]    Compiling utf8parse v0.2.2
[INFO] [stderr]    Compiling cfg_aliases v0.2.1
[INFO] [stderr]    Compiling rustix v1.1.2
[INFO] [stderr]    Compiling is_terminal_polyfill v1.70.2
[INFO] [stderr]    Compiling nix v0.30.1
[INFO] [stderr]    Compiling colorchoice v1.0.4
[INFO] [stderr]    Compiling anstyle-query v1.1.5
[INFO] [stderr]    Compiling anstyle v1.0.13
[INFO] [stderr]    Compiling zeroize v1.8.2
[INFO] [stderr]    Compiling anstyle-parse v0.2.7
[INFO] [stderr]    Compiling linux-raw-sys v0.11.0
[INFO] [stderr]    Compiling thiserror v1.0.69
[INFO] [stderr]    Compiling heck v0.5.0
[INFO] [stderr]    Compiling clap_lex v0.7.6
[INFO] [stderr]    Compiling strsim v0.11.1
[INFO] [stderr]    Compiling generic-array v0.14.7
[INFO] [stderr]    Compiling opaque-debug v0.3.1
[INFO] [stderr]    Compiling either v1.15.0
[INFO] [stderr]    Compiling base64ct v1.8.1
[INFO] [stderr]    Compiling memchr v2.7.6
[INFO] [stderr]    Compiling anstream v0.6.21
[INFO] [stderr]    Compiling clap_builder v4.5.53
[INFO] [stderr]    Compiling syn v2.0.111
[INFO] [stderr]    Compiling crossbeam-epoch v0.9.18
[INFO] [stderr]    Compiling crossbeam-deque v0.8.6
[INFO] [stderr]    Compiling block-buffer v0.10.4
[INFO] [stderr]    Compiling inout v0.1.4
[INFO] [stderr]    Compiling rayon v1.11.0
[INFO] [stderr]    Compiling getrandom v0.2.16
[INFO] [stderr]    Compiling xattr v1.6.1
[INFO] [stderr]    Compiling rtoolbox v0.0.3
[INFO] [stderr]    Compiling filetime v0.2.26
[INFO] [stderr]    Compiling rpassword v7.4.0
[INFO] [stderr]    Compiling rand_core v0.6.4
[INFO] [stderr]    Compiling crypto-common v0.1.7
[INFO] [stderr]    Compiling password-hash v0.5.0
[INFO] [stderr]    Compiling digest v0.10.7
[INFO] [stderr]    Compiling cipher v0.4.4
[INFO] [stderr]    Compiling universal-hash v0.5.1
[INFO] [stderr]    Compiling aead v0.5.2
[INFO] [stderr]    Compiling tar v0.4.44
[INFO] [stderr]    Compiling poly1305 v0.8.0
[INFO] [stderr]    Compiling blake2 v0.10.6
[INFO] [stderr]    Compiling hmac v0.12.1
[INFO] [stderr]    Compiling sha2 v0.10.9
[INFO] [stderr]    Compiling hkdf v0.12.4
[INFO] [stderr]    Compiling chacha20 v0.9.1
[INFO] [stderr]    Compiling argon2 v0.5.3
[INFO] [stderr]    Compiling ctrlc v3.5.1
[INFO] [stderr]    Compiling chacha20poly1305 v0.10.1
[INFO] [stderr]    Compiling clap_derive v4.5.49
[INFO] [stderr]    Compiling thiserror-impl v1.0.69
[INFO] [stderr]    Compiling clap v4.5.53
[INFO] [stderr]    Compiling sysinfo v0.33.1
[INFO] [stderr]    Compiling obsidenc v1.0.4 (/opt/rustwide/workdir)
[INFO] [stderr]     Finished `release` profile [optimized] target(s) in 35.57s
[INFO] [stderr] warning: the following packages contain code that will be rejected by a future version of Rust: nix v0.30.1
[INFO] [stderr] note: to see what the problems were, use the option `--future-incompat-report`, or run `cargo report future-incompatibilities --id 1`
[INFO] running `Command { std: "docker" "inspect" "33a551978f59160b24cce42bbc29adb09ee372c2355326448074b310178c7d68", kill_on_drop: false }`
[INFO] running `Command { std: "docker" "exec" "-e" "SOURCE_DIR=/opt/rustwide/workdir" "-e" "CARGO_HOME=/opt/rustwide/cargo-home" "-e" "RUSTUP_HOME=/opt/rustwide/rustup-home" "-e" "CARGO_TARGET_DIR=/opt/rustwide/target" "-e" "CARGO_INCREMENTAL=0" "-e" "RUST_BACKTRACE=full" "-e" "RUSTFLAGS=--cap-lints=warn" "-e" "RUSTDOCFLAGS=--cap-lints=warn" "-w" "/opt/rustwide/workdir" "--user" "0:0" "33a551978f59160b24cce42bbc29adb09ee372c2355326448074b310178c7d68" "/opt/rustwide/cargo-home/bin/cargo" "+1.99.0-beta.1" "test" "--frozen" "--no-run" "--message-format=json" "--release", kill_on_drop: false }`
[INFO] [stderr]    Compiling obsidenc v1.0.4 (/opt/rustwide/workdir)
[INFO] [stderr]     Finished `release` profile [optimized] target(s) in 15.43s
[INFO] [stderr] warning: the following packages contain code that will be rejected by a future version of Rust: nix v0.30.1
[INFO] [stderr] note: to see what the problems were, use the option `--future-incompat-report`, or run `cargo report future-incompatibilities --id 1`
[INFO] running `Command { std: "docker" "inspect" "33a551978f59160b24cce42bbc29adb09ee372c2355326448074b310178c7d68", kill_on_drop: false }`
[INFO] running `Command { std: "docker" "exec" "-e" "SOURCE_DIR=/opt/rustwide/workdir" "-e" "CARGO_HOME=/opt/rustwide/cargo-home" "-e" "RUSTUP_HOME=/opt/rustwide/rustup-home" "-e" "CARGO_TARGET_DIR=/opt/rustwide/target" "-e" "CARGO_INCREMENTAL=0" "-e" "RUST_BACKTRACE=full" "-e" "RUSTFLAGS=--cap-lints=warn" "-e" "RUSTDOCFLAGS=--cap-lints=warn" "-w" "/opt/rustwide/workdir" "--user" "0:0" "33a551978f59160b24cce42bbc29adb09ee372c2355326448074b310178c7d68" "/opt/rustwide/cargo-home/bin/cargo" "+1.99.0-beta.1" "test" "--frozen" "--release", kill_on_drop: false }`
[INFO] [stderr]     Finished `release` profile [optimized] target(s) in 0.12s
[INFO] [stderr] warning: the following packages contain code that will be rejected by a future version of Rust: nix v0.30.1
[INFO] [stderr] note: to see what the problems were, use the option `--future-incompat-report`, or run `cargo report future-incompatibilities --id 1`
[INFO] [stderr]      Running unittests src/lib.rs (/opt/rustwide/target/release/deps/obsidenc-afc5c83be56498ff)
[INFO] [stdout] 
[INFO] [stderr]      Running unittests src/main.rs (/opt/rustwide/target/release/deps/obsidenc-2248a0a3a0e47ea7)
[INFO] [stdout] running 0 tests
[INFO] [stdout] 
[INFO] [stdout] test result: ok. 0 passed; 0 failed; 0 ignored; 0 measured; 0 filtered out; finished in 0.00s
[INFO] [stdout] 
[INFO] [stderr]      Running tests/roundtrip.rs (/opt/rustwide/target/release/deps/roundtrip-9153665c34ce4cb9)
[INFO] [stdout] 
[INFO] [stdout] running 0 tests
[INFO] [stdout] 
[INFO] [stdout] test result: ok. 0 passed; 0 failed; 0 ignored; 0 measured; 0 filtered out; finished in 0.00s
[INFO] [stdout] 
[INFO] [stdout] 
[INFO] [stdout] running 1 test
[INFO] [stderr] ⚠️  Privacy Notice: This tool attempts to prevent access time (atime) updates
[INFO] [stderr]    when reading files. However, if files are owned by other users or you lack
[INFO] [stderr]    sufficient privileges, atime may still be updated, revealing when files
[INFO] [stderr]    were accessed. For maximum privacy, ensure you own all files or run with
[INFO] [stderr]    appropriate privileges.
[INFO] [stderr] 
[INFO] [stdout] test encrypt_then_decrypt_mock_roundtrip ... FAILED
[INFO] [stdout] 
[INFO] [stdout] failures:
[INFO] [stdout] 
[INFO] [stdout] ---- encrypt_then_decrypt_mock_roundtrip stdout ----
[INFO] [stdout] 
[INFO] [stdout] thread 'encrypt_then_decrypt_mock_roundtrip' (1074) panicked at tests/roundtrip.rs:62:9:
[INFO] [stdout] encrypt command failed with status signal: 9 (SIGKILL)
[INFO] [stdout] stack backtrace:
[INFO] [stdout]    0:     0x589b0ca828b7 - <unknown>
[INFO] [stdout]    1:     0x589b0ca6ac3a - <unknown>
[INFO] [stdout]    2:     0x589b0ca81e6b - <unknown>
[INFO] [stdout]    3:     0x589b0ca8194f - <unknown>
[INFO] [stdout]    4:     0x589b0ca8157a - <unknown>
[INFO] [stdout]    5:     0x589b0ca810b2 - <unknown>
[INFO] [stdout]    6:     0x589b0caa7ed1 - <unknown>
[INFO] [stdout]    7:     0x589b0caa7e89 - <unknown>
[INFO] [stdout]    8:     0x589b0caa839c - <unknown>
[INFO] [stdout]    9:     0x589b0ca6aacb - <unknown>
[INFO] [stdout]   10:     0x589b0ca68bd9 - <unknown>
[INFO] [stdout]   11:     0x589b0cac1b1b - <unknown>
[INFO] [stdout]   12:     0x589b0cabd77c - <unknown>
[INFO] [stdout]   13:     0x589b0cabceac - <unknown>
[INFO] [stdout]   14:     0x589b0cad9d6c - <unknown>
[INFO] [stdout]   15:     0x589b0caa97f2 - <unknown>
[INFO] [stdout]   16:     0x7f8b3621e07a - <unknown>
[INFO] [stdout]   17:     0x7f8b362b1534 - clone
[INFO] [stdout]   18:                0x0 - <unknown>
[INFO] [stdout] 
[INFO] [stdout] 
[INFO] [stdout] failures:
[INFO] [stdout]     encrypt_then_decrypt_mock_roundtrip
[INFO] [stdout] 
[INFO] [stdout] test result: FAILED. 0 passed; 1 failed; 0 ignored; 0 measured; 0 filtered out; finished in 1.56s
[INFO] [stdout] 
[INFO] [stderr] error: test failed, to rerun pass `--test roundtrip`
[INFO] running `Command { std: "docker" "inspect" "33a551978f59160b24cce42bbc29adb09ee372c2355326448074b310178c7d68", kill_on_drop: false }`
[INFO] running `Command { std: "docker" "rm" "-f" "33a551978f59160b24cce42bbc29adb09ee372c2355326448074b310178c7d68", kill_on_drop: false }`
[INFO] [stdout] 33a551978f59160b24cce42bbc29adb09ee372c2355326448074b310178c7d68
