[INFO] cloning repository https://github.com/manuel-woelker/nao
[INFO] running `Command { std: "git" "-c" "credential.helper=" "-c" "credential.helper=/workspace/cargo-home/bin/git-credential-null" "clone" "--bare" "https://github.com/manuel-woelker/nao" "/workspace/cache/git-repos/https%3A%2F%2Fgithub.com%2Fmanuel-woelker%2Fnao", kill_on_drop: false }`
[INFO] [stderr] Cloning into bare repository '/workspace/cache/git-repos/https%3A%2F%2Fgithub.com%2Fmanuel-woelker%2Fnao'...
[INFO] running `Command { std: "git" "rev-parse" "HEAD", kill_on_drop: false }`
[INFO] [stdout] 019ebd2ddad5b549e5b490deb60d1dc205b3a384
[INFO] testing manuel-woelker/nao against 1.98.0-beta.8+cargoflags=--release for beta-release-1.99-2
[INFO] running `Command { std: "git" "clone" "/workspace/cache/git-repos/https%3A%2F%2Fgithub.com%2Fmanuel-woelker%2Fnao" "/workspace/builds/worker-6-tc1/source", kill_on_drop: false }`
[INFO] [stderr] Cloning into '/workspace/builds/worker-6-tc1/source'...
[INFO] [stderr] done.
[INFO] removed /workspace/builds/worker-6-tc1/source/.cargo/config.toml
[INFO] started tweaking git repo https://github.com/manuel-woelker/nao
[INFO] finished tweaking git repo https://github.com/manuel-woelker/nao
[INFO] tweaked toml for git repo https://github.com/manuel-woelker/nao written to /workspace/builds/worker-6-tc1/source/Cargo.toml
[INFO] validating manifest of git repo https://github.com/manuel-woelker/nao on toolchain 1.98.0-beta.8
[INFO] running `Command { std: CARGO_HOME="/workspace/cargo-home" RUSTUP_HOME="/workspace/rustup-home" "/workspace/cargo-home/bin/cargo" "+1.98.0-beta.8" "metadata" "--manifest-path" "Cargo.toml" "--no-deps", kill_on_drop: false }`
[INFO] crate git repo https://github.com/manuel-woelker/nao already has a lockfile, it will not be regenerated
[INFO] running `Command { std: CARGO_HOME="/workspace/cargo-home" RUSTUP_HOME="/workspace/rustup-home" "/workspace/cargo-home/bin/cargo" "+1.98.0-beta.8" "fetch" "--manifest-path" "Cargo.toml", kill_on_drop: false }`
[INFO] [stderr]     Updating crates.io index
[INFO] [stderr]  Downloading crates ...
[INFO] [stderr]   Downloaded tui-scrollview v0.5.3
[INFO] [stderr]   Downloaded unicode-truncate v1.1.0
[INFO] [stderr]   Downloaded instability v0.3.12
[INFO] [stderr]   Downloaded darling_macro v0.23.0
[INFO] [stderr]   Downloaded castaway v0.2.4
[INFO] [stderr]   Downloaded iana-time-zone v0.1.65
[INFO] [stderr]   Downloaded num-conv v0.2.0
[INFO] [stderr]   Downloaded itoa v1.0.17
[INFO] [stderr]   Downloaded file-id v0.2.3
[INFO] [stderr]   Downloaded inotify-sys v0.1.5
[INFO] [stderr]   Downloaded signal-hook-registry v1.4.8
[INFO] [stderr]   Downloaded kqueue-sys v1.0.4
[INFO] [stderr]   Downloaded signal-hook-mio v0.2.5
[INFO] [stderr]   Downloaded wasm-bindgen v0.2.114
[INFO] [stderr]   Downloaded terminal_size v0.4.3
[INFO] [stderr]   Downloaded windows-targets v0.53.5
[INFO] [stderr]   Downloaded fsevent-sys v4.1.0
[INFO] [stderr]   Downloaded wasm-bindgen-shared v0.2.114
[INFO] [stderr]   Downloaded wasm-bindgen-macro v0.2.114
[INFO] [stderr]   Downloaded time-core v0.1.8
[INFO] [stderr]   Downloaded tzdb v0.7.3
[INFO] [stderr]   Downloaded tz-rs v0.7.3
[INFO] [stderr]   Downloaded backtrace-ext v0.2.1
[INFO] [stderr]   Downloaded unicode-linebreak v0.1.5
[INFO] [stderr]   Downloaded lru v0.12.5
[INFO] [stderr]   Downloaded num v0.4.3
[INFO] [stderr]   Downloaded xflags v0.3.2
[INFO] [stderr]   Downloaded strum v0.26.3
[INFO] [stderr]   Downloaded yoke-derive v0.8.1
[INFO] [stderr]   Downloaded matchers v0.2.0
[INFO] [stderr]   Downloaded expect-test v1.5.1
[INFO] [stderr]   Downloaded supports-color v3.0.2
[INFO] [stderr]   Downloaded is_ci v1.2.0
[INFO] [stderr]   Downloaded num-iter v0.1.45
[INFO] [stderr]   Downloaded potential_utf v0.1.4
[INFO] [stderr]   Downloaded supports-unicode v3.0.0
[INFO] [stderr]   Downloaded supports-hyperlinks v3.2.0
[INFO] [stderr]   Downloaded xflags-macros v0.3.2
[INFO] [stderr]   Downloaded tracing-error v0.2.1
[INFO] [stderr]   Downloaded crossterm_winapi v0.9.1
[INFO] [stderr]   Downloaded is_debug v1.1.0
[INFO] [stderr]   Downloaded unicode-xid v0.2.6
[INFO] [stderr]   Downloaded globset v0.4.18
[INFO] [stderr]   Downloaded crossbeam-deque v0.8.6
[INFO] [stderr]   Downloaded miette-derive v7.6.0
[INFO] [stderr]   Downloaded cassowary v0.3.0
[INFO] [stderr]   Downloaded kqueue v1.1.1
[INFO] [stderr]   Downloaded relative-path v1.9.3
[INFO] [stderr]   Downloaded notify-debouncer-full v0.5.0
[INFO] [stderr]   Downloaded strum_macros v0.26.4
[INFO] [stderr]   Downloaded notify-types v2.1.0
[INFO] [stderr]   Downloaded owo-colors v4.3.0
[INFO] [stderr]   Downloaded num-rational v0.4.2
[INFO] [stderr]   Downloaded tokio-macros v2.6.1
[INFO] [stderr]   Downloaded inotify v0.11.1
[INFO] [stderr]   Downloaded ecow v0.2.6
[INFO] [stderr]   Downloaded rustc-demangle v0.1.27
[INFO] [stderr]   Downloaded jobserver v0.1.34
[INFO] [stderr]   Downloaded zerovec-derive v0.11.2
[INFO] [stderr]   Downloaded nu-ansi-term v0.50.3
[INFO] [stderr]   Downloaded zmij v1.0.21
[INFO] [stderr]   Downloaded dissimilar v1.0.11
[INFO] [stderr]   Downloaded writeable v0.6.2
[INFO] [stderr]   Downloaded indoc v2.0.7
[INFO] [stderr]   Downloaded bitflags v2.11.0
[INFO] [stderr]   Downloaded tracing-attributes v0.1.31
[INFO] [stderr]   Downloaded ignore v0.4.25
[INFO] [stderr]   Downloaded time-macros v0.2.27
[INFO] [stderr]   Downloaded shadow-rs v1.7.1
[INFO] [stderr]   Downloaded yoke v0.8.1
[INFO] [stderr]   Downloaded tinystr v0.8.2
[INFO] [stderr]   Downloaded const_format_proc_macros v0.2.34
[INFO] [stderr]   Downloaded quote v1.0.45
[INFO] [stderr]   Downloaded log v0.4.29
[INFO] [stderr]   Downloaded proc-macro2 v1.0.106
[INFO] [stderr]   Downloaded textwrap v0.16.2
[INFO] [stderr]   Downloaded ryu v1.0.23
[INFO] [stderr]   Downloaded serde_core v1.0.228
[INFO] [stderr]   Downloaded bytes v1.11.1
[INFO] [stderr]   Downloaded notify v8.2.0
[INFO] [stderr]   Downloaded darling v0.23.0
[INFO] [stderr]   Downloaded compact_str v0.8.1
[INFO] [stderr]   Downloaded darling_core v0.23.0
[INFO] [stderr]   Downloaded signal-hook v0.3.18
[INFO] [stderr]   Downloaded getrandom v0.3.4
[INFO] [stderr]   Downloaded icu_provider v2.1.1
[INFO] [stderr]   Downloaded serde_derive v1.0.228
[INFO] [stderr]   Downloaded litemap v0.8.1
[INFO] [stderr]   Downloaded memchr v2.8.0
[INFO] [stderr]   Downloaded wasm-bindgen-macro-support v0.2.114
[INFO] [stderr]   Downloaded serde v1.0.228
[INFO] [stderr]   Downloaded kdl v6.5.0
[INFO] [stderr]   Downloaded icu_locale_core v2.1.1
[INFO] [stderr]   Downloaded icu_normalizer v2.1.1
[INFO] [stderr]   Downloaded icu_normalizer_data v2.1.1
[INFO] [stderr]   Downloaded mio v1.1.1
[INFO] [stderr]   Downloaded miette v7.6.0
[INFO] [stderr]   Downloaded wit-bindgen v0.51.0
[INFO] [stderr]   Downloaded icu_properties v2.1.2
[INFO] [stderr]   Downloaded crossterm v0.28.1
[INFO] [stderr]   Downloaded js-sys v0.3.91
[INFO] [stderr]   Downloaded zerotrie v0.2.3
[INFO] [stderr]   Downloaded icu_collections v2.1.1
[INFO] [stderr]   Downloaded serde_json v1.0.149
[INFO] [stderr]   Downloaded const_format v0.2.35
[INFO] [stderr]   Downloaded itertools v0.13.0
[INFO] [stderr]   Downloaded aho-corasick v1.1.4
[INFO] [stderr]   Downloaded winnow v0.6.24
[INFO] [stderr]   Downloaded bumpalo v3.20.2
[INFO] [stderr]   Downloaded cc v1.2.57
[INFO] [stderr]   Downloaded unicode-width v0.1.14
[INFO] [stderr]   Downloaded wasip2 v1.0.2+wasi-0.2.9
[INFO] [stderr]   Downloaded zerovec v0.11.5
[INFO] [stderr]   Downloaded tracing-subscriber v0.3.23
[INFO] [stderr]   Downloaded time v0.3.47
[INFO] [stderr]   Downloaded icu_properties_data v2.1.2
[INFO] [stderr]   Downloaded unicode-width v0.2.0
[INFO] [stderr]   Downloaded tzdb_data v0.2.4
[INFO] [stderr]   Downloaded git2 v0.20.4
[INFO] [stderr]   Downloaded syn v2.0.117
[INFO] [stderr]   Downloaded bstr v1.12.1
[INFO] [stderr]   Downloaded regex-syntax v0.8.10
[INFO] [stderr]   Downloaded ratatui v0.29.0
[INFO] [stderr]   Downloaded regex-automata v0.4.14
[INFO] [stderr]   Downloaded windows_x86_64_gnullvm v0.53.1
[INFO] [stderr]   Downloaded windows_aarch64_gnullvm v0.53.1
[INFO] [stderr]   Downloaded windows_aarch64_msvc v0.53.1
[INFO] [stderr]   Downloaded libc v0.2.183
[INFO] [stderr]   Downloaded windows_x86_64_msvc v0.53.1
[INFO] [stderr]   Downloaded windows_i686_msvc v0.53.1
[INFO] [stderr]   Downloaded windows_i686_gnullvm v0.53.1
[INFO] [stderr]   Downloaded tokio v1.50.0
[INFO] [stderr]   Downloaded libz-sys v1.1.25
[INFO] [stderr]   Downloaded windows_x86_64_gnu v0.53.1
[INFO] [stderr]   Downloaded windows_i686_gnu v0.53.1
[INFO] [stderr]   Downloaded libgit2-sys v0.18.3+1.9.2
[INFO] running `Command { std: "docker" "create" "-v" "/var/lib/crater-agent-workspace/builds/worker-6-tc1/source:/opt/rustwide/workdir:ro,Z" "-v" "/var/lib/crater-agent-workspace/builds/worker-6-tc1/target:/opt/rustwide/target:rw,Z" "-v" "/var/lib/crater-agent-workspace/cargo-home:/opt/rustwide/cargo-home:ro,Z" "-v" "/var/lib/crater-agent-workspace/rustup-home:/opt/rustwide/rustup-home:ro,Z" "-m" "1610612736" "--network" "none" "ghcr.io/rust-lang/crates-build-env/linux@sha256:8683fc1fc2eb5c9ac98e0d076ab094b2ffac7f99da555d2b6a2e27f346de2ec7" "sleep" "infinity", kill_on_drop: false }`
[INFO] [stdout] 204b8fd0a89748a042f61e58f7060556d04cabdb6475e716d9c7c7144579cdec
[INFO] running `Command { std: "docker" "start" "204b8fd0a89748a042f61e58f7060556d04cabdb6475e716d9c7c7144579cdec", kill_on_drop: false }`
[INFO] running `Command { std: "docker" "inspect" "204b8fd0a89748a042f61e58f7060556d04cabdb6475e716d9c7c7144579cdec", kill_on_drop: false }`
[INFO] running `Command { std: "docker" "exec" "-e" "SOURCE_DIR=/opt/rustwide/workdir" "-e" "CARGO_HOME=/opt/rustwide/cargo-home" "-e" "RUSTUP_HOME=/opt/rustwide/rustup-home" "-e" "CARGO_TARGET_DIR=/opt/rustwide/target" "-w" "/opt/rustwide/workdir" "--user" "0:0" "204b8fd0a89748a042f61e58f7060556d04cabdb6475e716d9c7c7144579cdec" "/opt/rustwide/cargo-home/bin/cargo" "+1.98.0-beta.8" "metadata" "--no-deps" "--format-version=1", kill_on_drop: false }`
[INFO] running `Command { std: "docker" "inspect" "204b8fd0a89748a042f61e58f7060556d04cabdb6475e716d9c7c7144579cdec", kill_on_drop: false }`
[INFO] running `Command { std: "docker" "exec" "-e" "SOURCE_DIR=/opt/rustwide/workdir" "-e" "CARGO_HOME=/opt/rustwide/cargo-home" "-e" "RUSTUP_HOME=/opt/rustwide/rustup-home" "-e" "CARGO_TARGET_DIR=/opt/rustwide/target" "-e" "CARGO_INCREMENTAL=0" "-e" "RUST_BACKTRACE=full" "-e" "RUSTFLAGS=--cap-lints=warn" "-e" "RUSTDOCFLAGS=--cap-lints=warn" "-w" "/opt/rustwide/workdir" "--user" "0:0" "204b8fd0a89748a042f61e58f7060556d04cabdb6475e716d9c7c7144579cdec" "/opt/rustwide/cargo-home/bin/cargo" "+1.98.0-beta.8" "build" "--frozen" "--message-format=json" "--release", kill_on_drop: false }`
[INFO] [stderr]    Compiling proc-macro2 v1.0.106
[INFO] [stderr]    Compiling quote v1.0.45
[INFO] [stderr]    Compiling unicode-ident v1.0.24
[INFO] [stderr]    Compiling libc v0.2.183
[INFO] [stderr]    Compiling log v0.4.29
[INFO] [stderr]    Compiling cfg-if v1.0.4
[INFO] [stderr]    Compiling memchr v2.8.0
[INFO] [stderr]    Compiling smallvec v1.15.1
[INFO] [stderr]    Compiling icu_normalizer_data v2.1.1
[INFO] [stderr]    Compiling bitflags v2.11.0
[INFO] [stderr]    Compiling icu_properties_data v2.1.2
[INFO] [stderr]    Compiling find-msvc-tools v0.1.9
[INFO] [stderr]    Compiling stable_deref_trait v1.2.1
[INFO] [stderr]    Compiling shlex v1.3.0
[INFO] [stderr]    Compiling pkg-config v0.3.32
[INFO] [stderr]    Compiling vcpkg v0.2.15
[INFO] [stderr]    Compiling autocfg v1.5.0
[INFO] [stderr]    Compiling parking_lot_core v0.9.12
[INFO] [stderr]    Compiling litemap v0.8.1
[INFO] [stderr]    Compiling num-traits v0.2.19
[INFO] [stderr]    Compiling aho-corasick v1.1.4
[INFO] [stderr]    Compiling once_cell v1.21.4
[INFO] [stderr]    Compiling regex-syntax v0.8.10
[INFO] [stderr]    Compiling syn v2.0.117
[INFO] [stderr]    Compiling writeable v0.6.2
[INFO] [stderr]    Compiling scopeguard v1.2.0
[INFO] [stderr]    Compiling lock_api v0.4.14
[INFO] [stderr]    Compiling tracing-core v0.1.36
[INFO] [stderr]    Compiling pin-project-lite v0.2.17
[INFO] [stderr]    Compiling object v0.37.3
[INFO] [stderr]    Compiling jobserver v0.1.34
[INFO] [stderr]    Compiling errno v0.3.14
[INFO] [stderr]    Compiling mio v1.1.1
[INFO] [stderr]    Compiling signal-hook-registry v1.4.8
[INFO] [stderr]    Compiling cc v1.2.57
[INFO] [stderr]    Compiling crossbeam-utils v0.8.21
[INFO] [stderr]    Compiling serde_core v1.0.228
[INFO] [stderr]    Compiling rustversion v1.0.22
[INFO] [stderr]    Compiling parking_lot v0.12.5
[INFO] [stderr]    Compiling num-integer v0.1.46
[INFO] [stderr]    Compiling same-file v1.0.6
[INFO] [stderr]    Compiling regex-automata v0.4.14
[INFO] [stderr]    Compiling lazy_static v1.5.0
[INFO] [stderr]    Compiling itoa v1.0.17
[INFO] [stderr]    Compiling unicode-width v0.1.14
[INFO] [stderr]    Compiling rustix v1.1.4
[INFO] [stderr]    Compiling gimli v0.32.3
[INFO] [stderr]    Compiling unicode-width v0.2.0
[INFO] [stderr]    Compiling adler2 v2.0.1
[INFO] [stderr]    Compiling miniz_oxide v0.8.9
[INFO] [stderr]    Compiling libz-sys v1.1.25
[INFO] [stderr]    Compiling libgit2-sys v0.18.3+1.9.2
[INFO] [stderr]    Compiling sharded-slab v0.1.7
[INFO] [stderr]    Compiling walkdir v2.5.0
[INFO] [stderr]    Compiling tracing-log v0.2.0
[INFO] [stderr]    Compiling synstructure v0.13.2
[INFO] [stderr]    Compiling addr2line v0.25.1
[INFO] [stderr]    Compiling inotify-sys v0.1.5
[INFO] [stderr]    Compiling thread_local v1.1.9
[INFO] [stderr]    Compiling ident_case v1.0.1
[INFO] [stderr]    Compiling matchers v0.2.0
[INFO] [stderr]    Compiling serde v1.0.228
[INFO] [stderr]    Compiling unicode-xid v0.2.6
[INFO] [stderr]    Compiling nu-ansi-term v0.50.3
[INFO] [stderr]    Compiling rustc-demangle v0.1.27
[INFO] [stderr]    Compiling zerofrom-derive v0.1.6
[INFO] [stderr]    Compiling yoke-derive v0.8.1
[INFO] [stderr]    Compiling zerovec-derive v0.11.2
[INFO] [stderr]    Compiling displaydoc v0.2.5
[INFO] [stderr]    Compiling tracing-attributes v0.1.31
[INFO] [stderr]    Compiling linux-raw-sys v0.12.1
[INFO] [stderr]    Compiling zerofrom v0.1.6
[INFO] [stderr]    Compiling yoke v0.8.1
[INFO] [stderr]    Compiling zerotrie v0.2.3
[INFO] [stderr]    Compiling owo-colors v4.3.0
[INFO] [stderr]    Compiling zerovec v0.11.5
[INFO] [stderr]    Compiling utf8parse v0.2.2
[INFO] [stderr]    Compiling signal-hook v0.3.18
[INFO] [stderr]    Compiling strsim v0.11.1
[INFO] [stderr]    Compiling anstyle-parse v1.0.0
[INFO] [stderr]    Compiling darling_core v0.23.0
[INFO] [stderr]    Compiling serde_derive v1.0.228
[INFO] [stderr]    Compiling tinystr v0.8.2
[INFO] [stderr]    Compiling icu_locale_core v2.1.1
[INFO] [stderr]    Compiling potential_utf v0.1.4
[INFO] [stderr]    Compiling icu_collections v2.1.1
[INFO] [stderr]    Compiling tracing v0.1.44
[INFO] [stderr]    Compiling icu_provider v2.1.1
[INFO] [stderr]    Compiling tracing-subscriber v0.3.23
[INFO] [stderr]    Compiling backtrace v0.3.76
[INFO] [stderr]    Compiling icu_properties v2.1.2
[INFO] [stderr]    Compiling icu_normalizer v2.1.1
[INFO] [stderr]    Compiling const_format_proc_macros v0.2.34
[INFO] [stderr]    Compiling idna_adapter v1.2.1
[INFO] [stderr]    Compiling inotify v0.11.1
[INFO] [stderr]    Compiling crossbeam-epoch v0.9.18
[INFO] [stderr]    Compiling num-bigint v0.4.6
[INFO] [stderr]    Compiling bstr v1.12.1
[INFO] [stderr]    Compiling notify-types v2.1.0
[INFO] [stderr]    Compiling is_ci v1.2.0
[INFO] [stderr]    Compiling anstyle v1.0.14
[INFO] [stderr]    Compiling is_terminal_polyfill v1.70.2
[INFO] [stderr]    Compiling unicode-linebreak v0.1.5
[INFO] [stderr]    Compiling rustix v0.38.44
[INFO] [stderr]    Compiling anstyle-query v1.1.5
[INFO] [stderr]    Compiling colorchoice v1.0.5
[INFO] [stderr]    Compiling percent-encoding v2.3.2
[INFO] [stderr]    Compiling utf8_iter v1.0.4
[INFO] [stderr]    Compiling idna v1.1.0
[INFO] [stderr]    Compiling anstream v1.0.0
[INFO] [stderr]    Compiling textwrap v0.16.2
[INFO] [stderr]    Compiling form_urlencoded v1.2.2
[INFO] [stderr]    Compiling globset v0.4.18
[INFO] [stderr]    Compiling notify v8.2.0
[INFO] [stderr]    Compiling supports-color v3.0.2
[INFO] [stderr]    Compiling num-rational v0.4.2
[INFO] [stderr]    Compiling crossbeam-deque v0.8.6
[INFO] [stderr]    Compiling tracing-error v0.2.1
[INFO] [stderr]    Compiling darling_macro v0.23.0
[INFO] [stderr]    Compiling backtrace-ext v0.2.1
[INFO] [stderr]    Compiling terminal_size v0.4.3
[INFO] [stderr]    Compiling tokio-macros v2.6.1
[INFO] [stderr]    Compiling miette-derive v7.6.0
[INFO] [stderr]    Compiling num-iter v0.1.45
[INFO] [stderr]    Compiling num-complex v0.4.6
[INFO] [stderr]    Compiling powerfmt v0.2.0
[INFO] [stderr]    Compiling bytes v1.11.1
[INFO] [stderr]    Compiling file-id v0.2.3
[INFO] [stderr]    Compiling equivalent v1.0.2
[INFO] [stderr]    Compiling linux-raw-sys v0.4.15
[INFO] [stderr]    Compiling zmij v1.0.21
[INFO] [stderr]    Compiling foldhash v0.1.5
[INFO] [stderr]    Compiling supports-hyperlinks v3.2.0
[INFO] [stderr]    Compiling allocator-api2 v0.2.21
[INFO] [stderr]    Compiling either v1.15.0
[INFO] [stderr]    Compiling dissimilar v1.0.11
[INFO] [stderr]    Compiling ecow v0.2.6
[INFO] [stderr]    Compiling supports-unicode v3.0.0
[INFO] [stderr]    Compiling paste v1.0.15
[INFO] [stderr]    Compiling heck v0.5.0
[INFO] [stderr]    Compiling tz-rs v0.7.3
[INFO] [stderr]    Compiling instability v0.3.12
[INFO] [stderr]    Compiling miette v7.6.0
[INFO] [stderr]    Compiling strum_macros v0.26.4
[INFO] [stderr]    Compiling nao-base v0.1.7 (/opt/rustwide/workdir/crates/base)
[INFO] [stderr]    Compiling hashbrown v0.15.5
[INFO] [stderr]    Compiling tzdb_data v0.2.4
[INFO] [stderr]    Compiling expect-test v1.5.1
[INFO] [stderr]    Compiling deranged v0.5.8
[INFO] [stderr]    Compiling itertools v0.13.0
[INFO] [stderr]    Compiling tokio v1.50.0
[INFO] [stderr]    Compiling num v0.4.3
[INFO] [stderr]    Compiling notify-debouncer-full v0.5.0
[INFO] [stderr]    Compiling signal-hook-mio v0.2.5
[INFO] [stderr]    Compiling darling v0.23.0
[INFO] [stderr]    Compiling ignore v0.4.25
[INFO] [stderr]    Compiling url v2.5.8
[INFO] [stderr]    Compiling castaway v0.2.4
[INFO] [stderr]    Compiling filetime v0.2.29
[INFO] [stderr]    Compiling time-core v0.1.8
[INFO] [stderr]    Compiling ryu v1.0.23
[INFO] [stderr]    Compiling unicode-segmentation v1.12.0
[INFO] [stderr]    Compiling num-conv v0.2.0
[INFO] [stderr]    Compiling winnow v0.6.24
[INFO] [stderr]    Compiling num_threads v0.1.7
[INFO] [stderr]    Compiling iana-time-zone v0.1.65
[INFO] [stderr]    Compiling static_assertions v1.1.0
[INFO] [stderr]    Compiling serde_json v1.0.149
[INFO] [stderr]    Compiling indoc v2.0.7
[INFO] [stderr]    Compiling relative-path v1.9.3
[INFO] [stderr]    Compiling time v0.3.47
[INFO] [stderr]    Compiling compact_str v0.8.1
[INFO] [stderr]    Compiling tzdb v0.7.3
[INFO] [stderr]    Compiling kdl v6.5.0
[INFO] [stderr]    Compiling nao-pal v0.1.7 (/opt/rustwide/workdir/crates/pal)
[INFO] [stderr]    Compiling unicode-truncate v1.1.0
[INFO] [stderr]    Compiling crossterm v0.28.1
[INFO] [stderr]    Compiling strum v0.26.3
[INFO] [stderr]    Compiling lru v0.12.5
[INFO] [stderr]    Compiling const_format v0.2.35
[INFO] [stderr]    Compiling is_debug v1.1.0
[INFO] [stderr]    Compiling cassowary v0.3.0
[INFO] [stderr]    Compiling ratatui v0.29.0
[INFO] [stderr]    Compiling nao-recipe v0.1.7 (/opt/rustwide/workdir/crates/recipe)
[INFO] [stderr]    Compiling tui-scrollview v0.5.3
[INFO] [stderr]    Compiling nao-engine v0.1.7 (/opt/rustwide/workdir/crates/engine)
[INFO] [stderr]    Compiling xflags-macros v0.3.2
[INFO] [stderr]    Compiling nao-tui v0.1.7 (/opt/rustwide/workdir/crates/tui)
[INFO] [stderr]    Compiling xflags v0.3.2
[INFO] [stderr]    Compiling git2 v0.20.4
[INFO] [stderr]    Compiling shadow-rs v1.7.1
[INFO] [stderr]    Compiling nao v0.1.7 (/opt/rustwide/workdir/crates/cli)
[INFO] [stderr]     Finished `release` profile [optimized] target(s) in 6m 00s
[INFO] running `Command { std: "docker" "inspect" "204b8fd0a89748a042f61e58f7060556d04cabdb6475e716d9c7c7144579cdec", kill_on_drop: false }`
[INFO] running `Command { std: "docker" "exec" "-e" "SOURCE_DIR=/opt/rustwide/workdir" "-e" "CARGO_HOME=/opt/rustwide/cargo-home" "-e" "RUSTUP_HOME=/opt/rustwide/rustup-home" "-e" "CARGO_TARGET_DIR=/opt/rustwide/target" "-e" "CARGO_INCREMENTAL=0" "-e" "RUST_BACKTRACE=full" "-e" "RUSTFLAGS=--cap-lints=warn" "-e" "RUSTDOCFLAGS=--cap-lints=warn" "-w" "/opt/rustwide/workdir" "--user" "0:0" "204b8fd0a89748a042f61e58f7060556d04cabdb6475e716d9c7c7144579cdec" "/opt/rustwide/cargo-home/bin/cargo" "+1.98.0-beta.8" "test" "--frozen" "--no-run" "--message-format=json" "--release", kill_on_drop: false }`
[INFO] [stderr]    Compiling nao-tui v0.1.7 (/opt/rustwide/workdir/crates/tui)
[INFO] [stderr]    Compiling nao-engine v0.1.7 (/opt/rustwide/workdir/crates/engine)
[INFO] [stderr]    Compiling nao v0.1.7 (/opt/rustwide/workdir/crates/cli)
[INFO] [stderr]    Compiling nao-recipe v0.1.7 (/opt/rustwide/workdir/crates/recipe)
[INFO] [stderr]    Compiling nao-pal v0.1.7 (/opt/rustwide/workdir/crates/pal)
[INFO] [stderr]    Compiling nao-base v0.1.7 (/opt/rustwide/workdir/crates/base)
[INFO] [stderr]     Finished `release` profile [optimized] target(s) in 32.88s
[INFO] running `Command { std: "docker" "inspect" "204b8fd0a89748a042f61e58f7060556d04cabdb6475e716d9c7c7144579cdec", kill_on_drop: false }`
[INFO] running `Command { std: "docker" "exec" "-e" "SOURCE_DIR=/opt/rustwide/workdir" "-e" "CARGO_HOME=/opt/rustwide/cargo-home" "-e" "RUSTUP_HOME=/opt/rustwide/rustup-home" "-e" "CARGO_TARGET_DIR=/opt/rustwide/target" "-e" "CARGO_INCREMENTAL=0" "-e" "RUST_BACKTRACE=full" "-e" "RUSTFLAGS=--cap-lints=warn" "-e" "RUSTDOCFLAGS=--cap-lints=warn" "-w" "/opt/rustwide/workdir" "--user" "0:0" "204b8fd0a89748a042f61e58f7060556d04cabdb6475e716d9c7c7144579cdec" "/opt/rustwide/cargo-home/bin/cargo" "+1.98.0-beta.8" "test" "--frozen" "--release", kill_on_drop: false }`
[INFO] [stderr]    Compiling nao v0.1.7 (/opt/rustwide/workdir/crates/cli)
[INFO] [stderr]     Finished `release` profile [optimized] target(s) in 6.80s
[INFO] [stderr]      Running unittests src/main.rs (/opt/rustwide/target/release/deps/nao-81d3889b41c34926)
[INFO] [stdout] 
[INFO] [stdout] running 68 tests
[INFO] [stdout] 🚀 Running [1;37mtest[0m and 0 prerequisite tasks
[INFO] [stdout] 🚀 Running [1;37mtest[0m and 0 prerequisite tasks
[INFO] [stdout] test command_dispatch::tests::run_with_version_returns_success ... ok
[INFO] [stdout] test command_dispatch::tests::run_with_init_returns_error_when_recipe_exists ... ok
[INFO] [stdout] test command_dispatch::tests::run_with_init_returns_success ... ok
[INFO] [stdout] test command_dispatch::tests::run_without_action_in_non_interactive_mode_returns_success_without_reading_recipe ... ok
[INFO] [stdout] test command_dispatch::tests::run_uses_legacy_recipe_path_when_primary_is_missing ... ok
[INFO] [stdout] test command_dispatch::tests::run_with_restart_touches_restart_marker ... ok
[INFO] [stdout] test recipe_init::tests::init_refuses_to_create_primary_recipe_when_legacy_recipe_exists ... ok
[INFO] [stdout] test recipe_init::tests::init_keeps_existing_recipe_file ... ok
[INFO] [stdout] test help_text::tests::help_text_documents_cli_and_recipe_format ... ok
[INFO] [stdout] test recipe_init::tests::init_writes_starter_recipe_when_missing ... ok
[INFO] [stdout] test help_text::tests::non_interactive_help_calls_out_text_fallback ... ok
[INFO] [stdout] test recipe_paths::tests::defaults_to_primary_recipe_path_when_no_recipe_exists ... ok
[INFO] [stdout] test recipe_paths::tests::falls_back_to_legacy_recipe_path_when_primary_is_missing ... ok
[INFO] [stdout] test request_validation::tests::defaults_to_tui_when_no_action_is_given ... ok
[INFO] [stdout] test recipe_paths::tests::prefers_primary_recipe_path_when_present ... ok
[INFO] [stdout] test request_validation::tests::does_not_default_to_tui_when_ci_is_requested ... ok
[INFO] [stdout] test request_validation::tests::does_not_default_to_tui_when_init_is_requested ... ok
[INFO] [stdout] test request_validation::tests::does_not_default_to_tui_when_listing_tasks ... ok
[INFO] [stdout] test request_validation::tests::does_not_default_to_tui_when_no_action_is_given_in_non_interactive_mode ... ok
[INFO] [stdout] test request_validation::tests::does_not_default_to_tui_when_tasks_are_requested ... ok
[INFO] [stdout] test request_validation::tests::does_not_default_to_tui_when_version_is_requested ... ok
[INFO] [stdout] test request_validation::tests::rejects_config_with_init ... ok
[INFO] [stdout] test request_validation::tests::rejects_config_with_restart ... ok
[INFO] [stdout] test request_validation::tests::rejects_config_with_version ... ok
[INFO] [stdout] test request_validation::tests::rejects_init_with_version ... ok
[INFO] [stdout] test request_validation::tests::rejects_list_with_init ... ok
[INFO] [stdout] test request_validation::tests::rejects_list_with_tui ... ok
[INFO] [stdout] test request_validation::tests::rejects_restart_with_init ... ok
[INFO] [stdout] test request_validation::tests::rejects_restart_with_version ... ok
[INFO] [stdout] test request_validation::tests::rejects_task_names_with_init ... ok
[INFO] [stdout] test request_validation::tests::rejects_task_names_with_restart ... ok
[INFO] [stdout] test request_validation::tests::rejects_task_names_with_tui ... ok
[INFO] [stdout] test request_validation::tests::rejects_task_names_with_version ... ok
[INFO] [stdout] test request_validation::tests::rejects_tui_with_ci ... ok
[INFO] [stdout] test restart_marker::tests::restart_command_touches_marker ... ok
[INFO] [stdout] test restart_marker::tests::startup_creates_missing_restart_marker ... ok
[INFO] [stdout] test restart_marker::tests::startup_preserves_existing_restart_marker_mtime ... ok
[INFO] [stdout] test runner::live_display::line_per_task_display::tests::renders_direct_output_with_aligned_task_prefixes ... ok
[INFO] [stdout] test runner::live_display::line_per_task_display::tests::renders_line_per_task_display ... ok
[INFO] [stdout] test runner::live_display::line_per_task_display::tests::updates_only_running_task_spinner_cells ... ok
[INFO] [stdout] test runner::live_display::single_line_display::tests::renders_single_line_display_with_concurrent_progress ... ok
[INFO] [stdout] test runner::rendering::tests::pretty_prints_durations ... ok
[INFO] [stdout] test runner::rendering::tests::renders_failure_summary_for_multiple_completed_tasks ... ok
[INFO] [stdout] test runner::rendering::tests::renders_failure_summary_with_omitted_line_notice ... ok
[INFO] [stdout] test runner::rendering::tests::renders_multiple_goal_tasks_with_bold_comma_joining ... ok
[INFO] [stdout] test runner::rendering::tests::renders_running_line_with_prerequisite_count ... ok
[INFO] [stdout] test runner::rendering::tests::renders_success_summary_with_goal_outcome ... ok
[INFO] [stdout] test runner::tests::cli_interrupt_state_cancels_current_token ... ok
[INFO] [stdout] test runner::tests::renders_ansi_task_list_for_interactive_terminals ... ok
[INFO] [stdout] 🚀 Running [1;37mtest[0m and 1 prerequisite task
[INFO] [stdout] Starting zeta
[INFO] [stdout] Starting build
[INFO] [stdout] Completed zeta in 4ns
[INFO] [stdout] Starting alpha
[INFO] [stdout] test tests::defaults_to_no_config_flag ... ok
[INFO] [stdout] 🚀 Running [1;37mbuild[0m and 0 prerequisite tasks
[INFO] [stdout] test command_dispatch::tests::run_returns_exit_code_one_when_task_fails_with_non_one_status ... ok
[INFO] [stdout] Failed alpha in 4ns
[INFO] [stdout] Completed build in 4ns: build ready
[INFO] [stdout] Starting test
[INFO] [stdout] test runner::tests::renders_task_list ... ok
[INFO] [stdout] test tests::parses_ci_flag ... ok
[INFO] [stdout] Completed test in 4ns: 3 tests passed
[INFO] [stdout] test runner::tests::renders_ci_logs_in_alphabetical_order_with_failures_last ... ok
[INFO] [stdout] 🚀 Running [1;37mtest[0m and 1 prerequisite task
[INFO] [stdout] test tests::parses_init_flag ... ok
[INFO] [stdout] test runner::tests::renders_ci_output_with_task_logs_and_summary ... ok
[INFO] [stdout] test runner::tests::executes_selected_tasks ... ok
[INFO] [stdout] test tests::parses_restart_flag ... ok
[INFO] [stdout] test tests::parses_tui_flag ... ok
[INFO] [stdout] test tests::parses_version_flag ... ok
[INFO] [stdout] test version_metadata::tests::falls_back_to_unknown_when_shadow_commit_date_is_missing ... ok
[INFO] [stdout] test version_metadata::tests::falls_back_to_unknown_when_shadow_short_commit_is_missing ... ok
[INFO] [stdout] test version_metadata::tests::normalizes_shadow_commit_date_to_calendar_date ... ok
[INFO] [stdout] test version_metadata::tests::renders_version_with_dev_suffix_for_dirty_worktree ... ok
[INFO] [stdout] test version_metadata::tests::renders_version_without_dev_suffix_for_clean_worktree ... ok
[INFO] [stdout] test runner::tests::renders_failed_task_summary_without_error_wrapper ... ok
[INFO] [stdout] test tests::parses_config_flag_and_tasks ... ok
[INFO] [stdout] Restarting run after nao --restart
[INFO] [stdout] 🚀 Running [1;37mbuild[0m and 0 prerequisite tasks
[INFO] [stdout] test runner::tests::restarts_when_restart_marker_mtime_changes ... ok
[INFO] [stdout] 
[INFO] [stdout] test result: ok. 68 passed; 0 failed; 0 ignored; 0 measured; 0 filtered out; finished in 0.11s
[INFO] [stdout] 
[INFO] [stderr]      Running unittests src/lib.rs (/opt/rustwide/target/release/deps/nao_base-636cee47a2621180)
[INFO] [stdout] 
[INFO] [stdout] running 22 tests
[INFO] [stdout] test cli::tests::format_cli_error_skips_cause_chain_for_multiline_cause ... ok
[INFO] [stdout] test error::tests::test_format_span_trace_fields ... ok
[INFO] [stdout] test file_path::tests::test_file_path_clone ... ok
[INFO] [stdout] test cli::tests::format_cli_error_renders_headline_and_cause_chain ... ok
[INFO] [stdout] test file_path::tests::test_file_path_creation ... ok
[INFO] [stdout] test file_path::tests::test_file_path_components ... ok
[INFO] [stdout] test file_path::tests::test_file_path_default ... ok
[INFO] [stdout] test file_path::tests::test_file_path_display ... ok
[INFO] [stdout] test file_path::tests::test_file_path_equality ... ok
[INFO] [stdout] test file_path::tests::test_file_path_join ... ok
[INFO] [stdout] test result::tests::test_with_context_is_lazy_for_ok_results ... ok
[INFO] [stdout] test result::tests::test_with_context_wraps_nao_error_results ... ok
[INFO] [stdout] test shared_string::tests::test_shared_string_clone ... ok
[INFO] [stdout] test shared_string::tests::test_shared_string_creation ... ok
[INFO] [stdout] test shared_string::tests::test_shared_string_default ... ok
[INFO] [stdout] test shared_string::tests::test_shared_string_deref ... ok
[INFO] [stdout] test shared_string::tests::test_shared_string_display ... ok
[INFO] [stdout] test shared_string::tests::test_shared_string_equality ... ok
[INFO] [stdout] test shared_string::tests::test_shared_string_format_macro ... ok
[INFO] [stdout] test shared_string::tests::test_shared_string_format_macro_multiple_args ... ok
[INFO] [stdout] test result::tests::test_option_with_context_is_lazy_for_some_results ... ok
[INFO] [stdout] test file_path::tests::test_file_path_normalize ... ok
[INFO] [stdout] 
[INFO] [stdout] test result: ok. 22 passed; 0 failed; 0 ignored; 0 measured; 0 filtered out; finished in 0.01s
[INFO] [stdout] 
[INFO] [stdout] 
[INFO] [stderr]      Running tests/error_rendering.rs (/opt/rustwide/target/release/deps/error_rendering-128573641d467ee0)
[INFO] [stdout] running 7 tests
[INFO] [stdout] test bail_macro_formats_error_with_caller_location ... ok
[INFO] [stdout] test chained_error_formats_cause_and_locations ... ok
[INFO] [stdout] test chained_error_only_renders_root_cause_span_trace ... ok
[INFO] [stdout] test err_macro_formats_error_with_caller_location ... ok
[INFO] [stdout] test multiline_cause_renders_as_indented_block ... ok
[INFO] [stdout] test std_source_error_formats_cause_and_locations ... ok
[INFO] [stderr]      Running tests/result_formatting.rs (/opt/rustwide/target/release/deps/result_formatting-408648c09ffc26dd)
[INFO] [stdout] test span_trace_renders_as_structured_frames ... ok
[INFO] [stdout] 
[INFO] [stdout] test result: ok. 7 passed; 0 failed; 0 ignored; 0 measured; 0 filtered out; finished in 0.00s
[INFO] [stdout] 
[INFO] [stdout] 
[INFO] [stdout] running 3 tests
[INFO] [stdout] test option_context_formats_error_with_caller_location ... ok
[INFO] [stdout] test result_context_formats_error_with_caller_location ... ok
[INFO] [stdout] test result_with_context_formats_error_with_caller_location ... ok
[INFO] [stdout] 
[INFO] [stderr]      Running unittests src/lib.rs (/opt/rustwide/target/release/deps/nao_engine-787f9d6a4b0fe97d)
[INFO] [stdout] test result: ok. 3 passed; 0 failed; 0 ignored; 0 measured; 0 filtered out; finished in 0.00s
[INFO] [stdout] 
[INFO] [stdout] 
[INFO] [stdout] running 38 tests
[INFO] [stdout] test run_engine::tests::builds_compose_tasks_as_docker_compose_run_commands ... ok
[INFO] [stdout] test run_engine::tests::builds_script_tasks_from_default_recipe_with_repository_root_working_directory ... ok
[INFO] [stdout] test run_engine::tests::builds_shell_tasks_with_strict_bash_flags ... ok
[INFO] [stdout] test run_engine::tests::builds_container_tasks_as_docker_run_commands ... ok
[INFO] [stdout] test run_engine::tests::defaults_planned_parallel_tasks_from_pal ... ok
[INFO] [stdout] test run_engine::tests::errors_after_thirty_run_directory_collisions ... ok
[INFO] [stdout] test run_engine::tests::errors_when_wildcard_requested_tasks_match_nothing ... ok
[INFO] [stdout] test run_engine::tests::extracts_last_task_outcome_message ... ok
[INFO] [stdout] test run_engine::tests::executes_compose_tasks_with_generated_docker_compose_command ... ok
[INFO] [stdout] test run_engine::tests::keeps_last_directly_reported_outcome_message ... ok
[INFO] [stdout] test run_engine::tests::lists_recipe_tasks ... ok
[INFO] [stdout] test run_engine::tests::plans_comma_separated_requested_tasks ... ok
[INFO] [stdout] test run_engine::tests::fail_late_continues_unrelated_tasks_and_skips_only_blocked_dependents ... ok
[INFO] [stdout] test run_engine::tests::executes_tasks_in_dependency_order ... ok
[INFO] [stdout] test run_engine::tests::captures_outcome_from_direct_output_and_keeps_marker_in_logs ... ok
[INFO] [stdout] test run_engine::tests::plans_mixed_comma_separated_and_repeated_requested_tasks ... ok
[INFO] [stdout] test run_engine::tests::plans_requested_failure_mode ... ok
[INFO] [stdout] test run_engine::tests::plans_requested_live_display_mode ... ok
[INFO] [stdout] test run_engine::tests::plans_requested_max_parallel_tasks ... ok
[INFO] [stdout] test run_engine::tests::plans_requested_tasks ... ok
[INFO] [stdout] test run_engine::tests::plans_mixed_wildcard_and_comma_separated_requested_tasks ... ok
[INFO] [stdout] test run_engine::tests::executes_container_tasks_with_generated_docker_command ... ok
[INFO] [stdout] test run_engine::tests::preserves_output_for_failed_compose_tasks ... ok
[INFO] [stdout] test run_engine::tests::plans_wildcard_requested_tasks ... ok
[INFO] [stdout] test run_engine::tests::preserves_output_for_failed_container_tasks ... ok
[INFO] [stdout] test run_engine::tests::streams_direct_output_as_complete_lines_from_split_chunks ... ok
[INFO] [stdout] test run_engine::tests::streams_direct_output_lines_only_for_opted_in_tasks ... ok
[INFO] [stdout] test run_engine::tests::wraps_shell_tasks_with_err_trap_reporting ... ok
[INFO] [stdout] test run_engine::tests::retries_run_directory_reservation_on_collision ... ok
[INFO] [stdout] test run_engine::tests::reports_failed_task_duration_relative_to_task_start ... ok
[INFO] [stdout] test run_engine::tests::streams_task_status_to_observer_and_events ... ok
[INFO] [stdout] test task_output_framer::tests::renders_exit_events ... ok
[INFO] [stdout] test task_output_framer::tests::frames_lines_from_raw_chunks ... ok
[INFO] [stdout] test run_engine::tests::writes_failed_run_summary_and_skipped_tasks ... ok
[INFO] [stdout] test run_engine::tests::executes_independent_tasks_concurrently ... ok
[INFO] [stdout] test run_engine::tests::starts_dependents_only_after_prerequisites_finish ... ok
[INFO] [stdout] test run_engine::tests::stops_launching_new_tasks_after_concurrent_failure ... ok
[INFO] [stdout] test run_engine::tests::cancellation_interrupts_running_task_and_records_failed_run ... ok
[INFO] [stdout] 
[INFO] [stdout] test result: ok. 38 passed; 0 failed; 0 ignored; 0 measured; 0 filtered out; finished in 0.10s
[INFO] [stdout] 
[INFO] [stderr]      Running unittests src/lib.rs (/opt/rustwide/target/release/deps/nao_pal-46694a70028ca519)
[INFO] [stdout] 
[INFO] [stdout] running 4 tests
[INFO] [stdout] test pal_mock::tests::cancellable_process_stops_before_delivering_more_events ... ok
[INFO] [stdout] test cancellation_token::tests::cloned_tokens_observe_cancellation ... ok
[INFO] [stdout] test pal_real::tests::runs_process_and_reports_events ... ok
[INFO] [stdout] test pal_real::tests::cancellation_terminates_subchild_process_group ... FAILED
[INFO] [stdout] 
[INFO] [stdout] failures:
[INFO] [stdout] 
[INFO] [stdout] ---- pal_real::tests::cancellation_terminates_subchild_process_group stdout ----
[INFO] [stdout] 
[INFO] [stdout] thread 'pal_real::tests::cancellation_terminates_subchild_process_group' (5919) panicked at crates/pal/src/pal_real.rs:652:9:
[INFO] [stdout] assertion failed: !process_exists(sleep_pid)
[INFO] [stdout] stack backtrace:
[INFO] [stdout]    0:     0x5d651c94edb1 - <<std[97b98282bc616a66]::sys::backtrace::BacktraceLock>::print::DisplayBacktrace as core[832e9a552fc17241]::fmt::Display>::fmt
[INFO] [stdout]    1:     0x5d651c9634ca - core[832e9a552fc17241]::fmt::write
[INFO] [stdout]    2:     0x5d651c95342c - <alloc[3ecab9f82c41dc7d]::vec::Vec<u8> as std[97b98282bc616a66]::io::Write>::write_fmt
[INFO] [stdout]    3:     0x5d651c92c136 - std[97b98282bc616a66]::panicking::default_hook::{closure#0}
[INFO] [stdout]    4:     0x5d651c946849 - std[97b98282bc616a66]::panicking::default_hook
[INFO] [stdout]    5:     0x5d651c8b4380 - test[39766f3d73431624]::test_main_inner::<test[39766f3d73431624]::test_main_static::{closure#0}>::{closure#0}
[INFO] [stdout]    6:     0x5d651c946b72 - std[97b98282bc616a66]::panicking::panic_with_hook
[INFO] [stdout]    7:     0x5d651c92c214 - std[97b98282bc616a66]::panicking::panic_handler::{closure#0}
[INFO] [stdout]    8:     0x5d651c9238f9 - std[97b98282bc616a66]::sys::backtrace::__rust_end_short_backtrace::<std[97b98282bc616a66]::panicking::panic_handler::{closure#0}, !>
[INFO] [stdout]    9:     0x5d651c92cddd - __rustc[e3d8617bb01b7f69]::rust_begin_unwind
[INFO] [stdout]   10:     0x5d651c963c2c - core[832e9a552fc17241]::panicking::panic_fmt
[INFO] [stdout]   11:     0x5d651c963bf2 - core[832e9a552fc17241]::panicking::panic
[INFO] [stdout]   12:     0x5d651c88afc9 - nao_pal[2b6d6fb8d115fc85]::pal_real::tests::cancellation_terminates_subchild_process_group
[INFO] [stdout]   13:     0x5d651c89c769 - <nao_pal[2b6d6fb8d115fc85]::pal_real::tests::cancellation_terminates_subchild_process_group::{closure#0} as core[832e9a552fc17241]::ops::function::FnOnce<()>>::call_once
[INFO] [stdout]   14:     0x5d651c8a76bb - test[39766f3d73431624]::__rust_begin_short_backtrace::<core[832e9a552fc17241]::result::Result<(), alloc[3ecab9f82c41dc7d]::string::String>, fn() -> core[832e9a552fc17241]::result::Result<(), alloc[3ecab9f82c41dc7d]::string::String>>
[INFO] [stdout]   15:     0x5d651c8b4d05 - test[39766f3d73431624]::run_test::{closure#0}
[INFO] [stdout]   16:     0x5d651c8af7b4 - std[97b98282bc616a66]::sys::backtrace::__rust_begin_short_backtrace::<test[39766f3d73431624]::run_test::{closure#1}, ()>
[INFO] [stdout]   17:     0x5d651c8b7e52 - <std[97b98282bc616a66]::thread::lifecycle::spawn_unchecked<test[39766f3d73431624]::run_test::{closure#1}, ()>::{closure#1} as core[832e9a552fc17241]::ops::function::FnOnce<()>>::call_once::{shim:vtable#0}
[INFO] [stdout]   18:     0x5d651c94e2bf - <std[97b98282bc616a66]::sys::thread::unix::Thread>::new::thread_start
[INFO] [stdout]   19:     0x7e84ae0cd07a - <unknown>
[INFO] [stdout]   20:     0x7e84ae160534 - clone
[INFO] [stdout]   21:                0x0 - <unknown>
[INFO] [stdout] 
[INFO] [stdout] 
[INFO] [stdout] failures:
[INFO] [stdout]     pal_real::tests::cancellation_terminates_subchild_process_group
[INFO] [stdout] 
[INFO] [stdout] test result: FAILED. 3 passed; 1 failed; 0 ignored; 0 measured; 0 filtered out; finished in 1.07s
[INFO] [stdout] 
[INFO] [stderr] error: test failed, to rerun pass `-p nao-pal --lib`
[INFO] running `Command { std: "docker" "inspect" "204b8fd0a89748a042f61e58f7060556d04cabdb6475e716d9c7c7144579cdec", kill_on_drop: false }`
[INFO] running `Command { std: "docker" "rm" "-f" "204b8fd0a89748a042f61e58f7060556d04cabdb6475e716d9c7c7144579cdec", kill_on_drop: false }`
[INFO] [stdout] 204b8fd0a89748a042f61e58f7060556d04cabdb6475e716d9c7c7144579cdec
