[INFO] cloning repository https://github.com/m4r1vs/aoc2024
[INFO] running `Command { std: "git" "-c" "credential.helper=" "-c" "credential.helper=/workspace/cargo-home/bin/git-credential-null" "clone" "--bare" "https://github.com/m4r1vs/aoc2024" "/workspace/cache/git-repos/https%3A%2F%2Fgithub.com%2Fm4r1vs%2Faoc2024", kill_on_drop: false }`
[INFO] [stderr] Cloning into bare repository '/workspace/cache/git-repos/https%3A%2F%2Fgithub.com%2Fm4r1vs%2Faoc2024'...
[INFO] running `Command { std: "git" "rev-parse" "HEAD", kill_on_drop: false }`
[INFO] [stdout] 115e3c84be78cde4a0918a0d63a1269eab087514
[INFO] testing m4r1vs/aoc2024 against 1.98.0-beta.8+cargoflags=--release for beta-release-1.99-2
[INFO] running `Command { std: "git" "clone" "/workspace/cache/git-repos/https%3A%2F%2Fgithub.com%2Fm4r1vs%2Faoc2024" "/workspace/builds/worker-4-tc1/source", kill_on_drop: false }`
[INFO] [stderr] Cloning into '/workspace/builds/worker-4-tc1/source'...
[INFO] [stderr] done.
[INFO] removed /workspace/builds/worker-4-tc1/source/.cargo/config.toml
[INFO] started tweaking git repo https://github.com/m4r1vs/aoc2024
[INFO] finished tweaking git repo https://github.com/m4r1vs/aoc2024
[INFO] tweaked toml for git repo https://github.com/m4r1vs/aoc2024 written to /workspace/builds/worker-4-tc1/source/Cargo.toml
[INFO] validating manifest of git repo https://github.com/m4r1vs/aoc2024 on toolchain 1.98.0-beta.8
[INFO] running `Command { std: CARGO_HOME="/workspace/cargo-home" RUSTUP_HOME="/workspace/rustup-home" "/workspace/cargo-home/bin/cargo" "+1.98.0-beta.8" "metadata" "--manifest-path" "Cargo.toml" "--no-deps", kill_on_drop: false }`
[INFO] crate git repo https://github.com/m4r1vs/aoc2024 already has a lockfile, it will not be regenerated
[INFO] running `Command { std: CARGO_HOME="/workspace/cargo-home" RUSTUP_HOME="/workspace/rustup-home" "/workspace/cargo-home/bin/cargo" "+1.98.0-beta.8" "fetch" "--manifest-path" "Cargo.toml", kill_on_drop: false }`
[INFO] [stderr]     Updating crates.io index
[INFO] [stderr]  Downloading crates ...
[INFO] [stderr]   Downloaded tinyjson v2.5.1
[INFO] [stderr]   Downloaded serde_json v1.0.108
[INFO] [stderr]   Downloaded thousands v0.2.0
[INFO] [stderr]   Downloaded dhat v0.3.3
[INFO] [stderr]   Downloaded itoa v1.0.9
[INFO] [stderr]   Downloaded wasm-bindgen-shared v0.2.89
[INFO] [stderr]   Downloaded wasm-bindgen-macro v0.2.89
[INFO] [stderr]   Downloaded mintex v0.1.2
[INFO] [stderr]   Downloaded rustc-demangle v0.1.23
[INFO] [stderr]   Downloaded proc-macro2 v1.0.70
[INFO] [stderr]   Downloaded parking_lot_core v0.9.9
[INFO] [stderr]   Downloaded lock_api v0.4.11
[INFO] [stderr]   Downloaded iana-time-zone v0.1.58
[INFO] [stderr]   Downloaded wasm-bindgen-macro-support v0.2.89
[INFO] [stderr]   Downloaded sys-info v0.9.1
[INFO] [stderr]   Downloaded wasm-bindgen-backend v0.2.89
[INFO] [stderr]   Downloaded quote v1.0.33
[INFO] [stderr]   Downloaded log v0.4.20
[INFO] [stderr]   Downloaded addr2line v0.21.0
[INFO] [stderr]   Downloaded smallvec v1.11.2
[INFO] [stderr]   Downloaded num-traits v0.2.17
[INFO] [stderr]   Downloaded windows-core v0.51.1
[INFO] [stderr]   Downloaded ryu v1.0.15
[INFO] [stderr]   Downloaded miniz_oxide v0.7.1
[INFO] [stderr]   Downloaded serde_derive v1.0.193
[INFO] [stderr]   Downloaded js-sys v0.3.66
[INFO] [stderr]   Downloaded serde v1.0.193
[INFO] [stderr]   Downloaded cc v1.0.83
[INFO] [stderr]   Downloaded bumpalo v3.14.0
[INFO] [stderr]   Downloaded backtrace v0.3.69
[INFO] [stderr]   Downloaded memchr v2.6.4
[INFO] [stderr]   Downloaded wasm-bindgen v0.2.89
[INFO] [stderr]   Downloaded syn v2.0.39
[INFO] [stderr]   Downloaded object v0.32.1
[INFO] [stderr]   Downloaded gimli v0.28.1
[INFO] [stderr]   Downloaded libc v0.2.150
[INFO] running `Command { std: "docker" "create" "-v" "/var/lib/crater-agent-workspace/builds/worker-4-tc1/source:/opt/rustwide/workdir:ro,Z" "-v" "/var/lib/crater-agent-workspace/builds/worker-4-tc1/target:/opt/rustwide/target:rw,Z" "-v" "/var/lib/crater-agent-workspace/cargo-home:/opt/rustwide/cargo-home:ro,Z" "-v" "/var/lib/crater-agent-workspace/rustup-home:/opt/rustwide/rustup-home:ro,Z" "-m" "1610612736" "--network" "none" "ghcr.io/rust-lang/crates-build-env/linux@sha256:8683fc1fc2eb5c9ac98e0d076ab094b2ffac7f99da555d2b6a2e27f346de2ec7" "sleep" "infinity", kill_on_drop: false }`
[INFO] [stdout] 062cac292ba77e04056e3ae9ba90d1ce67e32c39aa830fb5ad66c0c7cd43785e
[INFO] running `Command { std: "docker" "start" "062cac292ba77e04056e3ae9ba90d1ce67e32c39aa830fb5ad66c0c7cd43785e", kill_on_drop: false }`
[INFO] running `Command { std: "docker" "inspect" "062cac292ba77e04056e3ae9ba90d1ce67e32c39aa830fb5ad66c0c7cd43785e", kill_on_drop: false }`
[INFO] running `Command { std: "docker" "exec" "-e" "SOURCE_DIR=/opt/rustwide/workdir" "-e" "CARGO_HOME=/opt/rustwide/cargo-home" "-e" "RUSTUP_HOME=/opt/rustwide/rustup-home" "-e" "CARGO_TARGET_DIR=/opt/rustwide/target" "-w" "/opt/rustwide/workdir" "--user" "0:0" "062cac292ba77e04056e3ae9ba90d1ce67e32c39aa830fb5ad66c0c7cd43785e" "/opt/rustwide/cargo-home/bin/cargo" "+1.98.0-beta.8" "metadata" "--no-deps" "--format-version=1", kill_on_drop: false }`
[INFO] running `Command { std: "docker" "inspect" "062cac292ba77e04056e3ae9ba90d1ce67e32c39aa830fb5ad66c0c7cd43785e", kill_on_drop: false }`
[INFO] running `Command { std: "docker" "exec" "-e" "SOURCE_DIR=/opt/rustwide/workdir" "-e" "CARGO_HOME=/opt/rustwide/cargo-home" "-e" "RUSTUP_HOME=/opt/rustwide/rustup-home" "-e" "CARGO_TARGET_DIR=/opt/rustwide/target" "-e" "CARGO_INCREMENTAL=0" "-e" "RUST_BACKTRACE=full" "-e" "RUSTFLAGS=--cap-lints=warn" "-e" "RUSTDOCFLAGS=--cap-lints=warn" "-w" "/opt/rustwide/workdir" "--user" "0:0" "062cac292ba77e04056e3ae9ba90d1ce67e32c39aa830fb5ad66c0c7cd43785e" "/opt/rustwide/cargo-home/bin/cargo" "+1.98.0-beta.8" "build" "--frozen" "--message-format=json" "--release", kill_on_drop: false }`
[INFO] [stderr]    Compiling pico-args v0.5.0
[INFO] [stderr]    Compiling tinyjson v2.5.1
[INFO] [stderr]    Compiling advent_of_code v0.11.0 (/opt/rustwide/workdir)
[INFO] [stdout] warning: valid forms for the attribute are `#[macro_export(local_inner_macros)]` and `#[macro_export]`
[INFO] [stdout]  --> src/macros.rs:1:1
[INFO] [stdout]   |
[INFO] [stdout] 1 | #[macro_export()]
[INFO] [stdout]   | ^^^^^^^^^^^^^^^^^
[INFO] [stdout]   |
[INFO] [stdout]   = warning: this was previously accepted by the compiler but is being phased out; it will become a hard error in a future release!
[INFO] [stdout]   = note: for more information, see issue #57571 <https://github.com/rust-lang/rust/issues/57571>
[INFO] [stdout]   = note: `#[warn(invalid_macro_export_arguments)]` (part of `#[warn(future_incompatible)]`) on by default
[INFO] [stdout] 
[INFO] [stdout] 
[INFO] [stdout] warning: valid forms for the attribute are `#[macro_export(local_inner_macros)]` and `#[macro_export]`
[INFO] [stdout]  --> src/macros.rs:8:1
[INFO] [stdout]   |
[INFO] [stdout] 8 | #[macro_export()]
[INFO] [stdout]   | ^^^^^^^^^^^^^^^^^
[INFO] [stdout]   |
[INFO] [stdout]   = warning: this was previously accepted by the compiler but is being phased out; it will become a hard error in a future release!
[INFO] [stdout]   = note: for more information, see issue #57571 <https://github.com/rust-lang/rust/issues/57571>
[INFO] [stdout] 
[INFO] [stdout] 
[INFO] [stdout] warning: valid forms for the attribute are `#[macro_export(local_inner_macros)]` and `#[macro_export]`
[INFO] [stdout]   --> src/macros.rs:15:1
[INFO] [stdout]    |
[INFO] [stdout] 15 | #[macro_export()]
[INFO] [stdout]    | ^^^^^^^^^^^^^^^^^
[INFO] [stdout]    |
[INFO] [stdout]    = warning: this was previously accepted by the compiler but is being phased out; it will become a hard error in a future release!
[INFO] [stdout]    = note: for more information, see issue #57571 <https://github.com/rust-lang/rust/issues/57571>
[INFO] [stdout] 
[INFO] [stdout] 
[INFO] [stdout] warning: hiding a lifetime that's elided elsewhere is confusing
[INFO] [stdout]   --> src/bin/15.rs:15:23
[INFO] [stdout]    |
[INFO] [stdout] 15 | fn parse_input(input: &str) -> (Grid<u8>, std::str::Bytes) {
[INFO] [stdout]    |                       ^^^^                ^^^^^^^^^^^^^^^ the same lifetime is hidden here
[INFO] [stdout]    |                       |
[INFO] [stdout]    |                       the lifetime is elided here
[INFO] [stdout]    |
[INFO] [stdout]    = help: the same lifetime is referred to in inconsistent ways, making the signature confusing
[INFO] [stdout]    = note: `#[warn(mismatched_lifetime_syntaxes)]` on by default
[INFO] [stdout] help: use `'_` for type paths
[INFO] [stdout]    |
[INFO] [stdout] 15 | fn parse_input(input: &str) -> (Grid<u8>, std::str::Bytes<'_>) {
[INFO] [stdout]    |                                                          ++++
[INFO] [stdout] 
[INFO] [stdout] 
[INFO] [stderr]     Finished `release` profile [optimized] target(s) in 14.35s
[INFO] [stderr] warning: the following packages contain code that will be rejected by a future version of Rust: advent_of_code v0.11.0 (/opt/rustwide/workdir)
[INFO] [stderr] note: to see what the problems were, use the option `--future-incompat-report`, or run `cargo report future-incompatibilities --id 1`
[INFO] running `Command { std: "docker" "inspect" "062cac292ba77e04056e3ae9ba90d1ce67e32c39aa830fb5ad66c0c7cd43785e", kill_on_drop: false }`
[INFO] running `Command { std: "docker" "exec" "-e" "SOURCE_DIR=/opt/rustwide/workdir" "-e" "CARGO_HOME=/opt/rustwide/cargo-home" "-e" "RUSTUP_HOME=/opt/rustwide/rustup-home" "-e" "CARGO_TARGET_DIR=/opt/rustwide/target" "-e" "CARGO_INCREMENTAL=0" "-e" "RUST_BACKTRACE=full" "-e" "RUSTFLAGS=--cap-lints=warn" "-e" "RUSTDOCFLAGS=--cap-lints=warn" "-w" "/opt/rustwide/workdir" "--user" "0:0" "062cac292ba77e04056e3ae9ba90d1ce67e32c39aa830fb5ad66c0c7cd43785e" "/opt/rustwide/cargo-home/bin/cargo" "+1.98.0-beta.8" "test" "--frozen" "--no-run" "--message-format=json" "--release", kill_on_drop: false }`
[INFO] [stderr]    Compiling advent_of_code v0.11.0 (/opt/rustwide/workdir)
[INFO] [stdout] warning: valid forms for the attribute are `#[macro_export(local_inner_macros)]` and `#[macro_export]`
[INFO] [stdout]  --> src/macros.rs:1:1
[INFO] [stdout]   |
[INFO] [stdout] 1 | #[macro_export()]
[INFO] [stdout]   | ^^^^^^^^^^^^^^^^^
[INFO] [stdout]   |
[INFO] [stdout]   = warning: this was previously accepted by the compiler but is being phased out; it will become a hard error in a future release!
[INFO] [stdout]   = note: for more information, see issue #57571 <https://github.com/rust-lang/rust/issues/57571>
[INFO] [stdout]   = note: `#[warn(invalid_macro_export_arguments)]` (part of `#[warn(future_incompatible)]`) on by default
[INFO] [stdout] 
[INFO] [stdout] 
[INFO] [stdout] warning: valid forms for the attribute are `#[macro_export(local_inner_macros)]` and `#[macro_export]`
[INFO] [stdout]  --> src/macros.rs:8:1
[INFO] [stdout]   |
[INFO] [stdout] 8 | #[macro_export()]
[INFO] [stdout]   | ^^^^^^^^^^^^^^^^^
[INFO] [stdout]   |
[INFO] [stdout]   = warning: this was previously accepted by the compiler but is being phased out; it will become a hard error in a future release!
[INFO] [stdout]   = note: for more information, see issue #57571 <https://github.com/rust-lang/rust/issues/57571>
[INFO] [stdout] 
[INFO] [stdout] 
[INFO] [stdout] warning: valid forms for the attribute are `#[macro_export(local_inner_macros)]` and `#[macro_export]`
[INFO] [stdout]   --> src/macros.rs:15:1
[INFO] [stdout]    |
[INFO] [stdout] 15 | #[macro_export()]
[INFO] [stdout]    | ^^^^^^^^^^^^^^^^^
[INFO] [stdout]    |
[INFO] [stdout]    = warning: this was previously accepted by the compiler but is being phased out; it will become a hard error in a future release!
[INFO] [stdout]    = note: for more information, see issue #57571 <https://github.com/rust-lang/rust/issues/57571>
[INFO] [stdout] 
[INFO] [stdout] 
[INFO] [stdout] warning: valid forms for the attribute are `#[macro_export(local_inner_macros)]` and `#[macro_export]`
[INFO] [stdout]  --> src/macros.rs:1:1
[INFO] [stdout]   |
[INFO] [stdout] 1 | #[macro_export()]
[INFO] [stdout]   | ^^^^^^^^^^^^^^^^^
[INFO] [stdout]   |
[INFO] [stdout]   = warning: this was previously accepted by the compiler but is being phased out; it will become a hard error in a future release!
[INFO] [stdout]   = note: for more information, see issue #57571 <https://github.com/rust-lang/rust/issues/57571>
[INFO] [stdout]   = note: `#[warn(invalid_macro_export_arguments)]` (part of `#[warn(future_incompatible)]`) on by default
[INFO] [stdout] 
[INFO] [stdout] 
[INFO] [stdout] warning: valid forms for the attribute are `#[macro_export(local_inner_macros)]` and `#[macro_export]`
[INFO] [stdout]  --> src/macros.rs:8:1
[INFO] [stdout]   |
[INFO] [stdout] 8 | #[macro_export()]
[INFO] [stdout]   | ^^^^^^^^^^^^^^^^^
[INFO] [stdout]   |
[INFO] [stdout]   = warning: this was previously accepted by the compiler but is being phased out; it will become a hard error in a future release!
[INFO] [stdout]   = note: for more information, see issue #57571 <https://github.com/rust-lang/rust/issues/57571>
[INFO] [stdout] 
[INFO] [stdout] 
[INFO] [stdout] warning: valid forms for the attribute are `#[macro_export(local_inner_macros)]` and `#[macro_export]`
[INFO] [stdout]   --> src/macros.rs:15:1
[INFO] [stdout]    |
[INFO] [stdout] 15 | #[macro_export()]
[INFO] [stdout]    | ^^^^^^^^^^^^^^^^^
[INFO] [stdout]    |
[INFO] [stdout]    = warning: this was previously accepted by the compiler but is being phased out; it will become a hard error in a future release!
[INFO] [stdout]    = note: for more information, see issue #57571 <https://github.com/rust-lang/rust/issues/57571>
[INFO] [stdout] 
[INFO] [stdout] 
[INFO] [stdout] warning: hiding a lifetime that's elided elsewhere is confusing
[INFO] [stdout]   --> src/bin/15.rs:15:23
[INFO] [stdout]    |
[INFO] [stdout] 15 | fn parse_input(input: &str) -> (Grid<u8>, std::str::Bytes) {
[INFO] [stdout]    |                       ^^^^                ^^^^^^^^^^^^^^^ the same lifetime is hidden here
[INFO] [stdout]    |                       |
[INFO] [stdout]    |                       the lifetime is elided here
[INFO] [stdout]    |
[INFO] [stdout]    = help: the same lifetime is referred to in inconsistent ways, making the signature confusing
[INFO] [stdout]    = note: `#[warn(mismatched_lifetime_syntaxes)]` on by default
[INFO] [stdout] help: use `'_` for type paths
[INFO] [stdout]    |
[INFO] [stdout] 15 | fn parse_input(input: &str) -> (Grid<u8>, std::str::Bytes<'_>) {
[INFO] [stdout]    |                                                          ++++
[INFO] [stdout] 
[INFO] [stdout] 
[INFO] [stderr]     Finished `release` profile [optimized] target(s) in 6.70s
[INFO] [stderr] warning: the following packages contain code that will be rejected by a future version of Rust: advent_of_code v0.11.0 (/opt/rustwide/workdir)
[INFO] [stderr] note: to see what the problems were, use the option `--future-incompat-report`, or run `cargo report future-incompatibilities --id 2`
[INFO] running `Command { std: "docker" "inspect" "062cac292ba77e04056e3ae9ba90d1ce67e32c39aa830fb5ad66c0c7cd43785e", kill_on_drop: false }`
[INFO] running `Command { std: "docker" "exec" "-e" "SOURCE_DIR=/opt/rustwide/workdir" "-e" "CARGO_HOME=/opt/rustwide/cargo-home" "-e" "RUSTUP_HOME=/opt/rustwide/rustup-home" "-e" "CARGO_TARGET_DIR=/opt/rustwide/target" "-e" "CARGO_INCREMENTAL=0" "-e" "RUST_BACKTRACE=full" "-e" "RUSTFLAGS=--cap-lints=warn" "-e" "RUSTDOCFLAGS=--cap-lints=warn" "-w" "/opt/rustwide/workdir" "--user" "0:0" "062cac292ba77e04056e3ae9ba90d1ce67e32c39aa830fb5ad66c0c7cd43785e" "/opt/rustwide/cargo-home/bin/cargo" "+1.98.0-beta.8" "test" "--frozen" "--release", kill_on_drop: false }`
[INFO] [stderr] warning: valid forms for the attribute are `#[macro_export(local_inner_macros)]` and `#[macro_export]`
[INFO] [stderr]  --> src/macros.rs:1:1
[INFO] [stderr]   |
[INFO] [stderr] 1 | #[macro_export()]
[INFO] [stderr]   | ^^^^^^^^^^^^^^^^^
[INFO] [stderr]   |
[INFO] [stderr]   = warning: this was previously accepted by the compiler but is being phased out; it will become a hard error in a future release!
[INFO] [stderr]   = note: for more information, see issue #57571 <https://github.com/rust-lang/rust/issues/57571>
[INFO] [stderr]   = note: `#[warn(invalid_macro_export_arguments)]` (part of `#[warn(future_incompatible)]`) on by default
[INFO] [stderr] 
[INFO] [stderr] warning: valid forms for the attribute are `#[macro_export(local_inner_macros)]` and `#[macro_export]`
[INFO] [stderr]  --> src/macros.rs:8:1
[INFO] [stderr]   |
[INFO] [stderr] 8 | #[macro_export()]
[INFO] [stderr]   | ^^^^^^^^^^^^^^^^^
[INFO] [stderr]   |
[INFO] [stderr]   = warning: this was previously accepted by the compiler but is being phased out; it will become a hard error in a future release!
[INFO] [stderr]   = note: for more information, see issue #57571 <https://github.com/rust-lang/rust/issues/57571>
[INFO] [stderr] 
[INFO] [stderr] warning: valid forms for the attribute are `#[macro_export(local_inner_macros)]` and `#[macro_export]`
[INFO] [stderr]   --> src/macros.rs:15:1
[INFO] [stderr]    |
[INFO] [stderr] 15 | #[macro_export()]
[INFO] [stderr]    | ^^^^^^^^^^^^^^^^^
[INFO] [stderr]    |
[INFO] [stderr]    = warning: this was previously accepted by the compiler but is being phased out; it will become a hard error in a future release!
[INFO] [stderr]    = note: for more information, see issue #57571 <https://github.com/rust-lang/rust/issues/57571>
[INFO] [stderr] 
[INFO] [stderr] warning: `advent_of_code` (lib) generated 3 warnings
[INFO] [stderr] warning: hiding a lifetime that's elided elsewhere is confusing
[INFO] [stderr]   --> src/bin/15.rs:15:23
[INFO] [stderr]    |
[INFO] [stderr] 15 | fn parse_input(input: &str) -> (Grid<u8>, std::str::Bytes) {
[INFO] [stderr]    |                       ^^^^                ^^^^^^^^^^^^^^^ the same lifetime is hidden here
[INFO] [stderr]    |                       |
[INFO] [stderr]    |                       the lifetime is elided here
[INFO] [stderr]    |
[INFO] [stderr]    = help: the same lifetime is referred to in inconsistent ways, making the signature confusing
[INFO] [stderr]    = note: `#[warn(mismatched_lifetime_syntaxes)]` on by default
[INFO] [stderr] help: use `'_` for type paths
[INFO] [stderr]    |
[INFO] [stderr] 15 | fn parse_input(input: &str) -> (Grid<u8>, std::str::Bytes<'_>) {
[INFO] [stderr]    |                                                          ++++
[INFO] [stderr] 
[INFO] [stderr] warning: `advent_of_code` (bin "15" test) generated 1 warning (run `cargo fix --bin "15" -p advent_of_code --tests` to apply 1 suggestion)
[INFO] [stderr] warning: `advent_of_code` (lib test) generated 3 warnings (3 duplicates)
[INFO] [stderr]     Finished `release` profile [optimized] target(s) in 0.05s
[INFO] [stderr] warning: the following packages contain code that will be rejected by a future version of Rust: advent_of_code v0.11.0 (/opt/rustwide/workdir)
[INFO] [stderr] note: to see what the problems were, use the option `--future-incompat-report`, or run `cargo report future-incompatibilities --id 2`
[INFO] [stderr]      Running unittests src/lib.rs (/opt/rustwide/target/release/deps/advent_of_code-a226fb12d0be7b79)
[INFO] [stdout] 
[INFO] [stdout] running 0 tests
[INFO] [stdout] 
[INFO] [stdout] test result: ok. 0 passed; 0 failed; 0 ignored; 0 measured; 0 filtered out; finished in 0.00s
[INFO] [stdout] 
[INFO] [stderr]      Running unittests src/bin/01.rs (/opt/rustwide/target/release/deps/01-5dbd64079a873e3c)
[INFO] [stdout] 
[INFO] [stdout] running 2 tests
[INFO] [stdout] test tests::test_part_one ... FAILED
[INFO] [stdout] test tests::test_part_two ... FAILED
[INFO] [stdout] 
[INFO] [stdout] failures:
[INFO] [stdout] 
[INFO] [stdout] ---- tests::test_part_one stdout ----
[INFO] [stdout] 
[INFO] [stdout] thread 'tests::test_part_one' (907) panicked at src/bin/01.rs:70:9:
[INFO] [stdout] assertion `left == right` failed
[INFO] [stdout]   left: Some(0)
[INFO] [stdout]  right: None
[INFO] [stdout] stack backtrace:
[INFO] [stdout]    0:     0x60a183131bb1 - <<std[97b98282bc616a66]::sys::backtrace::BacktraceLock>::print::DisplayBacktrace as core[832e9a552fc17241]::fmt::Display>::fmt
[INFO] [stdout]    1:     0x60a18314593a - core[832e9a552fc17241]::fmt::write
[INFO] [stdout]    2:     0x60a18313606c - <alloc[3ecab9f82c41dc7d]::vec::Vec<u8> as std[97b98282bc616a66]::io::Write>::write_fmt
[INFO] [stdout]    3:     0x60a18310fdd6 - std[97b98282bc616a66]::panicking::default_hook::{closure#0}
[INFO] [stdout]    4:     0x60a183129a69 - std[97b98282bc616a66]::panicking::default_hook
[INFO] [stdout]    5:     0x60a1830c4160 - test[39766f3d73431624]::test_main_inner::<test[39766f3d73431624]::test_main_static::{closure#0}>::{closure#0}
[INFO] [stdout]    6:     0x60a183129c22 - std[97b98282bc616a66]::panicking::panic_with_hook
[INFO] [stdout]    7:     0x60a18310fe82 - std[97b98282bc616a66]::panicking::panic_handler::{closure#0}
[INFO] [stdout]    8:     0x60a183107649 - std[97b98282bc616a66]::sys::backtrace::__rust_end_short_backtrace::<std[97b98282bc616a66]::panicking::panic_handler::{closure#0}, !>
[INFO] [stdout]    9:     0x60a183110a7d - __rustc[e3d8617bb01b7f69]::rust_begin_unwind
[INFO] [stdout]   10:     0x60a18314606c - core[832e9a552fc17241]::panicking::panic_fmt
[INFO] [stdout]   11:     0x60a183145f83 - core[832e9a552fc17241]::panicking::assert_failed_inner
[INFO] [stdout]   12:     0x60a1830b6ac5 - core[832e9a552fc17241]::panicking::assert_failed::<core[832e9a552fc17241]::option::Option<u32>, core[832e9a552fc17241]::option::Option<u32>>
[INFO] [stdout]   13:     0x60a1830b606c - <01[1ecbdeb69b2d54eb]::tests::test_part_one::{closure#0} as core[832e9a552fc17241]::ops::function::FnOnce<()>>::call_once
[INFO] [stdout]   14:     0x60a1830b749b - test[39766f3d73431624]::__rust_begin_short_backtrace::<core[832e9a552fc17241]::result::Result<(), alloc[3ecab9f82c41dc7d]::string::String>, fn() -> core[832e9a552fc17241]::result::Result<(), alloc[3ecab9f82c41dc7d]::string::String>>
[INFO] [stdout]   15:     0x60a1830c4ae5 - test[39766f3d73431624]::run_test::{closure#0}
[INFO] [stdout]   16:     0x60a1830bf594 - std[97b98282bc616a66]::sys::backtrace::__rust_begin_short_backtrace::<test[39766f3d73431624]::run_test::{closure#1}, ()>
[INFO] [stdout]   17:     0x60a1830c7c32 - <std[97b98282bc616a66]::thread::lifecycle::spawn_unchecked<test[39766f3d73431624]::run_test::{closure#1}, ()>::{closure#1} as core[832e9a552fc17241]::ops::function::FnOnce<()>>::call_once::{shim:vtable#0}
[INFO] [stdout]   18:     0x60a1831310cf - <std[97b98282bc616a66]::sys::thread::unix::Thread>::new::thread_start
[INFO] [stdout]   19:     0x7a264b49107a - <unknown>
[INFO] [stdout]   20:     0x7a264b524534 - clone
[INFO] [stdout]   21:                0x0 - <unknown>
[INFO] [stdout] 
[INFO] [stdout] ---- tests::test_part_two stdout ----
[INFO] [stdout] 
[INFO] [stdout] thread 'tests::test_part_two' (908) panicked at src/bin/01.rs:76:9:
[INFO] [stdout] assertion `left == right` failed
[INFO] [stdout]   left: Some(0)
[INFO] [stdout]  right: None
[INFO] [stdout] stack backtrace:
[INFO] [stdout]    0:     0x60a183131bb1 - <<std[97b98282bc616a66]::sys::backtrace::BacktraceLock>::print::DisplayBacktrace as core[832e9a552fc17241]::fmt::Display>::fmt
[INFO] [stdout]    1:     0x60a18314593a - core[832e9a552fc17241]::fmt::write
[INFO] [stdout]    2:     0x60a18313606c - <alloc[3ecab9f82c41dc7d]::vec::Vec<u8> as std[97b98282bc616a66]::io::Write>::write_fmt
[INFO] [stdout]    3:     0x60a18310fdd6 - std[97b98282bc616a66]::panicking::default_hook::{closure#0}
[INFO] [stdout]    4:     0x60a183129a69 - std[97b98282bc616a66]::panicking::default_hook
[INFO] [stdout]    5:     0x60a1830c4160 - test[39766f3d73431624]::test_main_inner::<test[39766f3d73431624]::test_main_static::{closure#0}>::{closure#0}
[INFO] [stdout]    6:     0x60a183129c22 - std[97b98282bc616a66]::panicking::panic_with_hook
[INFO] [stdout]    7:     0x60a18310fe82 - std[97b98282bc616a66]::panicking::panic_handler::{closure#0}
[INFO] [stdout]    8:     0x60a183107649 - std[97b98282bc616a66]::sys::backtrace::__rust_end_short_backtrace::<std[97b98282bc616a66]::panicking::panic_handler::{closure#0}, !>
[INFO] [stdout]    9:     0x60a183110a7d - __rustc[e3d8617bb01b7f69]::rust_begin_unwind
[INFO] [stdout]   10:     0x60a18314606c - core[832e9a552fc17241]::panicking::panic_fmt
[INFO] [stdout]   11:     0x60a183145f83 - core[832e9a552fc17241]::panicking::assert_failed_inner
[INFO] [stdout]   12:     0x60a1830b6ac5 - core[832e9a552fc17241]::panicking::assert_failed::<core[832e9a552fc17241]::option::Option<u32>, core[832e9a552fc17241]::option::Option<u32>>
[INFO] [stdout]   13:     0x60a1830b60ec - <01[1ecbdeb69b2d54eb]::tests::test_part_two::{closure#0} as core[832e9a552fc17241]::ops::function::FnOnce<()>>::call_once
[INFO] [stdout]   14:     0x60a1830b749b - test[39766f3d73431624]::__rust_begin_short_backtrace::<core[832e9a552fc17241]::result::Result<(), alloc[3ecab9f82c41dc7d]::string::String>, fn() -> core[832e9a552fc17241]::result::Result<(), alloc[3ecab9f82c41dc7d]::string::String>>
[INFO] [stdout]   15:     0x60a1830c4ae5 - test[39766f3d73431624]::run_test::{closure#0}
[INFO] [stdout]   16:     0x60a1830bf594 - std[97b98282bc616a66]::sys::backtrace::__rust_begin_short_backtrace::<test[39766f3d73431624]::run_test::{closure#1}, ()>
[INFO] [stdout]   17:     0x60a1830c7c32 - <std[97b98282bc616a66]::thread::lifecycle::spawn_unchecked<test[39766f3d73431624]::run_test::{closure#1}, ()>::{closure#1} as core[832e9a552fc17241]::ops::function::FnOnce<()>>::call_once::{shim:vtable#0}
[INFO] [stdout]   18:     0x60a1831310cf - <std[97b98282bc616a66]::sys::thread::unix::Thread>::new::thread_start
[INFO] [stdout]   19:     0x7a264b49107a - <unknown>
[INFO] [stdout]   20:     0x7a264b524534 - clone
[INFO] [stdout]   21:                0x0 - <unknown>
[INFO] [stdout] 
[INFO] [stdout] 
[INFO] [stdout] failures:
[INFO] [stdout]     tests::test_part_one
[INFO] [stdout]     tests::test_part_two
[INFO] [stdout] 
[INFO] [stdout] test result: FAILED. 0 passed; 2 failed; 0 ignored; 0 measured; 0 filtered out; finished in 0.01s
[INFO] [stdout] 
[INFO] [stderr] error: test failed, to rerun pass `--bin 01`
[INFO] running `Command { std: "docker" "inspect" "062cac292ba77e04056e3ae9ba90d1ce67e32c39aa830fb5ad66c0c7cd43785e", kill_on_drop: false }`
[INFO] running `Command { std: "docker" "rm" "-f" "062cac292ba77e04056e3ae9ba90d1ce67e32c39aa830fb5ad66c0c7cd43785e", kill_on_drop: false }`
[INFO] [stdout] 062cac292ba77e04056e3ae9ba90d1ce67e32c39aa830fb5ad66c0c7cd43785e
