[INFO] cloning repository https://github.com/lvaylet/sdd-with-rust
[INFO] running `Command { std: "git" "-c" "credential.helper=" "-c" "credential.helper=/workspace/cargo-home/bin/git-credential-null" "clone" "--bare" "https://github.com/lvaylet/sdd-with-rust" "/workspace/cache/git-repos/https%3A%2F%2Fgithub.com%2Flvaylet%2Fsdd-with-rust", kill_on_drop: false }`
[INFO] [stderr] Cloning into bare repository '/workspace/cache/git-repos/https%3A%2F%2Fgithub.com%2Flvaylet%2Fsdd-with-rust'...
[INFO] running `Command { std: "git" "rev-parse" "HEAD", kill_on_drop: false }`
[INFO] [stdout] 27096720732efa15ecaa1ac97e56a75ec22bc0f2
[INFO] testing lvaylet/sdd-with-rust against 1.99.0-beta.1+cargoflags=--release for beta-release-1.99-2
[INFO] running `Command { std: "git" "clone" "/workspace/cache/git-repos/https%3A%2F%2Fgithub.com%2Flvaylet%2Fsdd-with-rust" "/workspace/builds/worker-0-tc2/source", kill_on_drop: false }`
[INFO] [stderr] Cloning into '/workspace/builds/worker-0-tc2/source'...
[INFO] [stderr] done.
[INFO] started tweaking git repo https://github.com/lvaylet/sdd-with-rust
[INFO] finished tweaking git repo https://github.com/lvaylet/sdd-with-rust
[INFO] tweaked toml for git repo https://github.com/lvaylet/sdd-with-rust written to /workspace/builds/worker-0-tc2/source/Cargo.toml
[INFO] validating manifest of git repo https://github.com/lvaylet/sdd-with-rust on toolchain 1.99.0-beta.1
[INFO] running `Command { std: CARGO_HOME="/workspace/cargo-home" RUSTUP_HOME="/workspace/rustup-home" "/workspace/cargo-home/bin/cargo" "+1.99.0-beta.1" "metadata" "--manifest-path" "Cargo.toml" "--no-deps", kill_on_drop: false }`
[INFO] crate git repo https://github.com/lvaylet/sdd-with-rust already has a lockfile, it will not be regenerated
[INFO] running `Command { std: CARGO_HOME="/workspace/cargo-home" RUSTUP_HOME="/workspace/rustup-home" "/workspace/cargo-home/bin/cargo" "+1.99.0-beta.1" "fetch" "--manifest-path" "Cargo.toml", kill_on_drop: false }`
[INFO] running `Command { std: "docker" "create" "-v" "/var/lib/crater-agent-workspace/builds/worker-0-tc2/source:/opt/rustwide/workdir:ro,Z" "-v" "/var/lib/crater-agent-workspace/builds/worker-0-tc2/target:/opt/rustwide/target:rw,Z" "-v" "/var/lib/crater-agent-workspace/cargo-home:/opt/rustwide/cargo-home:ro,Z" "-v" "/var/lib/crater-agent-workspace/rustup-home:/opt/rustwide/rustup-home:ro,Z" "-m" "1610612736" "--network" "none" "ghcr.io/rust-lang/crates-build-env/linux@sha256:8683fc1fc2eb5c9ac98e0d076ab094b2ffac7f99da555d2b6a2e27f346de2ec7" "sleep" "infinity", kill_on_drop: false }`
[INFO] [stdout] a7400e6b368807e99965a4bd8253033553f09a487bab010c5ef9a4696d853dcf
[INFO] running `Command { std: "docker" "start" "a7400e6b368807e99965a4bd8253033553f09a487bab010c5ef9a4696d853dcf", kill_on_drop: false }`
[INFO] running `Command { std: "docker" "inspect" "a7400e6b368807e99965a4bd8253033553f09a487bab010c5ef9a4696d853dcf", kill_on_drop: false }`
[INFO] running `Command { std: "docker" "exec" "-e" "SOURCE_DIR=/opt/rustwide/workdir" "-e" "CARGO_HOME=/opt/rustwide/cargo-home" "-e" "RUSTUP_HOME=/opt/rustwide/rustup-home" "-e" "CARGO_TARGET_DIR=/opt/rustwide/target" "-w" "/opt/rustwide/workdir" "--user" "0:0" "a7400e6b368807e99965a4bd8253033553f09a487bab010c5ef9a4696d853dcf" "/opt/rustwide/cargo-home/bin/cargo" "+1.99.0-beta.1" "metadata" "--no-deps" "--format-version=1", kill_on_drop: false }`
[INFO] running `Command { std: "docker" "inspect" "a7400e6b368807e99965a4bd8253033553f09a487bab010c5ef9a4696d853dcf", kill_on_drop: false }`
[INFO] running `Command { std: "docker" "exec" "-e" "SOURCE_DIR=/opt/rustwide/workdir" "-e" "CARGO_HOME=/opt/rustwide/cargo-home" "-e" "RUSTUP_HOME=/opt/rustwide/rustup-home" "-e" "CARGO_TARGET_DIR=/opt/rustwide/target" "-e" "CARGO_INCREMENTAL=0" "-e" "RUST_BACKTRACE=full" "-e" "RUSTFLAGS=--cap-lints=warn" "-e" "RUSTDOCFLAGS=--cap-lints=warn" "-w" "/opt/rustwide/workdir" "--user" "0:0" "a7400e6b368807e99965a4bd8253033553f09a487bab010c5ef9a4696d853dcf" "/opt/rustwide/cargo-home/bin/cargo" "+1.99.0-beta.1" "build" "--frozen" "--message-format=json" "--release", kill_on_drop: false }`
[INFO] [stderr]    Compiling proc-macro2 v1.0.107
[INFO] [stderr]    Compiling quote v1.0.47
[INFO] [stderr]    Compiling serde_core v1.0.229
[INFO] [stderr]    Compiling autocfg v1.5.1
[INFO] [stderr]    Compiling serde v1.0.229
[INFO] [stderr]    Compiling is_terminal_polyfill v1.70.2
[INFO] [stderr]    Compiling colorchoice v1.0.5
[INFO] [stderr]    Compiling anstyle-query v1.1.5
[INFO] [stderr]    Compiling libc v0.2.189
[INFO] [stderr]    Compiling zmij v1.0.23
[INFO] [stderr]    Compiling anstyle v1.0.14
[INFO] [stderr]    Compiling anstyle-parse v1.0.0
[INFO] [stderr]    Compiling hashbrown v0.17.1
[INFO] [stderr]    Compiling serde_json v1.0.151
[INFO] [stderr]    Compiling thiserror v2.0.20
[INFO] [stderr]    Compiling getrandom v0.4.3
[INFO] [stderr]    Compiling regex-syntax v0.8.11
[INFO] [stderr]    Compiling clap_lex v1.1.0
[INFO] [stderr]    Compiling ryu v1.0.23
[INFO] [stderr]    Compiling deunicode v1.6.2
[INFO] [stderr]    Compiling bitflags v2.13.1
[INFO] [stderr]    Compiling anstream v1.0.0
[INFO] [stderr]    Compiling log v0.4.33
[INFO] [stderr]    Compiling memchr v2.8.3
[INFO] [stderr]    Compiling unsafe-libyaml v0.2.11
[INFO] [stderr]    Compiling thread_local v1.1.10
[INFO] [stderr]    Compiling tracing-log v0.2.0
[INFO] [stderr]    Compiling slug v0.1.6
[INFO] [stderr]    Compiling rustix v1.1.4
[INFO] [stderr]    Compiling smallvec v1.15.2
[INFO] [stderr]    Compiling num-traits v0.2.19
[INFO] [stderr]    Compiling fastrand v2.5.0
[INFO] [stderr]    Compiling clap_builder v4.6.6
[INFO] [stderr]    Compiling syn v3.0.3
[INFO] [stderr]    Compiling syn v2.0.119
[INFO] [stderr]    Compiling indexmap v2.14.0
[INFO] [stderr]    Compiling regex-automata v0.4.18
[INFO] [stderr]    Compiling tempfile v3.27.0
[INFO] [stderr]    Compiling serde_derive v1.0.229
[INFO] [stderr]    Compiling thiserror-impl v2.0.20
[INFO] [stderr]    Compiling clap_derive v4.6.4
[INFO] [stderr]    Compiling tracing-attributes v0.1.31
[INFO] [stderr]    Compiling matchers v0.2.0
[INFO] [stderr]    Compiling clap v4.6.6
[INFO] [stderr]    Compiling clap_complete v4.6.9
[INFO] [stderr]    Compiling tracing v0.1.44
[INFO] [stderr]    Compiling tracing-subscriber v0.3.23
[INFO] [stderr]    Compiling chrono v0.4.45
[INFO] [stderr]    Compiling serde_yaml v0.9.34+deprecated
[INFO] [stderr]    Compiling til_core v0.1.0 (/opt/rustwide/workdir/crates/til_core)
[INFO] [stderr]    Compiling til v0.1.0 (/opt/rustwide/workdir/crates/til)
[INFO] [stderr]     Finished `release` profile [optimized] target(s) in 53.18s
[INFO] running `Command { std: "docker" "inspect" "a7400e6b368807e99965a4bd8253033553f09a487bab010c5ef9a4696d853dcf", kill_on_drop: false }`
[INFO] running `Command { std: "docker" "exec" "-e" "SOURCE_DIR=/opt/rustwide/workdir" "-e" "CARGO_HOME=/opt/rustwide/cargo-home" "-e" "RUSTUP_HOME=/opt/rustwide/rustup-home" "-e" "CARGO_TARGET_DIR=/opt/rustwide/target" "-e" "CARGO_INCREMENTAL=0" "-e" "RUST_BACKTRACE=full" "-e" "RUSTFLAGS=--cap-lints=warn" "-e" "RUSTDOCFLAGS=--cap-lints=warn" "-w" "/opt/rustwide/workdir" "--user" "0:0" "a7400e6b368807e99965a4bd8253033553f09a487bab010c5ef9a4696d853dcf" "/opt/rustwide/cargo-home/bin/cargo" "+1.99.0-beta.1" "test" "--frozen" "--no-run" "--message-format=json" "--release", kill_on_drop: false }`
[INFO] [stderr]    Compiling til_core v0.1.0 (/opt/rustwide/workdir/crates/til_core)
[INFO] [stderr]    Compiling til v0.1.0 (/opt/rustwide/workdir/crates/til)
[INFO] [stderr]     Finished `release` profile [optimized] target(s) in 3.38s
[INFO] running `Command { std: "docker" "inspect" "a7400e6b368807e99965a4bd8253033553f09a487bab010c5ef9a4696d853dcf", kill_on_drop: false }`
[INFO] running `Command { std: "docker" "exec" "-e" "SOURCE_DIR=/opt/rustwide/workdir" "-e" "CARGO_HOME=/opt/rustwide/cargo-home" "-e" "RUSTUP_HOME=/opt/rustwide/rustup-home" "-e" "CARGO_TARGET_DIR=/opt/rustwide/target" "-e" "CARGO_INCREMENTAL=0" "-e" "RUST_BACKTRACE=full" "-e" "RUSTFLAGS=--cap-lints=warn" "-e" "RUSTDOCFLAGS=--cap-lints=warn" "-w" "/opt/rustwide/workdir" "--user" "0:0" "a7400e6b368807e99965a4bd8253033553f09a487bab010c5ef9a4696d853dcf" "/opt/rustwide/cargo-home/bin/cargo" "+1.99.0-beta.1" "test" "--frozen" "--release", kill_on_drop: false }`
[INFO] [stderr]     Finished `release` profile [optimized] target(s) in 0.10s
[INFO] [stderr]      Running unittests src/main.rs (/opt/rustwide/target/release/deps/til-6b6d89d88c80e795)
[INFO] [stdout] 
[INFO] [stdout] running 0 tests
[INFO] [stdout] 
[INFO] [stdout] test result: ok. 0 passed; 0 failed; 0 ignored; 0 measured; 0 filtered out; finished in 0.00s
[INFO] [stdout] 
[INFO] [stderr]      Running unittests src/lib.rs (/opt/rustwide/target/release/deps/til_core-9cacbcc1b96e6aff)
[INFO] [stdout] 
[INFO] [stdout] running 6 tests
[INFO] [stdout] test search::tests::test_aggregate_tags ... ok
[INFO] [stdout] test slug::tests::test_generate_entry_id_with_collision ... ok
[INFO] [stdout] test slug::tests::test_normalize_tags ... ok
[INFO] [stdout] test slug::tests::test_slugify_title ... ok
[INFO] [stdout] test slug::tests::test_generate_entry_id_no_collision ... ok
[INFO] [stdout] test storage::tests::test_serialize_and_deserialize_entry ... ok
[INFO] [stdout] 
[INFO] [stdout] test result: ok. 6 passed; 0 failed; 0 ignored; 0 measured; 0 filtered out; finished in 0.00s
[INFO] [stdout] 
[INFO] [stderr]      Running ../../tests/integration/add_and_commit_tests.rs (/opt/rustwide/target/release/deps/add_and_commit_tests-7b039800f54a2d24)
[INFO] [stdout] 
[INFO] [stdout] running 2 tests
[INFO] [stdout] test test_create_entry_without_git_commit ... ok
[INFO] [stdout] test test_create_and_read_entry_with_git_commit ... ok
[INFO] [stdout] 
[INFO] [stdout] test result: ok. 2 passed; 0 failed; 0 ignored; 0 measured; 0 filtered out; finished in 0.06s
[INFO] [stdout] 
[INFO] [stderr]      Running ../../tests/contract/cli_contract_tests.rs (/opt/rustwide/target/release/deps/cli_contract_tests-8942f73d4c1ed30b)
[INFO] [stdout] 
[INFO] [stdout] running 1 test
[INFO] [stdout] test test_learning_entry_json_schema_contract ... ok
[INFO] [stdout] 
[INFO] [stdout] test result: ok. 1 passed; 0 failed; 0 ignored; 0 measured; 0 filtered out; finished in 0.00s
[INFO] [stdout] 
[INFO] [stderr]      Running ../../tests/integration/init_tests.rs (/opt/rustwide/target/release/deps/init_tests-6d47157d41253faf)
[INFO] [stdout] 
[INFO] [stdout] running 1 test
[INFO] [stdout] test test_repository_initialization ... FAILED
[INFO] [stdout] 
[INFO] [stdout] failures:
[INFO] [stdout] 
[INFO] [stdout] ---- test_repository_initialization stdout ----
[INFO] [stdout] 
[INFO] [stdout] thread 'test_repository_initialization' (1587) panicked at crates/til_core/../../tests/integration/init_tests.rs:37:10:
[INFO] [stdout] Failed to initialize git repository: Git("Author identity unknown\n\n*** Please tell me who you are.\n\nRun\n\n  git config --global user.email \"you@example.com\"\n  git config --global user.name \"Your Name\"\n\nto set your account's default identity.\nOmit --global to set the identity only in this repository.\n\nfatal: unable to auto-detect email address (got 'root@a7400e6b3688.(none)')")
[INFO] [stdout] stack backtrace:
[INFO] [stdout]    0:     0x5c9c8e3c2a31 - <<std[104cf6e2632825ea]::sys::backtrace::BacktraceLock>::print::DisplayBacktrace as core[7c831bd917ebf35f]::fmt::Display>::fmt
[INFO] [stdout]    1:     0x5c9c8e3d7b4a - core[7c831bd917ebf35f]::fmt::write
[INFO] [stdout]    2:     0x5c9c8e3c714c - <alloc[2fdc3f7464fcf288]::vec::Vec<u8> as core[7c831bd917ebf35f]::io::write::Write>::write_fmt
[INFO] [stdout]    3:     0x5c9c8e39d2b6 - std[104cf6e2632825ea]::panicking::default_hook::{closure#0}
[INFO] [stdout]    4:     0x5c9c8e3ba399 - std[104cf6e2632825ea]::panicking::default_hook
[INFO] [stdout]    5:     0x5c9c8e324f70 - test[73009c9f9aebf890]::test_main_inner::<test[73009c9f9aebf890]::test_main_static::{closure#0}>::{closure#0}
[INFO] [stdout]    6:     0x5c9c8e3ba552 - std[104cf6e2632825ea]::panicking::panic_with_hook
[INFO] [stdout]    7:     0x5c9c8e39d362 - std[104cf6e2632825ea]::panicking::panic_handler::{closure#0}
[INFO] [stdout]    8:     0x5c9c8e395699 - std[104cf6e2632825ea]::sys::backtrace::__rust_end_short_backtrace::<std[104cf6e2632825ea]::panicking::panic_handler::{closure#0}, !>
[INFO] [stdout]    9:     0x5c9c8e39df5d - __rustc[b0d56fa5b193ad05]::rust_begin_unwind
[INFO] [stdout]   10:     0x5c9c8e3d82ac - core[7c831bd917ebf35f]::panicking::panic_fmt
[INFO] [stdout]   11:     0x5c9c8e3d8082 - core[7c831bd917ebf35f]::result::unwrap_failed
[INFO] [stdout]   12:     0x5c9c8e318071 - <init_tests[44486b21e6ca2d93]::test_repository_initialization::{closure#0} as core[7c831bd917ebf35f]::ops::function::FnOnce<()>>::call_once
[INFO] [stdout]   13:     0x5c9c8e31825b - test[73009c9f9aebf890]::__rust_begin_short_backtrace::<core[7c831bd917ebf35f]::result::Result<(), alloc[2fdc3f7464fcf288]::string::String>, fn() -> core[7c831bd917ebf35f]::result::Result<(), alloc[2fdc3f7464fcf288]::string::String>>
[INFO] [stdout]   14:     0x5c9c8e3258c5 - test[73009c9f9aebf890]::run_test::{closure#0}
[INFO] [stdout]   15:     0x5c9c8e31ec84 - std[104cf6e2632825ea]::sys::backtrace::__rust_begin_short_backtrace::<test[73009c9f9aebf890]::run_test::{closure#1}, ()>
[INFO] [stdout]   16:     0x5c9c8e328a22 - <std[104cf6e2632825ea]::thread::lifecycle::spawn_unchecked<test[73009c9f9aebf890]::run_test::{closure#1}, ()>::{closure#1} as core[7c831bd917ebf35f]::ops::function::FnOnce<()>>::call_once::{shim:vtable#0}
[INFO] [stdout]   17:     0x5c9c8e3c1d79 - <std[104cf6e2632825ea]::sys::thread::unix::Thread>::new::thread_start
[INFO] [stdout]   18:     0x7525da1af07a - <unknown>
[INFO] [stdout]   19:     0x7525da242534 - clone
[INFO] [stdout]   20:                0x0 - <unknown>
[INFO] [stdout] 
[INFO] [stdout] 
[INFO] [stdout] failures:
[INFO] [stdout]     test_repository_initialization
[INFO] [stdout] 
[INFO] [stdout] test result: FAILED. 0 passed; 1 failed; 0 ignored; 0 measured; 0 filtered out; finished in 0.04s
[INFO] [stdout] 
[INFO] [stderr] error: test failed, to rerun pass `-p til_core --test init_tests`
[INFO] running `Command { std: "docker" "inspect" "a7400e6b368807e99965a4bd8253033553f09a487bab010c5ef9a4696d853dcf", kill_on_drop: false }`
[INFO] running `Command { std: "docker" "rm" "-f" "a7400e6b368807e99965a4bd8253033553f09a487bab010c5ef9a4696d853dcf", kill_on_drop: false }`
[INFO] [stdout] a7400e6b368807e99965a4bd8253033553f09a487bab010c5ef9a4696d853dcf
