[INFO] cloning repository https://github.com/louy/css-rtl-compiler
[INFO] running `Command { std: "git" "-c" "credential.helper=" "-c" "credential.helper=/workspace/cargo-home/bin/git-credential-null" "clone" "--bare" "https://github.com/louy/css-rtl-compiler" "/workspace/cache/git-repos/https%3A%2F%2Fgithub.com%2Flouy%2Fcss-rtl-compiler", kill_on_drop: false }`
[INFO] [stderr] Cloning into bare repository '/workspace/cache/git-repos/https%3A%2F%2Fgithub.com%2Flouy%2Fcss-rtl-compiler'...
[INFO] running `Command { std: "git" "rev-parse" "HEAD", kill_on_drop: false }`
[INFO] [stdout] 68135b318a6403d53a4c5b1a5ae5aa1721f3cf3e
[INFO] testing louy/css-rtl-compiler against 1.99.0-beta.1+cargoflags=--release for beta-release-1.99-2
[INFO] running `Command { std: "git" "clone" "/workspace/cache/git-repos/https%3A%2F%2Fgithub.com%2Flouy%2Fcss-rtl-compiler" "/workspace/builds/worker-5-tc2/source", kill_on_drop: false }`
[INFO] [stderr] Cloning into '/workspace/builds/worker-5-tc2/source'...
[INFO] [stderr] done.
[INFO] started tweaking git repo https://github.com/louy/css-rtl-compiler
[INFO] finished tweaking git repo https://github.com/louy/css-rtl-compiler
[INFO] tweaked toml for git repo https://github.com/louy/css-rtl-compiler written to /workspace/builds/worker-5-tc2/source/Cargo.toml
[INFO] validating manifest of git repo https://github.com/louy/css-rtl-compiler on toolchain 1.99.0-beta.1
[INFO] running `Command { std: CARGO_HOME="/workspace/cargo-home" RUSTUP_HOME="/workspace/rustup-home" "/workspace/cargo-home/bin/cargo" "+1.99.0-beta.1" "metadata" "--manifest-path" "Cargo.toml" "--no-deps", kill_on_drop: false }`
[INFO] crate git repo https://github.com/louy/css-rtl-compiler already has a lockfile, it will not be regenerated
[INFO] running `Command { std: CARGO_HOME="/workspace/cargo-home" RUSTUP_HOME="/workspace/rustup-home" "/workspace/cargo-home/bin/cargo" "+1.99.0-beta.1" "fetch" "--manifest-path" "Cargo.toml", kill_on_drop: false }`
[INFO] [stderr] warning: profiles for the non root package will be ignored, specify profiles at the workspace root:
[INFO] [stderr] package:   /workspace/builds/worker-5-tc2/source/css-rtl-compiler-wasm/Cargo.toml
[INFO] [stderr] workspace: /workspace/builds/worker-5-tc2/source/Cargo.toml
[INFO] running `Command { std: "docker" "create" "-v" "/var/lib/crater-agent-workspace/builds/worker-5-tc2/source:/opt/rustwide/workdir:ro,Z" "-v" "/var/lib/crater-agent-workspace/builds/worker-5-tc2/target:/opt/rustwide/target:rw,Z" "-v" "/var/lib/crater-agent-workspace/cargo-home:/opt/rustwide/cargo-home:ro,Z" "-v" "/var/lib/crater-agent-workspace/rustup-home:/opt/rustwide/rustup-home:ro,Z" "-m" "1610612736" "--network" "none" "ghcr.io/rust-lang/crates-build-env/linux@sha256:8683fc1fc2eb5c9ac98e0d076ab094b2ffac7f99da555d2b6a2e27f346de2ec7" "sleep" "infinity", kill_on_drop: false }`
[INFO] [stdout] 6d170f0735e55f1167db452a42e2dc93867c8f2b95c7d2200b6a51caa65d24d7
[INFO] running `Command { std: "docker" "start" "6d170f0735e55f1167db452a42e2dc93867c8f2b95c7d2200b6a51caa65d24d7", kill_on_drop: false }`
[INFO] running `Command { std: "docker" "inspect" "6d170f0735e55f1167db452a42e2dc93867c8f2b95c7d2200b6a51caa65d24d7", kill_on_drop: false }`
[INFO] running `Command { std: "docker" "exec" "-e" "SOURCE_DIR=/opt/rustwide/workdir" "-e" "CARGO_HOME=/opt/rustwide/cargo-home" "-e" "RUSTUP_HOME=/opt/rustwide/rustup-home" "-e" "CARGO_TARGET_DIR=/opt/rustwide/target" "-w" "/opt/rustwide/workdir" "--user" "0:0" "6d170f0735e55f1167db452a42e2dc93867c8f2b95c7d2200b6a51caa65d24d7" "/opt/rustwide/cargo-home/bin/cargo" "+1.99.0-beta.1" "metadata" "--no-deps" "--format-version=1", kill_on_drop: false }`
[INFO] running `Command { std: "docker" "inspect" "6d170f0735e55f1167db452a42e2dc93867c8f2b95c7d2200b6a51caa65d24d7", kill_on_drop: false }`
[INFO] running `Command { std: "docker" "exec" "-e" "SOURCE_DIR=/opt/rustwide/workdir" "-e" "CARGO_HOME=/opt/rustwide/cargo-home" "-e" "RUSTUP_HOME=/opt/rustwide/rustup-home" "-e" "CARGO_TARGET_DIR=/opt/rustwide/target" "-e" "CARGO_INCREMENTAL=0" "-e" "RUST_BACKTRACE=full" "-e" "RUSTFLAGS=--cap-lints=warn" "-e" "RUSTDOCFLAGS=--cap-lints=warn" "-w" "/opt/rustwide/workdir" "--user" "0:0" "6d170f0735e55f1167db452a42e2dc93867c8f2b95c7d2200b6a51caa65d24d7" "/opt/rustwide/cargo-home/bin/cargo" "+1.99.0-beta.1" "build" "--frozen" "--message-format=json" "--release", kill_on_drop: false }`
[INFO] [stderr] warning: profiles for the non root package will be ignored, specify profiles at the workspace root:
[INFO] [stderr] package:   /opt/rustwide/workdir/css-rtl-compiler-wasm/Cargo.toml
[INFO] [stderr] workspace: /opt/rustwide/workdir/Cargo.toml
[INFO] [stderr]    Compiling unicode-ident v1.0.16
[INFO] [stderr]    Compiling serde v1.0.217
[INFO] [stderr]    Compiling zerocopy v0.7.35
[INFO] [stderr]    Compiling smallvec v1.13.2
[INFO] [stderr]    Compiling new_debug_unreachable v1.0.6
[INFO] [stderr]    Compiling rustc-hash v1.1.0
[INFO] [stderr]    Compiling percent-encoding v2.3.1
[INFO] [stderr]    Compiling tracing-core v0.1.33
[INFO] [stderr]    Compiling ahash v0.8.11
[INFO] [stderr]    Compiling phf_shared v0.11.3
[INFO] [stderr]    Compiling lexical-util v0.8.5
[INFO] [stderr]    Compiling bumpalo v3.17.0
[INFO] [stderr]    Compiling scoped-tls v1.0.1
[INFO] [stderr]    Compiling siphasher v0.3.11
[INFO] [stderr]    Compiling num-integer v0.1.46
[INFO] [stderr]    Compiling wasm-bindgen-shared v0.2.100
[INFO] [stderr]    Compiling termcolor v1.4.1
[INFO] [stderr]    Compiling log v0.4.25
[INFO] [stderr]    Compiling swc_visit v2.0.0
[INFO] [stderr]    Compiling better_scoped_tls v1.0.0
[INFO] [stderr]    Compiling phf v0.11.3
[INFO] [stderr]    Compiling form_urlencoded v1.2.1
[INFO] [stderr]    Compiling serde_json v1.0.138
[INFO] [stderr]    Compiling ryu v1.0.19
[INFO] [stderr]    Compiling memchr v2.7.4
[INFO] [stderr]    Compiling proc-macro2 v1.0.93
[INFO] [stderr]    Compiling wasm-bindgen v0.2.100
[INFO] [stderr]    Compiling bitflags v2.8.0
[INFO] [stderr]    Compiling num-bigint v0.4.6
[INFO] [stderr]    Compiling lexical-write-integer v0.8.5
[INFO] [stderr]    Compiling lexical-parse-integer v0.8.6
[INFO] [stderr]    Compiling lexical-write-float v0.8.5
[INFO] [stderr]    Compiling lexical-parse-float v0.8.5
[INFO] [stderr]    Compiling hashbrown v0.14.5
[INFO] [stderr]    Compiling quote v1.0.38
[INFO] [stderr]    Compiling syn v2.0.98
[INFO] [stderr]    Compiling lexical-core v0.8.5
[INFO] [stderr]    Compiling lexical v6.1.1
[INFO] [stderr]    Compiling synstructure v0.13.1
[INFO] [stderr]    Compiling swc_macros_common v1.0.0
[INFO] [stderr]    Compiling wasm-bindgen-backend v0.2.100
[INFO] [stderr]    Compiling zerovec-derive v0.10.3
[INFO] [stderr]    Compiling displaydoc v0.2.5
[INFO] [stderr]    Compiling icu_provider_macros v1.5.0
[INFO] [stderr]    Compiling serde_derive v1.0.217
[INFO] [stderr]    Compiling ptr_meta_derive v0.3.0
[INFO] [stderr]    Compiling tracing-attributes v0.1.28
[INFO] [stderr]    Compiling swc_eq_ignore_macros v1.0.0
[INFO] [stderr]    Compiling is-macro v0.3.7
[INFO] [stderr]    Compiling auto_impl v1.2.1
[INFO] [stderr]    Compiling ast_node v3.0.0
[INFO] [stderr]    Compiling from_variant v2.0.0
[INFO] [stderr]    Compiling string_enum v1.0.0
[INFO] [stderr]    Compiling zerofrom-derive v0.1.5
[INFO] [stderr]    Compiling yoke-derive v0.7.5
[INFO] [stderr]    Compiling ptr_meta v0.3.0
[INFO] [stderr]    Compiling swc_css_codegen_macros v1.0.0
[INFO] [stderr]    Compiling wasm-bindgen-macro-support v0.2.100
[INFO] [stderr]    Compiling zerofrom v0.1.5
[INFO] [stderr]    Compiling wasm-bindgen-macro v0.2.100
[INFO] [stderr]    Compiling tracing v0.1.41
[INFO] [stderr]    Compiling yoke v0.7.5
[INFO] [stderr]    Compiling zerovec v0.10.4
[INFO] [stderr]    Compiling js-sys v0.3.77
[INFO] [stderr]    Compiling tinystr v0.7.6
[INFO] [stderr]    Compiling icu_collections v1.5.0
[INFO] [stderr]    Compiling icu_locid v1.5.0
[INFO] [stderr]    Compiling icu_provider v1.5.0
[INFO] [stderr]    Compiling icu_locid_transform v1.5.0
[INFO] [stderr]    Compiling icu_properties v1.5.1
[INFO] [stderr]    Compiling triomphe v0.1.14
[INFO] [stderr]    Compiling hstr v0.2.17
[INFO] [stderr]    Compiling swc_allocator v2.0.0
[INFO] [stderr]    Compiling swc_atoms v3.0.4
[INFO] [stderr]    Compiling web-sys v0.3.77
[INFO] [stderr]    Compiling icu_normalizer v1.5.0
[INFO] [stderr]    Compiling idna_adapter v1.2.0
[INFO] [stderr]    Compiling idna v1.0.3
[INFO] [stderr]    Compiling url v2.5.4
[INFO] [stderr]    Compiling swc_common v5.0.1
[INFO] [stderr]    Compiling swc_css_ast v5.0.0
[INFO] [stderr]    Compiling swc_css_visit v5.0.0
[INFO] [stderr]    Compiling swc_css_parser v5.0.0
[INFO] [stderr]    Compiling swc_css_utils v5.0.0
[INFO] [stderr]    Compiling swc_css_codegen v5.0.0
[INFO] [stderr]    Compiling swc_css v6.0.0
[INFO] [stderr]    Compiling css-rtl-compiler-core v0.0.0 (/opt/rustwide/workdir/css-rtl-compiler-core)
[INFO] [stderr]    Compiling css-rtl-compiler-wasm v0.0.0 (/opt/rustwide/workdir/css-rtl-compiler-wasm)
[INFO] [stderr]     Finished `release` profile [optimized] target(s) in 1m 14s
[INFO] running `Command { std: "docker" "inspect" "6d170f0735e55f1167db452a42e2dc93867c8f2b95c7d2200b6a51caa65d24d7", kill_on_drop: false }`
[INFO] running `Command { std: "docker" "exec" "-e" "SOURCE_DIR=/opt/rustwide/workdir" "-e" "CARGO_HOME=/opt/rustwide/cargo-home" "-e" "RUSTUP_HOME=/opt/rustwide/rustup-home" "-e" "CARGO_TARGET_DIR=/opt/rustwide/target" "-e" "CARGO_INCREMENTAL=0" "-e" "RUST_BACKTRACE=full" "-e" "RUSTFLAGS=--cap-lints=warn" "-e" "RUSTDOCFLAGS=--cap-lints=warn" "-w" "/opt/rustwide/workdir" "--user" "0:0" "6d170f0735e55f1167db452a42e2dc93867c8f2b95c7d2200b6a51caa65d24d7" "/opt/rustwide/cargo-home/bin/cargo" "+1.99.0-beta.1" "test" "--frozen" "--no-run" "--message-format=json" "--release", kill_on_drop: false }`
[INFO] [stderr] warning: profiles for the non root package will be ignored, specify profiles at the workspace root:
[INFO] [stderr] package:   /opt/rustwide/workdir/css-rtl-compiler-wasm/Cargo.toml
[INFO] [stderr] workspace: /opt/rustwide/workdir/Cargo.toml
[INFO] [stderr]    Compiling serde_json v1.0.138
[INFO] [stderr]    Compiling anyhow v1.0.95
[INFO] [stderr]    Compiling parking_lot_core v0.9.10
[INFO] [stderr]    Compiling camino v1.1.9
[INFO] [stderr]    Compiling semver v1.0.25
[INFO] [stderr]    Compiling serde v1.0.217
[INFO] [stderr]    Compiling tracing v0.1.41
[INFO] [stderr]    Compiling darling_core v0.20.10
[INFO] [stderr]    Compiling thiserror v2.0.11
[INFO] [stderr]    Compiling regex v1.11.1
[INFO] [stderr]    Compiling thiserror-impl v2.0.11
[INFO] [stderr]    Compiling thiserror-impl v1.0.69
[INFO] [stderr]    Compiling vergen-lib v0.1.6
[INFO] [stderr]    Compiling ryu v1.0.19
[INFO] [stderr]    Compiling itoa v1.0.14
[INFO] [stderr]    Compiling owo-colors v4.1.0
[INFO] [stderr]    Compiling vergen v9.0.4
[INFO] [stderr]    Compiling aho-corasick v1.1.3
[INFO] [stderr]    Compiling unicode-linebreak v0.1.5
[INFO] [stderr]    Compiling miette-derive v7.5.0
[INFO] [stderr]    Compiling tracing-log v0.2.0
[INFO] [stderr]    Compiling parking_lot v0.12.3
[INFO] [stderr]    Compiling textwrap v0.16.1
[INFO] [stderr]    Compiling cargo-platform v0.1.9
[INFO] [stderr]    Compiling thread_local v1.1.8
[INFO] [stderr]    Compiling diff v0.1.13
[INFO] [stderr]    Compiling swc_common v5.0.1
[INFO] [stderr]    Compiling relative-path v1.9.3
[INFO] [stderr]    Compiling once_cell v1.20.2
[INFO] [stderr]    Compiling glob v0.3.2
[INFO] [stderr]    Compiling yansi v1.0.1
[INFO] [stderr]    Compiling ansi_term v0.12.1
[INFO] [stderr]    Compiling thiserror v1.0.69
[INFO] [stderr]    Compiling testing_macros v1.0.0
[INFO] [stderr]    Compiling miette v7.5.0
[INFO] [stderr]    Compiling pretty_assertions v1.4.1
[INFO] [stderr]    Compiling cargo_metadata v0.18.1
[INFO] [stderr]    Compiling regex-automata v0.4.9
[INFO] [stderr]    Compiling darling_macro v0.20.10
[INFO] [stderr]    Compiling darling v0.20.10
[INFO] [stderr]    Compiling derive_builder_core v0.20.2
[INFO] [stderr]    Compiling derive_builder_macro v0.20.2
[INFO] [stderr]    Compiling swc_css_ast v5.0.0
[INFO] [stderr]    Compiling swc_error_reporters v6.0.0
[INFO] [stderr]    Compiling derive_builder v0.20.2
[INFO] [stderr]    Compiling cargo_metadata v0.19.1
[INFO] [stderr]    Compiling tracing-subscriber v0.3.19
[INFO] [stderr]    Compiling swc_core v12.0.1
[INFO] [stderr]    Compiling swc_css_visit v5.0.0
[INFO] [stderr]    Compiling swc_css_parser v5.0.0
[INFO] [stderr]    Compiling testing v5.0.0
[INFO] [stderr]    Compiling swc_css_utils v5.0.0
[INFO] [stderr]    Compiling swc_css_codegen v5.0.0
[INFO] [stderr]    Compiling swc_css v6.0.0
[INFO] [stderr]    Compiling css-rtl-compiler-core v0.0.0 (/opt/rustwide/workdir/css-rtl-compiler-core)
[INFO] [stderr]    Compiling css-rtl-compiler-wasm v0.0.0 (/opt/rustwide/workdir/css-rtl-compiler-wasm)
[INFO] [stderr]     Finished `release` profile [optimized] target(s) in 1m 51s
[INFO] running `Command { std: "docker" "inspect" "6d170f0735e55f1167db452a42e2dc93867c8f2b95c7d2200b6a51caa65d24d7", kill_on_drop: false }`
[INFO] running `Command { std: "docker" "exec" "-e" "SOURCE_DIR=/opt/rustwide/workdir" "-e" "CARGO_HOME=/opt/rustwide/cargo-home" "-e" "RUSTUP_HOME=/opt/rustwide/rustup-home" "-e" "CARGO_TARGET_DIR=/opt/rustwide/target" "-e" "CARGO_INCREMENTAL=0" "-e" "RUST_BACKTRACE=full" "-e" "RUSTFLAGS=--cap-lints=warn" "-e" "RUSTDOCFLAGS=--cap-lints=warn" "-w" "/opt/rustwide/workdir" "--user" "0:0" "6d170f0735e55f1167db452a42e2dc93867c8f2b95c7d2200b6a51caa65d24d7" "/opt/rustwide/cargo-home/bin/cargo" "+1.99.0-beta.1" "test" "--frozen" "--release", kill_on_drop: false }`
[INFO] [stderr] warning: profiles for the non root package will be ignored, specify profiles at the workspace root:
[INFO] [stderr] package:   /opt/rustwide/workdir/css-rtl-compiler-wasm/Cargo.toml
[INFO] [stderr] workspace: /opt/rustwide/workdir/Cargo.toml
[INFO] [stderr]     Finished `release` profile [optimized] target(s) in 0.22s
[INFO] [stdout] 
[INFO] [stderr]      Running unittests src/lib.rs (/opt/rustwide/target/release/deps/css_rtl_compiler_core-c24169ff2e7e56c7)
[INFO] [stdout] running 2 tests
[INFO] [stderr] error: test failed, to rerun pass `-p css-rtl-compiler-core --lib`
[INFO] [stdout] test tests::test_parsing ... ok
[INFO] [stdout] test tests::test_retain_at_rule_order ... FAILED
[INFO] [stdout] 
[INFO] [stdout] failures:
[INFO] [stdout] 
[INFO] [stdout] ---- tests::test_retain_at_rule_order stdout ----
[INFO] [stdout] 
[INFO] [stdout] thread 'tests::test_retain_at_rule_order' (2997) panicked at css-rtl-compiler-core/src/lib.rs:118:9:
[INFO] [stdout] assertion failed: `(left == right)`
[INFO] [stdout] 
[INFO] [stdout] [1mDiff[0m [31m< left[0m / [32mright >[0m :
[INFO] [stdout] [32m>[0m
[INFO] [stdout]  :root {
[INFO] [stdout]    a: 1;
[INFO] [stdout] [31m<  d: 4;[0m
[INFO] [stdout]    &:where(.xyz) {
[INFO] [stdout]      b: 2;
[INFO] [stdout]    }
[INFO] [stdout]    .abc {
[INFO] [stdout]      c: 3;
[INFO] [stdout]    }
[INFO] [stdout] [32m>  d: 4;[0m
[INFO] [stdout]  }
[INFO] [stdout] [32m>[0m
[INFO] [stdout] 
[INFO] [stdout] 
[INFO] [stdout] stack backtrace:
[INFO] [stdout]    0:     0x6385268cc071 - <<std[104cf6e2632825ea]::sys::backtrace::BacktraceLock>::print::DisplayBacktrace as core[7c831bd917ebf35f]::fmt::Display>::fmt
[INFO] [stdout]    1:     0x6385268e193a - core[7c831bd917ebf35f]::fmt::write
[INFO] [stdout]    2:     0x6385268d09ec - <alloc[2fdc3f7464fcf288]::vec::Vec<u8> as core[7c831bd917ebf35f]::io::write::Write>::write_fmt
[INFO] [stdout]    3:     0x6385268a7b76 - std[104cf6e2632825ea]::panicking::default_hook::{closure#0}
[INFO] [stdout]    4:     0x6385268c4299 - std[104cf6e2632825ea]::panicking::default_hook
[INFO] [stdout]    5:     0x638526817eb0 - test[73009c9f9aebf890]::test_main_inner::<test[73009c9f9aebf890]::test_main_static::{closure#0}>::{closure#0}
[INFO] [stdout]    6:     0x6385268c4452 - std[104cf6e2632825ea]::panicking::panic_with_hook
[INFO] [stdout]    7:     0x6385268a7c22 - std[104cf6e2632825ea]::panicking::panic_handler::{closure#0}
[INFO] [stdout]    8:     0x6385268a0049 - std[104cf6e2632825ea]::sys::backtrace::__rust_end_short_backtrace::<std[104cf6e2632825ea]::panicking::panic_handler::{closure#0}, !>
[INFO] [stdout]    9:     0x6385268a881d - __rustc[b0d56fa5b193ad05]::rust_begin_unwind
[INFO] [stdout]   10:     0x6385268e209c - core[7c831bd917ebf35f]::panicking::panic_fmt
[INFO] [stdout]   11:     0x6385267fc30a - css_rtl_compiler_core[5338509e439b2016]::tests::test_retain_at_rule_order
[INFO] [stdout]   12:     0x6385267fac69 - <css_rtl_compiler_core[5338509e439b2016]::tests::test_retain_at_rule_order::{closure#0} as core[7c831bd917ebf35f]::ops::function::FnOnce<()>>::call_once
[INFO] [stdout]   13:     0x63852680b19b - test[73009c9f9aebf890]::__rust_begin_short_backtrace::<core[7c831bd917ebf35f]::result::Result<(), alloc[2fdc3f7464fcf288]::string::String>, fn() -> core[7c831bd917ebf35f]::result::Result<(), alloc[2fdc3f7464fcf288]::string::String>>
[INFO] [stdout]   14:     0x638526818805 - test[73009c9f9aebf890]::run_test::{closure#0}
[INFO] [stdout]   15:     0x638526811bc4 - std[104cf6e2632825ea]::sys::backtrace::__rust_begin_short_backtrace::<test[73009c9f9aebf890]::run_test::{closure#1}, ()>
[INFO] [stdout]   16:     0x63852681b962 - <std[104cf6e2632825ea]::thread::lifecycle::spawn_unchecked<test[73009c9f9aebf890]::run_test::{closure#1}, ()>::{closure#1} as core[7c831bd917ebf35f]::ops::function::FnOnce<()>>::call_once::{shim:vtable#0}
[INFO] [stdout]   17:     0x6385268cb5a9 - <std[104cf6e2632825ea]::sys::thread::unix::Thread>::new::thread_start
[INFO] [stdout]   18:     0x76ef3820607a - <unknown>
[INFO] [stdout]   19:     0x76ef38299534 - clone
[INFO] [stdout]   20:                0x0 - <unknown>
[INFO] [stdout] 
[INFO] [stdout] 
[INFO] [stdout] failures:
[INFO] [stdout]     tests::test_retain_at_rule_order
[INFO] [stdout] 
[INFO] [stdout] test result: FAILED. 1 passed; 1 failed; 0 ignored; 0 measured; 0 filtered out; finished in 0.00s
[INFO] [stdout] 
[INFO] running `Command { std: "docker" "inspect" "6d170f0735e55f1167db452a42e2dc93867c8f2b95c7d2200b6a51caa65d24d7", kill_on_drop: false }`
[INFO] running `Command { std: "docker" "rm" "-f" "6d170f0735e55f1167db452a42e2dc93867c8f2b95c7d2200b6a51caa65d24d7", kill_on_drop: false }`
[INFO] [stdout] 6d170f0735e55f1167db452a42e2dc93867c8f2b95c7d2200b6a51caa65d24d7
