[INFO] cloning repository https://github.com/lobanovdmitry/curlaut
[INFO] running `Command { std: "git" "-c" "credential.helper=" "-c" "credential.helper=/workspace/cargo-home/bin/git-credential-null" "clone" "--bare" "https://github.com/lobanovdmitry/curlaut" "/workspace/cache/git-repos/https%3A%2F%2Fgithub.com%2Flobanovdmitry%2Fcurlaut", kill_on_drop: false }`
[INFO] [stderr] Cloning into bare repository '/workspace/cache/git-repos/https%3A%2F%2Fgithub.com%2Flobanovdmitry%2Fcurlaut'...
[INFO] running `Command { std: "git" "rev-parse" "HEAD", kill_on_drop: false }`
[INFO] [stdout] 11586f9e3cd38d8b13f6cac040fcab6a51ede42f
[INFO] testing lobanovdmitry/curlaut against 1.98.0-beta.8+cargoflags=--release for beta-release-1.99-2
[INFO] running `Command { std: "git" "clone" "/workspace/cache/git-repos/https%3A%2F%2Fgithub.com%2Flobanovdmitry%2Fcurlaut" "/workspace/builds/worker-2-tc1/source", kill_on_drop: false }`
[INFO] [stderr] Cloning into '/workspace/builds/worker-2-tc1/source'...
[INFO] [stderr] done.
[INFO] started tweaking git repo https://github.com/lobanovdmitry/curlaut
[INFO] finished tweaking git repo https://github.com/lobanovdmitry/curlaut
[INFO] tweaked toml for git repo https://github.com/lobanovdmitry/curlaut written to /workspace/builds/worker-2-tc1/source/Cargo.toml
[INFO] validating manifest of git repo https://github.com/lobanovdmitry/curlaut on toolchain 1.98.0-beta.8
[INFO] running `Command { std: CARGO_HOME="/workspace/cargo-home" RUSTUP_HOME="/workspace/rustup-home" "/workspace/cargo-home/bin/cargo" "+1.98.0-beta.8" "metadata" "--manifest-path" "Cargo.toml" "--no-deps", kill_on_drop: false }`
[INFO] crate git repo https://github.com/lobanovdmitry/curlaut already has a lockfile, it will not be regenerated
[INFO] running `Command { std: CARGO_HOME="/workspace/cargo-home" RUSTUP_HOME="/workspace/rustup-home" "/workspace/cargo-home/bin/cargo" "+1.98.0-beta.8" "fetch" "--manifest-path" "Cargo.toml", kill_on_drop: false }`
[INFO] [stderr]     Updating crates.io index
[INFO] [stderr]  Downloading crates ...
[INFO] [stderr]   Downloaded idna_adapter v1.2.1
[INFO] [stderr]   Downloaded zerovec-derive v0.11.1
[INFO] [stderr]   Downloaded serde_spanned v0.6.9
[INFO] [stderr]   Downloaded tiny-keccak v2.0.2
[INFO] [stderr]   Downloaded basic-cookies v0.1.5
[INFO] [stderr]   Downloaded colorchoice v1.0.4
[INFO] [stderr]   Downloaded os_pipe v1.2.2
[INFO] [stderr]   Downloaded toml_datetime v0.6.11
[INFO] [stderr]   Downloaded anstyle v1.0.11
[INFO] [stderr]   Downloaded cfg-if v1.0.1
[INFO] [stderr]   Downloaded lalrpop-util v0.20.2
[INFO] [stderr]   Downloaded wasm-bindgen-futures v0.4.50
[INFO] [stderr]   Downloaded anstyle-query v1.1.3
[INFO] [stderr]   Downloaded phf_shared v0.11.3
[INFO] [stderr]   Downloaded snapbox-macros v0.3.10
[INFO] [stderr]   Downloaded humantime-serde v1.1.1
[INFO] [stderr]   Downloaded yoke-derive v0.8.0
[INFO] [stderr]   Downloaded content_inspector v0.2.4
[INFO] [stderr]   Downloaded crunchy v0.2.3
[INFO] [stderr]   Downloaded precomputed-hash v0.1.1
[INFO] [stderr]   Downloaded siphasher v1.0.1
[INFO] [stderr]   Downloaded event-listener v2.5.3
[INFO] [stderr]   Downloaded async-object-pool v0.1.5
[INFO] [stderr]   Downloaded doc-comment v0.3.3
[INFO] [stderr]   Downloaded potential_utf v0.1.2
[INFO] [stderr]   Downloaded errno v0.3.12
[INFO] [stderr]   Downloaded zerofrom v0.1.6
[INFO] [stderr]   Downloaded once_cell_polyfill v1.70.1
[INFO] [stderr]   Downloaded windows-link v0.1.3
[INFO] [stderr]   Downloaded system-configuration-sys v0.6.0
[INFO] [stderr]   Downloaded icu_properties v2.0.1
[INFO] [stderr]   Downloaded windows-result v0.3.4
[INFO] [stderr]   Downloaded hyper-tls v0.6.0
[INFO] [stderr]   Downloaded gloo-timers v0.3.0
[INFO] [stderr]   Downloaded async-channel v1.9.0
[INFO] [stderr]   Downloaded clap_lex v0.7.5
[INFO] [stderr]   Downloaded zerofrom-derive v0.1.6
[INFO] [stderr]   Downloaded automod v1.0.15
[INFO] [stderr]   Downloaded dirs-next v2.0.0
[INFO] [stderr]   Downloaded predicates-tree v1.0.12
[INFO] [stderr]   Downloaded anstyle-wincon v3.0.9
[INFO] [stderr]   Downloaded toml_write v0.1.2
[INFO] [stderr]   Downloaded anstyle-parse v0.2.7
[INFO] [stderr]   Downloaded windows-registry v0.5.2
[INFO] [stderr]   Downloaded windows-strings v0.4.2
[INFO] [stderr]   Downloaded slab v0.4.10
[INFO] [stderr]   Downloaded openssl-probe v0.1.6
[INFO] [stderr]   Downloaded writeable v0.6.1
[INFO] [stderr]   Downloaded tinystr v0.8.1
[INFO] [stderr]   Downloaded redox_syscall v0.5.13
[INFO] [stderr]   Downloaded async-global-executor v2.4.1
[INFO] [stderr]   Downloaded assert-json-diff v2.0.2
[INFO] [stderr]   Downloaded trycmd v0.15.9
[INFO] [stderr]   Downloaded rustversion v1.0.21
[INFO] [stderr]   Downloaded anstream v0.6.19
[INFO] [stderr]   Downloaded humantime v2.2.0
[INFO] [stderr]   Downloaded glob v0.3.2
[INFO] [stderr]   Downloaded signal-hook-registry v1.4.5
[INFO] [stderr]   Downloaded rustc-demangle v0.1.25
[INFO] [stderr]   Downloaded native-tls v0.2.14
[INFO] [stderr]   Downloaded security-framework-sys v2.14.0
[INFO] [stderr]   Downloaded core-foundation v0.10.1
[INFO] [stderr]   Downloaded quinn-udp v0.5.13
[INFO] [stderr]   Downloaded ipnet v2.11.0
[INFO] [stderr]   Downloaded ascii-canvas v3.0.0
[INFO] [stderr]   Downloaded system-configuration v0.6.1
[INFO] [stderr]   Downloaded tokio-rustls v0.26.2
[INFO] [stderr]   Downloaded rand_core v0.9.3
[INFO] [stderr]   Downloaded async-attributes v1.1.2
[INFO] [stderr]   Downloaded icu_normalizer v2.0.0
[INFO] [stderr]   Downloaded tempfile v3.20.0
[INFO] [stderr]   Downloaded predicates-core v1.0.9
[INFO] [stderr]   Downloaded serde_regex v1.1.0
[INFO] [stderr]   Downloaded event-listener-strategy v0.5.4
[INFO] [stderr]   Downloaded icu_provider v2.0.0
[INFO] [stderr]   Downloaded ena v0.14.3
[INFO] [stderr]   Downloaded kv-log-macro v1.0.7
[INFO] [stderr]   Downloaded async-signal v0.2.11
[INFO] [stderr]   Downloaded yoke v0.8.0
[INFO] [stderr]   Downloaded snapbox v0.6.21
[INFO] [stderr]   Downloaded bitflags v2.9.1
[INFO] [stderr]   Downloaded socket2 v0.5.10
[INFO] [stderr]   Downloaded rustls-native-certs v0.8.1
[INFO] [stderr]   Downloaded async-trait v0.1.88
[INFO] [stderr]   Downloaded proc-macro2 v1.0.95
[INFO] [stderr]   Downloaded litemap v0.8.0
[INFO] [stderr]   Downloaded icu_normalizer_data v2.0.0
[INFO] [stderr]   Downloaded toml_edit v0.22.27
[INFO] [stderr]   Downloaded value-bag v1.11.1
[INFO] [stderr]   Downloaded similar v2.7.0
[INFO] [stderr]   Downloaded miniz_oxide v0.8.9
[INFO] [stderr]   Downloaded openssl-sys v0.9.109
[INFO] [stderr]   Downloaded quinn v0.11.8
[INFO] [stderr]   Downloaded tracing-core v0.1.34
[INFO] [stderr]   Downloaded string_cache v0.8.9
[INFO] [stderr]   Downloaded hermit-abi v0.5.2
[INFO] [stderr]   Downloaded icu_locale_core v2.0.0
[INFO] [stderr]   Downloaded memchr v2.7.5
[INFO] [stderr]   Downloaded bumpalo v3.18.1
[INFO] [stderr]   Downloaded rustls-pki-types v1.12.0
[INFO] [stderr]   Downloaded backtrace v0.3.75
[INFO] [stderr]   Downloaded security-framework v3.2.0
[INFO] [stderr]   Downloaded h2 v0.4.10
[INFO] [stderr]   Downloaded icu_collections v2.0.0
[INFO] [stderr]   Downloaded tower v0.5.2
[INFO] [stderr]   Downloaded mio v1.0.4
[INFO] [stderr]   Downloaded rustls-webpki v0.103.3
[INFO] [stderr]   Downloaded rand v0.9.1
[INFO] [stderr]   Downloaded hyper-util v0.1.14
[INFO] [stderr]   Downloaded assert_cmd v2.0.17
[INFO] [stderr]   Downloaded zerovec v0.11.2
[INFO] [stderr]   Downloaded zerotrie v0.2.2
[INFO] [stderr]   Downloaded tower-http v0.6.6
[INFO] [stderr]   Downloaded http v1.3.1
[INFO] [stderr]   Downloaded cc v1.2.27
[INFO] [stderr]   Downloaded tokio-util v0.7.15
[INFO] [stderr]   Downloaded hashbrown v0.15.4
[INFO] [stderr]   Downloaded iri-string v0.7.8
[INFO] [stderr]   Downloaded predicates v3.1.3
[INFO] [stderr]   Downloaded parking_lot v0.12.4
[INFO] [stderr]   Downloaded parking_lot_core v0.9.11
[INFO] [stderr]   Downloaded async-process v2.3.1
[INFO] [stderr]   Downloaded event-listener v5.4.0
[INFO] [stderr]   Downloaded async-executor v1.13.2
[INFO] [stderr]   Downloaded clap_derive v4.5.40
[INFO] [stderr]   Downloaded hyper v1.6.0
[INFO] [stderr]   Downloaded term v0.7.0
[INFO] [stderr]   Downloaded icu_properties_data v2.0.1
[INFO] [stderr]   Downloaded winnow v0.7.11
[INFO] [stderr]   Downloaded reqwest v0.12.20
[INFO] [stderr]   Downloaded hyper-rustls v0.27.7
[INFO] [stderr]   Downloaded lock_api v0.4.13
[INFO] [stderr]   Downloaded futures-lite v2.6.0
[INFO] [stderr]   Downloaded quinn-proto v0.11.12
[INFO] [stderr]   Downloaded syn v2.0.103
[INFO] [stderr]   Downloaded webpki-roots v1.0.1
[INFO] [stderr]   Downloaded openssl v0.10.73
[INFO] [stderr]   Downloaded async-io v2.4.1
[INFO] [stderr]   Downloaded polling v3.8.0
[INFO] [stderr]   Downloaded clap v4.5.40
[INFO] [stderr]   Downloaded anyhow v1.0.98
[INFO] [stderr]   Downloaded rustls v0.23.28
[INFO] [stderr]   Downloaded rustix v1.0.7
[INFO] [stderr]   Downloaded httpmock v0.7.0
[INFO] [stderr]   Downloaded itertools v0.11.0
[INFO] [stderr]   Downloaded web-sys v0.3.77
[INFO] [stderr]   Downloaded libc v0.2.173
[INFO] [stderr]   Downloaded tokio v1.45.1
[INFO] [stderr]   Downloaded clap_builder v4.5.40
[INFO] [stderr]   Downloaded hyper v0.14.32
[INFO] [stderr]   Downloaded lalrpop v0.20.2
[INFO] [stderr]   Downloaded async-std v1.13.1
[INFO] [stderr]   Downloaded bstr v1.12.0
[INFO] [stderr]   Downloaded linux-raw-sys v0.9.4
[INFO] running `Command { std: "docker" "create" "-v" "/var/lib/crater-agent-workspace/builds/worker-2-tc1/source:/opt/rustwide/workdir:ro,Z" "-v" "/var/lib/crater-agent-workspace/builds/worker-2-tc1/target:/opt/rustwide/target:rw,Z" "-v" "/var/lib/crater-agent-workspace/cargo-home:/opt/rustwide/cargo-home:ro,Z" "-v" "/var/lib/crater-agent-workspace/rustup-home:/opt/rustwide/rustup-home:ro,Z" "-m" "1610612736" "--network" "none" "ghcr.io/rust-lang/crates-build-env/linux@sha256:8683fc1fc2eb5c9ac98e0d076ab094b2ffac7f99da555d2b6a2e27f346de2ec7" "sleep" "infinity", kill_on_drop: false }`
[INFO] [stdout] 9051debe29ab3a24047a3c61d28dc1ba42e1ae9dfee81e78cc2a6bb26235f869
[INFO] running `Command { std: "docker" "start" "9051debe29ab3a24047a3c61d28dc1ba42e1ae9dfee81e78cc2a6bb26235f869", kill_on_drop: false }`
[INFO] running `Command { std: "docker" "inspect" "9051debe29ab3a24047a3c61d28dc1ba42e1ae9dfee81e78cc2a6bb26235f869", kill_on_drop: false }`
[INFO] running `Command { std: "docker" "exec" "-e" "SOURCE_DIR=/opt/rustwide/workdir" "-e" "CARGO_HOME=/opt/rustwide/cargo-home" "-e" "RUSTUP_HOME=/opt/rustwide/rustup-home" "-e" "CARGO_TARGET_DIR=/opt/rustwide/target" "-w" "/opt/rustwide/workdir" "--user" "0:0" "9051debe29ab3a24047a3c61d28dc1ba42e1ae9dfee81e78cc2a6bb26235f869" "/opt/rustwide/cargo-home/bin/cargo" "+1.98.0-beta.8" "metadata" "--no-deps" "--format-version=1", kill_on_drop: false }`
[INFO] running `Command { std: "docker" "inspect" "9051debe29ab3a24047a3c61d28dc1ba42e1ae9dfee81e78cc2a6bb26235f869", kill_on_drop: false }`
[INFO] running `Command { std: "docker" "exec" "-e" "SOURCE_DIR=/opt/rustwide/workdir" "-e" "CARGO_HOME=/opt/rustwide/cargo-home" "-e" "RUSTUP_HOME=/opt/rustwide/rustup-home" "-e" "CARGO_TARGET_DIR=/opt/rustwide/target" "-e" "CARGO_INCREMENTAL=0" "-e" "RUST_BACKTRACE=full" "-e" "RUSTFLAGS=--cap-lints=warn" "-e" "RUSTDOCFLAGS=--cap-lints=warn" "-w" "/opt/rustwide/workdir" "--user" "0:0" "9051debe29ab3a24047a3c61d28dc1ba42e1ae9dfee81e78cc2a6bb26235f869" "/opt/rustwide/cargo-home/bin/cargo" "+1.98.0-beta.8" "build" "--frozen" "--message-format=json" "--release", kill_on_drop: false }`
[INFO] [stderr]    Compiling proc-macro2 v1.0.95
[INFO] [stderr]    Compiling libc v0.2.173
[INFO] [stderr]    Compiling stable_deref_trait v1.2.0
[INFO] [stderr]    Compiling cc v1.2.27
[INFO] [stderr]    Compiling cfg-if v1.0.1
[INFO] [stderr]    Compiling http v1.3.1
[INFO] [stderr]    Compiling smallvec v1.15.1
[INFO] [stderr]    Compiling memchr v2.7.5
[INFO] [stderr]    Compiling slab v0.4.10
[INFO] [stderr]    Compiling litemap v0.8.0
[INFO] [stderr]    Compiling zeroize v1.8.1
[INFO] [stderr]    Compiling hashbrown v0.15.4
[INFO] [stderr]    Compiling writeable v0.6.1
[INFO] [stderr]    Compiling rustls-pki-types v1.12.0
[INFO] [stderr]    Compiling futures-util v0.3.31
[INFO] [stderr]    Compiling quote v1.0.40
[INFO] [stderr]    Compiling socket2 v0.5.10
[INFO] [stderr]    Compiling mio v1.0.4
[INFO] [stderr]    Compiling syn v2.0.103
[INFO] [stderr]    Compiling http-body v1.0.1
[INFO] [stderr]    Compiling tokio v1.45.1
[INFO] [stderr]    Compiling indexmap v2.9.0
[INFO] [stderr]    Compiling openssl-sys v0.9.109
[INFO] [stderr]    Compiling ring v0.17.14
[INFO] [stderr]    Compiling tracing-core v0.1.34
[INFO] [stderr]    Compiling icu_normalizer_data v2.0.0
[INFO] [stderr]    Compiling icu_properties_data v2.0.1
[INFO] [stderr]    Compiling httparse v1.10.1
[INFO] [stderr]    Compiling percent-encoding v2.3.1
[INFO] [stderr]    Compiling tracing v0.1.41
[INFO] [stderr]    Compiling getrandom v0.2.16
[INFO] [stderr]    Compiling try-lock v0.2.5
[INFO] [stderr]    Compiling openssl-probe v0.1.6
[INFO] [stderr]    Compiling serde v1.0.219
[INFO] [stderr]    Compiling untrusted v0.9.0
[INFO] [stderr]    Compiling atomic-waker v1.1.2
[INFO] [stderr]    Compiling tower-service v0.3.3
[INFO] [stderr]    Compiling openssl v0.10.73
[INFO] [stderr]    Compiling bitflags v2.9.1
[INFO] [stderr]    Compiling want v0.3.1
[INFO] [stderr]    Compiling futures-channel v0.3.31
[INFO] [stderr]    Compiling native-tls v0.2.14
[INFO] [stderr]    Compiling rustls v0.23.28
[INFO] [stderr]    Compiling ipnet v2.11.0
[INFO] [stderr]    Compiling subtle v2.6.1
[INFO] [stderr]    Compiling base64 v0.22.1
[INFO] [stderr]    Compiling utf8parse v0.2.2
[INFO] [stderr]    Compiling anstyle-parse v0.2.7
[INFO] [stderr]    Compiling form_urlencoded v1.2.1
[INFO] [stderr]    Compiling sync_wrapper v1.0.2
[INFO] [stderr]    Compiling anstyle-query v1.1.3
[INFO] [stderr]    Compiling serde_json v1.0.140
[INFO] [stderr]    Compiling utf8_iter v1.0.4
[INFO] [stderr]    Compiling colorchoice v1.0.4
[INFO] [stderr]    Compiling tower-layer v0.3.3
[INFO] [stderr]    Compiling is_terminal_polyfill v1.70.1
[INFO] [stderr]    Compiling anstyle v1.0.11
[INFO] [stderr]    Compiling rustls-native-certs v0.8.1
[INFO] [stderr]    Compiling http-body-util v0.1.3
[INFO] [stderr]    Compiling anstream v0.6.19
[INFO] [stderr]    Compiling webpki-roots v1.0.1
[INFO] [stderr]    Compiling strsim v0.11.1
[INFO] [stderr]    Compiling iri-string v0.7.8
[INFO] [stderr]    Compiling anyhow v1.0.98
[INFO] [stderr]    Compiling heck v0.5.0
[INFO] [stderr]    Compiling clap_lex v0.7.5
[INFO] [stderr]    Compiling thiserror v2.0.12
[INFO] [stderr]    Compiling clap_builder v4.5.40
[INFO] [stderr]    Compiling encoding_rs v0.8.35
[INFO] [stderr]    Compiling mime v0.3.17
[INFO] [stderr]    Compiling synstructure v0.13.2
[INFO] [stderr]    Compiling tokio-util v0.7.15
[INFO] [stderr]    Compiling tower v0.5.2
[INFO] [stderr]    Compiling h2 v0.4.10
[INFO] [stderr]    Compiling zerofrom-derive v0.1.6
[INFO] [stderr]    Compiling yoke-derive v0.8.0
[INFO] [stderr]    Compiling zerovec-derive v0.11.1
[INFO] [stderr]    Compiling displaydoc v0.2.5
[INFO] [stderr]    Compiling zerofrom v0.1.6
[INFO] [stderr]    Compiling yoke v0.8.0
[INFO] [stderr]    Compiling serde_derive v1.0.219
[INFO] [stderr]    Compiling zerotrie v0.2.2
[INFO] [stderr]    Compiling openssl-macros v0.1.1
[INFO] [stderr]    Compiling zerovec v0.11.2
[INFO] [stderr]    Compiling tinystr v0.8.1
[INFO] [stderr]    Compiling icu_locale_core v2.0.0
[INFO] [stderr]    Compiling potential_utf v0.1.2
[INFO] [stderr]    Compiling icu_collections v2.0.0
[INFO] [stderr]    Compiling hyper v1.6.0
[INFO] [stderr]    Compiling icu_provider v2.0.0
[INFO] [stderr]    Compiling icu_normalizer v2.0.0
[INFO] [stderr]    Compiling icu_properties v2.0.1
[INFO] [stderr]    Compiling hyper-util v0.1.14
[INFO] [stderr]    Compiling rustls-webpki v0.103.3
[INFO] [stderr]    Compiling idna_adapter v1.2.1
[INFO] [stderr]    Compiling tokio-native-tls v0.3.1
[INFO] [stderr]    Compiling idna v1.0.3
[INFO] [stderr]    Compiling serde_urlencoded v0.7.1
[INFO] [stderr]    Compiling hyper-tls v0.6.0
[INFO] [stderr]    Compiling url v2.5.4
[INFO] [stderr]    Compiling thiserror-impl v2.0.12
[INFO] [stderr]    Compiling clap_derive v4.5.40
[INFO] [stderr]    Compiling tower-http v0.6.6
[INFO] [stderr]    Compiling serde_yaml v0.9.34+deprecated
[INFO] [stderr]    Compiling linked-hash-map v0.5.6
[INFO] [stderr]    Compiling clap v4.5.40
[INFO] [stderr]    Compiling tokio-rustls v0.26.2
[INFO] [stderr]    Compiling hyper-rustls v0.27.7
[INFO] [stderr]    Compiling reqwest v0.12.20
[INFO] [stderr]    Compiling curlaut v0.1.0 (/opt/rustwide/workdir)
[INFO] [stdout] warning: hiding a lifetime that's elided elsewhere is confusing
[INFO] [stdout]   --> src/cli/request_executor.rs:38:11
[INFO] [stdout]    |
[INFO] [stdout] 38 |     args: &HttpRequestArgs,
[INFO] [stdout]    |           ^^^^^^^^^^^^^^^^ the lifetime is elided here
[INFO] [stdout] ...
[INFO] [stdout] 41 | ) -> anyhow::Result<HttpRequestSpec> {
[INFO] [stdout]    |                     ^^^^^^^^^^^^^^^ the same lifetime is hidden here
[INFO] [stdout]    |
[INFO] [stdout]    = help: the same lifetime is referred to in inconsistent ways, making the signature confusing
[INFO] [stdout]    = note: `#[warn(mismatched_lifetime_syntaxes)]` on by default
[INFO] [stdout] help: use `'_` for type paths
[INFO] [stdout]    |
[INFO] [stdout] 41 | ) -> anyhow::Result<HttpRequestSpec<'_>> {
[INFO] [stdout]    |                                    ++++
[INFO] [stdout] 
[INFO] [stdout] 
[INFO] [stdout] warning: hiding a lifetime that's elided elsewhere is confusing
[INFO] [stdout]   --> src/cli/request_executor.rs:57:31
[INFO] [stdout]    |
[INFO] [stdout] 57 | fn parse_headers(headers: Vec<&str>) -> HttpRequestHeaders {
[INFO] [stdout]    |                               ^^^^      ^^^^^^^^^^^^^^^^^^ the same lifetime is hidden here
[INFO] [stdout]    |                               |
[INFO] [stdout]    |                               the lifetime is elided here
[INFO] [stdout]    |
[INFO] [stdout]    = help: the same lifetime is referred to in inconsistent ways, making the signature confusing
[INFO] [stdout] help: use `'_` for type paths
[INFO] [stdout]    |
[INFO] [stdout] 57 | fn parse_headers(headers: Vec<&str>) -> HttpRequestHeaders<'_> {
[INFO] [stdout]    |                                                           ++++
[INFO] [stdout] 
[INFO] [stdout] 
[INFO] [stderr]     Finished `release` profile [optimized] target(s) in 3m 25s
[INFO] running `Command { std: "docker" "inspect" "9051debe29ab3a24047a3c61d28dc1ba42e1ae9dfee81e78cc2a6bb26235f869", kill_on_drop: false }`
[INFO] running `Command { std: "docker" "exec" "-e" "SOURCE_DIR=/opt/rustwide/workdir" "-e" "CARGO_HOME=/opt/rustwide/cargo-home" "-e" "RUSTUP_HOME=/opt/rustwide/rustup-home" "-e" "CARGO_TARGET_DIR=/opt/rustwide/target" "-e" "CARGO_INCREMENTAL=0" "-e" "RUST_BACKTRACE=full" "-e" "RUSTFLAGS=--cap-lints=warn" "-e" "RUSTDOCFLAGS=--cap-lints=warn" "-w" "/opt/rustwide/workdir" "--user" "0:0" "9051debe29ab3a24047a3c61d28dc1ba42e1ae9dfee81e78cc2a6bb26235f869" "/opt/rustwide/cargo-home/bin/cargo" "+1.98.0-beta.8" "test" "--frozen" "--no-run" "--message-format=json" "--release", kill_on_drop: false }`
[INFO] [stderr]    Compiling futures-io v0.3.31
[INFO] [stderr]    Compiling crossbeam-utils v0.8.21
[INFO] [stderr]    Compiling bitflags v2.9.1
[INFO] [stderr]    Compiling syn v2.0.103
[INFO] [stderr]    Compiling signal-hook-registry v1.4.5
[INFO] [stderr]    Compiling autocfg v1.5.0
[INFO] [stderr]    Compiling parking v2.2.1
[INFO] [stderr]    Compiling fastrand v2.3.0
[INFO] [stderr]    Compiling libc v0.2.173
[INFO] [stderr]    Compiling rustix v1.0.7
[INFO] [stderr]    Compiling linux-raw-sys v0.9.4
[INFO] [stderr]    Compiling cfg-if v1.0.1
[INFO] [stderr]    Compiling value-bag v1.11.1
[INFO] [stderr]    Compiling lock_api v0.4.13
[INFO] [stderr]    Compiling futures-lite v2.6.0
[INFO] [stderr]    Compiling parking_lot_core v0.9.11
[INFO] [stderr]    Compiling memchr v2.7.5
[INFO] [stderr]    Compiling concurrent-queue v2.5.0
[INFO] [stderr]    Compiling event-listener v5.4.0
[INFO] [stderr]    Compiling log v0.4.27
[INFO] [stderr]    Compiling dirs-sys-next v0.1.2
[INFO] [stderr]    Compiling aho-corasick v1.1.3
[INFO] [stderr]    Compiling scopeguard v1.2.0
[INFO] [stderr]    Compiling event-listener-strategy v0.5.4
[INFO] [stderr]    Compiling regex-syntax v0.8.5
[INFO] [stderr]    Compiling crunchy v0.2.3
[INFO] [stderr]    Compiling smallvec v1.15.1
[INFO] [stderr]    Compiling async-lock v3.4.0
[INFO] [stderr]    Compiling dirs-next v2.0.0
[INFO] [stderr]    Compiling hashbrown v0.15.4
[INFO] [stderr]    Compiling async-task v4.7.1
[INFO] [stderr]    Compiling equivalent v1.0.2
[INFO] [stderr]    Compiling tiny-keccak v2.0.2
[INFO] [stderr]    Compiling siphasher v1.0.1
[INFO] [stderr]    Compiling phf_shared v0.11.3
[INFO] [stderr]    Compiling indexmap v2.9.0
[INFO] [stderr]    Compiling parking_lot v0.12.4
[INFO] [stderr]    Compiling term v0.7.0
[INFO] [stderr]    Compiling regex-automata v0.4.9
[INFO] [stderr]    Compiling async-channel v2.3.1
[INFO] [stderr]    Compiling new_debug_unreachable v1.0.6
[INFO] [stderr]    Compiling precomputed-hash v0.1.1
[INFO] [stderr]    Compiling same-file v1.0.6
[INFO] [stderr]    Compiling fixedbitset v0.4.2
[INFO] [stderr]    Compiling either v1.15.0
[INFO] [stderr]    Compiling bit-vec v0.6.3
[INFO] [stderr]    Compiling syn v1.0.109
[INFO] [stderr]    Compiling bit-set v0.5.3
[INFO] [stderr]    Compiling itertools v0.11.0
[INFO] [stderr]    Compiling petgraph v0.6.5
[INFO] [stderr]    Compiling ena v0.14.3
[INFO] [stderr]    Compiling walkdir v2.5.0
[INFO] [stderr]    Compiling synstructure v0.13.2
[INFO] [stderr]    Compiling string_cache v0.8.9
[INFO] [stderr]    Compiling ascii-canvas v3.0.0
[INFO] [stderr]    Compiling num-traits v0.2.19
[INFO] [stderr]    Compiling piper v0.2.4
[INFO] [stderr]    Compiling getrandom v0.3.3
[INFO] [stderr]    Compiling regex v1.11.1
[INFO] [stderr]    Compiling lalrpop-util v0.20.2
[INFO] [stderr]    Compiling unicode-xid v0.2.6
[INFO] [stderr]    Compiling pico-args v0.5.0
[INFO] [stderr]    Compiling blocking v1.6.1
[INFO] [stderr]    Compiling lalrpop v0.20.2
[INFO] [stderr]    Compiling async-executor v1.13.2
[INFO] [stderr]    Compiling zerofrom-derive v0.1.6
[INFO] [stderr]    Compiling yoke-derive v0.8.0
[INFO] [stderr]    Compiling tokio-macros v2.5.0
[INFO] [stderr]    Compiling tokio v1.45.1
[INFO] [stderr]    Compiling serde_derive v1.0.219
[INFO] [stderr]    Compiling zerofrom v0.1.6
[INFO] [stderr]    Compiling yoke v0.8.0
[INFO] [stderr]    Compiling zerovec-derive v0.11.1
[INFO] [stderr]    Compiling displaydoc v0.2.5
[INFO] [stderr]    Compiling zerovec v0.11.2
[INFO] [stderr]    Compiling futures-macro v0.3.31
[INFO] [stderr]    Compiling futures-util v0.3.31
[INFO] [stderr]    Compiling zerotrie v0.2.2
[INFO] [stderr]    Compiling openssl-macros v0.1.1
[INFO] [stderr]    Compiling polling v3.8.0
[INFO] [stderr]    Compiling openssl v0.10.73
[INFO] [stderr]    Compiling tinystr v0.8.1
[INFO] [stderr]    Compiling potential_utf v0.1.2
[INFO] [stderr]    Compiling icu_locale_core v2.0.0
[INFO] [stderr]    Compiling icu_collections v2.0.0
[INFO] [stderr]    Compiling serde v1.0.219
[INFO] [stderr]    Compiling icu_provider v2.0.0
[INFO] [stderr]    Compiling icu_properties v2.0.1
[INFO] [stderr]    Compiling tokio-util v0.7.15
[INFO] [stderr]    Compiling icu_normalizer v2.0.0
[INFO] [stderr]    Compiling h2 v0.4.10
[INFO] [stderr]    Compiling idna_adapter v1.2.1
[INFO] [stderr]    Compiling async-io v2.4.1
[INFO] [stderr]    Compiling serde_json v1.0.140
[INFO] [stderr]    Compiling idna v1.0.3
[INFO] [stderr]    Compiling native-tls v0.2.14
[INFO] [stderr]    Compiling tokio-native-tls v0.3.1
[INFO] [stderr]    Compiling url v2.5.4
[INFO] [stderr]    Compiling hyper v1.6.0
[INFO] [stderr]    Compiling async-signal v0.2.11
[INFO] [stderr]    Compiling tower v0.5.2
[INFO] [stderr]    Compiling tokio-rustls v0.26.2
[INFO] [stderr]    Compiling crossbeam-epoch v0.9.18
[INFO] [stderr]    Compiling event-listener v2.5.3
[INFO] [stderr]    Compiling normalize-line-endings v0.3.0
[INFO] [stderr]    Compiling rayon-core v1.12.1
[INFO] [stderr]    Compiling tower-http v0.6.6
[INFO] [stderr]    Compiling clap_derive v4.5.40
[INFO] [stderr]    Compiling crossbeam-deque v0.8.6
[INFO] [stderr]    Compiling async-channel v1.9.0
[INFO] [stderr]    Compiling async-process v2.3.1
[INFO] [stderr]    Compiling basic-cookies v0.1.5
[INFO] [stderr]    Compiling async-global-executor v2.4.1
[INFO] [stderr]    Compiling hyper-util v0.1.14
[INFO] [stderr]    Compiling serde_urlencoded v0.7.1
[INFO] [stderr]    Compiling async-attributes v1.1.2
[INFO] [stderr]    Compiling thiserror-impl v2.0.12
[INFO] [stderr]    Compiling kv-log-macro v1.0.7
[INFO] [stderr]    Compiling http v0.2.12
[INFO] [stderr]    Compiling hyper-tls v0.6.0
[INFO] [stderr]    Compiling hyper-rustls v0.27.7
[INFO] [stderr]    Compiling wait-timeout v0.2.1
[INFO] [stderr]    Compiling predicates-core v1.0.9
[INFO] [stderr]    Compiling doc-comment v0.3.3
[INFO] [stderr]    Compiling similar v2.7.0
[INFO] [stderr]    Compiling reqwest v0.12.20
[INFO] [stderr]    Compiling http-body v0.4.6
[INFO] [stderr]    Compiling serde_yaml v0.9.34+deprecated
[INFO] [stderr]    Compiling thiserror v2.0.12
[INFO] [stderr]    Compiling float-cmp v0.10.0
[INFO] [stderr]    Compiling async-std v1.13.1
[INFO] [stderr]    Compiling tempfile v3.20.0
[INFO] [stderr]    Compiling clap v4.5.40
[INFO] [stderr]    Compiling toml_datetime v0.6.11
[INFO] [stderr]    Compiling serde_spanned v0.6.9
[INFO] [stderr]    Compiling snapbox-macros v0.3.10
[INFO] [stderr]    Compiling os_pipe v1.2.2
[INFO] [stderr]    Compiling filetime v0.2.25
[INFO] [stderr]    Compiling content_inspector v0.2.4
[INFO] [stderr]    Compiling httpdate v1.0.3
[INFO] [stderr]    Compiling termtree v0.5.1
[INFO] [stderr]    Compiling assert_cmd v2.0.17
[INFO] [stderr]    Compiling humantime v2.2.0
[INFO] [stderr]    Compiling toml_write v0.1.2
[INFO] [stderr]    Compiling winnow v0.7.11
[INFO] [stderr]    Compiling difflib v0.4.0
[INFO] [stderr]    Compiling dunce v1.0.5
[INFO] [stderr]    Compiling snapbox v0.6.21
[INFO] [stderr]    Compiling predicates v3.1.3
[INFO] [stderr]    Compiling toml_edit v0.22.27
[INFO] [stderr]    Compiling async-object-pool v0.1.5
[INFO] [stderr]    Compiling rayon v1.10.0
[INFO] [stderr]    Compiling humantime-serde v1.1.1
[INFO] [stderr]    Compiling predicates-tree v1.0.12
[INFO] [stderr]    Compiling hyper v0.14.32
[INFO] [stderr]    Compiling serde_regex v1.1.0
[INFO] [stderr]    Compiling assert-json-diff v2.0.2
[INFO] [stderr]    Compiling bstr v1.12.0
[INFO] [stderr]    Compiling async-trait v0.1.88
[INFO] [stderr]    Compiling automod v1.0.15
[INFO] [stderr]    Compiling shlex v1.3.0
[INFO] [stderr]    Compiling glob v0.3.2
[INFO] [stderr]    Compiling levenshtein v1.0.5
[INFO] [stderr]    Compiling httpmock v0.7.0
[INFO] [stderr]    Compiling trycmd v0.15.9
[INFO] [stderr]    Compiling curlaut v0.1.0 (/opt/rustwide/workdir)
[INFO] [stdout] warning: hiding a lifetime that's elided elsewhere is confusing
[INFO] [stdout]   --> src/cli/request_executor.rs:38:11
[INFO] [stdout]    |
[INFO] [stdout] 38 |     args: &HttpRequestArgs,
[INFO] [stdout]    |           ^^^^^^^^^^^^^^^^ the lifetime is elided here
[INFO] [stdout] ...
[INFO] [stdout] 41 | ) -> anyhow::Result<HttpRequestSpec> {
[INFO] [stdout]    |                     ^^^^^^^^^^^^^^^ the same lifetime is hidden here
[INFO] [stdout]    |
[INFO] [stdout]    = help: the same lifetime is referred to in inconsistent ways, making the signature confusing
[INFO] [stdout]    = note: `#[warn(mismatched_lifetime_syntaxes)]` on by default
[INFO] [stdout] help: use `'_` for type paths
[INFO] [stdout]    |
[INFO] [stdout] 41 | ) -> anyhow::Result<HttpRequestSpec<'_>> {
[INFO] [stdout]    |                                    ++++
[INFO] [stdout] 
[INFO] [stdout] 
[INFO] [stdout] warning: hiding a lifetime that's elided elsewhere is confusing
[INFO] [stdout]   --> src/cli/request_executor.rs:57:31
[INFO] [stdout]    |
[INFO] [stdout] 57 | fn parse_headers(headers: Vec<&str>) -> HttpRequestHeaders {
[INFO] [stdout]    |                               ^^^^      ^^^^^^^^^^^^^^^^^^ the same lifetime is hidden here
[INFO] [stdout]    |                               |
[INFO] [stdout]    |                               the lifetime is elided here
[INFO] [stdout]    |
[INFO] [stdout]    = help: the same lifetime is referred to in inconsistent ways, making the signature confusing
[INFO] [stdout] help: use `'_` for type paths
[INFO] [stdout]    |
[INFO] [stdout] 57 | fn parse_headers(headers: Vec<&str>) -> HttpRequestHeaders<'_> {
[INFO] [stdout]    |                                                           ++++
[INFO] [stdout] 
[INFO] [stdout] 
[INFO] [stdout] warning: hiding a lifetime that's elided elsewhere is confusing
[INFO] [stdout]   --> src/cli/request_executor.rs:38:11
[INFO] [stdout]    |
[INFO] [stdout] 38 |     args: &HttpRequestArgs,
[INFO] [stdout]    |           ^^^^^^^^^^^^^^^^ the lifetime is elided here
[INFO] [stdout] ...
[INFO] [stdout] 41 | ) -> anyhow::Result<HttpRequestSpec> {
[INFO] [stdout]    |                     ^^^^^^^^^^^^^^^ the same lifetime is hidden here
[INFO] [stdout]    |
[INFO] [stdout]    = help: the same lifetime is referred to in inconsistent ways, making the signature confusing
[INFO] [stdout]    = note: `#[warn(mismatched_lifetime_syntaxes)]` on by default
[INFO] [stdout] help: use `'_` for type paths
[INFO] [stdout]    |
[INFO] [stdout] 41 | ) -> anyhow::Result<HttpRequestSpec<'_>> {
[INFO] [stdout]    |                                    ++++
[INFO] [stdout] 
[INFO] [stdout] 
[INFO] [stdout] warning: hiding a lifetime that's elided elsewhere is confusing
[INFO] [stdout]   --> src/cli/request_executor.rs:57:31
[INFO] [stdout]    |
[INFO] [stdout] 57 | fn parse_headers(headers: Vec<&str>) -> HttpRequestHeaders {
[INFO] [stdout]    |                               ^^^^      ^^^^^^^^^^^^^^^^^^ the same lifetime is hidden here
[INFO] [stdout]    |                               |
[INFO] [stdout]    |                               the lifetime is elided here
[INFO] [stdout]    |
[INFO] [stdout]    = help: the same lifetime is referred to in inconsistent ways, making the signature confusing
[INFO] [stdout] help: use `'_` for type paths
[INFO] [stdout]    |
[INFO] [stdout] 57 | fn parse_headers(headers: Vec<&str>) -> HttpRequestHeaders<'_> {
[INFO] [stdout]    |                                                           ++++
[INFO] [stdout] 
[INFO] [stdout] 
[INFO] [stderr]     Finished `release` profile [optimized] target(s) in 4m 18s
[INFO] running `Command { std: "docker" "inspect" "9051debe29ab3a24047a3c61d28dc1ba42e1ae9dfee81e78cc2a6bb26235f869", kill_on_drop: false }`
[INFO] running `Command { std: "docker" "exec" "-e" "SOURCE_DIR=/opt/rustwide/workdir" "-e" "CARGO_HOME=/opt/rustwide/cargo-home" "-e" "RUSTUP_HOME=/opt/rustwide/rustup-home" "-e" "CARGO_TARGET_DIR=/opt/rustwide/target" "-e" "CARGO_INCREMENTAL=0" "-e" "RUST_BACKTRACE=full" "-e" "RUSTFLAGS=--cap-lints=warn" "-e" "RUSTDOCFLAGS=--cap-lints=warn" "-w" "/opt/rustwide/workdir" "--user" "0:0" "9051debe29ab3a24047a3c61d28dc1ba42e1ae9dfee81e78cc2a6bb26235f869" "/opt/rustwide/cargo-home/bin/cargo" "+1.98.0-beta.8" "test" "--frozen" "--release", kill_on_drop: false }`
[INFO] [stderr] warning: hiding a lifetime that's elided elsewhere is confusing
[INFO] [stderr]   --> src/cli/request_executor.rs:38:11
[INFO] [stderr]    |
[INFO] [stderr] 38 |     args: &HttpRequestArgs,
[INFO] [stderr]    |           ^^^^^^^^^^^^^^^^ the lifetime is elided here
[INFO] [stderr] ...
[INFO] [stderr] 41 | ) -> anyhow::Result<HttpRequestSpec> {
[INFO] [stdout] 
[INFO] [stderr]    |                     ^^^^^^^^^^^^^^^ the same lifetime is hidden here
[INFO] [stdout] running 0 tests
[INFO] [stderr]    |
[INFO] [stdout] 
[INFO] [stderr]    = help: the same lifetime is referred to in inconsistent ways, making the signature confusing
[INFO] [stdout] test result: ok. 0 passed; 0 failed; 0 ignored; 0 measured; 0 filtered out; finished in 0.00s
[INFO] [stderr]    = note: `#[warn(mismatched_lifetime_syntaxes)]` on by default
[INFO] [stdout] 
[INFO] [stderr] help: use `'_` for type paths
[INFO] [stdout] 
[INFO] [stderr]    |
[INFO] [stdout] running 0 tests
[INFO] [stderr] 41 | ) -> anyhow::Result<HttpRequestSpec<'_>> {
[INFO] [stdout] 
[INFO] [stderr]    |                                    ++++
[INFO] [stdout] test result: ok. 0 passed; 0 failed; 0 ignored; 0 measured; 0 filtered out; finished in 0.00s
[INFO] [stderr] 
[INFO] [stdout] 
[INFO] [stderr] warning: hiding a lifetime that's elided elsewhere is confusing
[INFO] [stdout] 
[INFO] [stderr]   --> src/cli/request_executor.rs:57:31
[INFO] [stdout] running 6 tests
[INFO] [stderr]    |
[INFO] [stdout] test cli_tests ... FAILED
[INFO] [stderr] 57 | fn parse_headers(headers: Vec<&str>) -> HttpRequestHeaders {
[INFO] [stderr]    |                               ^^^^      ^^^^^^^^^^^^^^^^^^ the same lifetime is hidden here
[INFO] [stderr]    |                               |
[INFO] [stderr]    |                               the lifetime is elided here
[INFO] [stderr]    |
[INFO] [stderr]    = help: the same lifetime is referred to in inconsistent ways, making the signature confusing
[INFO] [stderr] help: use `'_` for type paths
[INFO] [stderr]    |
[INFO] [stderr] 57 | fn parse_headers(headers: Vec<&str>) -> HttpRequestHeaders<'_> {
[INFO] [stderr]    |                                                           ++++
[INFO] [stderr] 
[INFO] [stderr] warning: `curlaut` (lib) generated 2 warnings (run `cargo fix --lib -p curlaut` to apply 2 suggestions)
[INFO] [stderr] warning: `curlaut` (lib test) generated 2 warnings (2 duplicates)
[INFO] [stderr]     Finished `release` profile [optimized] target(s) in 0.49s
[INFO] [stderr]      Running unittests src/lib.rs (/opt/rustwide/target/release/deps/curlaut-7f2cf010567df0d7)
[INFO] [stderr]      Running unittests bin/curlaut.rs (/opt/rustwide/target/release/deps/curlaut-d475c8eea4fd63e4)
[INFO] [stderr]      Running tests/cli_tests.rs (/opt/rustwide/target/release/deps/cli_tests-50d58dce68b90537)
[INFO] [stderr] Testing tests/cmd/config-add/config-add.toml ... ok 9ms 270us 865ns
[INFO] [stderr] Testing tests/cmd/config-add/config-add.toml:teardown ... ok
[INFO] [stderr] Testing tests/cmd/config-remove/config-remove.toml ... ok 10ms 541us 556ns
[INFO] [stderr] Testing tests/cmd/config-remove/config-remove.toml:teardown ... ok
[INFO] [stderr] Testing tests/cmd/config-help/config-help.toml ... ok 11ms 878us 927ns
[INFO] [stderr] Testing tests/cmd/config-list/config-list.toml ... ok 13ms 911us 578ns
[INFO] [stderr] Testing tests/cmd/config-set-default/config-set-default.toml ... failed 13ms 517us 908ns
[INFO] [stderr] Expected success, was 1
[INFO] [stderr] stdout:
[INFO] [stderr] Set keycloak by default alias local-non-default
[INFO] [stderr] 
[INFO] [stderr] 
[INFO] [stderr] ---- expected: stderr
[INFO] [stderr] ++++ actual:   stderr
[INFO] [stderr]         1 + Can't open config file for write
[INFO] [stderr]         2 + 
[INFO] [stderr]         3 + Caused by:
[INFO] [stderr]         4 +     Read-only file system (os error 30)
[INFO] [stderr]         5 + 
[INFO] [stderr]         6 + Stack backtrace:
[INFO] [stderr]         7 +    0: <core::io::error::Error as anyhow::context::ext::StdError>::ext_context::<&str>
[INFO] [stderr]         8 +    1: <curlaut::keycloak::keycloak_registry::KeycloakRegistry>::save_to_file
[INFO] [stderr]         9 +    2: curlaut::cli::auth_mgmt::execute_command::<curlaut::output::stdio::CurlautStdOutput>
[INFO] [stderr]        10 +    3: curlaut::main
[INFO] [stderr]        11 +    4: std::sys::backtrace::__rust_begin_short_backtrace::<fn(), ()>
[INFO] [stderr]        12 +    5: std::rt::lang_start::<()>::{closure#0}
[INFO] [stderr]        13 +    6: std::rt::lang_start_internal
[INFO] [stderr]        14 +    7: main
[INFO] [stderr]        15 +    8: <unknown>
[INFO] [stderr]        16 +    9: __libc_start_main
[INFO] [stderr]        17 +   10: _start
[INFO] [stderr] Update snapshots with `TRYCMD=overwrite`
[INFO] [stderr] Debug output with `TRYCMD=dump`
[INFO] [stdout] test http_delete_verbose ... FAILED
[INFO] [stdout] test http_get_verbose ... FAILED
[INFO] [stdout] test http_put_verbose ... FAILED
[INFO] [stdout] test http_get ... FAILED
[INFO] [stdout] test http_post_verbose ... FAILED
[INFO] [stdout] 
[INFO] [stdout] failures:
[INFO] [stdout] 
[INFO] [stdout] ---- cli_tests stdout ----
[INFO] [stdout] 
[INFO] [stdout] thread 'cli_tests' (5301) panicked at /opt/rustwide/cargo-home/registry/src/index.crates.io-1949cf8c6b5b557f/trycmd-0.15.9/src/runner.rs:123:17:
[INFO] [stdout] 1 of 5 tests failed
[INFO] [stdout] stack backtrace:
[INFO] [stdout]    0:     0x5a40bf60d401 - <<std[97b98282bc616a66]::sys::backtrace::BacktraceLock>::print::DisplayBacktrace as core[832e9a552fc17241]::fmt::Display>::fmt
[INFO] [stdout]    1:     0x5a40bf627c9a - core[832e9a552fc17241]::fmt::write
[INFO] [stdout]    2:     0x5a40bf61417c - <alloc[3ecab9f82c41dc7d]::vec::Vec<u8> as std[97b98282bc616a66]::io::Write>::write_fmt
[INFO] [stdout]    3:     0x5a40bf5e5ac6 - std[97b98282bc616a66]::panicking::default_hook::{closure#0}
[INFO] [stdout]    4:     0x5a40bf6028b9 - std[97b98282bc616a66]::panicking::default_hook
[INFO] [stdout]    5:     0x5a40bf3a6320 - test[39766f3d73431624]::test_main_inner::<test[39766f3d73431624]::test_main_static::{closure#0}>::{closure#0}
[INFO] [stdout]    6:     0x5a40bf602be2 - std[97b98282bc616a66]::panicking::panic_with_hook
[INFO] [stdout]    7:     0x5a40bf5e5b72 - std[97b98282bc616a66]::panicking::panic_handler::{closure#0}
[INFO] [stdout]    8:     0x5a40bf5dd039 - std[97b98282bc616a66]::sys::backtrace::__rust_end_short_backtrace::<std[97b98282bc616a66]::panicking::panic_handler::{closure#0}, !>
[INFO] [stdout]    9:     0x5a40bf5e6a4d - __rustc[e3d8617bb01b7f69]::rust_begin_unwind
[INFO] [stdout]   10:     0x5a40bf62847c - core[832e9a552fc17241]::panicking::panic_fmt
[INFO] [stdout]   11:     0x5a40bf2edeee - <trycmd[29ae1ace3ef25bc1]::runner::Runner>::run
[INFO] [stdout]   12:     0x5a40bf2d5528 - <trycmd[29ae1ace3ef25bc1]::cases::TestCases>::run
[INFO] [stdout]   13:     0x5a40bf2cf9cd - core[832e9a552fc17241]::ptr::drop_glue::<trycmd[29ae1ace3ef25bc1]::cases::TestCases>
[INFO] [stdout]   14:     0x5a40bf2d31d4 - <cli_tests[7c8b7b5015598490]::cli_tests::{closure#0} as core[832e9a552fc17241]::ops::function::FnOnce<()>>::call_once
[INFO] [stdout]   15:     0x5a40bf39965b - test[39766f3d73431624]::__rust_begin_short_backtrace::<core[832e9a552fc17241]::result::Result<(), alloc[3ecab9f82c41dc7d]::string::String>, fn() -> core[832e9a552fc17241]::result::Result<(), alloc[3ecab9f82c41dc7d]::string::String>>
[INFO] [stdout]   16:     0x5a40bf3a6ca5 - test[39766f3d73431624]::run_test::{closure#0}
[INFO] [stdout]   17:     0x5a40bf3a1754 - std[97b98282bc616a66]::sys::backtrace::__rust_begin_short_backtrace::<test[39766f3d73431624]::run_test::{closure#1}, ()>
[INFO] [stdout]   18:     0x5a40bf3a9df2 - <std[97b98282bc616a66]::thread::lifecycle::spawn_unchecked<test[39766f3d73431624]::run_test::{closure#1}, ()>::{closure#1} as core[832e9a552fc17241]::ops::function::FnOnce<()>>::call_once::{shim:vtable#0}
[INFO] [stdout]   19:     0x5a40bf60bcbf - <std[97b98282bc616a66]::sys::thread::unix::Thread>::new::thread_start
[INFO] [stdout]   20:     0x7d85c49e407a - <unknown>
[INFO] [stdout]   21:     0x7d85c4a77534 - clone
[INFO] [stdout]   22:                0x0 - <unknown>
[INFO] [stdout] 
[INFO] [stdout] ---- http_delete_verbose stdout ----
[INFO] [stdout] 
[INFO] [stdout] thread 'http_delete_verbose' (5302) panicked at /rustc/04eb0d7194012623e82369b466d5084522957446/library/core/src/ops/function.rs:250:5:
[INFO] [stdout] Unexpected failure.
[INFO] [stdout] code=1
[INFO] [stdout] stderr=``````
[INFO] [stdout] Requesting JWT token using POST http://localhost:8089/realms/dlobanov/protocol/openid-connect/token
[INFO] [stdout] Failed to execute auth request
[INFO] [stdout] 
[INFO] [stdout] Caused by:
[INFO] [stdout]     0: error sending request for url (http://localhost:8089/realms/dlobanov/protocol/openid-connect/token)
[INFO] [stdout]     1: client error (Connect)
[INFO] [stdout]     2: tcp connect error
[INFO] [stdout]     3: Connection refused (os error 111)
[INFO] [stdout] 
[INFO] [stdout] Stack backtrace:
[INFO] [stdout]    0: <reqwest::error::Error as anyhow::context::ext::StdError>::ext_context::<&str>
[INFO] [stdout]    1: curlaut::auth::authenticator::get_jwt::<curlaut::output::stdio::CurlautStdOutput>
[INFO] [stdout]    2: curlaut::cli::request_executor::execute_request::<curlaut::output::stdio::CurlautStdOutput>
[INFO] [stdout]    3: curlaut::main
[INFO] [stdout]    4: std::sys::backtrace::__rust_begin_short_backtrace::<fn(), ()>
[INFO] [stdout]    5: std::rt::lang_start::<()>::{closure#0}
[INFO] [stdout]    6: std::rt::lang_start_internal
[INFO] [stdout]    7: main
[INFO] [stdout]    8: <unknown>
[INFO] [stdout]    9: __libc_start_main
[INFO] [stdout]   10: _start
[INFO] [stdout] ```
[INFO] [stdout] ```
[INFO] [stdout] command=`HOME="tests/cmd/config-list/fs" "/opt/rustwide/target/release/curlaut" "DELETE" "http://127.0.0.1:40923/api/v1/delete" "-v"`
[INFO] [stdout] code=1
[INFO] [stdout] stdout=""
[INFO] [stdout] stderr=```
[INFO] [stdout] Requesting JWT token using POST http://localhost:8089/realms/dlobanov/protocol/openid-connect/token
[INFO] [stdout] Failed to execute auth request
[INFO] [stdout] 
[INFO] [stdout] Caused by:
[INFO] [stdout]     0: error sending request for url (http://localhost:8089/realms/dlobanov/protocol/openid-connect/token)
[INFO] [stdout]     1: client error (Connect)
[INFO] [stdout]     2: tcp connect error
[INFO] [stdout]     3: Connection refused (os error 111)
[INFO] [stdout] 
[INFO] [stdout] Stack backtrace:
[INFO] [stdout]    0: <reqwest::error::Error as anyhow::context::ext::StdError>::ext_context::<&str>
[INFO] [stdout]    1: curlaut::auth::authenticator::get_jwt::<curlaut::output::stdio::CurlautStdOutput>
[INFO] [stdout]    2: curlaut::cli::request_executor::execute_request::<curlaut::output::stdio::CurlautStdOutput>
[INFO] [stdout]    3: curlaut::main
[INFO] [stdout]    4: std::sys::backtrace::__rust_begin_short_backtrace::<fn(), ()>
[INFO] [stdout]    5: std::rt::lang_start::<()>::{closure#0}
[INFO] [stdout]    6: std::rt::lang_start_internal
[INFO] [stdout]    7: main
[INFO] [stdout]    8: <unknown>
[INFO] [stdout]    9: __libc_start_main
[INFO] [stdout]   10: _start
[INFO] [stdout] ```
[INFO] [stdout] 
[INFO] [stdout] 
[INFO] [stdout] stack backtrace:
[INFO] [stdout]    0:     0x5a40bf60d401 - <<std[97b98282bc616a66]::sys::backtrace::BacktraceLock>::print::DisplayBacktrace as core[832e9a552fc17241]::fmt::Display>::fmt
[INFO] [stdout]    1:     0x5a40bf627c9a - core[832e9a552fc17241]::fmt::write
[INFO] [stdout]    2:     0x5a40bf61417c - <alloc[3ecab9f82c41dc7d]::vec::Vec<u8> as std[97b98282bc616a66]::io::Write>::write_fmt
[INFO] [stdout]    3:     0x5a40bf5e5ac6 - std[97b98282bc616a66]::panicking::default_hook::{closure#0}
[INFO] [stdout]    4:     0x5a40bf6028b9 - std[97b98282bc616a66]::panicking::default_hook
[INFO] [stdout]    5:     0x5a40bf3a6320 - test[39766f3d73431624]::test_main_inner::<test[39766f3d73431624]::test_main_static::{closure#0}>::{closure#0}
[INFO] [stdout]    6:     0x5a40bf602be2 - std[97b98282bc616a66]::panicking::panic_with_hook
[INFO] [stdout]    7:     0x5a40bf5e5b72 - std[97b98282bc616a66]::panicking::panic_handler::{closure#0}
[INFO] [stdout]    8:     0x5a40bf5dd039 - std[97b98282bc616a66]::sys::backtrace::__rust_end_short_backtrace::<std[97b98282bc616a66]::panicking::panic_handler::{closure#0}, !>
[INFO] [stdout]    9:     0x5a40bf5e6a4d - __rustc[e3d8617bb01b7f69]::rust_begin_unwind
[INFO] [stdout]   10:     0x5a40bf62847c - core[832e9a552fc17241]::panicking::panic_fmt
[INFO] [stdout]   11:     0x5a40bf4f2ec3 - <assert_cmd[eae9f26b6d02a085]::assert::AssertError>::panic::<assert_cmd[eae9f26b6d02a085]::assert::Assert>
[INFO] [stdout]   12:     0x5a40bf4f3786 - <assert_cmd[eae9f26b6d02a085]::assert::Assert>::success
[INFO] [stdout]   13:     0x5a40bf2d2a54 - <cli_tests[7c8b7b5015598490]::http_delete_verbose::{closure#0} as core[832e9a552fc17241]::ops::function::FnOnce<()>>::call_once
[INFO] [stdout]   14:     0x5a40bf39965b - test[39766f3d73431624]::__rust_begin_short_backtrace::<core[832e9a552fc17241]::result::Result<(), alloc[3ecab9f82c41dc7d]::string::String>, fn() -> core[832e9a552fc17241]::result::Result<(), alloc[3ecab9f82c41dc7d]::string::String>>
[INFO] [stdout]   15:     0x5a40bf3a6ca5 - test[39766f3d73431624]::run_test::{closure#0}
[INFO] [stdout]   16:     0x5a40bf3a1754 - std[97b98282bc616a66]::sys::backtrace::__rust_begin_short_backtrace::<test[39766f3d73431624]::run_test::{closure#1}, ()>
[INFO] [stdout]   17:     0x5a40bf3a9df2 - <std[97b98282bc616a66]::thread::lifecycle::spawn_unchecked<test[39766f3d73431624]::run_test::{closure#1}, ()>::{closure#1} as core[832e9a552fc17241]::ops::function::FnOnce<()>>::call_once::{shim:vtable#0}
[INFO] [stdout]   18:     0x5a40bf60bcbf - <std[97b98282bc616a66]::sys::thread::unix::Thread>::new::thread_start
[INFO] [stdout]   19:     0x7d85c49e407a - <unknown>
[INFO] [stdout]   20:     0x7d85c4a77534 - clone
[INFO] [stdout]   21:                0x0 - <unknown>
[INFO] [stdout] 
[INFO] [stdout] ---- http_get_verbose stdout ----
[INFO] [stdout] 
[INFO] [stdout] thread 'http_get_verbose' (5304) panicked at /rustc/04eb0d7194012623e82369b466d5084522957446/library/core/src/ops/function.rs:250:5:
[INFO] [stdout] Unexpected failure.
[INFO] [stdout] code=1
[INFO] [stdout] stderr=``````
[INFO] [stdout] Requesting JWT token using POST http://localhost:8089/realms/dlobanov/protocol/openid-connect/token
[INFO] [stdout] Failed to execute auth request
[INFO] [stdout] 
[INFO] [stdout] Caused by:
[INFO] [stdout]     0: error sending request for url (http://localhost:8089/realms/dlobanov/protocol/openid-connect/token)
[INFO] [stdout]     1: client error (Connect)
[INFO] [stdout]     2: tcp connect error
[INFO] [stdout]     3: Connection refused (os error 111)
[INFO] [stdout] 
[INFO] [stdout] Stack backtrace:
[INFO] [stdout]    0: <reqwest::error::Error as anyhow::context::ext::StdError>::ext_context::<&str>
[INFO] [stdout]    1: curlaut::auth::authenticator::get_jwt::<curlaut::output::stdio::CurlautStdOutput>
[INFO] [stdout]    2: curlaut::cli::request_executor::execute_request::<curlaut::output::stdio::CurlautStdOutput>
[INFO] [stdout]    3: curlaut::main
[INFO] [stdout]    4: std::sys::backtrace::__rust_begin_short_backtrace::<fn(), ()>
[INFO] [stdout]    5: std::rt::lang_start::<()>::{closure#0}
[INFO] [stdout]    6: std::rt::lang_start_internal
[INFO] [stdout]    7: main
[INFO] [stdout]    8: <unknown>
[INFO] [stdout]    9: __libc_start_main
[INFO] [stdout]   10: _start
[INFO] [stdout] ```
[INFO] [stdout] ```
[INFO] [stdout] command=`HOME="tests/cmd/config-list/fs" "/opt/rustwide/target/release/curlaut" "GET" "http://127.0.0.1:40311/api/v1/get" "-v"`
[INFO] [stdout] code=1
[INFO] [stdout] stdout=""
[INFO] [stdout] stderr=```
[INFO] [stdout] Requesting JWT token using POST http://localhost:8089/realms/dlobanov/protocol/openid-connect/token
[INFO] [stdout] Failed to execute auth request
[INFO] [stdout] 
[INFO] [stdout] Caused by:
[INFO] [stdout]     0: error sending request for url (http://localhost:8089/realms/dlobanov/protocol/openid-connect/token)
[INFO] [stdout]     1: client error (Connect)
[INFO] [stdout]     2: tcp connect error
[INFO] [stdout]     3: Connection refused (os error 111)
[INFO] [stdout] 
[INFO] [stdout] Stack backtrace:
[INFO] [stdout]    0: <reqwest::error::Error as anyhow::context::ext::StdError>::ext_context::<&str>
[INFO] [stdout]    1: curlaut::auth::authenticator::get_jwt::<curlaut::output::stdio::CurlautStdOutput>
[INFO] [stdout]    2: curlaut::cli::request_executor::execute_request::<curlaut::output::stdio::CurlautStdOutput>
[INFO] [stdout]    3: curlaut::main
[INFO] [stdout]    4: std::sys::backtrace::__rust_begin_short_backtrace::<fn(), ()>
[INFO] [stdout]    5: std::rt::lang_start::<()>::{closure#0}
[INFO] [stdout]    6: std::rt::lang_start_internal
[INFO] [stdout]    7: main
[INFO] [stdout]    8: <unknown>
[INFO] [stdout]    9: __libc_start_main
[INFO] [stdout]   10: _start
[INFO] [stdout] ```
[INFO] [stdout] 
[INFO] [stdout] 
[INFO] [stdout] stack backtrace:
[INFO] [stdout]    0:     0x5a40bf60d401 - <<std[97b98282bc616a66]::sys::backtrace::BacktraceLock>::print::DisplayBacktrace as core[832e9a552fc17241]::fmt::Display>::fmt
[INFO] [stdout]    1:     0x5a40bf627c9a - core[832e9a552fc17241]::fmt::write
[INFO] [stdout]    2:     0x5a40bf61417c - <alloc[3ecab9f82c41dc7d]::vec::Vec<u8> as std[97b98282bc616a66]::io::Write>::write_fmt
[INFO] [stdout]    3:     0x5a40bf5e5ac6 - std[97b98282bc616a66]::panicking::default_hook::{closure#0}
[INFO] [stdout]    4:     0x5a40bf6028b9 - std[97b98282bc616a66]::panicking::default_hook
[INFO] [stdout]    5:     0x5a40bf3a6320 - test[39766f3d73431624]::test_main_inner::<test[39766f3d73431624]::test_main_static::{closure#0}>::{closure#0}
[INFO] [stdout]    6:     0x5a40bf602be2 - std[97b98282bc616a66]::panicking::panic_with_hook
[INFO] [stdout]    7:     0x5a40bf5e5b72 - std[97b98282bc616a66]::panicking::panic_handler::{closure#0}
[INFO] [stdout]    8:     0x5a40bf5dd039 - std[97b98282bc616a66]::sys::backtrace::__rust_end_short_backtrace::<std[97b98282bc616a66]::panicking::panic_handler::{closure#0}, !>
[INFO] [stdout]    9:     0x5a40bf5e6a4d - __rustc[e3d8617bb01b7f69]::rust_begin_unwind
[INFO] [stdout]   10:     0x5a40bf62847c - core[832e9a552fc17241]::panicking::panic_fmt
[INFO] [stdout]   11:     0x5a40bf4f2ec3 - <assert_cmd[eae9f26b6d02a085]::assert::AssertError>::panic::<assert_cmd[eae9f26b6d02a085]::assert::Assert>
[INFO] [stdout]   12:     0x5a40bf4f3786 - <assert_cmd[eae9f26b6d02a085]::assert::Assert>::success
[INFO] [stdout]   13:     0x5a40bf2d17d7 - <cli_tests[7c8b7b5015598490]::http_get_verbose::{closure#0} as core[832e9a552fc17241]::ops::function::FnOnce<()>>::call_once
[INFO] [stdout]   14:     0x5a40bf39965b - test[39766f3d73431624]::__rust_begin_short_backtrace::<core[832e9a552fc17241]::result::Result<(), alloc[3ecab9f82c41dc7d]::string::String>, fn() -> core[832e9a552fc17241]::result::Result<(), alloc[3ecab9f82c41dc7d]::string::String>>
[INFO] [stdout]   15:     0x5a40bf3a6ca5 - test[39766f3d73431624]::run_test::{closure#0}
[INFO] [stdout]   16:     0x5a40bf3a1754 - std[97b98282bc616a66]::sys::backtrace::__rust_begin_short_backtrace::<test[39766f3d73431624]::run_test::{closure#1}, ()>
[INFO] [stdout]   17:     0x5a40bf3a9df2 - <std[97b98282bc616a66]::thread::lifecycle::spawn_unchecked<test[39766f3d73431624]::run_test::{closure#1}, ()>::{closure#1} as core[832e9a552fc17241]::ops::function::FnOnce<()>>::call_once::{shim:vtable#0}
[INFO] [stdout]   18:     0x5a40bf60bcbf - <std[97b98282bc616a66]::sys::thread::unix::Thread>::new::thread_start
[INFO] [stdout]   19:     0x7d85c49e407a - <unknown>
[INFO] [stdout]   20:     0x7d85c4a77534 - clone
[INFO] [stdout]   21:                0x0 - <unknown>
[INFO] [stdout] 
[INFO] [stdout] ---- http_put_verbose stdout ----
[INFO] [stdout] 
[INFO] [stdout] thread 'http_put_verbose' (5307) panicked at /rustc/04eb0d7194012623e82369b466d5084522957446/library/core/src/ops/function.rs:250:5:
[INFO] [stdout] Unexpected failure.
[INFO] [stdout] code=1
[INFO] [stdout] stderr=``````
[INFO] [stdout] Requesting JWT token using POST http://localhost:8089/realms/dlobanov/protocol/openid-connect/token
[INFO] [stdout] Failed to execute auth request
[INFO] [stdout] 
[INFO] [stdout] Caused by:
[INFO] [stdout]     0: error sending request for url (http://localhost:8089/realms/dlobanov/protocol/openid-connect/token)
[INFO] [stdout]     1: client error (Connect)
[INFO] [stdout]     2: tcp connect error
[INFO] [stdout]     3: Connection refused (os error 111)
[INFO] [stdout] 
[INFO] [stdout] Stack backtrace:
[INFO] [stdout]    0: <reqwest::error::Error as anyhow::context::ext::StdError>::ext_context::<&str>
[INFO] [stdout]    1: curlaut::auth::authenticator::get_jwt::<curlaut::output::stdio::CurlautStdOutput>
[INFO] [stdout]    2: curlaut::cli::request_executor::execute_request::<curlaut::output::stdio::CurlautStdOutput>
[INFO] [stdout]    3: curlaut::main
[INFO] [stdout]    4: std::sys::backtrace::__rust_begin_short_backtrace::<fn(), ()>
[INFO] [stdout]    5: std::rt::lang_start::<()>::{closure#0}
[INFO] [stdout]    6: std::rt::lang_start_internal
[INFO] [stdout]    7: main
[INFO] [stdout]    8: <unknown>
[INFO] [stdout]    9: __libc_start_main
[INFO] [stdout]   10: _start
[INFO] [stdout] ```
[INFO] [stdout] ```
[INFO] [stdout] command=`HOME="tests/cmd/config-list/fs" "/opt/rustwide/target/release/curlaut" "PUT" "http://127.0.0.1:37717/api/v1/put" "-v"`
[INFO] [stdout] code=1
[INFO] [stdout] stdout=""
[INFO] [stdout] stderr=```
[INFO] [stdout] Requesting JWT token using POST http://localhost:8089/realms/dlobanov/protocol/openid-connect/token
[INFO] [stdout] Failed to execute auth request
[INFO] [stdout] 
[INFO] [stdout] Caused by:
[INFO] [stdout]     0: error sending request for url (http://localhost:8089/realms/dlobanov/protocol/openid-connect/token)
[INFO] [stdout]     1: client error (Connect)
[INFO] [stdout]     2: tcp connect error
[INFO] [stdout]     3: Connection refused (os error 111)
[INFO] [stdout] 
[INFO] [stdout] Stack backtrace:
[INFO] [stdout]    0: <reqwest::error::Error as anyhow::context::ext::StdError>::ext_context::<&str>
[INFO] [stdout]    1: curlaut::auth::authenticator::get_jwt::<curlaut::output::stdio::CurlautStdOutput>
[INFO] [stdout]    2: curlaut::cli::request_executor::execute_request::<curlaut::output::stdio::CurlautStdOutput>
[INFO] [stdout]    3: curlaut::main
[INFO] [stdout]    4: std::sys::backtrace::__rust_begin_short_backtrace::<fn(), ()>
[INFO] [stdout]    5: std::rt::lang_start::<()>::{closure#0}
[INFO] [stdout]    6: std::rt::lang_start_internal
[INFO] [stdout]    7: main
[INFO] [stdout]    8: <unknown>
[INFO] [stdout]    9: __libc_start_main
[INFO] [stdout]   10: _start
[INFO] [stdout] ```
[INFO] [stdout] 
[INFO] [stdout] 
[INFO] [stdout] stack backtrace:
[INFO] [stdout]    0:     0x5a40bf60d401 - <<std[97b98282bc616a66]::sys::backtrace::BacktraceLock>::print::DisplayBacktrace as core[832e9a552fc17241]::fmt::Display>::fmt
[INFO] [stdout]    1:     0x5a40bf627c9a - core[832e9a552fc17241]::fmt::write
[INFO] [stdout]    2:     0x5a40bf61417c - <alloc[3ecab9f82c41dc7d]::vec::Vec<u8> as std[97b98282bc616a66]::io::Write>::write_fmt
[INFO] [stdout]    3:     0x5a40bf5e5ac6 - std[97b98282bc616a66]::panicking::default_hook::{closure#0}
[INFO] [stdout]    4:     0x5a40bf6028b9 - std[97b98282bc616a66]::panicking::default_hook
[INFO] [stdout]    5:     0x5a40bf3a6320 - test[39766f3d73431624]::test_main_inner::<test[39766f3d73431624]::test_main_static::{closure#0}>::{closure#0}
[INFO] [stdout]    6:     0x5a40bf602be2 - std[97b98282bc616a66]::panicking::panic_with_hook
[INFO] [stdout]    7:     0x5a40bf5e5b72 - std[97b98282bc616a66]::panicking::panic_handler::{closure#0}
[INFO] [stdout]    8:     0x5a40bf5dd039 - std[97b98282bc616a66]::sys::backtrace::__rust_end_short_backtrace::<std[97b98282bc616a66]::panicking::panic_handler::{closure#0}, !>
[INFO] [stdout]    9:     0x5a40bf5e6a4d - __rustc[e3d8617bb01b7f69]::rust_begin_unwind
[INFO] [stdout]   10:     0x5a40bf62847c - core[832e9a552fc17241]::panicking::panic_fmt
[INFO] [stdout]   11:     0x5a40bf4f2ec3 - <assert_cmd[eae9f26b6d02a085]::assert::AssertError>::panic::<assert_cmd[eae9f26b6d02a085]::assert::Assert>
[INFO] [stdout]   12:     0x5a40bf4f3786 - <assert_cmd[eae9f26b6d02a085]::assert::Assert>::success
[INFO] [stdout]   13:     0x5a40bf2d1e07 - <cli_tests[7c8b7b5015598490]::http_put_verbose::{closure#0} as core[832e9a552fc17241]::ops::function::FnOnce<()>>::call_once
[INFO] [stdout]   14:     0x5a40bf39965b - test[39766f3d73431624]::__rust_begin_short_backtrace::<core[832e9a552fc17241]::result::Result<(), alloc[3ecab9f82c41dc7d]::string::String>, fn() -> core[832e9a552fc17241]::result::Result<(), alloc[3ecab9f82c41dc7d]::string::String>>
[INFO] [stdout]   15:     0x5a40bf3a6ca5 - test[39766f3d73431624]::run_test::{closure#0}
[INFO] [stdout]   16:     0x5a40bf3a1754 - std[97b98282bc616a66]::sys::backtrace::__rust_begin_short_backtrace::<test[39766f3d73431624]::run_test::{closure#1}, ()>
[INFO] [stdout]   17:     0x5a40bf3a9df2 - <std[97b98282bc616a66]::thread::lifecycle::spawn_unchecked<test[39766f3d73431624]::run_test::{closure#1}, ()>::{closure#1} as core[832e9a552fc17241]::ops::function::FnOnce<()>>::call_once::{shim:vtable#0}
[INFO] [stdout]   18:     0x5a40bf60bcbf - <std[97b98282bc616a66]::sys::thread::unix::Thread>::new::thread_start
[INFO] [stdout]   19:     0x7d85c49e407a - <unknown>
[INFO] [stdout]   20:     0x7d85c4a77534 - clone
[INFO] [stdout]   21:                0x0 - <unknown>
[INFO] [stdout] 
[INFO] [stdout] ---- http_get stdout ----
[INFO] [stdout] 
[INFO] [stdout] thread 'http_get' (5303) panicked at /rustc/04eb0d7194012623e82369b466d5084522957446/library/core/src/ops/function.rs:250:5:
[INFO] [stdout] Unexpected failure.
[INFO] [stdout] code=1
[INFO] [stdout] stderr=``````
[INFO] [stdout] Failed to execute auth request
[INFO] [stdout] 
[INFO] [stdout] Caused by:
[INFO] [stdout]     0: error sending request for url (http://localhost:8089/realms/dlobanov/protocol/openid-connect/token)
[INFO] [stdout]     1: client error (Connect)
[INFO] [stdout]     2: tcp connect error
[INFO] [stdout]     3: Connection refused (os error 111)
[INFO] [stdout] 
[INFO] [stdout] Stack backtrace:
[INFO] [stdout]    0: <reqwest::error::Error as anyhow::context::ext::StdError>::ext_context::<&str>
[INFO] [stdout]    1: curlaut::auth::authenticator::get_jwt::<curlaut::output::stdio::CurlautStdOutput>
[INFO] [stdout]    2: curlaut::cli::request_executor::execute_request::<curlaut::output::stdio::CurlautStdOutput>
[INFO] [stdout]    3: curlaut::main
[INFO] [stdout]    4: std::sys::backtrace::__rust_begin_short_backtrace::<fn(), ()>
[INFO] [stdout]    5: std::rt::lang_start::<()>::{closure#0}
[INFO] [stdout]    6: std::rt::lang_start_internal
[INFO] [stdout]    7: main
[INFO] [stdout]    8: <unknown>
[INFO] [stdout]    9: __libc_start_main
[INFO] [stdout]   10: _start
[INFO] [stdout] ```
[INFO] [stdout] ```
[INFO] [stdout] command=`HOME="tests/cmd/config-list/fs" "/opt/rustwide/target/release/curlaut" "GET" "http://127.0.0.1:33419/api/v1/get"`
[INFO] [stdout] code=1
[INFO] [stdout] stdout=""
[INFO] [stdout] stderr=```
[INFO] [stdout] Failed to execute auth request
[INFO] [stdout] 
[INFO] [stdout] Caused by:
[INFO] [stdout]     0: error sending request for url (http://localhost:8089/realms/dlobanov/protocol/openid-connect/token)
[INFO] [stdout]     1: client error (Connect)
[INFO] [stdout]     2: tcp connect error
[INFO] [stdout]     3: Connection refused (os error 111)
[INFO] [stdout] 
[INFO] [stdout] Stack backtrace:
[INFO] [stdout]    0: <reqwest::error::Error as anyhow::context::ext::StdError>::ext_context::<&str>
[INFO] [stdout]    1: curlaut::auth::authenticator::get_jwt::<curlaut::output::stdio::CurlautStdOutput>
[INFO] [stdout]    2: curlaut::cli::request_executor::execute_request::<curlaut::output::stdio::CurlautStdOutput>
[INFO] [stdout]    3: curlaut::main
[INFO] [stdout]    4: std::sys::backtrace::__rust_begin_short_backtrace::<fn(), ()>
[INFO] [stdout]    5: std::rt::lang_start::<()>::{closure#0}
[INFO] [stdout]    6: std::rt::lang_start_internal
[INFO] [stdout]    7: main
[INFO] [stdout]    8: <unknown>
[INFO] [stdout]    9: __libc_start_main
[INFO] [stdout]   10: _start
[INFO] [stdout] ```
[INFO] [stdout] 
[INFO] [stdout] 
[INFO] [stdout] stack backtrace:
[INFO] [stdout]    0:     0x5a40bf60d401 - <<std[97b98282bc616a66]::sys::backtrace::BacktraceLock>::print::DisplayBacktrace as core[832e9a552fc17241]::fmt::Display>::fmt
[INFO] [stdout]    1:     0x5a40bf627c9a - core[832e9a552fc17241]::fmt::write
[INFO] [stdout]    2:     0x5a40bf61417c - <alloc[3ecab9f82c41dc7d]::vec::Vec<u8> as std[97b98282bc616a66]::io::Write>::write_fmt
[INFO] [stdout]    3:     0x5a40bf5e5ac6 - std[97b98282bc616a66]::panicking::default_hook::{closure#0}
[INFO] [stdout]    4:     0x5a40bf6028b9 - std[97b98282bc616a66]::panicking::default_hook
[INFO] [stdout]    5:     0x5a40bf3a6320 - test[39766f3d73431624]::test_main_inner::<test[39766f3d73431624]::test_main_static::{closure#0}>::{closure#0}
[INFO] [stdout]    6:     0x5a40bf602be2 - std[97b98282bc616a66]::panicking::panic_with_hook
[INFO] [stdout]    7:     0x5a40bf5e5b72 - std[97b98282bc616a66]::panicking::panic_handler::{closure#0}
[INFO] [stdout]    8:     0x5a40bf5dd039 - std[97b98282bc616a66]::sys::backtrace::__rust_end_short_backtrace::<std[97b98282bc616a66]::panicking::panic_handler::{closure#0}, !>
[INFO] [stdout]    9:     0x5a40bf5e6a4d - __rustc[e3d8617bb01b7f69]::rust_begin_unwind
[INFO] [stdout]   10:     0x5a40bf62847c - core[832e9a552fc17241]::panicking::panic_fmt
[INFO] [stdout]   11:     0x5a40bf4f2ec3 - <assert_cmd[eae9f26b6d02a085]::assert::AssertError>::panic::<assert_cmd[eae9f26b6d02a085]::assert::Assert>
[INFO] [stdout]   12:     0x5a40bf4f3786 - <assert_cmd[eae9f26b6d02a085]::assert::Assert>::success
[INFO] [stdout]   13:     0x5a40bf2d3028 - <cli_tests[7c8b7b5015598490]::http_get::{closure#0} as core[832e9a552fc17241]::ops::function::FnOnce<()>>::call_once
[INFO] [stdout]   14:     0x5a40bf39965b - test[39766f3d73431624]::__rust_begin_short_backtrace::<core[832e9a552fc17241]::result::Result<(), alloc[3ecab9f82c41dc7d]::string::String>, fn() -> core[832e9a552fc17241]::result::Result<(), alloc[3ecab9f82c41dc7d]::string::String>>
[INFO] [stdout]   15:     0x5a40bf3a6ca5 - test[39766f3d73431624]::run_test::{closure#0}
[INFO] [stdout]   16:     0x5a40bf3a1754 - std[97b98282bc616a66]::sys::backtrace::__rust_begin_short_backtrace::<test[39766f3d73431624]::run_test::{closure#1}, ()>
[INFO] [stdout]   17:     0x5a40bf3a9df2 - <std[97b98282bc616a66]::thread::lifecycle::spawn_unchecked<test[39766f3d73431624]::run_test::{closure#1}, ()>::{closure#1} as core[832e9a552fc17241]::ops::function::FnOnce<()>>::call_once::{shim:vtable#0}
[INFO] [stdout]   18:     0x5a40bf60bcbf - <std[97b98282bc616a66]::sys::thread::unix::Thread>::new::thread_start
[INFO] [stdout]   19:     0x7d85c49e407a - <unknown>
[INFO] [stdout]   20:     0x7d85c4a77534 - clone
[INFO] [stdout]   21:                0x0 - <unknown>
[INFO] [stdout] 
[INFO] [stdout] ---- http_post_verbose stdout ----
[INFO] [stdout] 
[INFO] [stdout] thread 'http_post_verbose' (5305) panicked at /rustc/04eb0d7194012623e82369b466d5084522957446/library/core/src/ops/function.rs:250:5:
[INFO] [stdout] Unexpected failure.
[INFO] [stdout] code=1
[INFO] [stdout] stderr=``````
[INFO] [stdout] Requesting JWT token using POST http://localhost:8089/realms/dlobanov/protocol/openid-connect/token
[INFO] [stdout] Failed to execute auth request
[INFO] [stdout] 
[INFO] [stdout] Caused by:
[INFO] [stdout]     0: error sending request for url (http://localhost:8089/realms/dlobanov/protocol/openid-connect/token)
[INFO] [stdout]     1: client error (Connect)
[INFO] [stdout]     2: tcp connect error
[INFO] [stdout]     3: Connection refused (os error 111)
[INFO] [stdout] 
[INFO] [stdout] Stack backtrace:
[INFO] [stdout]    0: <reqwest::error::Error as anyhow::context::ext::StdError>::ext_context::<&str>
[INFO] [stdout]    1: curlaut::auth::authenticator::get_jwt::<curlaut::output::stdio::CurlautStdOutput>
[INFO] [stdout]    2: curlaut::cli::request_executor::execute_request::<curlaut::output::stdio::CurlautStdOutput>
[INFO] [stdout]    3: curlaut::main
[INFO] [stdout]    4: std::sys::backtrace::__rust_begin_short_backtrace::<fn(), ()>
[INFO] [stdout]    5: std::rt::lang_start::<()>::{closure#0}
[INFO] [stdout]    6: std::rt::lang_start_internal
[INFO] [stdout]    7: main
[INFO] [stdout]    8: <unknown>
[INFO] [stdout]    9: __libc_start_main
[INFO] [stdout]   10: _start
[INFO] [stdout] ```
[INFO] [stdout] ```
[INFO] [stdout] command=`HOME="tests/cmd/config-list/fs" "/opt/rustwide/target/release/curlaut" "POST" "http://127.0.0.1:37291/api/v1/post" "-v"`
[INFO] [stdout] code=1
[INFO] [stdout] stdout=""
[INFO] [stdout] stderr=```
[INFO] [stdout] Requesting JWT token using POST http://localhost:8089/realms/dlobanov/protocol/openid-connect/token
[INFO] [stdout] Failed to execute auth request
[INFO] [stdout] 
[INFO] [stdout] Caused by:
[INFO] [stdout]     0: error sending request for url (http://localhost:8089/realms/dlobanov/protocol/openid-connect/token)
[INFO] [stdout]     1: client error (Connect)
[INFO] [stdout]     2: tcp connect error
[INFO] [stdout]     3: Connection refused (os error 111)
[INFO] [stdout] 
[INFO] [stdout] Stack backtrace:
[INFO] [stdout]    0: <reqwest::error::Error as anyhow::context::ext::StdError>::ext_context::<&str>
[INFO] [stdout]    1: curlaut::auth::authenticator::get_jwt::<curlaut::output::stdio::CurlautStdOutput>
[INFO] [stdout]    2: curlaut::cli::request_executor::execute_request::<curlaut::output::stdio::CurlautStdOutput>
[INFO] [stdout]    3: curlaut::main
[INFO] [stdout]    4: std::sys::backtrace::__rust_begin_short_backtrace::<fn(), ()>
[INFO] [stdout]    5: std::rt::lang_start::<()>::{closure#0}
[INFO] [stdout]    6: std::rt::lang_start_internal
[INFO] [stdout]    7: main
[INFO] [stdout]    8: <unknown>
[INFO] [stdout]    9: __libc_start_main
[INFO] [stdout]   10: _start
[INFO] [stdout] ```
[INFO] [stdout] 
[INFO] [stdout] 
[INFO] [stdout] stack backtrace:
[INFO] [stdout]    0:     0x5a40bf60d401 - <<std[97b98282bc616a66]::sys::backtrace::BacktraceLock>::print::DisplayBacktrace as core[832e9a552fc17241]::fmt::Display>::fmt
[INFO] [stdout]    1:     0x5a40bf627c9a - core[832e9a552fc17241]::fmt::write
[INFO] [stdout]    2:     0x5a40bf61417c - <alloc[3ecab9f82c41dc7d]::vec::Vec<u8> as std[97b98282bc616a66]::io::Write>::write_fmt
[INFO] [stdout]    3:     0x5a40bf5e5ac6 - std[97b98282bc616a66]::panicking::default_hook::{closure#0}
[INFO] [stdout]    4:     0x5a40bf6028b9 - std[97b98282bc616a66]::panicking::default_hook
[INFO] [stdout]    5:     0x5a40bf3a6320 - test[39766f3d73431624]::test_main_inner::<test[39766f3d73431624]::test_main_static::{closure#0}>::{closure#0}
[INFO] [stdout]    6:     0x5a40bf602be2 - std[97b98282bc616a66]::panicking::panic_with_hook
[INFO] [stdout]    7:     0x5a40bf5e5b72 - std[97b98282bc616a66]::panicking::panic_handler::{closure#0}
[INFO] [stdout]    8:     0x5a40bf5dd039 - std[97b98282bc616a66]::sys::backtrace::__rust_end_short_backtrace::<std[97b98282bc616a66]::panicking::panic_handler::{closure#0}, !>
[INFO] [stdout]    9:     0x5a40bf5e6a4d - __rustc[e3d8617bb01b7f69]::rust_begin_unwind
[INFO] [stdout]   10:     0x5a40bf62847c - core[832e9a552fc17241]::panicking::panic_fmt
[INFO] [stdout]   11:     0x5a40bf4f2ec3 - <assert_cmd[eae9f26b6d02a085]::assert::AssertError>::panic::<assert_cmd[eae9f26b6d02a085]::assert::Assert>
[INFO] [stdout]   12:     0x5a40bf4f3786 - <assert_cmd[eae9f26b6d02a085]::assert::Assert>::success
[INFO] [stdout]   13:     0x5a40bf2d2437 - <cli_tests[7c8b7b5015598490]::http_post_verbose::{closure#0} as core[832e9a552fc17241]::ops::function::FnOnce<()>>::call_once
[INFO] [stdout]   14:     0x5a40bf39965b - test[39766f3d73431624]::__rust_begin_short_backtrace::<core[832e9a552fc17241]::result::Result<(), alloc[3ecab9f82c41dc7d]::string::String>, fn() -> core[832e9a552fc17241]::result::Result<(), alloc[3ecab9f82c41dc7d]::string::String>>
[INFO] [stdout]   15:     0x5a40bf3a6ca5 - test[39766f3d73431624]::run_test::{closure#0}
[INFO] [stdout]   16:     0x5a40bf3a1754 - std[97b98282bc616a66]::sys::backtrace::__rust_begin_short_backtrace::<test[39766f3d73431624]::run_test::{closure#1}, ()>
[INFO] [stdout]   17:     0x5a40bf3a9df2 - <std[97b98282bc616a66]::thread::lifecycle::spawn_unchecked<test[39766f3d73431624]::run_test::{closure#1}, ()>::{closure#1} as core[832e9a552fc17241]::ops::function::FnOnce<()>>::call_once::{shim:vtable#0}
[INFO] [stdout]   18:     0x5a40bf60bcbf - <std[97b98282bc616a66]::sys::thread::unix::Thread>::new::thread_start
[INFO] [stdout]   19:     0x7d85c49e407a - <unknown>
[INFO] [stdout]   20:     0x7d85c4a77534 - clone
[INFO] [stdout]   21:                0x0 - <unknown>
[INFO] [stdout] 
[INFO] [stdout] 
[INFO] [stdout] failures:
[INFO] [stdout]     cli_tests
[INFO] [stdout]     http_delete_verbose
[INFO] [stdout]     http_get
[INFO] [stdout]     http_get_verbose
[INFO] [stdout]     http_post_verbose
[INFO] [stdout]     http_put_verbose
[INFO] [stdout] 
[INFO] [stdout] test result: FAILED. 0 passed; 6 failed; 0 ignored; 0 measured; 0 filtered out; finished in 0.22s
[INFO] [stdout] 
[INFO] [stderr] error: test failed, to rerun pass `--test cli_tests`
[INFO] running `Command { std: "docker" "inspect" "9051debe29ab3a24047a3c61d28dc1ba42e1ae9dfee81e78cc2a6bb26235f869", kill_on_drop: false }`
[INFO] running `Command { std: "docker" "rm" "-f" "9051debe29ab3a24047a3c61d28dc1ba42e1ae9dfee81e78cc2a6bb26235f869", kill_on_drop: false }`
[INFO] [stdout] 9051debe29ab3a24047a3c61d28dc1ba42e1ae9dfee81e78cc2a6bb26235f869
