[INFO] cloning repository https://github.com/lmmx/syncdoc
[INFO] running `Command { std: "git" "-c" "credential.helper=" "-c" "credential.helper=/workspace/cargo-home/bin/git-credential-null" "clone" "--bare" "https://github.com/lmmx/syncdoc" "/workspace/cache/git-repos/https%3A%2F%2Fgithub.com%2Flmmx%2Fsyncdoc", kill_on_drop: false }`
[INFO] [stderr] Cloning into bare repository '/workspace/cache/git-repos/https%3A%2F%2Fgithub.com%2Flmmx%2Fsyncdoc'...
[INFO] running `Command { std: "git" "rev-parse" "HEAD", kill_on_drop: false }`
[INFO] [stdout] d7866ae80057d84a42e49d0beef52f909e4086cd
[INFO] testing lmmx/syncdoc/d7866ae80057d84a42e49d0beef52f909e4086cd against 1.98.0-beta.8+cargoflags=--release for beta-release-1.99-2
[INFO] running `Command { std: "git" "clone" "/workspace/cache/git-repos/https%3A%2F%2Fgithub.com%2Flmmx%2Fsyncdoc" "/workspace/builds/worker-6-tc1/source", kill_on_drop: false }`
[INFO] [stderr] Cloning into '/workspace/builds/worker-6-tc1/source'...
[INFO] [stderr] done.
[INFO] started tweaking git repo https://github.com/lmmx/syncdoc
[INFO] finished tweaking git repo https://github.com/lmmx/syncdoc
[INFO] tweaked toml for git repo https://github.com/lmmx/syncdoc written to /workspace/builds/worker-6-tc1/source/Cargo.toml
[INFO] validating manifest of git repo https://github.com/lmmx/syncdoc on toolchain 1.98.0-beta.8
[INFO] running `Command { std: CARGO_HOME="/workspace/cargo-home" RUSTUP_HOME="/workspace/rustup-home" "/workspace/cargo-home/bin/cargo" "+1.98.0-beta.8" "metadata" "--manifest-path" "Cargo.toml" "--no-deps", kill_on_drop: false }`
[INFO] crate git repo https://github.com/lmmx/syncdoc already has a lockfile, it will not be regenerated
[INFO] running `Command { std: CARGO_HOME="/workspace/cargo-home" RUSTUP_HOME="/workspace/rustup-home" "/workspace/cargo-home/bin/cargo" "+1.98.0-beta.8" "fetch" "--manifest-path" "Cargo.toml", kill_on_drop: false }`
[INFO] [stderr]     Updating crates.io index
[INFO] [stderr]  Downloading crates ...
[INFO] [stderr]   Downloaded unsynn v0.1.1
[INFO] [stderr]   Downloaded mutants v0.0.3
[INFO] [stderr]   Downloaded textum v0.1.2
[INFO] [stderr]   Downloaded tempfile v3.23.0
[INFO] [stderr]   Downloaded dtor-proc-macro v0.0.6
[INFO] [stderr]   Downloaded difflib v0.4.0
[INFO] [stderr]   Downloaded shadow_counted v0.4.0
[INFO] [stderr]   Downloaded sigchld v0.2.4
[INFO] [stderr]   Downloaded shared_child v1.1.1
[INFO] [stderr]   Downloaded predicates-tree v1.0.12
[INFO] [stderr]   Downloaded facet-macros v0.30.0
[INFO] [stderr]   Downloaded wait-timeout v0.2.1
[INFO] [stderr]   Downloaded ctor-proc-macro v0.0.7
[INFO] [stderr]   Downloaded facet-macros-parse v0.30.0
[INFO] [stderr]   Downloaded termtree v0.5.1
[INFO] [stderr]   Downloaded ctor v0.6.1
[INFO] [stderr]   Downloaded rust-format v0.3.4
[INFO] [stderr]   Downloaded shared_thread v0.2.0
[INFO] [stderr]   Downloaded impls v1.0.3
[INFO] [stderr]   Downloaded os_pipe v1.2.3
[INFO] [stderr]   Downloaded predicates v3.1.3
[INFO] [stderr]   Downloaded dtor v0.1.1
[INFO] [stderr]   Downloaded braces v0.2.6
[INFO] [stderr]   Downloaded facet-args v0.30.0
[INFO] [stderr]   Downloaded predicates-core v1.0.9
[INFO] [stderr]   Downloaded str_indices v0.4.4
[INFO] [stderr]   Downloaded assert_cmd v2.1.1
[INFO] [stderr]   Downloaded console v0.15.11
[INFO] [stderr]   Downloaded duct v1.1.1
[INFO] [stderr]   Downloaded facet v0.30.0
[INFO] [stderr]   Downloaded similar v2.7.0
[INFO] [stderr]   Downloaded facet-reflect v0.30.0
[INFO] [stderr]   Downloaded facet-core v0.30.0
[INFO] [stderr]   Downloaded facet-macros-emit v0.30.0
[INFO] [stderr]   Downloaded insta v1.43.2
[INFO] [stderr]   Downloaded miette v7.6.0
[INFO] [stderr]   Downloaded ropey v1.6.1
[INFO] [stderr]   Downloaded regex v1.12.2
[INFO] [stderr]   Downloaded imara-diff v0.2.0
[INFO] [stderr]   Downloaded syn v2.0.110
[INFO] [stderr]   Downloaded regex-syntax v0.8.8
[INFO] [stderr]   Downloaded bstr v1.12.1
[INFO] [stderr]   Downloaded regex-automata v0.4.13
[INFO] running `Command { std: "docker" "create" "-v" "/var/lib/crater-agent-workspace/builds/worker-6-tc1/source:/opt/rustwide/workdir:ro,Z" "-v" "/var/lib/crater-agent-workspace/builds/worker-6-tc1/target:/opt/rustwide/target:rw,Z" "-v" "/var/lib/crater-agent-workspace/cargo-home:/opt/rustwide/cargo-home:ro,Z" "-v" "/var/lib/crater-agent-workspace/rustup-home:/opt/rustwide/rustup-home:ro,Z" "-m" "1610612736" "--network" "none" "ghcr.io/rust-lang/crates-build-env/linux@sha256:8683fc1fc2eb5c9ac98e0d076ab094b2ffac7f99da555d2b6a2e27f346de2ec7" "sleep" "infinity", kill_on_drop: false }`
[INFO] [stdout] eb34dfd7371c43f9e0b30c69d92629c3f41f9b651dfac05c4e710c29be159463
[INFO] running `Command { std: "docker" "start" "eb34dfd7371c43f9e0b30c69d92629c3f41f9b651dfac05c4e710c29be159463", kill_on_drop: false }`
[INFO] running `Command { std: "docker" "inspect" "eb34dfd7371c43f9e0b30c69d92629c3f41f9b651dfac05c4e710c29be159463", kill_on_drop: false }`
[INFO] running `Command { std: "docker" "exec" "-e" "SOURCE_DIR=/opt/rustwide/workdir" "-e" "CARGO_HOME=/opt/rustwide/cargo-home" "-e" "RUSTUP_HOME=/opt/rustwide/rustup-home" "-e" "CARGO_TARGET_DIR=/opt/rustwide/target" "-w" "/opt/rustwide/workdir" "--user" "0:0" "eb34dfd7371c43f9e0b30c69d92629c3f41f9b651dfac05c4e710c29be159463" "/opt/rustwide/cargo-home/bin/cargo" "+1.98.0-beta.8" "metadata" "--no-deps" "--format-version=1", kill_on_drop: false }`
[INFO] running `Command { std: "docker" "inspect" "eb34dfd7371c43f9e0b30c69d92629c3f41f9b651dfac05c4e710c29be159463", kill_on_drop: false }`
[INFO] running `Command { std: "docker" "exec" "-e" "SOURCE_DIR=/opt/rustwide/workdir" "-e" "CARGO_HOME=/opt/rustwide/cargo-home" "-e" "RUSTUP_HOME=/opt/rustwide/rustup-home" "-e" "CARGO_TARGET_DIR=/opt/rustwide/target" "-e" "CARGO_INCREMENTAL=0" "-e" "RUST_BACKTRACE=full" "-e" "RUSTFLAGS=--cap-lints=warn" "-e" "RUSTDOCFLAGS=--cap-lints=warn" "-w" "/opt/rustwide/workdir" "--user" "0:0" "eb34dfd7371c43f9e0b30c69d92629c3f41f9b651dfac05c4e710c29be159463" "/opt/rustwide/cargo-home/bin/cargo" "+1.98.0-beta.8" "build" "--frozen" "--message-format=json" "--release", kill_on_drop: false }`
[INFO] [stderr]    Compiling proc-macro2 v1.0.103
[INFO] [stderr]    Compiling quote v1.0.42
[INFO] [stderr]    Compiling dtor-proc-macro v0.0.6
[INFO] [stderr]    Compiling mutants v0.0.3
[INFO] [stderr]    Compiling ctor-proc-macro v0.0.7
[INFO] [stderr]    Compiling unicode-ident v1.0.22
[INFO] [stderr]    Compiling smallvec v1.15.1
[INFO] [stderr]    Compiling str_indices v0.4.4
[INFO] [stderr]    Compiling shadow_counted v0.4.0
[INFO] [stderr]    Compiling libc v0.2.177
[INFO] [stderr]    Compiling signal-hook v0.3.18
[INFO] [stderr]    Compiling foldhash v0.1.5
[INFO] [stderr]    Compiling memchr v2.7.6
[INFO] [stderr]    Compiling shared_thread v0.2.0
[INFO] [stderr]    Compiling cli_demo_basic v0.5.0 (/opt/rustwide/workdir/examples/migrate/demo_basic)
[INFO] [stderr]    Compiling hashbrown v0.15.5
[INFO] [stderr]    Compiling dtor v0.1.1
[INFO] [stderr]    Compiling ctor v0.6.1
[INFO] [stderr]    Compiling ropey v1.6.1
[INFO] [stderr]    Compiling unsynn v0.1.1
[INFO] [stderr]    Compiling imara-diff v0.2.0
[INFO] [stderr]    Compiling textum v0.1.2
[INFO] [stderr]    Compiling syncdoc-core v0.5.0 (/opt/rustwide/workdir/syncdoc-core)
[INFO] [stderr]    Compiling signal-hook-registry v1.4.6
[INFO] [stderr]    Compiling os_pipe v1.2.3
[INFO] [stderr]    Compiling sigchld v0.2.4
[INFO] [stderr]    Compiling shared_child v1.1.1
[INFO] [stderr]    Compiling duct v1.1.1
[INFO] [stderr]    Compiling syncdoc v0.5.2 (/opt/rustwide/workdir/syncdoc)
[INFO] [stderr]    Compiling syncdoc-migrate v0.5.0 (/opt/rustwide/workdir/syncdoc-migrate)
[INFO] [stderr]    Compiling demo_double_doc v0.5.0 (/opt/rustwide/workdir/examples/demo_double_doc)
[INFO] [stderr]    Compiling demo_cfg_attr_toml v0.5.0 (/opt/rustwide/workdir/examples/demo_cfg_attr_toml)
[INFO] [stderr]    Compiling demo_impl v0.5.0 (/opt/rustwide/workdir/examples/demo_impl)
[INFO] [stderr]    Compiling demo_enum v0.5.0 (/opt/rustwide/workdir/examples/demo_enum)
[INFO] [stderr]    Compiling demo_struct v0.5.0 (/opt/rustwide/workdir/examples/demo_struct)
[INFO] [stderr]    Compiling demo_cfg_attr_call v0.5.0 (/opt/rustwide/workdir/examples/demo_cfg_attr_call)
[INFO] [stderr]    Compiling demo_fn v0.5.0 (/opt/rustwide/workdir/examples/demo_fn)
[INFO] [stderr]    Compiling demo_toml_path v0.5.0 (/opt/rustwide/workdir/examples/demo_toml_path)
[INFO] [stderr]    Compiling demo_submodule v0.5.0 (/opt/rustwide/workdir/examples/demo_submodule)
[INFO] [stderr]    Compiling demo_module v0.5.0 (/opt/rustwide/workdir/examples/demo_module)
[INFO] [stderr]    Compiling cli_demo_basic_migrated v0.5.0 (/opt/rustwide/workdir/examples/migrate/demo_basic_migrated)
[INFO] [stderr]     Finished `release` profile [optimized] target(s) in 28.59s
[INFO] running `Command { std: "docker" "inspect" "eb34dfd7371c43f9e0b30c69d92629c3f41f9b651dfac05c4e710c29be159463", kill_on_drop: false }`
[INFO] running `Command { std: "docker" "exec" "-e" "SOURCE_DIR=/opt/rustwide/workdir" "-e" "CARGO_HOME=/opt/rustwide/cargo-home" "-e" "RUSTUP_HOME=/opt/rustwide/rustup-home" "-e" "CARGO_TARGET_DIR=/opt/rustwide/target" "-e" "CARGO_INCREMENTAL=0" "-e" "RUST_BACKTRACE=full" "-e" "RUSTFLAGS=--cap-lints=warn" "-e" "RUSTDOCFLAGS=--cap-lints=warn" "-w" "/opt/rustwide/workdir" "--user" "0:0" "eb34dfd7371c43f9e0b30c69d92629c3f41f9b651dfac05c4e710c29be159463" "/opt/rustwide/cargo-home/bin/cargo" "+1.98.0-beta.8" "test" "--frozen" "--no-run" "--message-format=json" "--release", kill_on_drop: false }`
[INFO] [stderr]    Compiling rustix v1.1.2
[INFO] [stderr]    Compiling getrandom v0.3.4
[INFO] [stderr]    Compiling once_cell v1.21.3
[INFO] [stderr]    Compiling linux-raw-sys v0.11.0
[INFO] [stderr]    Compiling bitflags v2.10.0
[INFO] [stderr]    Compiling fastrand v2.3.0
[INFO] [stderr]    Compiling similar v2.7.0
[INFO] [stderr]    Compiling rust-format v0.3.4
[INFO] [stderr]    Compiling braces v0.2.6
[INFO] [stderr]    Compiling aho-corasick v1.1.4
[INFO] [stderr]    Compiling regex-syntax v0.8.8
[INFO] [stderr]    Compiling libc v0.2.177
[INFO] [stderr]    Compiling either v1.15.0
[INFO] [stderr]    Compiling assert_cmd v2.1.1
[INFO] [stderr]    Compiling memchr v2.7.6
[INFO] [stderr]    Compiling predicates-core v1.0.9
[INFO] [stderr]    Compiling console v0.15.11
[INFO] [stderr]    Compiling itertools v0.14.0
[INFO] [stderr]    Compiling anstyle v1.0.13
[INFO] [stderr]    Compiling termtree v0.5.1
[INFO] [stderr]    Compiling foldhash v0.1.5
[INFO] [stderr]    Compiling difflib v0.4.0
[INFO] [stderr]    Compiling predicates-tree v1.0.12
[INFO] [stderr]    Compiling hashbrown v0.15.5
[INFO] [stderr]    Compiling predicates v3.1.3
[INFO] [stderr]    Compiling wait-timeout v0.2.1
[INFO] [stderr]    Compiling insta v1.43.2
[INFO] [stderr]    Compiling imara-diff v0.2.0
[INFO] [stderr]    Compiling cli_demo_basic v0.5.0 (/opt/rustwide/workdir/examples/migrate/demo_basic)
[INFO] [stderr]    Compiling demo_fn v0.5.0 (/opt/rustwide/workdir/examples/demo_fn)
[INFO] [stderr]    Compiling demo_cfg_attr_call v0.5.0 (/opt/rustwide/workdir/examples/demo_cfg_attr_call)
[INFO] [stderr]    Compiling demo_impl v0.5.0 (/opt/rustwide/workdir/examples/demo_impl)
[INFO] [stderr]    Compiling regex-automata v0.4.13
[INFO] [stderr]    Compiling demo_cfg_attr_toml v0.5.0 (/opt/rustwide/workdir/examples/demo_cfg_attr_toml)
[INFO] [stderr]    Compiling demo_struct v0.5.0 (/opt/rustwide/workdir/examples/demo_struct)
[INFO] [stderr]    Compiling demo_double_doc v0.5.0 (/opt/rustwide/workdir/examples/demo_double_doc)
[INFO] [stderr]    Compiling demo_module v0.5.0 (/opt/rustwide/workdir/examples/demo_module)
[INFO] [stderr]    Compiling cli_demo_basic_migrated v0.5.0 (/opt/rustwide/workdir/examples/migrate/demo_basic_migrated)
[INFO] [stderr]    Compiling demo_toml_path v0.5.0 (/opt/rustwide/workdir/examples/demo_toml_path)
[INFO] [stderr]    Compiling demo_enum v0.5.0 (/opt/rustwide/workdir/examples/demo_enum)
[INFO] [stderr]    Compiling demo_submodule v0.5.0 (/opt/rustwide/workdir/examples/demo_submodule)
[INFO] [stderr]    Compiling tempfile v3.23.0
[INFO] [stderr]    Compiling syncdoc-migrate v0.5.0 (/opt/rustwide/workdir/syncdoc-migrate)
[INFO] [stderr]    Compiling bstr v1.12.1
[INFO] [stderr]    Compiling regex v1.12.2
[INFO] [stderr]    Compiling syncdoc v0.5.2 (/opt/rustwide/workdir/syncdoc)
[INFO] [stderr]    Compiling syncdoc-core v0.5.0 (/opt/rustwide/workdir/syncdoc-core)
[INFO] [stderr]     Finished `release` profile [optimized] target(s) in 1m 15s
[INFO] running `Command { std: "docker" "inspect" "eb34dfd7371c43f9e0b30c69d92629c3f41f9b651dfac05c4e710c29be159463", kill_on_drop: false }`
[INFO] running `Command { std: "docker" "exec" "-e" "SOURCE_DIR=/opt/rustwide/workdir" "-e" "CARGO_HOME=/opt/rustwide/cargo-home" "-e" "RUSTUP_HOME=/opt/rustwide/rustup-home" "-e" "CARGO_TARGET_DIR=/opt/rustwide/target" "-e" "CARGO_INCREMENTAL=0" "-e" "RUST_BACKTRACE=full" "-e" "RUSTFLAGS=--cap-lints=warn" "-e" "RUSTDOCFLAGS=--cap-lints=warn" "-w" "/opt/rustwide/workdir" "--user" "0:0" "eb34dfd7371c43f9e0b30c69d92629c3f41f9b651dfac05c4e710c29be159463" "/opt/rustwide/cargo-home/bin/cargo" "+1.98.0-beta.8" "test" "--frozen" "--release", kill_on_drop: false }`
[INFO] [stderr]     Finished `release` profile [optimized] target(s) in 0.18s
[INFO] [stderr]      Running unittests src/lib.rs (/opt/rustwide/target/release/deps/cli_demo_basic-39c2b634721309e0)
[INFO] [stdout] 
[INFO] [stdout] running 0 tests
[INFO] [stdout] 
[INFO] [stdout] test result: ok. 0 passed; 0 failed; 0 ignored; 0 measured; 0 filtered out; finished in 0.00s
[INFO] [stdout] 
[INFO] [stderr]      Running unittests src/main.rs (/opt/rustwide/target/release/deps/cli_demo_basic-9d80d2b173f8dae3)
[INFO] [stdout] 
[INFO] [stdout] running 0 tests
[INFO] [stdout] 
[INFO] [stdout] test result: ok. 0 passed; 0 failed; 0 ignored; 0 measured; 0 filtered out; finished in 0.00s
[INFO] [stdout] 
[INFO] [stderr]      Running unittests src/lib.rs (/opt/rustwide/target/release/deps/cli_demo_basic_migrated-30c600d10070c22d)
[INFO] [stdout] 
[INFO] [stdout] running 0 tests
[INFO] [stdout] 
[INFO] [stdout] test result: ok. 0 passed; 0 failed; 0 ignored; 0 measured; 0 filtered out; finished in 0.00s
[INFO] [stdout] 
[INFO] [stderr]      Running unittests src/main.rs (/opt/rustwide/target/release/deps/cli_demo_basic_migrated-09ddc26d51b48079)
[INFO] [stdout] 
[INFO] [stdout] running 0 tests
[INFO] [stdout] 
[INFO] [stdout] test result: ok. 0 passed; 0 failed; 0 ignored; 0 measured; 0 filtered out; finished in 0.00s
[INFO] [stdout] 
[INFO] [stderr]      Running unittests src/lib.rs (/opt/rustwide/target/release/deps/demo_cfg_attr_call-b99909cec49eb98f)
[INFO] [stdout] 
[INFO] [stdout] running 0 tests
[INFO] [stdout] 
[INFO] [stdout] test result: ok. 0 passed; 0 failed; 0 ignored; 0 measured; 0 filtered out; finished in 0.00s
[INFO] [stdout] 
[INFO] [stderr]      Running unittests src/main.rs (/opt/rustwide/target/release/deps/demo_cfg_attr_call-8578d9fbf376f1d3)
[INFO] [stdout] 
[INFO] [stdout] running 0 tests
[INFO] [stdout] 
[INFO] [stdout] test result: ok. 0 passed; 0 failed; 0 ignored; 0 measured; 0 filtered out; finished in 0.00s
[INFO] [stdout] 
[INFO] [stderr]      Running unittests src/lib.rs (/opt/rustwide/target/release/deps/demo_cfg_attr_toml-e235735cf1328421)
[INFO] [stdout] 
[INFO] [stdout] running 0 tests
[INFO] [stdout] 
[INFO] [stdout] test result: ok. 0 passed; 0 failed; 0 ignored; 0 measured; 0 filtered out; finished in 0.00s
[INFO] [stdout] 
[INFO] [stderr]      Running unittests src/main.rs (/opt/rustwide/target/release/deps/demo_cfg_attr_toml-51ee978ab11585a6)
[INFO] [stdout] 
[INFO] [stdout] running 0 tests
[INFO] [stdout] 
[INFO] [stdout] test result: ok. 0 passed; 0 failed; 0 ignored; 0 measured; 0 filtered out; finished in 0.00s
[INFO] [stdout] 
[INFO] [stderr]      Running unittests src/lib.rs (/opt/rustwide/target/release/deps/demo_double_doc-64bef65ad9e705dd)
[INFO] [stdout] 
[INFO] [stdout] running 0 tests
[INFO] [stdout] 
[INFO] [stdout] test result: ok. 0 passed; 0 failed; 0 ignored; 0 measured; 0 filtered out; finished in 0.00s
[INFO] [stdout] 
[INFO] [stderr]      Running unittests src/main.rs (/opt/rustwide/target/release/deps/demo_double_doc-a7e2f13aa96fd433)
[INFO] [stdout] 
[INFO] [stdout] running 0 tests
[INFO] [stdout] 
[INFO] [stdout] test result: ok. 0 passed; 0 failed; 0 ignored; 0 measured; 0 filtered out; finished in 0.00s
[INFO] [stdout] 
[INFO] [stderr]      Running unittests src/lib.rs (/opt/rustwide/target/release/deps/demo_enum-e611f14bd3b8230a)
[INFO] [stdout] 
[INFO] [stdout] running 0 tests
[INFO] [stdout] 
[INFO] [stdout] test result: ok. 0 passed; 0 failed; 0 ignored; 0 measured; 0 filtered out; finished in 0.00s
[INFO] [stdout] 
[INFO] [stderr]      Running unittests src/main.rs (/opt/rustwide/target/release/deps/demo_enum-552deb71c21111d4)
[INFO] [stdout] 
[INFO] [stdout] running 0 tests
[INFO] [stdout] 
[INFO] [stdout] test result: ok. 0 passed; 0 failed; 0 ignored; 0 measured; 0 filtered out; finished in 0.00s
[INFO] [stdout] 
[INFO] [stderr]      Running unittests src/lib.rs (/opt/rustwide/target/release/deps/demo_fn-a0947353929ea168)
[INFO] [stdout] 
[INFO] [stdout] running 0 tests
[INFO] [stdout] 
[INFO] [stdout] test result: ok. 0 passed; 0 failed; 0 ignored; 0 measured; 0 filtered out; finished in 0.00s
[INFO] [stdout] 
[INFO] [stderr]      Running unittests src/main.rs (/opt/rustwide/target/release/deps/demo_fn-43727d5b6b0865b6)
[INFO] [stdout] 
[INFO] [stdout] running 0 tests
[INFO] [stdout] 
[INFO] [stdout] test result: ok. 0 passed; 0 failed; 0 ignored; 0 measured; 0 filtered out; finished in 0.00s
[INFO] [stdout] 
[INFO] [stderr]      Running unittests src/lib.rs (/opt/rustwide/target/release/deps/demo_impl-a251041dea68a6df)
[INFO] [stdout] 
[INFO] [stdout] running 0 tests
[INFO] [stdout] 
[INFO] [stdout] test result: ok. 0 passed; 0 failed; 0 ignored; 0 measured; 0 filtered out; finished in 0.00s
[INFO] [stdout] 
[INFO] [stderr]      Running unittests src/main.rs (/opt/rustwide/target/release/deps/demo_impl-c9273565dafc5748)
[INFO] [stdout] 
[INFO] [stdout] running 0 tests
[INFO] [stdout] 
[INFO] [stdout] test result: ok. 0 passed; 0 failed; 0 ignored; 0 measured; 0 filtered out; finished in 0.00s
[INFO] [stdout] 
[INFO] [stderr]      Running unittests src/lib.rs (/opt/rustwide/target/release/deps/demo_module-816857454de2d623)
[INFO] [stdout] 
[INFO] [stderr]      Running unittests src/main.rs (/opt/rustwide/target/release/deps/demo_module-4d11aa004de1bbcf)
[INFO] [stdout] running 0 tests
[INFO] [stdout] 
[INFO] [stdout] test result: ok. 0 passed; 0 failed; 0 ignored; 0 measured; 0 filtered out; finished in 0.00s
[INFO] [stdout] 
[INFO] [stdout] 
[INFO] [stdout] running 0 tests
[INFO] [stdout] 
[INFO] [stderr]      Running unittests src/lib.rs (/opt/rustwide/target/release/deps/demo_struct-cb15f92abc2b94f7)
[INFO] [stdout] test result: ok. 0 passed; 0 failed; 0 ignored; 0 measured; 0 filtered out; finished in 0.00s
[INFO] [stdout] 
[INFO] [stdout] 
[INFO] [stdout] running 0 tests
[INFO] [stdout] 
[INFO] [stderr]      Running unittests src/main.rs (/opt/rustwide/target/release/deps/demo_struct-fa29587d48998bb0)
[INFO] [stdout] test result: ok. 0 passed; 0 failed; 0 ignored; 0 measured; 0 filtered out; finished in 0.00s
[INFO] [stdout] 
[INFO] [stdout] 
[INFO] [stdout] running 0 tests
[INFO] [stdout] 
[INFO] [stdout] test result: ok. 0 passed; 0 failed; 0 ignored; 0 measured; 0 filtered out; finished in 0.00s
[INFO] [stdout] 
[INFO] [stderr]      Running unittests src/lib.rs (/opt/rustwide/target/release/deps/demo_submodule-f3d33e03c6cdbc76)
[INFO] [stdout] 
[INFO] [stdout] running 0 tests
[INFO] [stdout] 
[INFO] [stdout] test result: ok. 0 passed; 0 failed; 0 ignored; 0 measured; 0 filtered out; finished in 0.00s
[INFO] [stdout] 
[INFO] [stderr]      Running unittests src/main.rs (/opt/rustwide/target/release/deps/demo_submodule-5576b4adffd60d33)
[INFO] [stdout] 
[INFO] [stdout] running 0 tests
[INFO] [stdout] 
[INFO] [stdout] test result: ok. 0 passed; 0 failed; 0 ignored; 0 measured; 0 filtered out; finished in 0.00s
[INFO] [stdout] 
[INFO] [stderr]      Running unittests src/lib.rs (/opt/rustwide/target/release/deps/demo_toml_path-8f0726402d6911c8)
[INFO] [stdout] 
[INFO] [stdout] running 0 tests
[INFO] [stdout] 
[INFO] [stdout] test result: ok. 0 passed; 0 failed; 0 ignored; 0 measured; 0 filtered out; finished in 0.00s
[INFO] [stdout] 
[INFO] [stderr]      Running unittests src/main.rs (/opt/rustwide/target/release/deps/demo_toml_path-aab282d4475f5a4e)
[INFO] [stdout] 
[INFO] [stdout] running 0 tests
[INFO] [stdout] 
[INFO] [stderr]      Running unittests src/lib.rs (/opt/rustwide/target/release/deps/syncdoc-7ec5e0f863fa845c)
[INFO] [stderr]      Running tests/cli_integration.rs (/opt/rustwide/target/release/deps/cli_integration-c0577db7058baedd)
[INFO] [stdout] test result: ok. 0 passed; 0 failed; 0 ignored; 0 measured; 0 filtered out; finished in 0.00s
[INFO] [stdout] 
[INFO] [stdout] 
[INFO] [stdout] running 0 tests
[INFO] [stdout] 
[INFO] [stdout] test result: ok. 0 passed; 0 failed; 0 ignored; 0 measured; 0 filtered out; finished in 0.00s
[INFO] [stdout] 
[INFO] [stdout] 
[INFO] [stdout] running 0 tests
[INFO] [stdout] 
[INFO] [stdout] test result: ok. 0 passed; 0 failed; 0 ignored; 0 measured; 0 filtered out; finished in 0.00s
[INFO] [stdout] 
[INFO] [stderr]      Running tests/roundtrip/main.rs (/opt/rustwide/target/release/deps/roundtrip-30928ef20db021fc)
[INFO] [stdout] 
[INFO] [stdout] running 0 tests
[INFO] [stdout] 
[INFO] [stdout] test result: ok. 0 passed; 0 failed; 0 ignored; 0 measured; 0 filtered out; finished in 0.00s
[INFO] [stdout] 
[INFO] [stderr]      Running unittests src/lib.rs (/opt/rustwide/target/release/deps/syncdoc_core-24fb27ff03a884e1)
[INFO] [stdout] 
[INFO] [stdout] running 32 tests
[INFO] [stdout] test config::cfg_attr_tests::test_cfg_attr_not_set ... ok
[INFO] [stdout] test config::cfg_attr_tests::test_cfg_attr_set_as_custom ... ok
[INFO] [stdout] test config::docs_path_tests::test_docs_path_with_following_section ... ok
[INFO] [stdout] test config::docs_path_tests::test_docs_path_with_multiple_fields ... ok
[INFO] [stdout] test config::cfg_attr_tests::test_cfg_attr_set_as_doc ... ok
[INFO] [stdout] test config::docs_path_tests::test_docs_path_at_eof ... ok
[INFO] [stdout] test config::docs_path_tests::test_docs_path_with_extra_whitespace ... ok
[INFO] [stdout] test config::docs_path_tests::test_missing_docs_path_field ... ok
[INFO] [stdout] test config::docs_path_tests::test_missing_syncdoc_section ... ok
[INFO] [stdout] test parse::tests::test_const_function ... ok
[INFO] [stdout] test parse::tests::test_async_function ... ok
[INFO] [stdout] test parse::tests::test_parse_simple_trait_method ... ok
[INFO] [stdout] test config::relative_path_tests::test_get_docs_path_with_relative_source_file ... ok
[INFO] [stdout] test parse::tests::test_basic_function ... ok
[INFO] [stdout] test parse::tests::test_parse_static_mut ... ok
[INFO] [stdout] test parse::tests::test_parse_static_sig ... ok
[INFO] [stdout] test config::docs_path_tests::test_docs_path_without_quotes ... ok
[INFO] [stdout] test parse::tests::test_parse_trait_method ... ok
[INFO] [stdout] test config::relative_path_tests::test_get_docs_path_with_nested_relative_source_file ... ok
[INFO] [stdout] test parse::tests::test_path_arg_parsing ... ok
[INFO] [stdout] test parse::tests::test_pub_async_function ... ok
[INFO] [stdout] test parse::tests::test_syncdoc_inner_parsing ... ok
[INFO] [stdout] test parse::tests::test_unsafe_function ... ok
[INFO] [stdout] test token_processors::tok_proc_tests::test_impl_block_methods_doc_paths ... ok
[INFO] [stdout] test token_processors::tok_proc_tests::test_trait_impl_methods_doc_paths ... ok
[INFO] [stdout] test token_processors::tok_proc_tests::test_nested_context_doc_paths ... ok
[INFO] [stdout] test token_processors::tok_proc_tests::test_trait_method_doc_paths ... ok
[INFO] [stdout] test token_processors::tok_proc_tests::test_struct_valued_enum_variant_doc_paths ... ok
[INFO] [stdout] test token_processors::tok_proc_tests::test_struct_fields_doc_paths ... ok
[INFO] [stdout] test token_processors::tok_proc_tests::test_tuple_enum_variant_doc_paths ... ok
[INFO] [stdout] test token_processors::tok_proc_tests::test_unit_enum_variant_doc_paths ... ok
[INFO] [stdout] test token_processors::tok_proc_tests::test_mixed_enum_variants_doc_paths ... ok
[INFO] [stdout] 
[INFO] [stdout] test result: ok. 32 passed; 0 failed; 0 ignored; 0 measured; 0 filtered out; finished in 0.03s
[INFO] [stdout] 
[INFO] [stderr]      Running tests/basic.rs (/opt/rustwide/target/release/deps/basic-ddc418759557a103)
[INFO] [stdout] 
[INFO] [stdout] running 7 tests
[INFO] [stdout] test test_multiple_functions ... FAILED
[INFO] [stdout] test test_ignores_non_functions ... FAILED
[INFO] [stdout] test test_impl_block_methods ... FAILED
[INFO] [stdout] test test_impl_block_with_generics ... FAILED
[INFO] [stdout] test test_generic_function ... FAILED
[INFO] [stdout] test test_module_with_functions ... FAILED
[INFO] [stdout] test test_single_function ... FAILED
[INFO] [stderr] error: test failed, to rerun pass `-p syncdoc-core --test basic`
[INFO] [stdout] 
[INFO] [stdout] failures:
[INFO] [stdout] 
[INFO] [stdout] ---- test_multiple_functions stdout ----
[INFO] [stdout] 
[INFO] [stdout] thread 'test_multiple_functions' (3656) panicked at syncdoc-core/tests/basic.rs:15:9:
[INFO] [stdout] Compilation failed!
[INFO] [stdout] STDERR:
[INFO] [stdout] error: failed to get `proc-macro2` as a dependency of package `syncdoc v0.5.2 (/opt/rustwide/workdir/syncdoc)`
[INFO] [stdout]     ... which satisfies path dependency `syncdoc` of package `test_multiple_functions v0.1.0 (/tmp/.tmpcfChYl)`
[INFO] [stdout] 
[INFO] [stdout] Caused by:
[INFO] [stdout]   failed to load source for dependency `proc-macro2`
[INFO] [stdout] 
[INFO] [stdout] Caused by:
[INFO] [stdout]   unable to update registry `crates-io`
[INFO] [stdout] 
[INFO] [stdout] Caused by:
[INFO] [stdout]   download of config.json failed
[INFO] [stdout] 
[INFO] [stdout] Caused by:
[INFO] [stdout]   [6] Could not resolve hostname (Could not resolve host: index.crates.io)
[INFO] [stdout] 
[INFO] [stdout] stack backtrace:
[INFO] [stdout]    0:     0x579c12e29851 - <<std[97b98282bc616a66]::sys::backtrace::BacktraceLock>::print::DisplayBacktrace as core[832e9a552fc17241]::fmt::Display>::fmt
[INFO] [stdout]    1:     0x579c12e418da - core[832e9a552fc17241]::fmt::write
[INFO] [stdout]    2:     0x579c12e2e38c - <alloc[3ecab9f82c41dc7d]::vec::Vec<u8> as std[97b98282bc616a66]::io::Write>::write_fmt
[INFO] [stdout]    3:     0x579c12e03ca6 - std[97b98282bc616a66]::panicking::default_hook::{closure#0}
[INFO] [stdout]    4:     0x579c12e1fcd9 - std[97b98282bc616a66]::panicking::default_hook
[INFO] [stdout]    5:     0x579c12c72e50 - test[39766f3d73431624]::test_main_inner::<test[39766f3d73431624]::test_main_static::{closure#0}>::{closure#0}
[INFO] [stdout]    6:     0x579c12e20002 - std[97b98282bc616a66]::panicking::panic_with_hook
[INFO] [stdout]    7:     0x579c12e03d52 - std[97b98282bc616a66]::panicking::panic_handler::{closure#0}
[INFO] [stdout]    8:     0x579c12dfb149 - std[97b98282bc616a66]::sys::backtrace::__rust_end_short_backtrace::<std[97b98282bc616a66]::panicking::panic_handler::{closure#0}, !>
[INFO] [stdout]    9:     0x579c12e04a6d - __rustc[e3d8617bb01b7f69]::rust_begin_unwind
[INFO] [stdout]   10:     0x579c12e420bc - core[832e9a552fc17241]::panicking::panic_fmt
[INFO] [stdout]   11:     0x579c12c5d96c - basic[22f63fdcce3f5f94]::test_with_code
[INFO] [stdout]   12:     0x579c12c5eef0 - <basic[22f63fdcce3f5f94]::test_multiple_functions::{closure#0} as core[832e9a552fc17241]::ops::function::FnOnce<()>>::call_once
[INFO] [stdout]   13:     0x579c12c6618b - test[39766f3d73431624]::__rust_begin_short_backtrace::<core[832e9a552fc17241]::result::Result<(), alloc[3ecab9f82c41dc7d]::string::String>, fn() -> core[832e9a552fc17241]::result::Result<(), alloc[3ecab9f82c41dc7d]::string::String>>
[INFO] [stdout]   14:     0x579c12c737d5 - test[39766f3d73431624]::run_test::{closure#0}
[INFO] [stdout]   15:     0x579c12c6e284 - std[97b98282bc616a66]::sys::backtrace::__rust_begin_short_backtrace::<test[39766f3d73431624]::run_test::{closure#1}, ()>
[INFO] [stdout]   16:     0x579c12c76922 - <std[97b98282bc616a66]::thread::lifecycle::spawn_unchecked<test[39766f3d73431624]::run_test::{closure#1}, ()>::{closure#1} as core[832e9a552fc17241]::ops::function::FnOnce<()>>::call_once::{shim:vtable#0}
[INFO] [stdout]   17:     0x579c12e2880f - <std[97b98282bc616a66]::sys::thread::unix::Thread>::new::thread_start
[INFO] [stdout]   18:     0x7dee254e007a - <unknown>
[INFO] [stdout]   19:     0x7dee25573534 - clone
[INFO] [stdout]   20:                0x0 - <unknown>
[INFO] [stdout] 
[INFO] [stdout] ---- test_ignores_non_functions stdout ----
[INFO] [stdout] 
[INFO] [stdout] thread 'test_ignores_non_functions' (3652) panicked at syncdoc-core/tests/basic.rs:15:9:
[INFO] [stdout] Compilation failed!
[INFO] [stdout] STDERR:
[INFO] [stdout] error: failed to get `proc-macro2` as a dependency of package `syncdoc v0.5.2 (/opt/rustwide/workdir/syncdoc)`
[INFO] [stdout]     ... which satisfies path dependency `syncdoc` of package `test_ignores_non_functions v0.1.0 (/tmp/.tmpy6oqnd)`
[INFO] [stdout] 
[INFO] [stdout] Caused by:
[INFO] [stdout]   failed to load source for dependency `proc-macro2`
[INFO] [stdout] 
[INFO] [stdout] Caused by:
[INFO] [stdout]   unable to update registry `crates-io`
[INFO] [stdout] 
[INFO] [stdout] Caused by:
[INFO] [stdout]   download of config.json failed
[INFO] [stdout] 
[INFO] [stdout] Caused by:
[INFO] [stdout]   [6] Could not resolve hostname (Could not resolve host: index.crates.io)
[INFO] [stdout] 
[INFO] [stdout] stack backtrace:
[INFO] [stdout]    0:     0x579c12e29851 - <<std[97b98282bc616a66]::sys::backtrace::BacktraceLock>::print::DisplayBacktrace as core[832e9a552fc17241]::fmt::Display>::fmt
[INFO] [stdout]    1:     0x579c12e418da - core[832e9a552fc17241]::fmt::write
[INFO] [stdout]    2:     0x579c12e2e38c - <alloc[3ecab9f82c41dc7d]::vec::Vec<u8> as std[97b98282bc616a66]::io::Write>::write_fmt
[INFO] [stdout]    3:     0x579c12e03ca6 - std[97b98282bc616a66]::panicking::default_hook::{closure#0}
[INFO] [stdout]    4:     0x579c12e1fcd9 - std[97b98282bc616a66]::panicking::default_hook
[INFO] [stdout]    5:     0x579c12c72e50 - test[39766f3d73431624]::test_main_inner::<test[39766f3d73431624]::test_main_static::{closure#0}>::{closure#0}
[INFO] [stdout]    6:     0x579c12e20002 - std[97b98282bc616a66]::panicking::panic_with_hook
[INFO] [stdout]    7:     0x579c12e03d52 - std[97b98282bc616a66]::panicking::panic_handler::{closure#0}
[INFO] [stdout]    8:     0x579c12dfb149 - std[97b98282bc616a66]::sys::backtrace::__rust_end_short_backtrace::<std[97b98282bc616a66]::panicking::panic_handler::{closure#0}, !>
[INFO] [stdout]    9:     0x579c12e04a6d - __rustc[e3d8617bb01b7f69]::rust_begin_unwind
[INFO] [stdout]   10:     0x579c12e420bc - core[832e9a552fc17241]::panicking::panic_fmt
[INFO] [stdout]   11:     0x579c12c5d96c - basic[22f63fdcce3f5f94]::test_with_code
[INFO] [stdout]   12:     0x579c12c5f0e0 - <basic[22f63fdcce3f5f94]::test_ignores_non_functions::{closure#0} as core[832e9a552fc17241]::ops::function::FnOnce<()>>::call_once
[INFO] [stdout]   13:     0x579c12c6618b - test[39766f3d73431624]::__rust_begin_short_backtrace::<core[832e9a552fc17241]::result::Result<(), alloc[3ecab9f82c41dc7d]::string::String>, fn() -> core[832e9a552fc17241]::result::Result<(), alloc[3ecab9f82c41dc7d]::string::String>>
[INFO] [stdout]   14:     0x579c12c737d5 - test[39766f3d73431624]::run_test::{closure#0}
[INFO] [stdout]   15:     0x579c12c6e284 - std[97b98282bc616a66]::sys::backtrace::__rust_begin_short_backtrace::<test[39766f3d73431624]::run_test::{closure#1}, ()>
[INFO] [stdout]   16:     0x579c12c76922 - <std[97b98282bc616a66]::thread::lifecycle::spawn_unchecked<test[39766f3d73431624]::run_test::{closure#1}, ()>::{closure#1} as core[832e9a552fc17241]::ops::function::FnOnce<()>>::call_once::{shim:vtable#0}
[INFO] [stdout]   17:     0x579c12e2880f - <std[97b98282bc616a66]::sys::thread::unix::Thread>::new::thread_start
[INFO] [stdout]   18:     0x7dee254e007a - <unknown>
[INFO] [stdout]   19:     0x7dee25573534 - clone
[INFO] [stdout]   20:                0x0 - <unknown>
[INFO] [stdout] 
[INFO] [stdout] ---- test_impl_block_methods stdout ----
[INFO] [stdout] 
[INFO] [stdout] thread 'test_impl_block_methods' (3653) panicked at syncdoc-core/tests/basic.rs:15:9:
[INFO] [stdout] Compilation failed!
[INFO] [stdout] STDERR:
[INFO] [stdout] error: failed to get `proc-macro2` as a dependency of package `syncdoc v0.5.2 (/opt/rustwide/workdir/syncdoc)`
[INFO] [stdout]     ... which satisfies path dependency `syncdoc` of package `test_impl_block_methods v0.1.0 (/tmp/.tmpiaPNAB)`
[INFO] [stdout] 
[INFO] [stdout] Caused by:
[INFO] [stdout]   failed to load source for dependency `proc-macro2`
[INFO] [stdout] 
[INFO] [stdout] Caused by:
[INFO] [stdout]   unable to update registry `crates-io`
[INFO] [stdout] 
[INFO] [stdout] Caused by:
[INFO] [stdout]   download of config.json failed
[INFO] [stdout] 
[INFO] [stdout] Caused by:
[INFO] [stdout]   [6] Could not resolve hostname (Could not resolve host: index.crates.io)
[INFO] [stdout] 
[INFO] [stdout] stack backtrace:
[INFO] [stdout]    0:     0x579c12e29851 - <<std[97b98282bc616a66]::sys::backtrace::BacktraceLock>::print::DisplayBacktrace as core[832e9a552fc17241]::fmt::Display>::fmt
[INFO] [stdout]    1:     0x579c12e418da - core[832e9a552fc17241]::fmt::write
[INFO] [stdout]    2:     0x579c12e2e38c - <alloc[3ecab9f82c41dc7d]::vec::Vec<u8> as std[97b98282bc616a66]::io::Write>::write_fmt
[INFO] [stdout]    3:     0x579c12e03ca6 - std[97b98282bc616a66]::panicking::default_hook::{closure#0}
[INFO] [stdout]    4:     0x579c12e1fcd9 - std[97b98282bc616a66]::panicking::default_hook
[INFO] [stdout]    5:     0x579c12c72e50 - test[39766f3d73431624]::test_main_inner::<test[39766f3d73431624]::test_main_static::{closure#0}>::{closure#0}
[INFO] [stdout]    6:     0x579c12e20002 - std[97b98282bc616a66]::panicking::panic_with_hook
[INFO] [stdout]    7:     0x579c12e03d52 - std[97b98282bc616a66]::panicking::panic_handler::{closure#0}
[INFO] [stdout]    8:     0x579c12dfb149 - std[97b98282bc616a66]::sys::backtrace::__rust_end_short_backtrace::<std[97b98282bc616a66]::panicking::panic_handler::{closure#0}, !>
[INFO] [stdout]    9:     0x579c12e04a6d - __rustc[e3d8617bb01b7f69]::rust_begin_unwind
[INFO] [stdout]   10:     0x579c12e420bc - core[832e9a552fc17241]::panicking::panic_fmt
[INFO] [stdout]   11:     0x579c12c5d96c - basic[22f63fdcce3f5f94]::test_with_code
[INFO] [stdout]   12:     0x579c12c5ed00 - <basic[22f63fdcce3f5f94]::test_impl_block_methods::{closure#0} as core[832e9a552fc17241]::ops::function::FnOnce<()>>::call_once
[INFO] [stdout]   13:     0x579c12c6618b - test[39766f3d73431624]::__rust_begin_short_backtrace::<core[832e9a552fc17241]::result::Result<(), alloc[3ecab9f82c41dc7d]::string::String>, fn() -> core[832e9a552fc17241]::result::Result<(), alloc[3ecab9f82c41dc7d]::string::String>>
[INFO] [stdout]   14:     0x579c12c737d5 - test[39766f3d73431624]::run_test::{closure#0}
[INFO] [stdout]   15:     0x579c12c6e284 - std[97b98282bc616a66]::sys::backtrace::__rust_begin_short_backtrace::<test[39766f3d73431624]::run_test::{closure#1}, ()>
[INFO] [stdout]   16:     0x579c12c76922 - <std[97b98282bc616a66]::thread::lifecycle::spawn_unchecked<test[39766f3d73431624]::run_test::{closure#1}, ()>::{closure#1} as core[832e9a552fc17241]::ops::function::FnOnce<()>>::call_once::{shim:vtable#0}
[INFO] [stdout]   17:     0x579c12e2880f - <std[97b98282bc616a66]::sys::thread::unix::Thread>::new::thread_start
[INFO] [stdout]   18:     0x7dee254e007a - <unknown>
[INFO] [stdout]   19:     0x7dee25573534 - clone
[INFO] [stdout]   20:                0x0 - <unknown>
[INFO] [stdout] 
[INFO] [stdout] ---- test_impl_block_with_generics stdout ----
[INFO] [stdout] 
[INFO] [stdout] thread 'test_impl_block_with_generics' (3654) panicked at syncdoc-core/tests/basic.rs:15:9:
[INFO] [stdout] Compilation failed!
[INFO] [stdout] STDERR:
[INFO] [stdout] error: failed to get `proc-macro2` as a dependency of package `syncdoc v0.5.2 (/opt/rustwide/workdir/syncdoc)`
[INFO] [stdout]     ... which satisfies path dependency `syncdoc` of package `test_impl_block_with_generics v0.1.0 (/tmp/.tmpkW4aq0)`
[INFO] [stdout] 
[INFO] [stdout] Caused by:
[INFO] [stdout]   failed to load source for dependency `proc-macro2`
[INFO] [stdout] 
[INFO] [stdout] Caused by:
[INFO] [stdout]   unable to update registry `crates-io`
[INFO] [stdout] 
[INFO] [stdout] Caused by:
[INFO] [stdout]   download of config.json failed
[INFO] [stdout] 
[INFO] [stdout] Caused by:
[INFO] [stdout]   [6] Could not resolve hostname (Could not resolve host: index.crates.io)
[INFO] [stdout] 
[INFO] [stdout] stack backtrace:
[INFO] [stdout]    0:     0x579c12e29851 - <<std[97b98282bc616a66]::sys::backtrace::BacktraceLock>::print::DisplayBacktrace as core[832e9a552fc17241]::fmt::Display>::fmt
[INFO] [stdout]    1:     0x579c12e418da - core[832e9a552fc17241]::fmt::write
[INFO] [stdout]    2:     0x579c12e2e38c - <alloc[3ecab9f82c41dc7d]::vec::Vec<u8> as std[97b98282bc616a66]::io::Write>::write_fmt
[INFO] [stdout]    3:     0x579c12e03ca6 - std[97b98282bc616a66]::panicking::default_hook::{closure#0}
[INFO] [stdout]    4:     0x579c12e1fcd9 - std[97b98282bc616a66]::panicking::default_hook
[INFO] [stdout]    5:     0x579c12c72e50 - test[39766f3d73431624]::test_main_inner::<test[39766f3d73431624]::test_main_static::{closure#0}>::{closure#0}
[INFO] [stdout]    6:     0x579c12e20002 - std[97b98282bc616a66]::panicking::panic_with_hook
[INFO] [stdout]    7:     0x579c12e03d52 - std[97b98282bc616a66]::panicking::panic_handler::{closure#0}
[INFO] [stdout]    8:     0x579c12dfb149 - std[97b98282bc616a66]::sys::backtrace::__rust_end_short_backtrace::<std[97b98282bc616a66]::panicking::panic_handler::{closure#0}, !>
[INFO] [stdout]    9:     0x579c12e04a6d - __rustc[e3d8617bb01b7f69]::rust_begin_unwind
[INFO] [stdout]   10:     0x579c12e420bc - core[832e9a552fc17241]::panicking::panic_fmt
[INFO] [stdout]   11:     0x579c12c5d96c - basic[22f63fdcce3f5f94]::test_with_code
[INFO] [stdout]   12:     0x579c12c5f4c0 - <basic[22f63fdcce3f5f94]::test_impl_block_with_generics::{closure#0} as core[832e9a552fc17241]::ops::function::FnOnce<()>>::call_once
[INFO] [stdout]   13:     0x579c12c6618b - test[39766f3d73431624]::__rust_begin_short_backtrace::<core[832e9a552fc17241]::result::Result<(), alloc[3ecab9f82c41dc7d]::string::String>, fn() -> core[832e9a552fc17241]::result::Result<(), alloc[3ecab9f82c41dc7d]::string::String>>
[INFO] [stdout]   14:     0x579c12c737d5 - test[39766f3d73431624]::run_test::{closure#0}
[INFO] [stdout]   15:     0x579c12c6e284 - std[97b98282bc616a66]::sys::backtrace::__rust_begin_short_backtrace::<test[39766f3d73431624]::run_test::{closure#1}, ()>
[INFO] [stdout]   16:     0x579c12c76922 - <std[97b98282bc616a66]::thread::lifecycle::spawn_unchecked<test[39766f3d73431624]::run_test::{closure#1}, ()>::{closure#1} as core[832e9a552fc17241]::ops::function::FnOnce<()>>::call_once::{shim:vtable#0}
[INFO] [stdout]   17:     0x579c12e2880f - <std[97b98282bc616a66]::sys::thread::unix::Thread>::new::thread_start
[INFO] [stdout]   18:     0x7dee254e007a - <unknown>
[INFO] [stdout]   19:     0x7dee25573534 - clone
[INFO] [stdout]   20:                0x0 - <unknown>
[INFO] [stdout] 
[INFO] [stdout] ---- test_generic_function stdout ----
[INFO] [stdout] 
[INFO] [stdout] thread 'test_generic_function' (3651) panicked at syncdoc-core/tests/basic.rs:15:9:
[INFO] [stdout] Compilation failed!
[INFO] [stdout] STDERR:
[INFO] [stdout] error: failed to get `proc-macro2` as a dependency of package `syncdoc v0.5.2 (/opt/rustwide/workdir/syncdoc)`
[INFO] [stdout]     ... which satisfies path dependency `syncdoc` of package `test_generic_function v0.1.0 (/tmp/.tmpClOkjj)`
[INFO] [stdout] 
[INFO] [stdout] Caused by:
[INFO] [stdout]   failed to load source for dependency `proc-macro2`
[INFO] [stdout] 
[INFO] [stdout] Caused by:
[INFO] [stdout]   unable to update registry `crates-io`
[INFO] [stdout] 
[INFO] [stdout] Caused by:
[INFO] [stdout]   download of config.json failed
[INFO] [stdout] 
[INFO] [stdout] Caused by:
[INFO] [stdout]   [6] Could not resolve hostname (Could not resolve host: index.crates.io)
[INFO] [stdout] 
[INFO] [stdout] stack backtrace:
[INFO] [stdout]    0:     0x579c12e29851 - <<std[97b98282bc616a66]::sys::backtrace::BacktraceLock>::print::DisplayBacktrace as core[832e9a552fc17241]::fmt::Display>::fmt
[INFO] [stdout]    1:     0x579c12e418da - core[832e9a552fc17241]::fmt::write
[INFO] [stdout]    2:     0x579c12e2e38c - <alloc[3ecab9f82c41dc7d]::vec::Vec<u8> as std[97b98282bc616a66]::io::Write>::write_fmt
[INFO] [stdout]    3:     0x579c12e03ca6 - std[97b98282bc616a66]::panicking::default_hook::{closure#0}
[INFO] [stdout]    4:     0x579c12e1fcd9 - std[97b98282bc616a66]::panicking::default_hook
[INFO] [stdout]    5:     0x579c12c72e50 - test[39766f3d73431624]::test_main_inner::<test[39766f3d73431624]::test_main_static::{closure#0}>::{closure#0}
[INFO] [stdout]    6:     0x579c12e20002 - std[97b98282bc616a66]::panicking::panic_with_hook
[INFO] [stdout]    7:     0x579c12e03d52 - std[97b98282bc616a66]::panicking::panic_handler::{closure#0}
[INFO] [stdout]    8:     0x579c12dfb149 - std[97b98282bc616a66]::sys::backtrace::__rust_end_short_backtrace::<std[97b98282bc616a66]::panicking::panic_handler::{closure#0}, !>
[INFO] [stdout]    9:     0x579c12e04a6d - __rustc[e3d8617bb01b7f69]::rust_begin_unwind
[INFO] [stdout]   10:     0x579c12e420bc - core[832e9a552fc17241]::panicking::panic_fmt
[INFO] [stdout]   11:     0x579c12c5d96c - basic[22f63fdcce3f5f94]::test_with_code
[INFO] [stdout]   12:     0x579c12c5eb10 - <basic[22f63fdcce3f5f94]::test_generic_function::{closure#0} as core[832e9a552fc17241]::ops::function::FnOnce<()>>::call_once
[INFO] [stdout]   13:     0x579c12c6618b - test[39766f3d73431624]::__rust_begin_short_backtrace::<core[832e9a552fc17241]::result::Result<(), alloc[3ecab9f82c41dc7d]::string::String>, fn() -> core[832e9a552fc17241]::result::Result<(), alloc[3ecab9f82c41dc7d]::string::String>>
[INFO] [stdout]   14:     0x579c12c737d5 - test[39766f3d73431624]::run_test::{closure#0}
[INFO] [stdout]   15:     0x579c12c6e284 - std[97b98282bc616a66]::sys::backtrace::__rust_begin_short_backtrace::<test[39766f3d73431624]::run_test::{closure#1}, ()>
[INFO] [stdout]   16:     0x579c12c76922 - <std[97b98282bc616a66]::thread::lifecycle::spawn_unchecked<test[39766f3d73431624]::run_test::{closure#1}, ()>::{closure#1} as core[832e9a552fc17241]::ops::function::FnOnce<()>>::call_once::{shim:vtable#0}
[INFO] [stdout]   17:     0x579c12e2880f - <std[97b98282bc616a66]::sys::thread::unix::Thread>::new::thread_start
[INFO] [stdout]   18:     0x7dee254e007a - <unknown>
[INFO] [stdout]   19:     0x7dee25573534 - clone
[INFO] [stdout]   20:                0x0 - <unknown>
[INFO] [stdout] 
[INFO] [stdout] ---- test_module_with_functions stdout ----
[INFO] [stdout] 
[INFO] [stdout] thread 'test_module_with_functions' (3655) panicked at syncdoc-core/tests/basic.rs:15:9:
[INFO] [stdout] Compilation failed!
[INFO] [stdout] STDERR:
[INFO] [stdout] error: failed to get `proc-macro2` as a dependency of package `syncdoc v0.5.2 (/opt/rustwide/workdir/syncdoc)`
[INFO] [stdout]     ... which satisfies path dependency `syncdoc` of package `test_module_with_functions v0.1.0 (/tmp/.tmpwtgJY5)`
[INFO] [stdout] 
[INFO] [stdout] Caused by:
[INFO] [stdout]   failed to load source for dependency `proc-macro2`
[INFO] [stdout] 
[INFO] [stdout] Caused by:
[INFO] [stdout]   unable to update registry `crates-io`
[INFO] [stdout] 
[INFO] [stdout] Caused by:
[INFO] [stdout]   download of config.json failed
[INFO] [stdout] 
[INFO] [stdout] Caused by:
[INFO] [stdout]   [6] Could not resolve hostname (Could not resolve host: index.crates.io)
[INFO] [stdout] 
[INFO] [stdout] stack backtrace:
[INFO] [stdout]    0:     0x579c12e29851 - <<std[97b98282bc616a66]::sys::backtrace::BacktraceLock>::print::DisplayBacktrace as core[832e9a552fc17241]::fmt::Display>::fmt
[INFO] [stdout]    1:     0x579c12e418da - core[832e9a552fc17241]::fmt::write
[INFO] [stdout]    2:     0x579c12e2e38c - <alloc[3ecab9f82c41dc7d]::vec::Vec<u8> as std[97b98282bc616a66]::io::Write>::write_fmt
[INFO] [stdout]    3:     0x579c12e03ca6 - std[97b98282bc616a66]::panicking::default_hook::{closure#0}
[INFO] [stdout]    4:     0x579c12e1fcd9 - std[97b98282bc616a66]::panicking::default_hook
[INFO] [stdout]    5:     0x579c12c72e50 - test[39766f3d73431624]::test_main_inner::<test[39766f3d73431624]::test_main_static::{closure#0}>::{closure#0}
[INFO] [stdout]    6:     0x579c12e20002 - std[97b98282bc616a66]::panicking::panic_with_hook
[INFO] [stdout]    7:     0x579c12e03d52 - std[97b98282bc616a66]::panicking::panic_handler::{closure#0}
[INFO] [stdout]    8:     0x579c12dfb149 - std[97b98282bc616a66]::sys::backtrace::__rust_end_short_backtrace::<std[97b98282bc616a66]::panicking::panic_handler::{closure#0}, !>
[INFO] [stdout]    9:     0x579c12e04a6d - __rustc[e3d8617bb01b7f69]::rust_begin_unwind
[INFO] [stdout]   10:     0x579c12e420bc - core[832e9a552fc17241]::panicking::panic_fmt
[INFO] [stdout]   11:     0x579c12c5d96c - basic[22f63fdcce3f5f94]::test_with_code
[INFO] [stdout]   12:     0x579c12c5f2d0 - <basic[22f63fdcce3f5f94]::test_module_with_functions::{closure#0} as core[832e9a552fc17241]::ops::function::FnOnce<()>>::call_once
[INFO] [stdout]   13:     0x579c12c6618b - test[39766f3d73431624]::__rust_begin_short_backtrace::<core[832e9a552fc17241]::result::Result<(), alloc[3ecab9f82c41dc7d]::string::String>, fn() -> core[832e9a552fc17241]::result::Result<(), alloc[3ecab9f82c41dc7d]::string::String>>
[INFO] [stdout]   14:     0x579c12c737d5 - test[39766f3d73431624]::run_test::{closure#0}
[INFO] [stdout]   15:     0x579c12c6e284 - std[97b98282bc616a66]::sys::backtrace::__rust_begin_short_backtrace::<test[39766f3d73431624]::run_test::{closure#1}, ()>
[INFO] [stdout]   16:     0x579c12c76922 - <std[97b98282bc616a66]::thread::lifecycle::spawn_unchecked<test[39766f3d73431624]::run_test::{closure#1}, ()>::{closure#1} as core[832e9a552fc17241]::ops::function::FnOnce<()>>::call_once::{shim:vtable#0}
[INFO] [stdout]   17:     0x579c12e2880f - <std[97b98282bc616a66]::sys::thread::unix::Thread>::new::thread_start
[INFO] [stdout]   18:     0x7dee254e007a - <unknown>
[INFO] [stdout]   19:     0x7dee25573534 - clone
[INFO] [stdout]   20:                0x0 - <unknown>
[INFO] [stdout] 
[INFO] [stdout] ---- test_single_function stdout ----
[INFO] [stdout] 
[INFO] [stdout] thread 'test_single_function' (3657) panicked at syncdoc-core/tests/basic.rs:15:9:
[INFO] [stdout] Compilation failed!
[INFO] [stdout] STDERR:
[INFO] [stdout] error: failed to get `proc-macro2` as a dependency of package `syncdoc v0.5.2 (/opt/rustwide/workdir/syncdoc)`
[INFO] [stdout]     ... which satisfies path dependency `syncdoc` of package `test_single_function v0.1.0 (/tmp/.tmpaPXfeg)`
[INFO] [stdout] 
[INFO] [stdout] Caused by:
[INFO] [stdout]   failed to load source for dependency `proc-macro2`
[INFO] [stdout] 
[INFO] [stdout] Caused by:
[INFO] [stdout]   unable to update registry `crates-io`
[INFO] [stdout] 
[INFO] [stdout] Caused by:
[INFO] [stdout]   download of config.json failed
[INFO] [stdout] 
[INFO] [stdout] Caused by:
[INFO] [stdout]   [6] Could not resolve hostname (Could not resolve host: index.crates.io)
[INFO] [stdout] 
[INFO] [stdout] stack backtrace:
[INFO] [stdout]    0:     0x579c12e29851 - <<std[97b98282bc616a66]::sys::backtrace::BacktraceLock>::print::DisplayBacktrace as core[832e9a552fc17241]::fmt::Display>::fmt
[INFO] [stdout]    1:     0x579c12e418da - core[832e9a552fc17241]::fmt::write
[INFO] [stdout]    2:     0x579c12e2e38c - <alloc[3ecab9f82c41dc7d]::vec::Vec<u8> as std[97b98282bc616a66]::io::Write>::write_fmt
[INFO] [stdout]    3:     0x579c12e03ca6 - std[97b98282bc616a66]::panicking::default_hook::{closure#0}
[INFO] [stdout]    4:     0x579c12e1fcd9 - std[97b98282bc616a66]::panicking::default_hook
[INFO] [stdout]    5:     0x579c12c72e50 - test[39766f3d73431624]::test_main_inner::<test[39766f3d73431624]::test_main_static::{closure#0}>::{closure#0}
[INFO] [stdout]    6:     0x579c12e20002 - std[97b98282bc616a66]::panicking::panic_with_hook
[INFO] [stdout]    7:     0x579c12e03d52 - std[97b98282bc616a66]::panicking::panic_handler::{closure#0}
[INFO] [stdout]    8:     0x579c12dfb149 - std[97b98282bc616a66]::sys::backtrace::__rust_end_short_backtrace::<std[97b98282bc616a66]::panicking::panic_handler::{closure#0}, !>
[INFO] [stdout]    9:     0x579c12e04a6d - __rustc[e3d8617bb01b7f69]::rust_begin_unwind
[INFO] [stdout]   10:     0x579c12e420bc - core[832e9a552fc17241]::panicking::panic_fmt
[INFO] [stdout]   11:     0x579c12c5d96c - basic[22f63fdcce3f5f94]::test_with_code
[INFO] [stdout]   12:     0x579c12c5e920 - <basic[22f63fdcce3f5f94]::test_single_function::{closure#0} as core[832e9a552fc17241]::ops::function::FnOnce<()>>::call_once
[INFO] [stdout]   13:     0x579c12c6618b - test[39766f3d73431624]::__rust_begin_short_backtrace::<core[832e9a552fc17241]::result::Result<(), alloc[3ecab9f82c41dc7d]::string::String>, fn() -> core[832e9a552fc17241]::result::Result<(), alloc[3ecab9f82c41dc7d]::string::String>>
[INFO] [stdout]   14:     0x579c12c737d5 - test[39766f3d73431624]::run_test::{closure#0}
[INFO] [stdout]   15:     0x579c12c6e284 - std[97b98282bc616a66]::sys::backtrace::__rust_begin_short_backtrace::<test[39766f3d73431624]::run_test::{closure#1}, ()>
[INFO] [stdout]   16:     0x579c12c76922 - <std[97b98282bc616a66]::thread::lifecycle::spawn_unchecked<test[39766f3d73431624]::run_test::{closure#1}, ()>::{closure#1} as core[832e9a552fc17241]::ops::function::FnOnce<()>>::call_once::{shim:vtable#0}
[INFO] [stdout]   17:     0x579c12e2880f - <std[97b98282bc616a66]::sys::thread::unix::Thread>::new::thread_start
[INFO] [stdout]   18:     0x7dee254e007a - <unknown>
[INFO] [stdout]   19:     0x7dee25573534 - clone
[INFO] [stdout]   20:                0x0 - <unknown>
[INFO] [stdout] 
[INFO] [stdout] 
[INFO] [stdout] failures:
[INFO] [stdout]     test_generic_function
[INFO] [stdout]     test_ignores_non_functions
[INFO] [stdout]     test_impl_block_methods
[INFO] [stdout]     test_impl_block_with_generics
[INFO] [stdout]     test_module_with_functions
[INFO] [stdout]     test_multiple_functions
[INFO] [stdout]     test_single_function
[INFO] [stdout] 
[INFO] [stdout] test result: FAILED. 0 passed; 7 failed; 0 ignored; 0 measured; 0 filtered out; finished in 22.96s
[INFO] [stdout] 
[INFO] running `Command { std: "docker" "inspect" "eb34dfd7371c43f9e0b30c69d92629c3f41f9b651dfac05c4e710c29be159463", kill_on_drop: false }`
[INFO] running `Command { std: "docker" "rm" "-f" "eb34dfd7371c43f9e0b30c69d92629c3f41f9b651dfac05c4e710c29be159463", kill_on_drop: false }`
[INFO] [stdout] eb34dfd7371c43f9e0b30c69d92629c3f41f9b651dfac05c4e710c29be159463
