[INFO] cloning repository https://github.com/llenotre/leonhard
[INFO] running `Command { std: "git" "-c" "credential.helper=" "-c" "credential.helper=/workspace/cargo-home/bin/git-credential-null" "clone" "--bare" "https://github.com/llenotre/leonhard" "/workspace/cache/git-repos/https%3A%2F%2Fgithub.com%2Fllenotre%2Fleonhard", kill_on_drop: false }`
[INFO] [stderr] Cloning into bare repository '/workspace/cache/git-repos/https%3A%2F%2Fgithub.com%2Fllenotre%2Fleonhard'...
[INFO] running `Command { std: "git" "rev-parse" "HEAD", kill_on_drop: false }`
[INFO] [stdout] 81fffaaa55beca5c92c40abd91d813ea51d984ea
[INFO] testing llenotre/leonhard against 1.99.0-beta.1+cargoflags=--release for beta-release-1.99-2
[INFO] running `Command { std: "git" "clone" "/workspace/cache/git-repos/https%3A%2F%2Fgithub.com%2Fllenotre%2Fleonhard" "/workspace/builds/worker-5-tc2/source", kill_on_drop: false }`
[INFO] [stderr] Cloning into '/workspace/builds/worker-5-tc2/source'...
[INFO] [stderr] done.
[INFO] started tweaking git repo https://github.com/llenotre/leonhard
[INFO] finished tweaking git repo https://github.com/llenotre/leonhard
[INFO] tweaked toml for git repo https://github.com/llenotre/leonhard written to /workspace/builds/worker-5-tc2/source/Cargo.toml
[INFO] validating manifest of git repo https://github.com/llenotre/leonhard on toolchain 1.99.0-beta.1
[INFO] running `Command { std: CARGO_HOME="/workspace/cargo-home" RUSTUP_HOME="/workspace/rustup-home" "/workspace/cargo-home/bin/cargo" "+1.99.0-beta.1" "metadata" "--manifest-path" "Cargo.toml" "--no-deps", kill_on_drop: false }`
[INFO] crate git repo https://github.com/llenotre/leonhard already has a lockfile, it will not be regenerated
[INFO] running `Command { std: CARGO_HOME="/workspace/cargo-home" RUSTUP_HOME="/workspace/rustup-home" "/workspace/cargo-home/bin/cargo" "+1.99.0-beta.1" "fetch" "--manifest-path" "Cargo.toml", kill_on_drop: false }`
[INFO] running `Command { std: "docker" "create" "-v" "/var/lib/crater-agent-workspace/builds/worker-5-tc2/source:/opt/rustwide/workdir:ro,Z" "-v" "/var/lib/crater-agent-workspace/builds/worker-5-tc2/target:/opt/rustwide/target:rw,Z" "-v" "/var/lib/crater-agent-workspace/cargo-home:/opt/rustwide/cargo-home:ro,Z" "-v" "/var/lib/crater-agent-workspace/rustup-home:/opt/rustwide/rustup-home:ro,Z" "-m" "1610612736" "--network" "none" "ghcr.io/rust-lang/crates-build-env/linux@sha256:8683fc1fc2eb5c9ac98e0d076ab094b2ffac7f99da555d2b6a2e27f346de2ec7" "sleep" "infinity", kill_on_drop: false }`
[INFO] [stdout] 75e5b2f6d36c36e3f424e12422bca8d96e90611039fd7b444821e0139a275f6a
[INFO] running `Command { std: "docker" "start" "75e5b2f6d36c36e3f424e12422bca8d96e90611039fd7b444821e0139a275f6a", kill_on_drop: false }`
[INFO] running `Command { std: "docker" "inspect" "75e5b2f6d36c36e3f424e12422bca8d96e90611039fd7b444821e0139a275f6a", kill_on_drop: false }`
[INFO] running `Command { std: "docker" "exec" "-e" "SOURCE_DIR=/opt/rustwide/workdir" "-e" "CARGO_HOME=/opt/rustwide/cargo-home" "-e" "RUSTUP_HOME=/opt/rustwide/rustup-home" "-e" "CARGO_TARGET_DIR=/opt/rustwide/target" "-w" "/opt/rustwide/workdir" "--user" "0:0" "75e5b2f6d36c36e3f424e12422bca8d96e90611039fd7b444821e0139a275f6a" "/opt/rustwide/cargo-home/bin/cargo" "+1.99.0-beta.1" "metadata" "--no-deps" "--format-version=1", kill_on_drop: false }`
[INFO] running `Command { std: "docker" "inspect" "75e5b2f6d36c36e3f424e12422bca8d96e90611039fd7b444821e0139a275f6a", kill_on_drop: false }`
[INFO] running `Command { std: "docker" "exec" "-e" "SOURCE_DIR=/opt/rustwide/workdir" "-e" "CARGO_HOME=/opt/rustwide/cargo-home" "-e" "RUSTUP_HOME=/opt/rustwide/rustup-home" "-e" "CARGO_TARGET_DIR=/opt/rustwide/target" "-e" "CARGO_INCREMENTAL=0" "-e" "RUST_BACKTRACE=full" "-e" "RUSTFLAGS=--cap-lints=warn" "-e" "RUSTDOCFLAGS=--cap-lints=warn" "-w" "/opt/rustwide/workdir" "--user" "0:0" "75e5b2f6d36c36e3f424e12422bca8d96e90611039fd7b444821e0139a275f6a" "/opt/rustwide/cargo-home/bin/cargo" "+1.99.0-beta.1" "build" "--frozen" "--message-format=json" "--release", kill_on_drop: false }`
[INFO] [stderr]    Compiling leonhard v0.1.0 (/opt/rustwide/workdir)
[INFO] [stderr]     Finished `release` profile [optimized] target(s) in 0.53s
[INFO] running `Command { std: "docker" "inspect" "75e5b2f6d36c36e3f424e12422bca8d96e90611039fd7b444821e0139a275f6a", kill_on_drop: false }`
[INFO] running `Command { std: "docker" "exec" "-e" "SOURCE_DIR=/opt/rustwide/workdir" "-e" "CARGO_HOME=/opt/rustwide/cargo-home" "-e" "RUSTUP_HOME=/opt/rustwide/rustup-home" "-e" "CARGO_TARGET_DIR=/opt/rustwide/target" "-e" "CARGO_INCREMENTAL=0" "-e" "RUST_BACKTRACE=full" "-e" "RUSTFLAGS=--cap-lints=warn" "-e" "RUSTDOCFLAGS=--cap-lints=warn" "-w" "/opt/rustwide/workdir" "--user" "0:0" "75e5b2f6d36c36e3f424e12422bca8d96e90611039fd7b444821e0139a275f6a" "/opt/rustwide/cargo-home/bin/cargo" "+1.99.0-beta.1" "test" "--frozen" "--no-run" "--message-format=json" "--release", kill_on_drop: false }`
[INFO] [stderr]    Compiling leonhard v0.1.0 (/opt/rustwide/workdir)
[INFO] [stderr]     Finished `release` profile [optimized] target(s) in 1.83s
[INFO] running `Command { std: "docker" "inspect" "75e5b2f6d36c36e3f424e12422bca8d96e90611039fd7b444821e0139a275f6a", kill_on_drop: false }`
[INFO] running `Command { std: "docker" "exec" "-e" "SOURCE_DIR=/opt/rustwide/workdir" "-e" "CARGO_HOME=/opt/rustwide/cargo-home" "-e" "RUSTUP_HOME=/opt/rustwide/rustup-home" "-e" "CARGO_TARGET_DIR=/opt/rustwide/target" "-e" "CARGO_INCREMENTAL=0" "-e" "RUST_BACKTRACE=full" "-e" "RUSTFLAGS=--cap-lints=warn" "-e" "RUSTDOCFLAGS=--cap-lints=warn" "-w" "/opt/rustwide/workdir" "--user" "0:0" "75e5b2f6d36c36e3f424e12422bca8d96e90611039fd7b444821e0139a275f6a" "/opt/rustwide/cargo-home/bin/cargo" "+1.99.0-beta.1" "test" "--frozen" "--release", kill_on_drop: false }`
[INFO] [stderr]     Finished `release` profile [optimized] target(s) in 0.01s
[INFO] [stderr]      Running unittests src/lib.rs (/opt/rustwide/target/release/deps/leonhard-cdf6dfef95390a51)
[INFO] [stdout] 
[INFO] [stdout] running 57 tests
[INFO] [stdout] test complex::tests::test_complex_div0 ... ok
[INFO] [stdout] test complex::tests::test_complex_div1 ... ok
[INFO] [stdout] test complex::tests::test_complex_mul0 ... ok
[INFO] [stdout] test complex::tests::test_complex_div2 ... ok
[INFO] [stdout] test complex::tests::test_complex_mul2 ... ok
[INFO] [stdout] test complex::tests::test_complex_mul1 ... ok
[INFO] [stdout] test linear_algebra::tests::test_mat_add ... ok
[INFO] [stdout] test linear_algebra::tests::test_mat_determinant0 ... ok
[INFO] [stdout] test linear_algebra::tests::test_mat_determinant1 ... ok
[INFO] [stdout] test linear_algebra::tests::test_mat_div ... ok
[INFO] [stdout] test linear_algebra::tests::test_mat_get_eigenvalues0 ... ok
[INFO] [stdout] test linear_algebra::tests::test_mat_inverse0 ... ok
[INFO] [stdout] test linear_algebra::tests::test_mat_inverse1 ... ok
[INFO] [stdout] test linear_algebra::tests::test_mat_mul ... ok
[INFO] [stdout] test linear_algebra::tests::test_mat_mul_mat1 ... ok
[INFO] [stdout] test linear_algebra::tests::test_mat_mul_mat0 ... ok
[INFO] [stdout] test linear_algebra::tests::test_mat_mul_vec0 ... ok
[INFO] [stdout] test linear_algebra::tests::test_mat_mul_vec1 ... ok
[INFO] [stdout] test linear_algebra::tests::test_mat_mul_vec2 ... ok
[INFO] [stdout] test linear_algebra::tests::test_mat_determinant2 ... FAILED
[INFO] [stdout] test linear_algebra::tests::test_mat_determinant3 ... FAILED
[INFO] [stdout] test linear_algebra::tests::test_mat_rank0 ... ok
[INFO] [stdout] test linear_algebra::tests::test_mat_rank1 ... ok
[INFO] [stdout] test linear_algebra::tests::test_mat_get_eigenvalues1 ... FAILED
[INFO] [stdout] test linear_algebra::tests::test_mat_rank2 ... ok
[INFO] [stdout] test linear_algebra::tests::test_mat_row_echelon0 ... ok
[INFO] [stdout] test linear_algebra::tests::test_mat_qr_decomposition0 ... FAILED
[INFO] [stdout] test linear_algebra::tests::test_mat_qr_decomposition1 ... FAILED
[INFO] [stderr] error: test failed, to rerun pass `--lib`
[INFO] [stdout] test linear_algebra::tests::test_mat_row_echelon1 ... ok
[INFO] [stdout] test linear_algebra::tests::test_mat_row_echelon2 ... ok
[INFO] [stdout] test linear_algebra::tests::test_mat_row_echelon4 ... ok
[INFO] [stdout] test linear_algebra::tests::test_mat_row_echelon3 ... ok
[INFO] [stdout] test linear_algebra::tests::test_mat_row_echelon5 ... ok
[INFO] [stdout] test linear_algebra::tests::test_mat_rows_swap0 ... ok
[INFO] [stdout] test linear_algebra::tests::test_mat_rows_swap1 ... ok
[INFO] [stdout] test linear_algebra::tests::test_mat_solve0 ... ok
[INFO] [stdout] test linear_algebra::tests::test_mat_solve1 ... ok
[INFO] [stdout] test linear_algebra::tests::test_mat_solve2 ... ok
[INFO] [stdout] test linear_algebra::tests::test_vec_cross_product0 ... ok
[INFO] [stdout] test linear_algebra::tests::test_vec_cross_product1 ... ok
[INFO] [stdout] test linear_algebra::tests::test_vec_dot0 ... ok
[INFO] [stdout] test linear_algebra::tests::test_vec_length0 ... ok
[INFO] [stdout] test linear_algebra::tests::test_vec_length1 ... ok
[INFO] [stdout] test linear_algebra::tests::test_vec_normalize0 ... ok
[INFO] [stdout] test math::tests::test_binomial_coefficient0 ... ok
[INFO] [stdout] test math::tests::test_binomial_coefficient1 ... ok
[INFO] [stdout] test math::tests::test_binomial_coefficient2 ... ok
[INFO] [stdout] test math::tests::test_binomial_coefficient3 ... ok
[INFO] [stdout] test math::tests::test_lerp0 ... ok
[INFO] [stdout] test math::tests::test_lerp1 ... ok
[INFO] [stdout] test polynom::tests::test_poly_compute1 ... ok
[INFO] [stdout] test polynom::tests::test_poly_compute0 ... ok
[INFO] [stdout] test linear_algebra::tests::test_mat_sub ... ok
[INFO] [stdout] test polynom::tests::test_poly_compute2 ... ok
[INFO] [stdout] test linear_algebra::tests::test_mat_trace0 ... ok
[INFO] [stdout] test linear_algebra::tests::test_mat_transpose ... ok
[INFO] [stdout] test linear_algebra::tests::test_mat_solve4 ... ok
[INFO] [stdout] 
[INFO] [stdout] failures:
[INFO] [stdout] 
[INFO] [stdout] ---- linear_algebra::tests::test_mat_determinant2 stdout ----
[INFO] [stdout] Delta assert fail: -1 != 18
[INFO] [stdout] 
[INFO] [stdout] thread 'linear_algebra::tests::test_mat_determinant2' (150) panicked at src/linear_algebra.rs:1472:9:
[INFO] [stdout] assertion failed: r
[INFO] [stdout] stack backtrace:
[INFO] [stdout]    0:     0x64ec99bc5571 - <<std[104cf6e2632825ea]::sys::backtrace::BacktraceLock>::print::DisplayBacktrace as core[7c831bd917ebf35f]::fmt::Display>::fmt
[INFO] [stdout]    1:     0x64ec99bd977a - core[7c831bd917ebf35f]::fmt::write
[INFO] [stdout]    2:     0x64ec99bc9a0c - <alloc[2fdc3f7464fcf288]::vec::Vec<u8> as core[7c831bd917ebf35f]::io::write::Write>::write_fmt
[INFO] [stdout]    3:     0x64ec99ba1b56 - std[104cf6e2632825ea]::panicking::default_hook::{closure#0}
[INFO] [stdout]    4:     0x64ec99bbdc89 - std[104cf6e2632825ea]::panicking::default_hook
[INFO] [stdout]    5:     0x64ec99b5a140 - test[73009c9f9aebf890]::test_main_inner::<test[73009c9f9aebf890]::test_main_static::{closure#0}>::{closure#0}
[INFO] [stdout]    6:     0x64ec99bbde42 - std[104cf6e2632825ea]::panicking::panic_with_hook
[INFO] [stdout]    7:     0x64ec99ba1c34 - std[104cf6e2632825ea]::panicking::panic_handler::{closure#0}
[INFO] [stdout]    8:     0x64ec99b9a5a9 - std[104cf6e2632825ea]::sys::backtrace::__rust_end_short_backtrace::<std[104cf6e2632825ea]::panicking::panic_handler::{closure#0}, !>
[INFO] [stdout]    9:     0x64ec99ba27fd - __rustc[b0d56fa5b193ad05]::rust_begin_unwind
[INFO] [stdout]   10:     0x64ec99bd9eac - core[7c831bd917ebf35f]::panicking::panic_fmt
[INFO] [stdout]   11:     0x64ec99bd9e72 - core[7c831bd917ebf35f]::panicking::panic
[INFO] [stdout]   12:     0x64ec99b44fa7 - leonhard[e630db4e66d19529]::linear_algebra::tests::test_mat_determinant2
[INFO] [stdout]   13:     0x64ec99b4d0c9 - <leonhard[e630db4e66d19529]::linear_algebra::tests::test_mat_determinant2::{closure#0} as core[7c831bd917ebf35f]::ops::function::FnOnce<()>>::call_once
[INFO] [stdout]   14:     0x64ec99b4d42b - test[73009c9f9aebf890]::__rust_begin_short_backtrace::<core[7c831bd917ebf35f]::result::Result<(), alloc[2fdc3f7464fcf288]::string::String>, fn() -> core[7c831bd917ebf35f]::result::Result<(), alloc[2fdc3f7464fcf288]::string::String>>
[INFO] [stdout]   15:     0x64ec99b5aa95 - test[73009c9f9aebf890]::run_test::{closure#0}
[INFO] [stdout]   16:     0x64ec99b53e54 - std[104cf6e2632825ea]::sys::backtrace::__rust_begin_short_backtrace::<test[73009c9f9aebf890]::run_test::{closure#1}, ()>
[INFO] [stdout]   17:     0x64ec99b5dbf2 - <std[104cf6e2632825ea]::thread::lifecycle::spawn_unchecked<test[73009c9f9aebf890]::run_test::{closure#1}, ()>::{closure#1} as core[7c831bd917ebf35f]::ops::function::FnOnce<()>>::call_once::{shim:vtable#0}
[INFO] [stdout]   18:     0x64ec99bc4e49 - <std[104cf6e2632825ea]::sys::thread::unix::Thread>::new::thread_start
[INFO] [stdout]   19:     0x77f69472307a - <unknown>
[INFO] [stdout]   20:     0x77f6947b6534 - clone
[INFO] [stdout]   21:                0x0 - <unknown>
[INFO] [stdout] 
[INFO] [stdout] ---- linear_algebra::tests::test_mat_determinant3 stdout ----
[INFO] [stdout] Delta assert fail: 1 != -18
[INFO] [stdout] 
[INFO] [stdout] thread 'linear_algebra::tests::test_mat_determinant3' (151) panicked at src/linear_algebra.rs:1479:9:
[INFO] [stdout] assertion failed: r
[INFO] [stdout] stack backtrace:
[INFO] [stdout]    0:     0x64ec99bc5571 - <<std[104cf6e2632825ea]::sys::backtrace::BacktraceLock>::print::DisplayBacktrace as core[7c831bd917ebf35f]::fmt::Display>::fmt
[INFO] [stdout]    1:     0x64ec99bd977a - core[7c831bd917ebf35f]::fmt::write
[INFO] [stdout]    2:     0x64ec99bc9a0c - <alloc[2fdc3f7464fcf288]::vec::Vec<u8> as core[7c831bd917ebf35f]::io::write::Write>::write_fmt
[INFO] [stdout]    3:     0x64ec99ba1b56 - std[104cf6e2632825ea]::panicking::default_hook::{closure#0}
[INFO] [stdout]    4:     0x64ec99bbdc89 - std[104cf6e2632825ea]::panicking::default_hook
[INFO] [stdout]    5:     0x64ec99b5a140 - test[73009c9f9aebf890]::test_main_inner::<test[73009c9f9aebf890]::test_main_static::{closure#0}>::{closure#0}
[INFO] [stdout]    6:     0x64ec99bbde42 - std[104cf6e2632825ea]::panicking::panic_with_hook
[INFO] [stdout]    7:     0x64ec99ba1c34 - std[104cf6e2632825ea]::panicking::panic_handler::{closure#0}
[INFO] [stdout]    8:     0x64ec99b9a5a9 - std[104cf6e2632825ea]::sys::backtrace::__rust_end_short_backtrace::<std[104cf6e2632825ea]::panicking::panic_handler::{closure#0}, !>
[INFO] [stdout]    9:     0x64ec99ba27fd - __rustc[b0d56fa5b193ad05]::rust_begin_unwind
[INFO] [stdout]   10:     0x64ec99bd9eac - core[7c831bd917ebf35f]::panicking::panic_fmt
[INFO] [stdout]   11:     0x64ec99bd9e72 - core[7c831bd917ebf35f]::panicking::panic
[INFO] [stdout]   12:     0x64ec99b45116 - leonhard[e630db4e66d19529]::linear_algebra::tests::test_mat_determinant3
[INFO] [stdout]   13:     0x64ec99b4d0e9 - <leonhard[e630db4e66d19529]::linear_algebra::tests::test_mat_determinant3::{closure#0} as core[7c831bd917ebf35f]::ops::function::FnOnce<()>>::call_once
[INFO] [stdout]   14:     0x64ec99b4d42b - test[73009c9f9aebf890]::__rust_begin_short_backtrace::<core[7c831bd917ebf35f]::result::Result<(), alloc[2fdc3f7464fcf288]::string::String>, fn() -> core[7c831bd917ebf35f]::result::Result<(), alloc[2fdc3f7464fcf288]::string::String>>
[INFO] [stdout]   15:     0x64ec99b5aa95 - test[73009c9f9aebf890]::run_test::{closure#0}
[INFO] [stdout]   16:     0x64ec99b53e54 - std[104cf6e2632825ea]::sys::backtrace::__rust_begin_short_backtrace::<test[73009c9f9aebf890]::run_test::{closure#1}, ()>
[INFO] [stdout]   17:     0x64ec99b5dbf2 - <std[104cf6e2632825ea]::thread::lifecycle::spawn_unchecked<test[73009c9f9aebf890]::run_test::{closure#1}, ()>::{closure#1} as core[7c831bd917ebf35f]::ops::function::FnOnce<()>>::call_once::{shim:vtable#0}
[INFO] [stdout]   18:     0x64ec99bc4e49 - <std[104cf6e2632825ea]::sys::thread::unix::Thread>::new::thread_start
[INFO] [stdout]   19:     0x77f69472307a - <unknown>
[INFO] [stdout]   20:     0x77f6947b6534 - clone
[INFO] [stdout]   21:                0x0 - <unknown>
[INFO] [stdout] 
[INFO] [stdout] ---- linear_algebra::tests::test_mat_get_eigenvalues1 stdout ----
[INFO] [stdout] Delta assert fail: -87.71668123782075 != -1
[INFO] [stdout] 
[INFO] [stdout] thread 'linear_algebra::tests::test_mat_get_eigenvalues1' (154) panicked at src/linear_algebra.rs:1632:9:
[INFO] [stdout] assertion failed: r
[INFO] [stdout] stack backtrace:
[INFO] [stdout]    0:     0x64ec99bc5571 - <<std[104cf6e2632825ea]::sys::backtrace::BacktraceLock>::print::DisplayBacktrace as core[7c831bd917ebf35f]::fmt::Display>::fmt
[INFO] [stdout]    1:     0x64ec99bd977a - core[7c831bd917ebf35f]::fmt::write
[INFO] [stdout]    2:     0x64ec99bc9a0c - <alloc[2fdc3f7464fcf288]::vec::Vec<u8> as core[7c831bd917ebf35f]::io::write::Write>::write_fmt
[INFO] [stdout]    3:     0x64ec99ba1b56 - std[104cf6e2632825ea]::panicking::default_hook::{closure#0}
[INFO] [stdout]    4:     0x64ec99bbdc89 - std[104cf6e2632825ea]::panicking::default_hook
[INFO] [stdout]    5:     0x64ec99b5a140 - test[73009c9f9aebf890]::test_main_inner::<test[73009c9f9aebf890]::test_main_static::{closure#0}>::{closure#0}
[INFO] [stdout]    6:     0x64ec99bbde42 - std[104cf6e2632825ea]::panicking::panic_with_hook
[INFO] [stdout]    7:     0x64ec99ba1c34 - std[104cf6e2632825ea]::panicking::panic_handler::{closure#0}
[INFO] [stdout]    8:     0x64ec99b9a5a9 - std[104cf6e2632825ea]::sys::backtrace::__rust_end_short_backtrace::<std[104cf6e2632825ea]::panicking::panic_handler::{closure#0}, !>
[INFO] [stdout]    9:     0x64ec99ba27fd - __rustc[b0d56fa5b193ad05]::rust_begin_unwind
[INFO] [stdout]   10:     0x64ec99bd9eac - core[7c831bd917ebf35f]::panicking::panic_fmt
[INFO] [stdout]   11:     0x64ec99bd9e72 - core[7c831bd917ebf35f]::panicking::panic
[INFO] [stdout]   12:     0x64ec99b47857 - leonhard[e630db4e66d19529]::linear_algebra::tests::test_mat_get_eigenvalues1
[INFO] [stdout]   13:     0x64ec99b4d229 - <leonhard[e630db4e66d19529]::linear_algebra::tests::test_mat_get_eigenvalues1::{closure#0} as core[7c831bd917ebf35f]::ops::function::FnOnce<()>>::call_once
[INFO] [stdout]   14:     0x64ec99b4d42b - test[73009c9f9aebf890]::__rust_begin_short_backtrace::<core[7c831bd917ebf35f]::result::Result<(), alloc[2fdc3f7464fcf288]::string::String>, fn() -> core[7c831bd917ebf35f]::result::Result<(), alloc[2fdc3f7464fcf288]::string::String>>
[INFO] [stdout]   15:     0x64ec99b5aa95 - test[73009c9f9aebf890]::run_test::{closure#0}
[INFO] [stdout]   16:     0x64ec99b53e54 - std[104cf6e2632825ea]::sys::backtrace::__rust_begin_short_backtrace::<test[73009c9f9aebf890]::run_test::{closure#1}, ()>
[INFO] [stdout]   17:     0x64ec99b5dbf2 - <std[104cf6e2632825ea]::thread::lifecycle::spawn_unchecked<test[73009c9f9aebf890]::run_test::{closure#1}, ()>::{closure#1} as core[7c831bd917ebf35f]::ops::function::FnOnce<()>>::call_once::{shim:vtable#0}
[INFO] [stdout]   18:     0x64ec99bc4e49 - <std[104cf6e2632825ea]::sys::thread::unix::Thread>::new::thread_start
[INFO] [stdout]   19:     0x77f69472307a - <unknown>
[INFO] [stdout]   20:     0x77f6947b6534 - clone
[INFO] [stdout]   21:                0x0 - <unknown>
[INFO] [stdout] 
[INFO] [stdout] ---- linear_algebra::tests::test_mat_qr_decomposition0 stdout ----
[INFO] [stdout] 
[INFO] [stdout] thread 'linear_algebra::tests::test_mat_qr_decomposition0' (163) panicked at src/linear_algebra.rs:94:9:
[INFO] [stdout] assertion `left == right` failed
[INFO] [stdout]   left: 4
[INFO] [stdout]  right: 9
[INFO] [stdout] stack backtrace:
[INFO] [stdout]    0:     0x64ec99bc5571 - <<std[104cf6e2632825ea]::sys::backtrace::BacktraceLock>::print::DisplayBacktrace as core[7c831bd917ebf35f]::fmt::Display>::fmt
[INFO] [stdout]    1:     0x64ec99bd977a - core[7c831bd917ebf35f]::fmt::write
[INFO] [stdout]    2:     0x64ec99bc9a0c - <alloc[2fdc3f7464fcf288]::vec::Vec<u8> as core[7c831bd917ebf35f]::io::write::Write>::write_fmt
[INFO] [stdout]    3:     0x64ec99ba1b56 - std[104cf6e2632825ea]::panicking::default_hook::{closure#0}
[INFO] [stdout]    4:     0x64ec99bbdc89 - std[104cf6e2632825ea]::panicking::default_hook
[INFO] [stdout]    5:     0x64ec99b5a140 - test[73009c9f9aebf890]::test_main_inner::<test[73009c9f9aebf890]::test_main_static::{closure#0}>::{closure#0}
[INFO] [stdout]    6:     0x64ec99bbde42 - std[104cf6e2632825ea]::panicking::panic_with_hook
[INFO] [stdout]    7:     0x64ec99ba1c02 - std[104cf6e2632825ea]::panicking::panic_handler::{closure#0}
[INFO] [stdout]    8:     0x64ec99b9a5a9 - std[104cf6e2632825ea]::sys::backtrace::__rust_end_short_backtrace::<std[104cf6e2632825ea]::panicking::panic_handler::{closure#0}, !>
[INFO] [stdout]    9:     0x64ec99ba27fd - __rustc[b0d56fa5b193ad05]::rust_begin_unwind
[INFO] [stdout]   10:     0x64ec99bd9eac - core[7c831bd917ebf35f]::panicking::panic_fmt
[INFO] [stdout]   11:     0x64ec99bd9dc3 - core[7c831bd917ebf35f]::panicking::assert_failed_inner
[INFO] [stdout]   12:     0x64ec99bd66b8 - core[7c831bd917ebf35f]::panicking::assert_failed::<usize, usize>
[INFO] [stdout]   13:     0x64ec99b478d7 - leonhard[e630db4e66d19529]::linear_algebra::tests::test_mat_qr_decomposition0
[INFO] [stdout]   14:     0x64ec99b4d249 - <leonhard[e630db4e66d19529]::linear_algebra::tests::test_mat_qr_decomposition0::{closure#0} as core[7c831bd917ebf35f]::ops::function::FnOnce<()>>::call_once
[INFO] [stdout]   15:     0x64ec99b4d42b - test[73009c9f9aebf890]::__rust_begin_short_backtrace::<core[7c831bd917ebf35f]::result::Result<(), alloc[2fdc3f7464fcf288]::string::String>, fn() -> core[7c831bd917ebf35f]::result::Result<(), alloc[2fdc3f7464fcf288]::string::String>>
[INFO] [stdout]   16:     0x64ec99b5aa95 - test[73009c9f9aebf890]::run_test::{closure#0}
[INFO] [stdout]   17:     0x64ec99b53e54 - std[104cf6e2632825ea]::sys::backtrace::__rust_begin_short_backtrace::<test[73009c9f9aebf890]::run_test::{closure#1}, ()>
[INFO] [stdout]   18:     0x64ec99b5dbf2 - <std[104cf6e2632825ea]::thread::lifecycle::spawn_unchecked<test[73009c9f9aebf890]::run_test::{closure#1}, ()>::{closure#1} as core[7c831bd917ebf35f]::ops::function::FnOnce<()>>::call_once::{shim:vtable#0}
[INFO] [stdout]   19:     0x64ec99bc4e49 - <std[104cf6e2632825ea]::sys::thread::unix::Thread>::new::thread_start
[INFO] [stdout]   20:     0x77f69472307a - <unknown>
[INFO] [stdout]   21:     0x77f6947b6534 - clone
[INFO] [stdout]   22:                0x0 - <unknown>
[INFO] [stdout] 
[INFO] [stdout] ---- linear_algebra::tests::test_mat_qr_decomposition1 stdout ----
[INFO] [stdout] mat: 12 -51 4
[INFO] [stdout] 6 167 -68
[INFO] [stdout] -4 24 -41
[INFO] [stdout] 
[INFO] [stdout] q: 0.8571428571428571 0.2893526786447601 0.050311480361464225
[INFO] [stdout] 0.42857142857142855 -0.9474881830132341 -0.8552951661448918
[INFO] [stdout] -0.2857142857142857 -0.1361659664210636 -0.5156926737050083
[INFO] [stdout] 
[INFO] [stdout] r: 13.999999999999998 20.999999999999993 -13.999999999999998
[INFO] [stdout] 0 -176.2554963681984 71.16941178274257
[INFO] [stdout] 0 0 79.50471684120384
[INFO] [stdout] 
[INFO] [stdout] m: 11.999999999999998 -33 12.593059936908519
[INFO] [stdout] 5.999999999999999 176 -141.43217665615143
[INFO] [stdout] -3.999999999999999 18.000000000000004 -46.690851735015784
[INFO] [stdout] 
[INFO] [stdout] 
[INFO] [stdout] thread 'linear_algebra::tests::test_mat_qr_decomposition1' (164) panicked at src/linear_algebra.rs:1614:9:
[INFO] [stdout] assertion failed: false
[INFO] [stdout] stack backtrace:
[INFO] [stdout]    0:     0x64ec99bc5571 - <<std[104cf6e2632825ea]::sys::backtrace::BacktraceLock>::print::DisplayBacktrace as core[7c831bd917ebf35f]::fmt::Display>::fmt
[INFO] [stdout]    1:     0x64ec99bd977a - core[7c831bd917ebf35f]::fmt::write
[INFO] [stdout]    2:     0x64ec99bc9a0c - <alloc[2fdc3f7464fcf288]::vec::Vec<u8> as core[7c831bd917ebf35f]::io::write::Write>::write_fmt
[INFO] [stdout]    3:     0x64ec99ba1b56 - std[104cf6e2632825ea]::panicking::default_hook::{closure#0}
[INFO] [stdout]    4:     0x64ec99bbdc89 - std[104cf6e2632825ea]::panicking::default_hook
[INFO] [stdout]    5:     0x64ec99b5a140 - test[73009c9f9aebf890]::test_main_inner::<test[73009c9f9aebf890]::test_main_static::{closure#0}>::{closure#0}
[INFO] [stdout]    6:     0x64ec99bbde42 - std[104cf6e2632825ea]::panicking::panic_with_hook
[INFO] [stdout]    7:     0x64ec99ba1c34 - std[104cf6e2632825ea]::panicking::panic_handler::{closure#0}
[INFO] [stdout]    8:     0x64ec99b9a5a9 - std[104cf6e2632825ea]::sys::backtrace::__rust_end_short_backtrace::<std[104cf6e2632825ea]::panicking::panic_handler::{closure#0}, !>
[INFO] [stdout]    9:     0x64ec99ba27fd - __rustc[b0d56fa5b193ad05]::rust_begin_unwind
[INFO] [stdout]   10:     0x64ec99bd9eac - core[7c831bd917ebf35f]::panicking::panic_fmt
[INFO] [stdout]   11:     0x64ec99bd9e72 - core[7c831bd917ebf35f]::panicking::panic
[INFO] [stdout]   12:     0x64ec99b47beb - leonhard[e630db4e66d19529]::linear_algebra::tests::test_mat_qr_decomposition1
[INFO] [stdout]   13:     0x64ec99b4d269 - <leonhard[e630db4e66d19529]::linear_algebra::tests::test_mat_qr_decomposition1::{closure#0} as core[7c831bd917ebf35f]::ops::function::FnOnce<()>>::call_once
[INFO] [stdout]   14:     0x64ec99b4d42b - test[73009c9f9aebf890]::__rust_begin_short_backtrace::<core[7c831bd917ebf35f]::result::Result<(), alloc[2fdc3f7464fcf288]::string::String>, fn() -> core[7c831bd917ebf35f]::result::Result<(), alloc[2fdc3f7464fcf288]::string::String>>
[INFO] [stdout]   15:     0x64ec99b5aa95 - test[73009c9f9aebf890]::run_test::{closure#0}
[INFO] [stdout]   16:     0x64ec99b53e54 - std[104cf6e2632825ea]::sys::backtrace::__rust_begin_short_backtrace::<test[73009c9f9aebf890]::run_test::{closure#1}, ()>
[INFO] [stdout]   17:     0x64ec99b5dbf2 - <std[104cf6e2632825ea]::thread::lifecycle::spawn_unchecked<test[73009c9f9aebf890]::run_test::{closure#1}, ()>::{closure#1} as core[7c831bd917ebf35f]::ops::function::FnOnce<()>>::call_once::{shim:vtable#0}
[INFO] [stdout]   18:     0x64ec99bc4e49 - <std[104cf6e2632825ea]::sys::thread::unix::Thread>::new::thread_start
[INFO] [stdout]   19:     0x77f69472307a - <unknown>
[INFO] [stdout]   20:     0x77f6947b6534 - clone
[INFO] [stdout]   21:                0x0 - <unknown>
[INFO] [stdout] 
[INFO] [stdout] 
[INFO] [stdout] failures:
[INFO] [stdout]     linear_algebra::tests::test_mat_determinant2
[INFO] [stdout]     linear_algebra::tests::test_mat_determinant3
[INFO] [stdout]     linear_algebra::tests::test_mat_get_eigenvalues1
[INFO] [stdout]     linear_algebra::tests::test_mat_qr_decomposition0
[INFO] [stdout]     linear_algebra::tests::test_mat_qr_decomposition1
[INFO] [stdout] 
[INFO] [stdout] test result: FAILED. 52 passed; 5 failed; 0 ignored; 0 measured; 0 filtered out; finished in 0.01s
[INFO] [stdout] 
[INFO] running `Command { std: "docker" "inspect" "75e5b2f6d36c36e3f424e12422bca8d96e90611039fd7b444821e0139a275f6a", kill_on_drop: false }`
[INFO] running `Command { std: "docker" "rm" "-f" "75e5b2f6d36c36e3f424e12422bca8d96e90611039fd7b444821e0139a275f6a", kill_on_drop: false }`
[INFO] [stdout] 75e5b2f6d36c36e3f424e12422bca8d96e90611039fd7b444821e0139a275f6a
