[INFO] cloning repository https://github.com/lkarlason/aoc-2025
[INFO] running `Command { std: "git" "-c" "credential.helper=" "-c" "credential.helper=/workspace/cargo-home/bin/git-credential-null" "clone" "--bare" "https://github.com/lkarlason/aoc-2025" "/workspace/cache/git-repos/https%3A%2F%2Fgithub.com%2Flkarlason%2Faoc-2025", kill_on_drop: false }`
[INFO] [stderr] Cloning into bare repository '/workspace/cache/git-repos/https%3A%2F%2Fgithub.com%2Flkarlason%2Faoc-2025'...
[INFO] running `Command { std: "git" "rev-parse" "HEAD", kill_on_drop: false }`
[INFO] [stdout] 2a1bcd852d4d8464051c6fddb34ea569e8b27137
[INFO] testing lkarlason/aoc-2025 against 1.99.0-beta.1+cargoflags=--release for beta-release-1.99-2
[INFO] running `Command { std: "git" "clone" "/workspace/cache/git-repos/https%3A%2F%2Fgithub.com%2Flkarlason%2Faoc-2025" "/workspace/builds/worker-0-tc2/source", kill_on_drop: false }`
[INFO] [stderr] Cloning into '/workspace/builds/worker-0-tc2/source'...
[INFO] [stderr] done.
[INFO] started tweaking git repo https://github.com/lkarlason/aoc-2025
[INFO] finished tweaking git repo https://github.com/lkarlason/aoc-2025
[INFO] tweaked toml for git repo https://github.com/lkarlason/aoc-2025 written to /workspace/builds/worker-0-tc2/source/Cargo.toml
[INFO] validating manifest of git repo https://github.com/lkarlason/aoc-2025 on toolchain 1.99.0-beta.1
[INFO] running `Command { std: CARGO_HOME="/workspace/cargo-home" RUSTUP_HOME="/workspace/rustup-home" "/workspace/cargo-home/bin/cargo" "+1.99.0-beta.1" "metadata" "--manifest-path" "Cargo.toml" "--no-deps", kill_on_drop: false }`
[INFO] crate git repo https://github.com/lkarlason/aoc-2025 already has a lockfile, it will not be regenerated
[INFO] running `Command { std: CARGO_HOME="/workspace/cargo-home" RUSTUP_HOME="/workspace/rustup-home" "/workspace/cargo-home/bin/cargo" "+1.99.0-beta.1" "fetch" "--manifest-path" "Cargo.toml", kill_on_drop: false }`
[INFO] running `Command { std: "docker" "create" "-v" "/var/lib/crater-agent-workspace/builds/worker-0-tc2/source:/opt/rustwide/workdir:ro,Z" "-v" "/var/lib/crater-agent-workspace/builds/worker-0-tc2/target:/opt/rustwide/target:rw,Z" "-v" "/var/lib/crater-agent-workspace/cargo-home:/opt/rustwide/cargo-home:ro,Z" "-v" "/var/lib/crater-agent-workspace/rustup-home:/opt/rustwide/rustup-home:ro,Z" "-m" "1610612736" "--network" "none" "ghcr.io/rust-lang/crates-build-env/linux@sha256:8683fc1fc2eb5c9ac98e0d076ab094b2ffac7f99da555d2b6a2e27f346de2ec7" "sleep" "infinity", kill_on_drop: false }`
[INFO] [stdout] 5b849d8c55a7fc43a8e0ec1a6a78f72151067375586ace64fc0bd5e2b8c13e31
[INFO] running `Command { std: "docker" "start" "5b849d8c55a7fc43a8e0ec1a6a78f72151067375586ace64fc0bd5e2b8c13e31", kill_on_drop: false }`
[INFO] running `Command { std: "docker" "inspect" "5b849d8c55a7fc43a8e0ec1a6a78f72151067375586ace64fc0bd5e2b8c13e31", kill_on_drop: false }`
[INFO] running `Command { std: "docker" "exec" "-e" "SOURCE_DIR=/opt/rustwide/workdir" "-e" "CARGO_HOME=/opt/rustwide/cargo-home" "-e" "RUSTUP_HOME=/opt/rustwide/rustup-home" "-e" "CARGO_TARGET_DIR=/opt/rustwide/target" "-w" "/opt/rustwide/workdir" "--user" "0:0" "5b849d8c55a7fc43a8e0ec1a6a78f72151067375586ace64fc0bd5e2b8c13e31" "/opt/rustwide/cargo-home/bin/cargo" "+1.99.0-beta.1" "metadata" "--no-deps" "--format-version=1", kill_on_drop: false }`
[INFO] running `Command { std: "docker" "inspect" "5b849d8c55a7fc43a8e0ec1a6a78f72151067375586ace64fc0bd5e2b8c13e31", kill_on_drop: false }`
[INFO] running `Command { std: "docker" "exec" "-e" "SOURCE_DIR=/opt/rustwide/workdir" "-e" "CARGO_HOME=/opt/rustwide/cargo-home" "-e" "RUSTUP_HOME=/opt/rustwide/rustup-home" "-e" "CARGO_TARGET_DIR=/opt/rustwide/target" "-e" "CARGO_INCREMENTAL=0" "-e" "RUST_BACKTRACE=full" "-e" "RUSTFLAGS=--cap-lints=warn" "-e" "RUSTDOCFLAGS=--cap-lints=warn" "-w" "/opt/rustwide/workdir" "--user" "0:0" "5b849d8c55a7fc43a8e0ec1a6a78f72151067375586ace64fc0bd5e2b8c13e31" "/opt/rustwide/cargo-home/bin/cargo" "+1.99.0-beta.1" "build" "--frozen" "--message-format=json" "--release", kill_on_drop: false }`
[INFO] [stderr]    Compiling proc-macro2 v1.0.103
[INFO] [stderr]    Compiling unicode-ident v1.0.22
[INFO] [stderr]    Compiling quote v1.0.42
[INFO] [stderr]    Compiling utf8parse v0.2.2
[INFO] [stderr]    Compiling anstyle v1.0.13
[INFO] [stderr]    Compiling is_terminal_polyfill v1.70.2
[INFO] [stderr]    Compiling colorchoice v1.0.4
[INFO] [stderr]    Compiling anstyle-query v1.1.5
[INFO] [stderr]    Compiling heck v0.5.0
[INFO] [stderr]    Compiling strsim v0.11.1
[INFO] [stderr]    Compiling anstyle-parse v0.2.7
[INFO] [stderr]    Compiling clap_lex v0.7.6
[INFO] [stderr]    Compiling memchr v2.7.6
[INFO] [stderr]    Compiling regex-syntax v0.8.8
[INFO] [stderr]    Compiling anstream v0.6.21
[INFO] [stderr]    Compiling clap_builder v4.5.53
[INFO] [stderr]    Compiling aho-corasick v1.1.4
[INFO] [stderr]    Compiling syn v2.0.111
[INFO] [stderr]    Compiling regex-automata v0.4.13
[INFO] [stderr]    Compiling clap_derive v4.5.49
[INFO] [stderr]    Compiling regex v1.12.2
[INFO] [stderr]    Compiling clap v4.5.53
[INFO] [stderr]    Compiling utils v0.1.0 (/opt/rustwide/workdir/utils)
[INFO] [stdout] warning: variable `N` should have a snake case name
[INFO] [stdout]   --> utils/src/lin_alg.rs:19:13
[INFO] [stdout]    |
[INFO] [stdout] 19 |         let N = self.rows();
[INFO] [stdout]    |             ^ help: convert the identifier to snake case: `n`
[INFO] [stdout]    |
[INFO] [stdout]    = note: `#[warn(non_snake_case)]` (part of `#[warn(nonstandard_style)]`) on by default
[INFO] [stdout] 
[INFO] [stdout] 
[INFO] [stdout] warning: variable `M` should have a snake case name
[INFO] [stdout]   --> utils/src/lin_alg.rs:20:13
[INFO] [stdout]    |
[INFO] [stdout] 20 |         let M = self.cols();
[INFO] [stdout]    |             ^ help: convert the identifier to snake case: `m`
[INFO] [stdout] 
[INFO] [stdout] 
[INFO] [stdout] warning: variable `N` should have a snake case name
[INFO] [stdout]    --> utils/src/lin_alg.rs:191:13
[INFO] [stdout]     |
[INFO] [stdout] 191 |         let N = self.rows();
[INFO] [stdout]     |             ^ help: convert the identifier to snake case: `n`
[INFO] [stdout] 
[INFO] [stdout] 
[INFO] [stdout] warning: variable `M` should have a snake case name
[INFO] [stdout]    --> utils/src/lin_alg.rs:192:13
[INFO] [stdout]     |
[INFO] [stdout] 192 |         let M = self.cols();
[INFO] [stdout]     |             ^ help: convert the identifier to snake case: `m`
[INFO] [stdout] 
[INFO] [stdout] 
[INFO] [stderr]    Compiling five v0.1.0 (/opt/rustwide/workdir/five)
[INFO] [stderr]    Compiling six v0.1.0 (/opt/rustwide/workdir/six)
[INFO] [stderr]    Compiling eight v0.1.0 (/opt/rustwide/workdir/eight)
[INFO] [stderr]    Compiling seven v0.1.0 (/opt/rustwide/workdir/seven)
[INFO] [stdout] warning: unused import: `std::cmp`
[INFO] [stdout]  --> eight/src/main.rs:2:5
[INFO] [stdout]   |
[INFO] [stdout] 2 | use std::cmp;
[INFO] [stdout]   |     ^^^^^^^^
[INFO] [stdout]   |
[INFO] [stdout]   = note: `#[warn(unused_imports)]` (part of `#[warn(unused)]`) on by default
[INFO] [stdout] 
[INFO] [stdout] 
[INFO] [stderr]    Compiling one v0.1.0 (/opt/rustwide/workdir/one)
[INFO] [stderr]    Compiling nine v0.1.0 (/opt/rustwide/workdir/nine)
[INFO] [stdout] warning: use of deprecated module `std::u64`: all constants in this module replaced by associated constants on the type
[INFO] [stdout]  --> nine/src/main.rs:1:23
[INFO] [stdout]   |
[INFO] [stdout] 1 | use std::{path::Path, u64};
[INFO] [stdout]   |                       ^^^
[INFO] [stdout]   |
[INFO] [stdout]   = note: `#[warn(deprecated)]` on by default
[INFO] [stdout] 
[INFO] [stdout] 
[INFO] [stderr]    Compiling two v0.1.0 (/opt/rustwide/workdir/two)
[INFO] [stderr]    Compiling four v0.1.0 (/opt/rustwide/workdir/four)
[INFO] [stderr]    Compiling ten v0.1.0 (/opt/rustwide/workdir/ten)
[INFO] [stdout] warning: unused import: `core::num`
[INFO] [stdout]  --> ten/src/main.rs:1:5
[INFO] [stdout]   |
[INFO] [stdout] 1 | use core::num;
[INFO] [stdout]   |     ^^^^^^^^^
[INFO] [stdout]   |
[INFO] [stdout]   = note: `#[warn(unused_imports)]` (part of `#[warn(unused)]`) on by default
[INFO] [stdout] 
[INFO] [stdout] 
[INFO] [stdout] warning: unused imports: `HashMap` and `f32::consts::E`
[INFO] [stdout]  --> ten/src/main.rs:3:19
[INFO] [stdout]   |
[INFO] [stdout] 3 |     collections::{HashMap, VecDeque}, f32::consts::E, path::Path
[INFO] [stdout]   |                   ^^^^^^^             ^^^^^^^^^^^^^^
[INFO] [stdout] 
[INFO] [stdout] 
[INFO] [stdout] warning: variable does not need to be mutable
[INFO] [stdout]    --> ten/src/main.rs:139:9
[INFO] [stdout]     |
[INFO] [stdout] 139 |     let mut res = 0;
[INFO] [stdout]     |         ----^^^
[INFO] [stdout]     |         |
[INFO] [stdout]     |         help: remove this `mut`
[INFO] [stdout]     |
[INFO] [stdout]     = note: `#[warn(unused_mut)]` (part of `#[warn(unused)]`) on by default
[INFO] [stdout] 
[INFO] [stdout] 
[INFO] [stdout] warning: struct `State` is never constructed
[INFO] [stdout]   --> ten/src/main.rs:11:8
[INFO] [stdout]    |
[INFO] [stdout] 11 | struct State([usize; 16]);
[INFO] [stdout]    |        ^^^^^
[INFO] [stdout]    |
[INFO] [stdout]    = note: `#[warn(dead_code)]` (part of `#[warn(unused)]`) on by default
[INFO] [stdout] 
[INFO] [stdout] 
[INFO] [stderr]    Compiling three v0.1.0 (/opt/rustwide/workdir/three)
[INFO] [stderr]     Finished `release` profile [optimized] target(s) in 1m 07s
[INFO] running `Command { std: "docker" "inspect" "5b849d8c55a7fc43a8e0ec1a6a78f72151067375586ace64fc0bd5e2b8c13e31", kill_on_drop: false }`
[INFO] running `Command { std: "docker" "exec" "-e" "SOURCE_DIR=/opt/rustwide/workdir" "-e" "CARGO_HOME=/opt/rustwide/cargo-home" "-e" "RUSTUP_HOME=/opt/rustwide/rustup-home" "-e" "CARGO_TARGET_DIR=/opt/rustwide/target" "-e" "CARGO_INCREMENTAL=0" "-e" "RUST_BACKTRACE=full" "-e" "RUSTFLAGS=--cap-lints=warn" "-e" "RUSTDOCFLAGS=--cap-lints=warn" "-w" "/opt/rustwide/workdir" "--user" "0:0" "5b849d8c55a7fc43a8e0ec1a6a78f72151067375586ace64fc0bd5e2b8c13e31" "/opt/rustwide/cargo-home/bin/cargo" "+1.99.0-beta.1" "test" "--frozen" "--no-run" "--message-format=json" "--release", kill_on_drop: false }`
[INFO] [stdout] warning: variable `N` should have a snake case name
[INFO] [stdout]   --> utils/src/lin_alg.rs:19:13
[INFO] [stdout]    |
[INFO] [stdout] 19 |         let N = self.rows();
[INFO] [stdout]    |             ^ help: convert the identifier to snake case: `n`
[INFO] [stdout]    |
[INFO] [stdout]    = note: `#[warn(non_snake_case)]` (part of `#[warn(nonstandard_style)]`) on by default
[INFO] [stdout] 
[INFO] [stdout] 
[INFO] [stdout] warning: variable `M` should have a snake case name
[INFO] [stdout]   --> utils/src/lin_alg.rs:20:13
[INFO] [stdout]    |
[INFO] [stdout] 20 |         let M = self.cols();
[INFO] [stdout]    |             ^ help: convert the identifier to snake case: `m`
[INFO] [stdout] 
[INFO] [stdout] 
[INFO] [stdout] warning: variable `N` should have a snake case name
[INFO] [stdout]    --> utils/src/lin_alg.rs:191:13
[INFO] [stdout]     |
[INFO] [stdout] 191 |         let N = self.rows();
[INFO] [stdout]     |             ^ help: convert the identifier to snake case: `n`
[INFO] [stdout] 
[INFO] [stdout] 
[INFO] [stdout] warning: variable `M` should have a snake case name
[INFO] [stdout]    --> utils/src/lin_alg.rs:192:13
[INFO] [stdout]     |
[INFO] [stdout] 192 |         let M = self.cols();
[INFO] [stdout]     |             ^ help: convert the identifier to snake case: `m`
[INFO] [stdout] 
[INFO] [stdout] 
[INFO] [stderr]    Compiling utils v0.1.0 (/opt/rustwide/workdir/utils)
[INFO] [stderr]    Compiling two v0.1.0 (/opt/rustwide/workdir/two)
[INFO] [stderr]    Compiling four v0.1.0 (/opt/rustwide/workdir/four)
[INFO] [stderr]    Compiling three v0.1.0 (/opt/rustwide/workdir/three)
[INFO] [stderr]    Compiling five v0.1.0 (/opt/rustwide/workdir/five)
[INFO] [stderr]    Compiling six v0.1.0 (/opt/rustwide/workdir/six)
[INFO] [stderr]    Compiling ten v0.1.0 (/opt/rustwide/workdir/ten)
[INFO] [stderr]    Compiling eight v0.1.0 (/opt/rustwide/workdir/eight)
[INFO] [stdout] warning: unused import: `std::cmp`
[INFO] [stdout]  --> eight/src/main.rs:2:5
[INFO] [stdout]   |
[INFO] [stdout] 2 | use std::cmp;
[INFO] [stdout]   |     ^^^^^^^^
[INFO] [stdout]   |
[INFO] [stdout]   = note: `#[warn(unused_imports)]` (part of `#[warn(unused)]`) on by default
[INFO] [stdout] 
[INFO] [stdout] 
[INFO] [stdout] warning: unused import: `core::num`
[INFO] [stdout]  --> ten/src/main.rs:1:5
[INFO] [stdout]   |
[INFO] [stdout] 1 | use core::num;
[INFO] [stdout]   |     ^^^^^^^^^
[INFO] [stdout]   |
[INFO] [stdout]   = note: `#[warn(unused_imports)]` (part of `#[warn(unused)]`) on by default
[INFO] [stdout] 
[INFO] [stdout] 
[INFO] [stdout] warning: unused imports: `HashMap` and `f32::consts::E`
[INFO] [stdout]  --> ten/src/main.rs:3:19
[INFO] [stdout]   |
[INFO] [stdout] 3 |     collections::{HashMap, VecDeque}, f32::consts::E, path::Path
[INFO] [stdout]   |                   ^^^^^^^             ^^^^^^^^^^^^^^
[INFO] [stdout] 
[INFO] [stdout] 
[INFO] [stdout] warning: variable does not need to be mutable
[INFO] [stdout]    --> ten/src/main.rs:139:9
[INFO] [stdout]     |
[INFO] [stdout] 139 |     let mut res = 0;
[INFO] [stdout]     |         ----^^^
[INFO] [stdout]     |         |
[INFO] [stdout]     |         help: remove this `mut`
[INFO] [stdout]     |
[INFO] [stdout]     = note: `#[warn(unused_mut)]` (part of `#[warn(unused)]`) on by default
[INFO] [stdout] 
[INFO] [stdout] 
[INFO] [stdout] warning: struct `State` is never constructed
[INFO] [stdout]   --> ten/src/main.rs:11:8
[INFO] [stdout]    |
[INFO] [stdout] 11 | struct State([usize; 16]);
[INFO] [stdout]    |        ^^^^^
[INFO] [stdout]    |
[INFO] [stdout]    = note: `#[warn(dead_code)]` (part of `#[warn(unused)]`) on by default
[INFO] [stdout] 
[INFO] [stdout] 
[INFO] [stdout] warning: variable `N` should have a snake case name
[INFO] [stdout]   --> utils/src/lin_alg.rs:19:13
[INFO] [stdout]    |
[INFO] [stdout] 19 |         let N = self.rows();
[INFO] [stdout]    |             ^ help: convert the identifier to snake case: `n`
[INFO] [stdout]    |
[INFO] [stdout]    = note: `#[warn(non_snake_case)]` (part of `#[warn(nonstandard_style)]`) on by default
[INFO] [stdout] 
[INFO] [stdout] 
[INFO] [stdout] warning: variable `M` should have a snake case name
[INFO] [stdout]   --> utils/src/lin_alg.rs:20:13
[INFO] [stdout]    |
[INFO] [stdout] 20 |         let M = self.cols();
[INFO] [stdout]    |             ^ help: convert the identifier to snake case: `m`
[INFO] [stdout] 
[INFO] [stdout] 
[INFO] [stdout] warning: variable `N` should have a snake case name
[INFO] [stdout]    --> utils/src/lin_alg.rs:191:13
[INFO] [stdout]     |
[INFO] [stdout] 191 |         let N = self.rows();
[INFO] [stdout]     |             ^ help: convert the identifier to snake case: `n`
[INFO] [stdout] 
[INFO] [stdout] 
[INFO] [stdout] warning: variable `M` should have a snake case name
[INFO] [stdout]    --> utils/src/lin_alg.rs:192:13
[INFO] [stdout]     |
[INFO] [stdout] 192 |         let M = self.cols();
[INFO] [stdout]     |             ^ help: convert the identifier to snake case: `m`
[INFO] [stdout] 
[INFO] [stdout] 
[INFO] [stderr]    Compiling seven v0.1.0 (/opt/rustwide/workdir/seven)
[INFO] [stderr]    Compiling one v0.1.0 (/opt/rustwide/workdir/one)
[INFO] [stderr]    Compiling nine v0.1.0 (/opt/rustwide/workdir/nine)
[INFO] [stdout] warning: use of deprecated module `std::u64`: all constants in this module replaced by associated constants on the type
[INFO] [stdout]  --> nine/src/main.rs:1:23
[INFO] [stdout]   |
[INFO] [stdout] 1 | use std::{path::Path, u64};
[INFO] [stdout]   |                       ^^^
[INFO] [stdout]   |
[INFO] [stdout]   = note: `#[warn(deprecated)]` on by default
[INFO] [stdout] 
[INFO] [stdout] 
[INFO] [stderr]     Finished `release` profile [optimized] target(s) in 4.59s
[INFO] running `Command { std: "docker" "inspect" "5b849d8c55a7fc43a8e0ec1a6a78f72151067375586ace64fc0bd5e2b8c13e31", kill_on_drop: false }`
[INFO] running `Command { std: "docker" "exec" "-e" "SOURCE_DIR=/opt/rustwide/workdir" "-e" "CARGO_HOME=/opt/rustwide/cargo-home" "-e" "RUSTUP_HOME=/opt/rustwide/rustup-home" "-e" "CARGO_TARGET_DIR=/opt/rustwide/target" "-e" "CARGO_INCREMENTAL=0" "-e" "RUST_BACKTRACE=full" "-e" "RUSTFLAGS=--cap-lints=warn" "-e" "RUSTDOCFLAGS=--cap-lints=warn" "-w" "/opt/rustwide/workdir" "--user" "0:0" "5b849d8c55a7fc43a8e0ec1a6a78f72151067375586ace64fc0bd5e2b8c13e31" "/opt/rustwide/cargo-home/bin/cargo" "+1.99.0-beta.1" "test" "--frozen" "--release", kill_on_drop: false }`
[INFO] [stderr] warning: variable `N` should have a snake case name
[INFO] [stderr]   --> utils/src/lin_alg.rs:19:13
[INFO] [stderr]    |
[INFO] [stderr] 19 |         let N = self.rows();
[INFO] [stderr]    |             ^ help: convert the identifier to snake case: `n`
[INFO] [stderr]    |
[INFO] [stderr]    = note: `#[warn(non_snake_case)]` (part of `#[warn(nonstandard_style)]`) on by default
[INFO] [stderr] 
[INFO] [stderr] warning: variable `M` should have a snake case name
[INFO] [stderr]   --> utils/src/lin_alg.rs:20:13
[INFO] [stderr]    |
[INFO] [stderr] 20 |         let M = self.cols();
[INFO] [stderr]    |             ^ help: convert the identifier to snake case: `m`
[INFO] [stderr] 
[INFO] [stderr] warning: variable `N` should have a snake case name
[INFO] [stderr]    --> utils/src/lin_alg.rs:191:13
[INFO] [stderr]     |
[INFO] [stderr] 191 |         let N = self.rows();
[INFO] [stderr]     |             ^ help: convert the identifier to snake case: `n`
[INFO] [stderr] 
[INFO] [stderr] warning: variable `M` should have a snake case name
[INFO] [stderr]    --> utils/src/lin_alg.rs:192:13
[INFO] [stderr]     |
[INFO] [stderr] 192 |         let M = self.cols();
[INFO] [stderr]     |             ^ help: convert the identifier to snake case: `m`
[INFO] [stderr] 
[INFO] [stderr] warning: `utils` (lib) generated 4 warnings
[INFO] [stderr] warning: use of deprecated module `std::u64`: all constants in this module replaced by associated constants on the type
[INFO] [stderr]  --> nine/src/main.rs:1:23
[INFO] [stderr]   |
[INFO] [stderr] 1 | use std::{path::Path, u64};
[INFO] [stderr]   |                       ^^^
[INFO] [stderr]   |
[INFO] [stderr]   = note: `#[warn(deprecated)]` on by default
[INFO] [stderr] 
[INFO] [stderr] warning: `nine` (bin "nine" test) generated 1 warning
[INFO] [stderr] warning: unused import: `std::cmp`
[INFO] [stderr]  --> eight/src/main.rs:2:5
[INFO] [stderr]   |
[INFO] [stderr] 2 | use std::cmp;
[INFO] [stderr]   |     ^^^^^^^^
[INFO] [stderr]   |
[INFO] [stderr]   = note: `#[warn(unused_imports)]` (part of `#[warn(unused)]`) on by default
[INFO] [stderr] 
[INFO] [stderr] warning: `eight` (bin "eight" test) generated 1 warning (run `cargo fix --bin "eight" -p eight --tests` to apply 1 suggestion)
[INFO] [stderr] warning: `utils` (lib test) generated 4 warnings (4 duplicates)
[INFO] [stderr] warning: unused import: `core::num`
[INFO] [stderr]  --> ten/src/main.rs:1:5
[INFO] [stderr]   |
[INFO] [stderr] 1 | use core::num;
[INFO] [stderr]   |     ^^^^^^^^^
[INFO] [stderr]   |
[INFO] [stderr]   = note: `#[warn(unused_imports)]` (part of `#[warn(unused)]`) on by default
[INFO] [stderr] 
[INFO] [stderr] warning: unused imports: `HashMap` and `f32::consts::E`
[INFO] [stderr]  --> ten/src/main.rs:3:19
[INFO] [stderr]   |
[INFO] [stderr] 3 |     collections::{HashMap, VecDeque}, f32::consts::E, path::Path
[INFO] [stderr]   |                   ^^^^^^^             ^^^^^^^^^^^^^^
[INFO] [stderr] 
[INFO] [stderr] warning: variable does not need to be mutable
[INFO] [stderr]    --> ten/src/main.rs:139:9
[INFO] [stderr]     |
[INFO] [stderr] 139 |     let mut res = 0;
[INFO] [stderr]     |         ----^^^
[INFO] [stderr]     |         |
[INFO] [stderr]     |         help: remove this `mut`
[INFO] [stderr]     |
[INFO] [stderr]     = note: `#[warn(unused_mut)]` (part of `#[warn(unused)]`) on by default
[INFO] [stderr] 
[INFO] [stderr] warning: struct `State` is never constructed
[INFO] [stderr]   --> ten/src/main.rs:11:8
[INFO] [stderr]    |
[INFO] [stderr] 11 | struct State([usize; 16]);
[INFO] [stderr]    |        ^^^^^
[INFO] [stderr]    |
[INFO] [stderr]    = note: `#[warn(dead_code)]` (part of `#[warn(unused)]`) on by default
[INFO] [stderr] 
[INFO] [stderr] warning: `ten` (bin "ten" test) generated 4 warnings (run `cargo fix --bin "ten" -p ten --tests` to apply 3 suggestions)
[INFO] [stderr]     Finished `release` profile [optimized] target(s) in 0.06s
[INFO] [stderr]      Running unittests src/main.rs (/opt/rustwide/target/release/deps/eight-d879486a596644fa)
[INFO] [stdout] 
[INFO] [stdout] running 2 tests
[INFO] [stdout] test test::test_part_one ... ok
[INFO] [stdout] test test::test_part_two ... ok
[INFO] [stdout] 
[INFO] [stdout] test result: ok. 2 passed; 0 failed; 0 ignored; 0 measured; 0 filtered out; finished in 0.00s
[INFO] [stdout] 
[INFO] [stderr]      Running unittests src/main.rs (/opt/rustwide/target/release/deps/five-5baaad33519eef85)
[INFO] [stdout] 
[INFO] [stdout] running 2 tests
[INFO] [stdout] test test::test_part_two ... ok
[INFO] [stdout] test test::test_part_one ... ok
[INFO] [stdout] 
[INFO] [stderr]      Running unittests src/main.rs (/opt/rustwide/target/release/deps/four-584044bb2b67fb62)
[INFO] [stdout] test result: ok. 2 passed; 0 failed; 0 ignored; 0 measured; 0 filtered out; finished in 0.00s
[INFO] [stdout] 
[INFO] [stdout] 
[INFO] [stdout] running 2 tests
[INFO] [stdout] test test::test_part_one ... ok
[INFO] [stdout] test test::test_part_two ... ok
[INFO] [stdout] 
[INFO] [stdout] test result: ok. 2 passed; 0 failed; 0 ignored; 0 measured; 0 filtered out; finished in 0.00s
[INFO] [stdout] 
[INFO] [stderr]      Running unittests src/main.rs (/opt/rustwide/target/release/deps/nine-eb5885a066576b01)
[INFO] [stdout] 
[INFO] [stdout] running 2 tests
[INFO] [stdout] test test::test_part_one ... ok
[INFO] [stdout] test test::test_part_two ... ok
[INFO] [stdout] 
[INFO] [stdout] test result: ok. 2 passed; 0 failed; 0 ignored; 0 measured; 0 filtered out; finished in 0.00s
[INFO] [stdout] 
[INFO] [stderr]      Running unittests src/main.rs (/opt/rustwide/target/release/deps/one-6e58b4bbb8f20d46)
[INFO] [stdout] 
[INFO] [stdout] running 2 tests
[INFO] [stdout] test test::test_part_one ... ok
[INFO] [stdout] test test::test_part_two ... ok
[INFO] [stdout] 
[INFO] [stdout] test result: ok. 2 passed; 0 failed; 0 ignored; 0 measured; 0 filtered out; finished in 0.00s
[INFO] [stdout] 
[INFO] [stderr]      Running unittests src/main.rs (/opt/rustwide/target/release/deps/seven-8e81e310e8a585c4)
[INFO] [stdout] 
[INFO] [stdout] running 2 tests
[INFO] [stdout] test test::test_part_two ... ok
[INFO] [stdout] test test::test_part_one ... ok
[INFO] [stdout] 
[INFO] [stdout] test result: ok. 2 passed; 0 failed; 0 ignored; 0 measured; 0 filtered out; finished in 0.00s
[INFO] [stdout] 
[INFO] [stderr]      Running unittests src/main.rs (/opt/rustwide/target/release/deps/six-d0cfb340d21bb93b)
[INFO] [stdout] 
[INFO] [stdout] running 2 tests
[INFO] [stdout] test test::test_part_one ... ok
[INFO] [stdout] test test::test_part_two ... ok
[INFO] [stdout] 
[INFO] [stdout] test result: ok. 2 passed; 0 failed; 0 ignored; 0 measured; 0 filtered out; finished in 0.01s
[INFO] [stdout] 
[INFO] [stderr]      Running unittests src/main.rs (/opt/rustwide/target/release/deps/ten-f1396befcb4e985a)
[INFO] [stdout] 
[INFO] [stdout] running 2 tests
[INFO] [stdout] test test::test_part_two ... FAILED
[INFO] [stdout] test test::test_part_one ... ok
[INFO] [stdout] 
[INFO] [stdout] failures:
[INFO] [stdout] 
[INFO] [stdout] ---- test::test_part_two stdout ----
[INFO] [stdout] [[0.0, 0.0, 0.0, 0.0, 1.0, 1.0], [0.0, 1.0, 0.0, 0.0, 0.0, 1.0], [0.0, 0.0, 1.0, 1.0, 1.0, 0.0], [1.0, 1.0, 0.0, 1.0, 0.0, 0.0]]
[INFO] [stdout] Solution: [3.0, 5.0, 4.0, 7.0, 0.0, 0.0]
[INFO] [stdout] Result: Some([0.0, 5.0, 11.0, 15.0])
[INFO] [stdout]  1 0 0 1 0 -1
[INFO] [stdout]  0 1 0 0 0 1
[INFO] [stdout]  0 0 1 1 0 -1
[INFO] [stdout]  0 0 0 0 1 1
[INFO] [stdout] 
[INFO] [stdout] thread 'test::test_part_two' (1023) panicked at ten/src/main.rs:222:9:
[INFO] [stdout] assertion `left == right` failed
[INFO] [stdout]   left: 33
[INFO] [stdout]  right: 0
[INFO] [stdout] stack backtrace:
[INFO] [stdout]    0:     0x6239700a7481 - <<std[104cf6e2632825ea]::sys::backtrace::BacktraceLock>::print::DisplayBacktrace as core[7c831bd917ebf35f]::fmt::Display>::fmt
[INFO] [stdout]    1:     0x6239700bd18a - core[7c831bd917ebf35f]::fmt::write
[INFO] [stdout]    2:     0x6239700ab91c - <alloc[2fdc3f7464fcf288]::vec::Vec<u8> as core[7c831bd917ebf35f]::io::write::Write>::write_fmt
[INFO] [stdout]    3:     0x623970083a66 - std[104cf6e2632825ea]::panicking::default_hook::{closure#0}
[INFO] [stdout]    4:     0x62397009fb99 - std[104cf6e2632825ea]::panicking::default_hook
[INFO] [stdout]    5:     0x62396ff78540 - test[73009c9f9aebf890]::test_main_inner::<test[73009c9f9aebf890]::test_main_static::{closure#0}>::{closure#0}
[INFO] [stdout]    6:     0x62397009fd52 - std[104cf6e2632825ea]::panicking::panic_with_hook
[INFO] [stdout]    7:     0x623970083b12 - std[104cf6e2632825ea]::panicking::panic_handler::{closure#0}
[INFO] [stdout]    8:     0x62397007c4b9 - std[104cf6e2632825ea]::sys::backtrace::__rust_end_short_backtrace::<std[104cf6e2632825ea]::panicking::panic_handler::{closure#0}, !>
[INFO] [stdout]    9:     0x62397008470d - __rustc[b0d56fa5b193ad05]::rust_begin_unwind
[INFO] [stdout]   10:     0x6239700bd96c - core[7c831bd917ebf35f]::panicking::panic_fmt
[INFO] [stdout]   11:     0x6239700bd883 - core[7c831bd917ebf35f]::panicking::assert_failed_inner
[INFO] [stdout]   12:     0x6239700b8d6d - core[7c831bd917ebf35f]::panicking::assert_failed::<usize, usize>
[INFO] [stdout]   13:     0x62396ff6b6c8 - ten[74d21d3ce39a7402]::test::test_part_two
[INFO] [stdout]   14:     0x62396ff6a819 - <ten[74d21d3ce39a7402]::test::test_part_two::{closure#0} as core[7c831bd917ebf35f]::ops::function::FnOnce<()>>::call_once
[INFO] [stdout]   15:     0x62396ff6b82b - test[73009c9f9aebf890]::__rust_begin_short_backtrace::<core[7c831bd917ebf35f]::result::Result<(), alloc[2fdc3f7464fcf288]::string::String>, fn() -> core[7c831bd917ebf35f]::result::Result<(), alloc[2fdc3f7464fcf288]::string::String>>
[INFO] [stdout]   16:     0x62396ff78e95 - test[73009c9f9aebf890]::run_test::{closure#0}
[INFO] [stdout]   17:     0x62396ff72254 - std[104cf6e2632825ea]::sys::backtrace::__rust_begin_short_backtrace::<test[73009c9f9aebf890]::run_test::{closure#1}, ()>
[INFO] [stdout]   18:     0x62396ff7bff2 - <std[104cf6e2632825ea]::thread::lifecycle::spawn_unchecked<test[73009c9f9aebf890]::run_test::{closure#1}, ()>::{closure#1} as core[7c831bd917ebf35f]::ops::function::FnOnce<()>>::call_once::{shim:vtable#0}
[INFO] [stdout]   19:     0x6239700a6d59 - <std[104cf6e2632825ea]::sys::thread::unix::Thread>::new::thread_start
[INFO] [stdout]   20:     0x73db01b3b07a - <unknown>
[INFO] [stdout]   21:     0x73db01bce534 - clone
[INFO] [stdout]   22:                0x0 - <unknown>
[INFO] [stdout] 
[INFO] [stdout] 
[INFO] [stdout] failures:
[INFO] [stdout]     test::test_part_two
[INFO] [stdout] 
[INFO] [stdout] test result: FAILED. 1 passed; 1 failed; 0 ignored; 0 measured; 0 filtered out; finished in 0.01s
[INFO] [stdout] 
[INFO] [stderr] error: test failed, to rerun pass `-p ten --bin ten`
[INFO] running `Command { std: "docker" "inspect" "5b849d8c55a7fc43a8e0ec1a6a78f72151067375586ace64fc0bd5e2b8c13e31", kill_on_drop: false }`
[INFO] running `Command { std: "docker" "rm" "-f" "5b849d8c55a7fc43a8e0ec1a6a78f72151067375586ace64fc0bd5e2b8c13e31", kill_on_drop: false }`
[INFO] [stdout] 5b849d8c55a7fc43a8e0ec1a6a78f72151067375586ace64fc0bd5e2b8c13e31
